08-23 22:21:29.605 975 29794 W G3ACoordinator: tuning_manager.h:68: Node type 2, Tuning key not found: Usecase: 13 Sensor mode: -1 Camera position: 1 Camera lens_type: 0 Camera spectrum: -1 Partial Usecases: {} load default tuning Usecase: 0 Sensor mode: -1 Camera position: 1 Camera lens_type: 0 Camera spectrum: -1 Partial Usecases: {}
08-23 22:21:29.638 975 29794 W G3ACoordinator: tuning_manager.h:68: Node type 2, Tuning key not found: Usecase: 13 Sensor mode: -1 Camera position: 1 Camera lens_type: 0 Camera spectrum: -1 Partial Usecases: {} load default tuning Usecase: 0 Sensor mode: -1 Camera position: 1 Camera lens_type: 0 Camera spectrum: -1 Partial Usecases: {}
08-23 22:21:29.670 1514 1900 D ActivityManager: freezing 12724 com.google.android.apps.messaging
08-23 22:21:29.670 975 29794 W G3ACoordinator: tuning_manager.h:68: Node type 2, Tuning key not found: Usecase: 13 Sensor mode: -1 Camera position: 1 Camera lens_type: 0 Camera spectrum: -1 Partial Usecases: {} load default tuning Usecase: 0 Sensor mode: -1 Camera position: 1 Camera lens_type: 0 Camera spectrum: -1 Partial Usecases: {}
08-23 22:21:29.687 975 29742 I Lyric : retiming_node.cc:744: Camera: Rear, Over the past 2.016095663s there were 59 responses sent and 59 of them had no error. FPS: 29.2645 Non-error FPS: 29.2645
08-23 22:21:29.704 975 29794 W G3ACoordinator: tuning_manager.h:68: Node type 2, Tuning key not found: Usecase: 13 Sensor mode: -1 Camera position: 1 Camera lens_type: 0 Camera spectrum: -1 Partial Usecases: {} load default tuning Usecase: 0 Sensor mode: -1 Camera position: 1 Camera lens_type: 0 Camera spectrum: -1 Partial Usecases: {}
08-23 22:21:29.738 975 29794 W G3ACoordinator: tuning_manager.h:68: Node type 2, Tuning key not found: Usecase: 13 Sensor mode: -1 Camera position: 1 Camera lens_type: 0 Camera spectrum: -1 Partial Usecases: {} load default tuning Usecase: 0 Sensor mode: -1 Camera position: 1 Camera lens_type: 0 Camera spectrum: -1 Partial Usecases: {}
08-23 22:21:29.773 975 29794 W G3ACoordinator: tuning_manager.h:68: Node type 2, Tuning key not found: Usecase: 13 Sensor mode: -1 Camera position: 1 Camera lens_type: 0 Camera spectrum: -1 Partial Usecases: {} load default tuning Usecase: 0 Sensor mode: -1 Camera position: 1 Camera lens_type: 0 Camera spectrum: -1 Partial Usecases: {}
08-23 22:21:29.809 975 29794 W G3ACoordinator: tuning_manager.h:68: Node type 2, Tuning key not found: Usecase: 13 Sensor mode: -1 Camera position: 1 Camera lens_type: 0 Camera spectrum: -1 Partial Usecases: {} load default tuning Usecase: 0 Sensor mode: -1 Camera position: 1 Camera lens_type: 0 Camera spectrum: -1 Partial Usecases: {}
08-23 22:21:29.810 2145 2167 V ShellRecents: [52941481] RecentsController.screenshotTask: taskId=2306
08-23 22:21:29.831 2145 2169 D WindowManagerShell: setLauncherKeepClearAreaHeight: visible=true, height=504
08-23 22:21:29.839 975 29791 W G3ACoordinator: tuning_manager.h:68: Node type 2, Tuning key not found: Usecase: 13 Sensor mode: -1 Camera position: 1 Camera lens_type: 0 Camera spectrum: -1 Partial Usecases: {} load default tuning Usecase: 0 Sensor mode: -1 Camera position: 1 Camera lens_type: 0 Camera spectrum: -1 Partial Usecases: {}
08-23 22:21:29.848 2145 24424 V ShellRecents: [52941481] RecentsController.detachNavigationBarFromApp
08-23 22:21:29.874 975 29794 W G3ACoordinator: tuning_manager.h:68: Node type 2, Tuning key not found: Usecase: 13 Sensor mode: -1 Camera position: 1 Camera lens_type: 0 Camera spectrum: -1 Partial Usecases: {} load default tuning Usecase: 0 Sensor mode: -1 Camera position: 1 Camera lens_type: 0 Camera spectrum: -1 Partial Usecases: {}
08-23 22:21:29.905 975 29789 W G3ACoordinator: tuning_manager.h:68: Node type 2, Tuning key not found: Usecase: 13 Sensor mode: -1 Camera position: 1 Camera lens_type: 0 Camera spectrum: -1 Partial Usecases: {} load default tuning Usecase: 0 Sensor mode: -1 Camera position: 1 Camera lens_type: 0 Camera spectrum: -1 Partial Usecases: {}
08-23 22:21:29.937 975 29789 W G3ACoordinator: tuning_manager.h:68: Node type 2, Tuning key not found: Usecase: 13 Sensor mode: -1 Camera position: 1 Camera lens_type: 0 Camera spectrum: -1 Partial Usecases: {} load default tuning Usecase: 0 Sensor mode: -1 Camera position: 1 Camera lens_type: 0 Camera spectrum: -1 Partial Usecases: {}
08-23 22:21:29.971 975 29789 W G3ACoordinator: tuning_manager.h:68: Node type 2, Tuning key not found: Usecase: 13 Sensor mode: -1 Camera position: 1 Camera lens_type: 0 Camera spectrum: -1 Partial Usecases: {} load default tuning Usecase: 0 Sensor mode: -1 Camera position: 1 Camera lens_type: 0 Camera spectrum: -1 Partial Usecases: {}
08-23 22:21:30.005 975 29789 W G3ACoordinator: tuning_manager.h:68: Node type 2, Tuning key not found: Usecase: 13 Sensor mode: -1 Camera position: 1 Camera lens_type: 0 Camera spectrum: -1 Partial Usecases: {} load default tuning Usecase: 0 Sensor mode: -1 Camera position: 1 Camera lens_type: 0 Camera spectrum: -1 Partial Usecases: {}
08-23 22:21:30.038 975 29789 W G3ACoordinator: tuning_manager.h:68: Node type 2, Tuning key not found: Usecase: 13 Sensor mode: -1 Camera position: 1 Camera lens_type: 0 Camera spectrum: -1 Partial Usecases: {} load default tuning Usecase: 0 Sensor mode: -1 Camera position: 1 Camera lens_type: 0 Camera spectrum: -1 Partial Usecases: {}
08-23 22:21:30.071 975 29789 W G3ACoordinator: tuning_manager.h:68: Node type 2, Tuning key not found: Usecase: 13 Sensor mode: -1 Camera position: 1 Camera lens_type: 0 Camera spectrum: -1 Partial Usecases: {} load default tuning Usecase: 0 Sensor mode: -1 Camera position: 1 Camera lens_type: 0 Camera spectrum: -1 Partial Usecases: {}
08-23 22:21:30.107 975 29789 W G3ACoordinator: tuning_manager.h:68: Node type 2, Tuning key not found: Usecase: 13 Sensor mode: -1 Camera position: 1 Camera lens_type: 0 Camera spectrum: -1 Partial Usecases: {} load default tuning Usecase: 0 Sensor mode: -1 Camera position: 1 Camera lens_type: 0 Camera spectrum: -1 Partial Usecases: {}
08-23 22:21:30.139 975 29789 W G3ACoordinator: tuning_manager.h:68: Node type 2, Tuning key not found: Usecase: 13 Sensor mode: -1 Camera position: 1 Camera lens_type: 0 Camera spectrum: -1 Partial Usecases: {} load default tuning Usecase: 0 Sensor mode: -1 Camera position: 1 Camera lens_type: 0 Camera spectrum: -1 Partial Usecases: {}
08-23 22:21:30.173 975 29789 W G3ACoordinator: tuning_manager.h:68: Node type 2, Tuning key not found: Usecase: 13 Sensor mode: -1 Camera position: 1 Camera lens_type: 0 Camera spectrum: -1 Partial Usecases: {} load default tuning Usecase: 0 Sensor mode: -1 Camera position: 1 Camera lens_type: 0 Camera spectrum: -1 Partial Usecases: {}
08-23 22:21:30.206 975 29794 W G3ACoordinator: tuning_manager.h:68: Node type 2, Tuning key not found: Usecase: 13 Sensor mode: -1 Camera position: 1 Camera lens_type: 0 Camera spectrum: -1 Partial Usecases: {} load default tuning Usecase: 0 Sensor mode: -1 Camera position: 1 Camera lens_type: 0 Camera spectrum: -1 Partial Usecases: {}
08-23 22:21:30.239 975 29789 W G3ACoordinator: tuning_manager.h:68: Node type 2, Tuning key not found: Usecase: 13 Sensor mode: -1 Camera position: 1 Camera lens_type: 0 Camera spectrum: -1 Partial Usecases: {} load default tuning Usecase: 0 Sensor mode: -1 Camera position: 1 Camera lens_type: 0 Camera spectrum: -1 Partial Usecases: {}
08-23 22:21:30.271 975 29791 W G3ACoordinator: tuning_manager.h:68: Node type 2, Tuning key not found: Usecase: 13 Sensor mode: -1 Camera position: 1 Camera lens_type: 0 Camera spectrum: -1 Partial Usecases: {} load default tuning Usecase: 0 Sensor mode: -1 Camera position: 1 Camera lens_type: 0 Camera spectrum: -1 Partial Usecases: {}
08-23 22:21:30.293 2145 2169 V ShellRecents: [52941481] RecentsController.finishInner: toHome=true userLeave=false willFinishToHome=true state=0
08-23 22:21:30.293 2145 2169 V ShellRecents: normal finish
08-23 22:21:30.294 2145 2169 V ShellRecents: [52941481] RecentsController.cleanup
08-23 22:21:30.294 2145 2169 V WindowManagerShell: Transition animation finished (aborted=false), notifying core (#10782) android.os.BinderProxy@1da602e@0
08-23 22:21:30.297 1514 1581 V WindowManager: Finish Transition (#10782): created at
08-23 22:21:29.126 collect-started=0.157ms started=0.235ms ready=9.193ms sent=78.652ms finished=1170.707ms
08-23 22:21:30.298 1514 4027 V WindowManager: Loading animations: layout params pkg=com.expensify.chat resId=0x1030308
08-23 22:21:30.298 1514 4027 V WindowManager: Loading animations: picked package=android
08-23 22:21:30.300 2145 2169 V WindowManagerShell: Track 0 became idle
08-23 22:21:30.300 2145 2169 V WindowManagerShell: All active transition animations finished
08-23 22:21:30.300 2145 2169 V ShellRecents: [52941481] RecentsController.finishInner: calling finish callback
08-23 22:21:30.302 1514 27285 W UserManagerService: Requested status bar icon for non-badged user 0
08-23 22:21:30.304 1514 28735 W UserManagerService: Requested status bar icon for non-badged user 0
08-23 22:21:30.310 975 29794 W G3ACoordinator: tuning_manager.h:68: Node type 2, Tuning key not found: Usecase: 13 Sensor mode: -1 Camera position: 1 Camera lens_type: 0 Camera spectrum: -1 Partial Usecases: {} load default tuning Usecase: 0 Sensor mode: -1 Camera position: 1 Camera lens_type: 0 Camera spectrum: -1 Partial Usecases: {}
08-23 22:21:30.334 1514 1587 V WindowManager: Unknown focus tokens, dropping reportFocusChanged
08-23 22:21:30.337 1514 1892 D CompatibilityChangeReporter: Compat change id reported: 265195908; UID 10271; state: ENABLED
08-23 22:21:30.341 975 29794 W G3ACoordinator: tuning_manager.h:68: Node type 2, Tuning key not found: Usecase: 13 Sensor mode: -1 Camera position: 1 Camera lens_type: 0 Camera spectrum: -1 Partial Usecases: {} load default tuning Usecase: 0 Sensor mode: -1 Camera position: 1 Camera lens_type: 0 Camera spectrum: -1 Partial Usecases: {}
08-23 22:21:30.354 1514 28735 W PackageConfigPersister: App-specific configuration not found for packageName: com.google.android.apps.nexuslauncher and userId: 0
08-23 22:21:30.371 975 29794 W G3ACoordinator: tuning_manager.h:68: Node type 2, Tuning key not found: Usecase: 13 Sensor mode: -1 Camera position: 1 Camera lens_type: 0 Camera spectrum: -1 Partial Usecases: {} load default tuning Usecase: 0 Sensor mode: -1 Camera position: 1 Camera lens_type: 0 Camera spectrum: -1 Partial Usecases: {}
08-23 22:21:30.405 975 29794 W G3ACoordinator: tuning_manager.h:68: Node type 2, Tuning key not found: Usecase: 13 Sensor mode: -1 Camera position: 1 Camera lens_type: 0 Camera spectrum: -1 Partial Usecases: {} load default tuning Usecase: 0 Sensor mode: -1 Camera position: 1 Camera lens_type: 0 Camera spectrum: -1 Partial Usecases: {}
08-23 22:21:30.407 975 29798 E Lyric : camera_device_session_hwl_impl.h:448: Invalid buffer ID 0
08-23 22:21:30.407 975 29798 E Lyric : camera_device_session_hwl_impl.cc:2253: Failed to set output buffer ID, errno: -22
08-23 22:21:30.407 975 29798 W Lyric : scaler_node.cc:759: 5 calls in 259 sec(s): ScalerNode: cam2_preview_scaler producing drops due to allocation failure: UNAVAILABLE: MultiAllocator unable to allocate: {type: AllocationSpec, request_id: 81, stream_id: 32770}, no allocators were able to fulfill this allocation: framework: UNKNOWN: Failed to update intermediate result: Unknown error -38; Failed to request stream buffer from the framework for {type: AllocationSpec, request_id: 81, stream_id: 32770}: 0 buffers already allocated; gralloc: NOT_FOUND: Size not available: {type: AllocationSpec, request_id: 81, stream_id: 32770}; A specified size is required; gralloc received invalid allocation spec; sbwc-gralloc: NOT_FOUND: Flags not available:{type: AllocationSpec, request_id: 81, stream_id: 32770}; SBWC allocation requires allocation flags; hardware: NOT_FOUND: Flags not available:{type: AllocationSpec, request_id: 81, stream_id: 32770}; LwisClient expects allocation flags; HwAllocator: hardware failed to allocate {type: AllocationSpec, request_id: 81, stream_id: 32770}; heap: NOT_FOUND: Flags not available:{type: AllocationSpec, request_id: 81, stream_id: 32770}; HeapAllocator expects allocation flags;; Failed to allocate image from parent context; Failed to allocate image from parent context; failed to allocate scaler output image
08-23 22:21:30.407 975 29798 W Lyric : scaler_node.cc:801: 5 calls in 5 sec(s): FAILED_PRECONDITION: cam2_preview_scaler producing drops as all input frames are dropped
08-23 22:21:30.407 975 29749 I Lyric : retiming_node.cc:500: cam2_retiming Reporting image frame drop to framework for stream id: 32770, request id: 81
08-23 22:21:30.407 975 29799 E Lyric : mesh_warp_node.cc:650: With hw_dma_sync: INTERNAL: cam2_preview_mesh_warp: MeshWarpController returned: FAILED_PRECONDITION: cam2_preview_scaler producing drops as all input frames are dropped; Error signaled on ready-to-start for fence #0
08-23 22:21:30.408 975 29772 I Lyric : retiming_node.cc:500: cam2_retiming Reporting image frame drop to framework for stream id: 32776, request id: 81
08-23 22:21:30.438 975 29798 E Lyric : camera_device_session_hwl_impl.h:448: Invalid buffer ID 0
08-23 22:21:30.438 975 29798 E Lyric : camera_device_session_hwl_impl.cc:2253: Failed to set output buffer ID, errno: -22
08-23 22:21:30.438 975 29799 E Lyric : mesh_warp_node.cc:650: With hw_dma_sync: INTERNAL: cam2_preview_mesh_warp: MeshWarpController returned: FAILED_PRECONDITION: cam2_preview_scaler producing drops as all input frames are dropped; Error signaled on ready-to-start for fence #0
08-23 22:21:30.438 975 29742 I Lyric : retiming_node.cc:500: cam2_retiming Reporting image frame drop to framework for stream id: 32770, request id: 82
08-23 22:21:30.439 975 29742 I Lyric : retiming_node.cc:500: cam2_retiming Reporting image frame drop to framework for stream id: 32776, request id: 82
08-23 22:21:30.466 975 29798 E Lyric : camera_device_session_hwl_impl.h:448: Invalid buffer ID 0
08-23 22:21:30.466 975 29798 E Lyric : camera_device_session_hwl_impl.cc:2253: Failed to set output buffer ID, errno: -22
08-23 22:21:30.466 975 29799 E Lyric : mesh_warp_node.cc:650: With hw_dma_sync: INTERNAL: cam2_preview_mesh_warp: MeshWarpController returned: FAILED_PRECONDITION: cam2_preview_scaler producing drops as all input frames are dropped; Error signaled on ready-to-start for fence #0
08-23 22:21:30.467 975 29742 I Lyric : retiming_node.cc:500: cam2_retiming Reporting image frame drop to framework for stream id: 32770, request id: 83
08-23 22:21:30.467 975 29749 I Lyric : retiming_node.cc:500: cam2_retiming Reporting image frame drop to framework for stream id: 32776, request id: 83
08-23 22:21:30.503 975 29798 E Lyric : camera_device_session_hwl_impl.h:448: Invalid buffer ID 0
08-23 22:21:30.503 975 29798 E Lyric : camera_device_session_hwl_impl.cc:2253: Failed to set output buffer ID, errno: -22
08-23 22:21:30.503 975 29799 E Lyric : mesh_warp_node.cc:650: With hw_dma_sync: INTERNAL: cam2_preview_mesh_warp: MeshWarpController returned: FAILED_PRECONDITION: cam2_preview_scaler producing drops as all input frames are dropped; Error signaled on ready-to-start for fence #0
08-23 22:21:30.503 975 29742 I Lyric : retiming_node.cc:500: cam2_retiming Reporting image frame drop to framework for stream id: 32770, request id: 84
08-23 22:21:30.504 975 29742 I Lyric : retiming_node.cc:500: cam2_retiming Reporting image frame drop to framework for stream id: 32776, request id: 84
08-23 22:21:30.520 975 29809 W Lyric : g3aa_pipeline.cc:1061: 4 calls in 259 sec(s): [Bayer0][Frame 88] HW is ahead of SW. Last received HW Frame 88. Dropping Frames 88-88 and submitting next request as frame 89 instead
08-23 22:21:30.538 975 29798 E Lyric : camera_device_session_hwl_impl.h:448: Invalid buffer ID 0
08-23 22:21:30.538 975 29798 E Lyric : camera_device_session_hwl_impl.cc:2253: Failed to set output buffer ID, errno: -22
08-23 22:21:30.538 975 29799 E Lyric : mesh_warp_node.cc:650: With hw_dma_sync: INTERNAL: cam2_preview_mesh_warp: MeshWarpController returned: FAILED_PRECONDITION: cam2_preview_scaler producing drops as all input frames are dropped; Error signaled on ready-to-start for fence #0
08-23 22:21:30.539 975 29772 I Lyric : retiming_node.cc:500: cam2_retiming Reporting image frame drop to framework for stream id: 32770, request id: 85
08-23 22:21:30.539 975 29749 I Lyric : retiming_node.cc:500: cam2_retiming Reporting image frame drop to framework for stream id: 32776, request id: 85
08-23 22:21:30.546 1514 29838 W CameraService_proxy: Unknown extension type: -1
08-23 22:21:30.562 975 2006 I Lyric : camera_device_session_hwl_impl.cc:1262: Flush entered, camera_id: 0
08-23 22:21:30.562 975 2006 I Lyric : camera_device_session_manager_base.cc:1123: Attempting to flush graph:top_graph_for_camera_RearMultiFov
08-23 22:21:30.564 975 2006 I Lyric : statistics_node.cc:611: Statistics output frame stats (ignores fence-signaled drops): {process_input_count = 0, dropped_all_outputs = 0, valid_ae = 0, valid_pre_lsc_ae = 0, valid_uae = 0, valid_awb = 0, valid_histogram = 0, valid_flicker = 0, valid_motion = 0, valid_cdaf = 0, valid_pdaf = 0, valid_align = 0, valid_alias_map = 0, valid_gaussian_pyramid = 0, valid_scaled_rgb_stats = 0, valid_scaled_yuv_stats = 0, valid_lsc = 0, valid_bilateral_grid = 0, valid_scaled_rgb = 0, valid_scaled_yuv = 0, valid_cam_data_dump = 0, valid_pixel_patch = 0}
08-23 22:21:30.564 975 2006 I Lyric : itp_driver.cc:1288: ITP skip flushing because it's a standby context 0xb400007253f75590, dimension: 4032x3016 (VOTF)
08-23 22:21:30.564 975 2006 I Lyric : whi_scaler_controller.cc:144: flush votf and scaler
08-23 22:21:30.564 975 2006 I Lyric : common_scaler_driver.cc:618: whi-mcsc: flushed 0 frames; took 4.883us
08-23 22:21:30.564 975 2006 I Lyric : whi_scaler_controller.cc:153: flush votf and scaler completed
08-23 22:21:30.564 975 2006 I Lyric : statistics_node.cc:611: Statistics output frame stats (ignores fence-signaled drops): {process_input_count = 0, dropped_all_outputs = 0, valid_ae = 0, valid_pre_lsc_ae = 0, valid_uae = 0, valid_awb = 0, valid_histogram = 0, valid_flicker = 0, valid_motion = 0, valid_cdaf = 0, valid_pdaf = 0, valid_align = 0, valid_alias_map = 0, valid_gaussian_pyramid = 0, valid_scaled_rgb_stats = 0, valid_scaled_yuv_stats = 0, valid_lsc = 0, valid_bilateral_grid = 0, valid_scaled_rgb = 0, valid_scaled_yuv = 0, valid_cam_data_dump = 0, valid_pixel_patch = 0}
08-23 22:21:30.564 975 2006 I Lyric : statistics_node.cc:611: Statistics output frame stats (ignores fence-signaled drops): {process_input_count = 86, dropped_all_outputs = 0, valid_ae = 86, valid_pre_lsc_ae = 86, valid_uae = 0, valid_awb = 86, valid_histogram = 86, valid_flicker = 86, valid_motion = 86, valid_cdaf = 86, valid_pdaf = 86, valid_align = 86, valid_alias_map = 86, valid_gaussian_pyramid = 86, valid_scaled_rgb_stats = 86, valid_scaled_yuv_stats = 86, valid_lsc = 86, valid_bilateral_grid = 0, valid_scaled_rgb = 0, valid_scaled_yuv = 0, valid_cam_data_dump = 0, valid_pixel_patch = 0}
08-23 22:21:30.564 975 2006 I Lyric : csi_wdma.cc:2229: Camera ID(2) WDMA(CsisZsl0) Flush() ++++++++++++++++++++++++++++++++++++++++++++
08-23 22:21:30.564 975 2006 I Lyric : csi_wdma.cc:2365: [CSI DMA] Camera ID(2) infight buffer queue size: IMG(0), PD(0)
08-23 22:21:30.564 975 2006 I Lyric : csi_wdma.cc:2371: [CSI DMA] Camera ID(2) dma_to_buffer size: (0)
08-23 22:21:30.564 975 2006 I Lyric : csi_wdma.cc:2380: Camera ID(2) WDMA(CsisZsl0) Flush() --------------------------------------------
08-23 22:21:30.564 975 2006 I Lyric : csi_wdma.cc:2229: Camera ID(2) WDMA(CsisDma0) Flush() ++++++++++++++++++++++++++++++++++++++++++++
08-23 22:21:30.564 975 2006 I Lyric : csi_wdma.cc:2365: [CSI DMA] Camera ID(2) infight buffer queue size: IMG(0), PD(0)
08-23 22:21:30.564 975 2006 I Lyric : csi_wdma.cc:2371: [CSI DMA] Camera ID(2) dma_to_buffer size: (0)
08-23 22:21:30.564 975 2006 I Lyric : csi_wdma.cc:2380: Camera ID(2) WDMA(CsisDma0) Flush() --------------------------------------------
08-23 22:21:30.564 975 2006 I Lyric : g3aa_driver.cc:1775: Flush() begin
08-23 22:21:30.564 975 2006 I Lyric : g3aa_driver.cc:1792: Flush() end
08-23 22:21:30.564 975 2006 I Lyric : itp_driver.cc:1288: ITP skip flushing because it's a standby context 0xb400007253f99230, dimension: 4080x3072 (VOTF)
08-23 22:21:30.564 975 2006 I Lyric : itp_driver.cc:1296: ITP skip flushing because inflight config queues are empty and inflight config is not for VOTF; context 0xb400007253fa4bd0, dimension: 4080x3072 (VOTF)
08-23 22:21:30.565 975 2006 I Lyric : whi_scaler_controller.cc:144: flush votf and scaler
08-23 22:21:30.565 975 2006 I Lyric : common_scaler_driver.cc:618: whi-mcsc: flushed 0 frames; took 1.464us
08-23 22:21:30.565 975 2006 I Lyric : whi_scaler_controller.cc:153: flush votf and scaler completed
08-23 22:21:30.565 975 2006 I Lyric : whi_mesh_warp_controller.cc:431: Flush votf and whi-common-gdc0
08-23 22:21:30.565 975 2006 I Lyric : whi_mesh_warp_controller.cc:438: whi-common-gdc0 flush completed.
08-23 22:21:30.565 975 2006 I Lyric : whi_scaler_controller.cc:144: flush votf and scaler
08-23 22:21:30.565 975 2006 I Lyric : common_scaler_driver.cc:618: whi-mcsc: flushed 0 frames; took 1.058us
08-23 22:21:30.565 975 2006 I Lyric : whi_scaler_controller.cc:153: flush votf and scaler completed
08-23 22:21:30.565 975 2006 I Lyric : auto_focus_node.cc:2177: cam4_af: af context is flushed successfully
08-23 22:21:30.565 975 2006 I Lyric : auto_focus_node.cc:2179: cam4_af: actuator controller is flushed successfully
08-23 22:21:30.565 975 2006 I Lyric : phase_detection_node.cc:599: cam4_pd: Flush done
08-23 22:21:30.565 975 2006 I Lyric : auto_focus_node.cc:2170: cam2_af: session statistics: {process_input_count = 86, started_late_count = 0, completed_late_count = 0, no_deadline_count = 3, controller_timed_out = 0, dropped_requests = 0}
08-23 22:21:30.565 975 2006 I Lyric : auto_focus_node.cc:2177: cam2_af: af context is flushed successfully
08-23 22:21:30.565 975 2006 I Lyric : auto_focus_node.cc:2179: cam2_af: actuator controller is flushed successfully
08-23 22:21:30.565 975 2006 I Lyric : phase_detection_node.cc:599: cam2_pd: Flush done
08-23 22:21:30.565 975 2006 I Lyric : auto_exposure_node.cc:1057: {type: Node, name: top_graph_for_camera_RearMultiFov.cam2_ae, class_name: AutoExposureNode}: AE input statistics: {process_input_count = 86, dropped_requests = 0, stats_not_ready_count = 0, motion_stats_not_ready_count = 0, face_detect_data_not_ready_count = 0, eis_result_not_ready_count = 0, segmentation_mask_not_ready_count = 0, stage_detection_result_not_ready_count = 0, saliency_data_not_ready_count = 0, valid_flash_state = 86, valid_exposure_timestamp = 83, valid_lens_info = 86, valid_sensor_properties = 83, valid_crop_roi = 0, valid_ae_stats = 83, valid_uae_stats = 0, valid_awb_stats = 83, valid_histogram = 83, valid_flicker_stats = 83, valid_motion_stats = 83, valid_wb_config = 85, valid_color_correction = 85, valid_face_rois = 81}
08-23 22:21:30.565 975 2006 I Lyric : camera_device_session_manager_base.cc:1174: Finished flushing graph:top_graph_for_camera_RearMultiFov
08-23 22:21:30.567 975 8023 I Lyric : camera_device_session_hwl_impl.cc:926: DestroyPipelines entered, camera_id: 0
08-23 22:21:30.567 975 8023 I Lyric : camera_powerhal.cc:283: CAMERA_STREAMING_STANDARD mode unset
08-23 22:21:30.568 975 8023 I Lyric : camera_powerhal.cc:283: CAMERA_GPU_STANDARD mode unset
08-23 22:21:30.568 975 8023 I Lyric : camera_device_session_manager_base.cc:870: Attempting to stop graph:top_graph_for_camera_RearMultiFov
08-23 22:21:30.571 975 8023 I Lyric : statistics_node.cc:611: Statistics output frame stats (ignores fence-signaled drops): {process_input_count = 0, dropped_all_outputs = 0, valid_ae = 0, valid_pre_lsc_ae = 0, valid_uae = 0, valid_awb = 0, valid_histogram = 0, valid_flicker = 0, valid_motion = 0, valid_cdaf = 0, valid_pdaf = 0, valid_align = 0, valid_alias_map = 0, valid_gaussian_pyramid = 0, valid_scaled_rgb_stats = 0, valid_scaled_yuv_stats = 0, valid_lsc = 0, valid_bilateral_grid = 0, valid_scaled_rgb = 0, valid_scaled_yuv = 0, valid_cam_data_dump = 0, valid_pixel_patch = 0}
08-23 22:21:30.571 975 8023 I Lyric : itp_driver.cc:1288: ITP skip flushing because it's a standby context 0xb400007253f75590, dimension: 4032x3016 (VOTF)
08-23 22:21:30.571 975 8023 I Lyric : whi_scaler_controller.cc:144: flush votf and scaler
08-23 22:21:30.571 975 8023 I Lyric : common_scaler_driver.cc:618: whi-mcsc: flushed 0 frames; took 3.906us
08-23 22:21:30.571 975 8023 I Lyric : whi_scaler_controller.cc:153: flush votf and scaler completed
08-23 22:21:30.571 975 8023 I Lyric : statistics_node.cc:611: Statistics output frame stats (ignores fence-signaled drops): {process_input_count = 0, dropped_all_outputs = 0, valid_ae = 0, valid_pre_lsc_ae = 0, valid_uae = 0, valid_awb = 0, valid_histogram = 0, valid_flicker = 0, valid_motion = 0, valid_cdaf = 0, valid_pdaf = 0, valid_align = 0, valid_alias_map = 0, valid_gaussian_pyramid = 0, valid_scaled_rgb_stats = 0, valid_scaled_yuv_stats = 0, valid_lsc = 0, valid_bilateral_grid = 0, valid_scaled_rgb = 0, valid_scaled_yuv = 0, valid_cam_data_dump = 0, valid_pixel_patch = 0}
08-23 22:21:30.571 975 8023 I Lyric : statistics_node.cc:611: Statistics output frame stats (ignores fence-signaled drops): {process_input_count = 0, dropped_all_outputs = 0, valid_ae = 0, valid_pre_lsc_ae = 0, valid_uae = 0, valid_awb = 0, valid_histogram = 0, valid_flicker = 0, valid_motion = 0, valid_cdaf = 0, valid_pdaf = 0, valid_align = 0, valid_alias_map = 0, valid_gaussian_pyramid = 0, valid_scaled_rgb_stats = 0, valid_scaled_yuv_stats = 0, valid_lsc = 0, valid_bilateral_grid = 0, valid_scaled_rgb = 0, valid_scaled_yuv = 0, valid_cam_data_dump = 0, valid_pixel_patch = 0}
08-23 22:21:30.571 975 8023 I Lyric : g3aa_driver.cc:1775: Flush() begin
08-23 22:21:30.571 975 8023 I Lyric : g3aa_driver.cc:1792: Flush() end
08-23 22:21:30.571 975 8023 I Lyric : itp_driver.cc:1288: ITP skip flushing because it's a standby context 0xb400007253f99230, dimension: 4080x3072 (VOTF)
08-23 22:21:30.571 975 8023 I Lyric : itp_driver.cc:1296: ITP skip flushing because inflight config queues are empty and inflight config is not for VOTF; context 0xb400007253fa4bd0, dimension: 4080x3072 (VOTF)
08-23 22:21:30.571 975 8023 I Lyric : whi_scaler_controller.cc:144: flush votf and scaler
08-23 22:21:30.571 975 8023 I Lyric : common_scaler_driver.cc:618: whi-mcsc: flushed 0 frames; took 2.075us
08-23 22:21:30.571 975 8023 I Lyric : whi_scaler_controller.cc:153: flush votf and scaler completed
08-23 22:21:30.571 975 8023 I Lyric : whi_mesh_warp_controller.cc:431: Flush votf and whi-common-gdc0
08-23 22:21:30.571 975 8023 I Lyric : whi_mesh_warp_controller.cc:438: whi-common-gdc0 flush completed.
08-23 22:21:30.572 975 8023 I Lyric : whi_scaler_controller.cc:144: flush votf and scaler
08-23 22:21:30.572 975 8023 I Lyric : common_scaler_driver.cc:618: whi-mcsc: flushed 0 frames; took 1.139us
08-23 22:21:30.572 975 8023 I Lyric : whi_scaler_controller.cc:153: flush votf and scaler completed
08-23 22:21:30.572 975 8023 I Lyric : auto_focus_node.cc:2177: cam4_af: af context is flushed successfully
08-23 22:21:30.572 975 8023 I Lyric : auto_focus_node.cc:2179: cam4_af: actuator controller is flushed successfully
08-23 22:21:30.572 975 8023 I Lyric : phase_detection_node.cc:599: cam4_pd: Flush done
08-23 22:21:30.572 975 8023 I Lyric : auto_focus_node.cc:2177: cam2_af: af context is flushed successfully
08-23 22:21:30.572 975 8023 I Lyric : auto_focus_node.cc:2179: cam2_af: actuator controller is flushed successfully
08-23 22:21:30.572 975 8023 I Lyric : phase_detection_node.cc:599: cam2_pd: Flush done
08-23 22:21:30.573 975 1453 I Lyric : whi_autocal_controller.cc:467: WhiAutocalController: reset context, after which active_contexts=2
08-23 22:21:30.573 975 1454 I Lyric : front_end_controller.cc:1755: dpm: node type 0 frontend context 3 was already in deactivate mode
08-23 22:21:30.573 975 1455 I Lyric : front_end_controller.cc:1755: dpm: node type 2 frontend context 3 was already in deactivate mode
08-23 22:21:30.573 975 1453 I Lyric : front_end_controller.cc:1755: dpm: node type 1 frontend context 3 was already in deactivate mode
08-23 22:21:30.573 975 1455 I Lyric : gtnr_align_driver_context.cc:38: About to flush in ~WhiGtnrAlignDriverContext
08-23 22:21:30.573 975 1455 I Lyric : gtnr_align_driver_context.cc:43: Finished flushing in ~WhiGtnrAlignDriverContext
08-23 22:21:30.573 975 1453 I Lyric : gtnr_merge_driver.cc:823:
08-23 22:21:30.573 975 1453 I Lyric : WhiGtnrMergeDriver dump
08-23 22:21:30.573 975 1453 I Lyric : acquired contexts
08-23 22:21:30.573 975 1453 I Lyric : context: 0xb4000071943e5c78 power-up-only
08-23 22:21:30.573 975 1453 I Lyric : context: 0xb4000071943e5e18 votf-enabled
08-23 22:21:30.573 975 1453 I Lyric : context: 0xb4000071943e5fb8 votf-enabled
08-23 22:21:30.573 975 1453 I Lyric : context: 0xb4000071943e6158 votf-enabled
08-23 22:21:30.573 975 1453 I Lyric : context: 0xb4000071943e62f8 votf-enabled
08-23 22:21:30.573 975 1453 I Lyric : context: 0xb4000071943e6498 votf-enabled
08-23 22:21:30.573 975 1453 I Lyric : ivotf slc buffer pointer: &{type: CachePartition, Size: 1835008, FD: 203, PartitionId: 8, Attributes: Transport: DMA, Access: CPU, Security: None, Compression: None}
08-23 22:21:30.573 975 1453 I Lyric : curr rdma slc buffer pointer: &{type: CachePartition, Size: 1310720, FD: 200, PartitionId: 5, Attributes: Transport: DMA, Access: CPU, Security: None, Compression: None}
08-23 22:21:30.573 975 1453 I Lyric : prev rdma slc buffer pointer: &{type: CachePartition, Size: 1048576, FD: 204, PartitionId: 7, Attributes: Transport: DMA, Access: CPU, Security: None, Compression: None}
08-23 22:21:30.573 975 1453 I Lyric : End of WhiGtnrMergeDriver dump
08-23 22:21:30.573 975 1453 I Lyric :
08-23 22:21:30.573 975 1453 I Lyric : gtnr_merge_driver.cc:823:
08-23 22:21:30.573 975 1453 I Lyric : WhiGtnrMergeDriver dump
08-23 22:21:30.573 975 1453 I Lyric : acquired contexts
08-23 22:21:30.573 975 1453 I Lyric : context: 0xb4000071943e5c78 power-up-only
08-23 22:21:30.573 975 1453 I Lyric : context: 0xb4000071943e5e18 votf-enabled
08-23 22:21:30.573 975 1453 I Lyric : context: 0xb4000071943e5fb8 votf-enabled
08-23 22:21:30.573 975 1453 I Lyric : context: 0xb4000071943e6158 votf-enabled
08-23 22:21:30.573 975 1453 I Lyric : context: 0xb4000071943e62f8 votf-enabled
08-23 22:21:30.573 975 1453 I Lyric : ivotf slc buffer pointer: &{type: CachePartition, Size: 1835008, FD: 203, PartitionId: 8, Attributes: Transport: DMA, Access: CPU, Security: None, Compression: None}
08-23 22:21:30.573 975 1453 I Lyric : curr rdma slc buffer pointer: &{type: CachePartition, Size: 1310720, FD: 200, PartitionId: 5, Attributes: Transport: DMA, Access: CPU, Security: None, Compression: None}
08-23 22:21:30.573 975 1453 I Lyric : prev rdma slc buffer pointer: &{type: CachePartition, Size: 1048576, FD: 204, PartitionId: 7, Attributes: Transport: DMA, Access: CPU, Security: None, Compression: None}
08-23 22:21:30.573 975 1453 I Lyric : End of WhiGtnrMergeDriver dump
08-23 22:21:30.573 975 1453 I Lyric :
08-23 22:21:30.574 975 1455 I Lyric : three_a_request_node.cc:836: cam3_three_a_request: Performance statistics for this session: {process_input_count = 0, dropped_request_count = 0, started_late_count = 0, no_deadline_count = 0, eis_result_timeout_count = 0}
08-23 22:21:30.574 975 1455 W Lyric : telemetry_node.cc:66: No telemetry statistics available from camera ID 3
08-23 22:21:30.574 975 1455 W Lyric : telemetry_node.cc:78: No ISP telemetry statistics available from camera ID 3
08-23 22:21:30.574 975 1455 E G3ACoordinator: coordinator.cc:1485: [9, 3] cannot be found
08-23 22:21:30.574 975 1455 I Lyric : multisensor_controller.cc:819: Resetting stream_on_framework_request_id for camera 2
08-23 22:21:30.574 975 1455 I Lyric : multisensor_controller.cc:845: Rear StopStreaming, waiting on barrier
08-23 22:21:30.582 975 1454 I Lyric : per_camera_barrier_impl.cc:58: Blocker for FrontEndBlockCam3ToStart released with status: OK without lwis fence.
08-23 22:21:30.582 975 1454 I Lyric : whi_autocal_controller.cc:467: WhiAutocalController: reset context, after which active_contexts=1
08-23 22:21:30.583 975 1454 I Lyric : whi_autocal_controller.cc:467: WhiAutocalController: reset context, after which active_contexts=0
08-23 22:21:30.584 975 1454 I Lyric : face_detection_engine_face_ssd.cc:254: Face Detection: ~FaceDetectionEngineFaceSsd::delete ensemble detector takes 41ns
08-23 22:21:30.584 975 1454 I Lyric : face_detection_engine_face_ssd.cc:254: Face Detection: ~FaceDetectionEngineFaceSsd::delete ensemble detector takes 41ns
08-23 22:21:30.584 975 1454 I Lyric : face_detection_engine_face_ssd.cc:254: Face Detection: ~FaceDetectionEngineFaceSsd::delete ensemble detector takes 41ns
08-23 22:21:30.584 975 1454 I Lyric : front_end_controller.cc:1755: dpm: node type 0 frontend context 4 was already in deactivate mode
08-23 22:21:30.584 975 1454 I Lyric : front_end_controller.cc:1755: dpm: node type 2 frontend context 4 was already in deactivate mode
08-23 22:21:30.584 975 1454 I Lyric : front_end_controller.cc:1755: dpm: node type 1 frontend context 4 was already in deactivate mode
08-23 22:21:30.584 975 1454 I Lyric : front_end_controller.cc:1361: Need to defer cleanup of camera 4
08-23 22:21:30.584 975 1454 I Lyric : per_camera_barrier_impl.cc:58: Blocker for FrontEndBlockCam4ToStart released with status: OK without lwis fence.
08-23 22:21:30.585 975 1454 I Lyric : front_end_controller.cc:2026: dpm: frontend context 2 updating power mode to standby mode node_type: 1
08-23 22:21:30.585 975 1454 I Lyric : per_camera_barrier_impl.cc:58: Blocker for CsiBlockCam2ToStop released with status: OK without lwis fence.
08-23 22:21:30.585 975 1454 I Lyric : per_camera_barrier_impl.cc:47: Blocker for CsiBlockCam2ToStart acquired
08-23 22:21:30.585 975 1454 I Lyric : csi_context.cc:2139: dpm: sensor width 4080 h: 3072 fps: 30 pixel rate 1862460000 headroom: 0
08-23 22:21:30.585 975 1454 I Lyric : csi_driver.cc:1490: [CSI BW] CSIS_D0 BW: 0 wdmas:
08-23 22:21:30.585 975 1454 I Lyric : csi_driver.cc:1492: [CSI BW] CSIS_D1 BW: 0 wdmas:
08-23 22:21:30.585 975 1454 I Lyric : csi_driver.cc:1494: [CSI BW] Update Required BW: 0, Required Clock: 465615000, Required peak BW: 0
08-23 22:21:30.585 975 1454 I Lyric : dpm_bandwidth_controller_v1.cc:175: dpm: updating bandwidth for device csi bandwidth_read: 0 bandwidth_write: 0 bandwidth_peak: 0 bandwidth_rt: 0
08-23 22:21:30.585 975 1454 I Lyric : per_camera_barrier_impl.cc:58: Blocker for IppBlockCam2ToStop released with status: OK without lwis fence.
08-23 22:21:30.585 975 1453 I Lyric : dpm_bandwidth_controller_v1.cc:175: dpm: updating bandwidth for device itp bandwidth_read: 0 bandwidth_write: 0 bandwidth_peak: 0 bandwidth_rt: 0
08-23 22:21:30.585 975 1454 I Lyric : dpm_bandwidth_controller_v1.cc:175: dpm: updating bandwidth for device ipp bandwidth_read: 0 bandwidth_write: 0 bandwidth_peak: 0 bandwidth_rt: 0
08-23 22:21:30.585 975 1454 I Lyric : g3aa_driver.cc:1683: ------------------------------------------------------
08-23 22:21:30.585 975 1454 I Lyric : g3aa_driver.cc:1684: G3AA power mode for context 0 changing from Normal(Normal) -> Standby(Standby)
08-23 22:21:30.585 975 1454 I Lyric : g3aa_driver.cc:1689: ------------------------------------------------------
08-23 22:21:30.585 975 1454 I Lyric : g3aa_pipeline.cc:831: [Bayer0] Disabling pipeline
08-23 22:21:30.585 975 1454 I Lyric : g3aa_pipeline.cc:831: [PDAF0] Disabling pipeline
08-23 22:21:30.585 975 1454 I Lyric : g3aa_pipeline.cc:690: [Bayer0] Drain(timeout=0) entered. next_frame_number=90, next_shadow_set=0, last_hw_frame_num=89, last_sw_sof_event_count=89
08-23 22:21:30.585 975 1454 I Lyric : g3aa_pipeline.cc:388: [Bayer0] There are 0 pending transactions to cancel for frames: []
08-23 22:21:30.585 975 1454 I Lyric : g3aa_pipeline.cc:778: [Bayer0] Waiting for pipeline to drain. There are 0 pending transactions for frames: [], 0 dropped frames: []
08-23 22:21:30.585 975 1454 I Lyric : g3aa_pipeline.cc:794: [Bayer0] Pipeline drained.
08-23 22:21:30.585 975 1454 I Lyric : g3aa_pipeline.cc:744: [Bayer0] Drained; next_frame_number=90, next_shadow_set=0, last_hw_frame_num=89, last_sw_sof_event_count=89
08-23 22:21:30.585 975 1454 I Lyric : g3aa_pipeline.cc:690: [PDAF0] Drain(timeout=0) entered. next_frame_number=90, next_shadow_set=0, last_hw_frame_num=89, last_sw_sof_event_count=89
08-23 22:21:30.585 975 1454 I Lyric : g3aa_pipeline.cc:388: [PDAF0] There are 0 pending transactions to cancel for frames: []
08-23 22:21:30.585 975 1454 I Lyric : g3aa_pipeline.cc:778: [PDAF0] Waiting for pipeline to drain. There are 0 pending transactions for frames: [], 0 dropped frames: []
08-23 22:21:30.585 975 1454 I Lyric : g3aa_pipeline.cc:794: [PDAF0] Pipeline drained.
08-23 22:21:30.585 975 1454 I Lyric : g3aa_pipeline.cc:744: [PDAF0] Drained; next_frame_number=90, next_shadow_set=0, last_hw_frame_num=89, last_sw_sof_event_count=89
08-23 22:21:30.585 975 1454 I Lyric : dpm_bandwidth_controller_v1.cc:175: dpm: updating bandwidth for device g3aa bandwidth_read: 0 bandwidth_write: 0 bandwidth_peak: 0 bandwidth_rt: 0
08-23 22:21:30.585 975 1454 I Lyric : g3aa_driver.cc:1748: G3AA power mode for context 0 changed to Standby(Standby) done
08-23 22:21:30.585 975 1454 I Lyric : g3aa_driver.cc:2008: Number of active HW contexts: 1, power-up-only contexts: 1. Details:
08-23 22:21:30.585 975 1454 I Lyric : g3aa_driver.cc:2019: Context 0, Bayer0 pipeline. Acquired: true. Enabled: false
08-23 22:21:30.585 975 1454 I Lyric : g3aa_driver.cc:2019: Context 0, PDAF0 pipeline. Acquired: true. Enabled: false
08-23 22:21:30.585 975 1453 I Lyric : gtnr_merge_driver.cc:823:
08-23 22:21:30.585 975 1453 I Lyric : WhiGtnrMergeDriver dump
08-23 22:21:30.585 975 1453 I Lyric : acquired contexts
08-23 22:21:30.585 975 1453 I Lyric : context: 0xb4000071943e5c78 power-up-only
08-23 22:21:30.585 975 1453 I Lyric : context: 0xb4000071943e5e18 votf-enabled
08-23 22:21:30.585 975 1453 I Lyric : context: 0xb4000071943e5fb8 votf-enabled
08-23 22:21:30.585 975 1453 I Lyric : context: 0xb4000071943e6158 votf-enabled
08-23 22:21:30.585 975 1453 I Lyric : ivotf slc buffer pointer: &{type: CachePartition, Size: 1835008, FD: 203, PartitionId: 8, Attributes: Transport: DMA, Access: CPU, Security: None, Compression: None}
08-23 22:21:30.585 975 1453 I Lyric : curr rdma slc buffer pointer: &{type: CachePartition, Size: 1310720, FD: 200, PartitionId: 5, Attributes: Transport: DMA, Access: CPU, Security: None, Compression: None}
08-23 22:21:30.585 975 1453 I Lyric : prev rdma slc buffer pointer: &{type: CachePartition, Size: 1048576, FD: 204, PartitionId: 7, Attributes: Transport: DMA, Access: CPU, Security: None, Compression: None}
08-23 22:21:30.585 975 1453 I Lyric : End of WhiGtnrMergeDriver dump
08-23 22:21:30.585 975 1453 I Lyric :
08-23 22:21:30.585 975 1453 I Lyric : gtnr_merge_driver.cc:823:
08-23 22:21:30.585 975 1453 I Lyric : WhiGtnrMergeDriver dump
08-23 22:21:30.585 975 1453 I Lyric : acquired contexts
08-23 22:21:30.585 975 1453 I Lyric : context: 0xb4000071943e5c78 power-up-only
08-23 22:21:30.585 975 1453 I Lyric : context: 0xb4000071943e5e18 votf-enabled
08-23 22:21:30.585 975 1453 I Lyric : context: 0xb4000071943e5fb8 votf-enabled
08-23 22:21:30.585 975 1453 I Lyric : ivotf slc buffer pointer: &{type: CachePartition, Size: 1835008, FD: 203, PartitionId: 8, Attributes: Transport: DMA, Access: CPU, Security: None, Compression: None}
08-23 22:21:30.585 975 1453 I Lyric : curr rdma slc buffer pointer: &{type: CachePartition, Size: 1310720, FD: 200, PartitionId: 5, Attributes: Transport: DMA, Access: CPU, Security: None, Compression: None}
08-23 22:21:30.585 975 1453 I Lyric : prev rdma slc buffer pointer: &{type: CachePartition, Size: 1048576, FD: 204, PartitionId: 7, Attributes: Transport: DMA, Access: CPU, Security: None, Compression: None}
08-23 22:21:30.585 975 1453 I Lyric : End of WhiGtnrMergeDriver dump
08-23 22:21:30.585 975 1453 I Lyric :
08-23 22:21:30.585 975 29829 I Lyric : sensor_generic_driver.cc:918: NAGUAL stream off success.
08-23 22:21:30.585 975 1453 I Lyric : gtnr_align_driver_context.cc:38: About to flush in ~WhiGtnrAlignDriverContext
08-23 22:21:30.585 975 1453 I Lyric : gtnr_align_driver_context.cc:43: Finished flushing in ~WhiGtnrAlignDriverContext
08-23 22:21:30.585 975 1455 I Lyric : sensor_generic_driver.cc:5346: NAGUAL Duration to last SOF is over 28.33708825ms duration: 32.536214ms, frame time: 33.33775075ms
08-23 22:21:30.585 975 1453 I Lyric : gtnr_merge_driver.cc:823:
08-23 22:21:30.585 975 1453 I Lyric : WhiGtnrMergeDriver dump
08-23 22:21:30.585 975 1453 I Lyric : acquired contexts
08-23 22:21:30.585 975 1453 I Lyric : context: 0xb4000071943e5c78 power-up-only
08-23 22:21:30.585 975 1453 I Lyric : context: 0xb4000071943e5e18 votf-enabled
08-23 22:21:30.585 975 1453 I Lyric : ivotf slc buffer pointer: &{type: CachePartition, Size: 1835008, FD: 203, PartitionId: 8, Attributes: Transport: DMA, Access: CPU, Security: None, Compression: None}
08-23 22:21:30.585 975 1453 I Lyric : curr rdma slc buffer pointer: &{type: CachePartition, Size: 1310720, FD: 200, PartitionId: 5, Attributes: Transport: DMA, Access: CPU, Security: None, Compression: None}
08-23 22:21:30.585 975 1453 I Lyric : prev rdma slc buffer pointer: &{type: CachePartition, Size: 1048576, FD: 204, PartitionId: 7, Attributes: Transport: DMA, Access: CPU, Security: None, Compression: None}
08-23 22:21:30.585 975 1453 I Lyric : End of WhiGtnrMergeDriver dump
08-23 22:21:30.585 975 1453 I Lyric :
08-23 22:21:30.585 975 1453 I Lyric : luma_denoise_module.cc:374: GTNR merge disenroll luma buffers
08-23 22:21:30.588 975 1453 I Lyric : chroma_denoise_module.cc:107: GTNR merge disenroll chroma buffers
08-23 22:21:30.589 975 1453 I Lyric : gtnr_merge_driver.cc:823:
08-23 22:21:30.589 975 1453 I Lyric : WhiGtnrMergeDriver dump
08-23 22:21:30.589 975 1453 I Lyric : acquired contexts
08-23 22:21:30.589 975 1453 I Lyric : context: 0xb4000071943e5c78 power-up-only
08-23 22:21:30.589 975 1453 I Lyric : ivotf slc buffer pointer: &{type: CachePartition, Size: 1835008, FD: 203, PartitionId: 8, Attributes: Transport: DMA, Access: CPU, Security: None, Compression: None}
08-23 22:21:30.589 975 1453 I Lyric : curr rdma slc buffer pointer: &{type: CachePartition, Size: 1310720, FD: 200, PartitionId: 5, Attributes: Transport: DMA, Access: CPU, Security: None, Compression: None}
08-23 22:21:30.589 975 1453 I Lyric : prev rdma slc buffer pointer: &{type: CachePartition, Size: 1048576, FD: 204, PartitionId: 7, Attributes: Transport: DMA, Access: CPU, Security: None, Compression: None}
08-23 22:21:30.589 975 1453 I Lyric : End of WhiGtnrMergeDriver dump
08-23 22:21:30.589 975 1453 I Lyric :
08-23 22:21:30.589 975 1453 I Lyric : dpm_bandwidth_controller_v1.cc:175: dpm: updating bandwidth for device gtnr-merge bandwidth_read: 0 bandwidth_write: 0 bandwidth_peak: 0 bandwidth_rt: 0
08-23 22:21:30.590 975 1453 I Lyric : gtnr_align_driver_context.cc:38: About to flush in ~WhiGtnrAlignDriverContext
08-23 22:21:30.590 975 1453 I Lyric : gtnr_align_driver_context.cc:43: Finished flushing in ~WhiGtnrAlignDriverContext
08-23 22:21:30.590 975 1453 I Lyric : gtnr_align_driver.cc:614: Canceling 0 pending transaction(s) in TNR align driver for safe power down.
08-23 22:21:30.590 975 1453 I Lyric : lwis_event_thread.cc:119: LwEv:TnrAl RemovedLwisClient(gtnr-align) from event thread
08-23 22:21:30.590 975 29823 I Lyric : lwis_event_thread.cc:276: LwEv:TnrAl event thread is ending . . .
08-23 22:21:30.591 975 1453 I Lyric : dpm_bandwidth_controller_v1.cc:175: dpm: updating bandwidth for device gdc0 bandwidth_read: 0 bandwidth_write: 0 bandwidth_peak: 0 bandwidth_rt: 0
08-23 22:21:30.591 975 1453 I Lyric : dpm_bandwidth_controller_v1.cc:175: dpm: updating bandwidth for device mcsc bandwidth_read: 0 bandwidth_write: 0 bandwidth_peak: 0 bandwidth_rt: 0
08-23 22:21:30.591 975 29826 I Lyric : common_scaler_driver.cc:736: whi-mcsc: exiting processing thread.
08-23 22:21:30.592 975 1453 I G3ACoordinator: af_output_parser_lyric.cc:1308: TOF sensor power configuration -> 2
08-23 22:21:30.592 975 1455 I Lyric : sensor_generic_driver.cc:5380: NAGUAL is IDLE : is_reading_frame:0, frame count:89, eof event count:89
08-23 22:21:30.593 975 1455 I Lyric : sensor_generic_driver.cc:1254: NAGUAL sensor frame drop rate at stream off: 1.1236%. drop rate for hw sync: 0%
08-23 22:21:30.593 975 1455 I Lyric : sensor_generic_driver.cc:1288: NAGUAL stream off, size: {width: 4080, height: 3072}, frame rate range: [15, 60]
08-23 22:21:30.593 975 1455 I Lyric : per_camera_barrier_impl.cc:58: Blocker for MultiSensorController_Stop released with status: OK without lwis fence.
08-23 22:21:30.593 975 1455 I Lyric : multisensor_controller.cc:1441: Rear created transition fence, stream-on ID: 4294967295
08-23 22:21:30.593 975 1455 I Lyric : multisensor_controller.cc:1462: Rear signalled transition fence with stream-on ID: 4294967295
08-23 22:21:30.593 975 1454 I Lyric : csi_context.cc:703: Camera ID(2) CleanupContextLocked() +++
08-23 22:21:30.593 975 1455 I Lyric : dpm_bandwidth_controller_v1.cc:489: Update minimum MIF clock to 0 number of active sensor: 0
08-23 22:21:30.593 975 1454 I Lyric : csi_context.cc:748: Camera ID(2) dma_to_buffer size: (0)
08-23 22:21:30.593 975 1455 I Lyric : whi_pro_dpm_bandwidth_controller.cc:98: dpm: required_clock is 360162480 min_frontend_clock_requirement_: 360162480 sensor streaming: 0
08-23 22:21:30.593 975 1454 I Lyric : csi_wdma.cc:1381: Camera ID(2) Build transaction to disable WDMA(CsisDma0) logical channel(0)
08-23 22:21:30.593 975 1454 I Lyric : csi_wdma.cc:1381: Camera ID(2) Build transaction to disable WDMA(CsisDma0) logical channel(1)
08-23 22:21:30.593 975 1454 I Lyric : csi_wdma.cc:1381: Camera ID(2) Build transaction to disable WDMA(CsisDma0) logical channel(2)
08-23 22:21:30.593 975 1454 I Lyric : csi_wdma.cc:1381: Camera ID(2) Build transaction to disable WDMA(CsisDma0) logical channel(3)
08-23 22:21:30.593 975 1454 I Lyric : csi_wdma.cc:1381: Camera ID(2) Build transaction to disable WDMA(CsisZsl0) logical channel(0)
08-23 22:21:30.593 975 1454 I Lyric : csi_wdma.cc:1381: Camera ID(2) Build transaction to disable WDMA(CsisZsl0) logical channel(1)
08-23 22:21:30.593 975 1454 I Lyric : csi_wdma.cc:1381: Camera ID(2) Build transaction to disable WDMA(CsisZsl0) logical channel(2)
08-23 22:21:30.593 975 1454 I Lyric : csi_wdma.cc:1381: Camera ID(2) Build transaction to disable WDMA(CsisZsl0) logical channel(3)
08-23 22:21:30.594 975 1454 I Lyric : whi_pro_dpm_bandwidth_controller.cc:98: dpm: required_clock is 0 min_frontend_clock_requirement_: 360162480 sensor streaming: 0
08-23 22:21:30.594 975 1454 I Lyric : whi_pro_dpm_bandwidth_controller.cc:104: Vote for front-end clock for freq 0
08-23 22:21:30.594 975 1454 I Lyric : csi_context.cc:811: Camera ID(2) CleanupContextLocked() ---
08-23 22:21:30.594 975 1454 I Lyric : csi_driver.cc:1490: [CSI BW] CSIS_D0 BW: 0 wdmas:
08-23 22:21:30.594 975 1454 I Lyric : csi_driver.cc:1492: [CSI BW] CSIS_D1 BW: 0 wdmas:
08-23 22:21:30.594 975 1454 I Lyric : csi_driver.cc:1494: [CSI BW] Update Required BW: 0, Required Clock: 0, Required peak BW: 0
08-23 22:21:30.594 975 1454 I Lyric : dpm_bandwidth_controller_v1.cc:175: dpm: updating bandwidth for device csi bandwidth_read: 0 bandwidth_write: 0 bandwidth_peak: 0 bandwidth_rt: 0
08-23 22:21:30.594 975 1454 I Lyric : csi_driver.cc:1292: Successfully cleaned up CSI context 0xb400007233ece130
08-23 22:21:30.594 975 1454 I Lyric : pdp_driver.cc:278: PDP: releasing context 0xb4000071943e1650
08-23 22:21:30.594 975 1454 I Lyric : pdp_driver.cc:997: PDP: about to SetHwEventsEnable to 0 for context 0
08-23 22:21:30.594 975 1454 I Lyric : g3aa_driver.cc:957: ------------------------------------------------------
08-23 22:21:30.594 975 1453 I G3ACoordinator: af_output_parser_lyric.cc:1308: TOF sensor power configuration -> 2
08-23 22:21:30.594 975 1454 I Lyric : g3aa_driver.cc:958: Releasing context 0
08-23 22:21:30.594 975 1454 I Lyric : g3aa_driver.cc:962: ------------------------------------------------------
08-23 22:21:30.594 975 1454 I Lyric : g3aa_pipeline.cc:831: [Bayer0] Disabling pipeline
08-23 22:21:30.594 975 1454 I Lyric : g3aa_pipeline.cc:834: [Bayer0] Already disabled
08-23 22:21:30.594 975 1454 I Lyric : g3aa_pipeline.cc:831: [PDAF0] Disabling pipeline
08-23 22:21:30.594 975 1454 I Lyric : g3aa_pipeline.cc:834: [PDAF0] Already disabled
08-23 22:21:30.594 975 1454 I Lyric : g3aa_pipeline.cc:690: [Bayer0] Drain(timeout=0) entered. next_frame_number=90, next_shadow_set=0, last_hw_frame_num=89, last_sw_sof_event_count=89
08-23 22:21:30.594 975 1454 I Lyric : g3aa_pipeline.cc:388: [Bayer0] There are 0 pending transactions to cancel for frames: []
08-23 22:21:30.594 975 1454 I Lyric : g3aa_pipeline.cc:778: [Bayer0] Waiting for pipeline to drain. There are 0 pending transactions for frames: [], 0 dropped frames: []
08-23 22:21:30.594 975 1454 I Lyric : g3aa_pipeline.cc:794: [Bayer0] Pipeline drained.
08-23 22:21:30.594 975 1454 I Lyric : g3aa_pipeline.cc:744: [Bayer0] Drained; next_frame_number=90, next_shadow_set=0, last_hw_frame_num=89, last_sw_sof_event_count=89
08-23 22:21:30.594 975 1454 I Lyric : g3aa_pipeline.cc:690: [PDAF0] Drain(timeout=0) entered. next_frame_number=90, next_shadow_set=0, last_hw_frame_num=89, last_sw_sof_event_count=89
08-23 22:21:30.594 975 1454 I Lyric : g3aa_pipeline.cc:388: [PDAF0] There are 0 pending transactions to cancel for frames: []
08-23 22:21:30.594 975 1454 I Lyric : g3aa_pipeline.cc:778: [PDAF0] Waiting for pipeline to drain. There are 0 pending transactions for frames: [], 0 dropped frames: []
08-23 22:21:30.594 975 1454 I Lyric : g3aa_pipeline.cc:794: [PDAF0] Pipeline drained.
