08-23 22:26:17.194 1514 4009 W JobScheduler: Job didn't exist in JobStore: ad4668d {androidx.work.systemjobscheduler} #u0a269/10826 @androidx.work.systemjobscheduler@com.Slack/androidx.work.impl.background.systemjob.SystemJobService
08-23 22:26:17.199 1514 1892 D CompatibilityChangeReporter: Compat change id reported: 265195908; UID 10192; state: ENABLED
08-23 22:26:17.200 1514 4009 W JobScheduler: Job didn't exist in JobStore: 22c3e96 {androidx.work.systemjobscheduler} #u0a269/10824 @androidx.work.systemjobscheduler@com.Slack/androidx.work.impl.background.systemjob.SystemJobService
08-23 22:26:17.200 1514 1873 W JobScheduler: Job didn't exist in JobStore: ccbae8e {androidx.work.systemjobscheduler} #u0a269/10827 @androidx.work.systemjobscheduler@com.Slack/androidx.work.impl.background.systemjob.SystemJobService
08-23 22:26:17.213 1514 3963 I WindowManager: WIN DEATH: Window{a3280ae u0 Panel:com.ubercab/com.ubercab.presidio.app.core.root.RootActivity}
08-23 22:26:17.214 1514 3963 I WindowManager: WIN DEATH: Window{a93028e u0 com.ubercab/com.ubercab.presidio.app.core.root.RootActivity}
08-23 22:26:17.220 1514 1683 I ActivityManager: Process PhantomProcessRecord {146b84 30235:30130:logcat/u0a285} died
08-23 22:26:17.223 1514 2482 W ActivityManager: Scheduling restart of crashed service com.ubercab/androidx.work.impl.background.systemjob.SystemJobService in 1000ms for connection
08-23 22:26:17.224 1514 1583 D DisplayManagerService: Drop pending events for gone uid 10285
08-23 22:26:17.228 1514 1587 W ActivityManager: setHasOverlayUi called on unknown pid: 30130
08-23 22:26:17.228 1514 1613 W UsageStatsService: Unexpected activity event reported! (com.ubercab/com.ubercab.presidio.app.core.root.RootActivity event : 23 instanceId : 50339175)
08-23 22:26:17.230 1514 1892 D CompatibilityChangeReporter: Compat change id reported: 171306433; UID 1000; state: ENABLED
08-23 22:26:17.433 2145 2169 V WindowManagerShell: Transition animation finished (aborted=false), notifying core (#10795) android.os.BinderProxy@e93bca7@0
08-23 22:26:17.435 1514 1581 V WindowManager: Finish Transition (#10795): created at
08-23 22:26:17.023 collect-started=0.112ms request-sent=3.693ms started=5.472ms ready=18.936ms sent=30.339ms finished=411.831ms
08-23 22:26:17.436 1514 2482 V WindowManager: Loading animations: layout params pkg=com.google.android.apps.nexuslauncher resId=0x10302fc
08-23 22:26:17.436 1514 2482 V WindowManager: Loading animations: picked package=android
08-23 22:26:17.436 1514 2482 V WindowManager: Loading animations: layout params pkg=com.google.android.apps.nexuslauncher resId=0x10302fc
08-23 22:26:17.436 1514 2482 V WindowManager: Loading animations: picked package=android
08-23 22:26:17.438 2145 2169 V WindowManagerShell: Track 0 became idle
08-23 22:26:17.438 2145 2169 V WindowManagerShell: All active transition animations finished
08-23 22:26:17.439 1514 2482 W UserManagerService: Requested status bar icon for non-badged user 0
08-23 22:26:17.441 1514 2482 W UserManagerService: Requested status bar icon for non-badged user 0
08-23 22:26:24.358 2145 2169 V ShellRecents: RecentsTransitionHandler.startRecentsTransition
08-23 22:26:24.358 2145 2169 V WindowManagerShell: Directly starting a new transition type=3 wct=WindowContainerTransaction { changes = {} hops = [{PendingIntent: options=Bundle[mParcelledData.dataSize=412]}] errorCallbackToken=null taskFragmentOrganizer=null } handler=com.android.wm.shell.recents.RecentsTransitionHandler@869426c
08-23 22:26:24.370 2145 2169 V ShellRecents: [267292977] RecentsController.setTransition: id=android.os.BinderProxy@5b6f016
08-23 22:26:24.399 1514 1581 V WindowManager: Sent Transition (#10796) createdAt=08-23 22:26:24.359
08-23 22:26:24.399 1514 1581 V WindowManager: startWCT=WindowContainerTransaction { changes = {} hops = [{PendingIntent: options=Bundle[{android.activity.splashScreenStyle=-1, android.activity.sourceInfo=android.app.ActivityOptions$SourceInfo@19e84d, android:activity.animAbortListener=null, android.activity.transientLaunch=true}]}] errorCallbackToken=null taskFragmentOrganizer=null }
08-23 22:26:24.399 1514 1581 V WindowManager: info={id=10796 t=TO_FRONT f=0x80 trk=0 r=[0@Point(0, 0)] c=[
08-23 22:26:24.399 1514 1581 V WindowManager: {WCT{RemoteToken{9451774 Task{48cac51 #1 type=undefined}}} m=TO_FRONT f=SHOW_WALLPAPER|MOVE_TO_TOP leash=Surface(name=Task=1)/@0x236fcfd sb=Rect(0, 0 - 1080, 2400) eb=Rect(0, 0 - 1080, 2400) d=0},
08-23 22:26:24.399 1514 1581 V WindowManager: {WCT{RemoteToken{12e1fb9 Task{f429613 #2304 type=standard A=10269:com.Slack}}} m=TO_BACK f=NONE leash=Surface(name=Task=2304)/@0x2cd2a03 sb=Rect(0, 0 - 1080, 2400) eb=Rect(0, 0 - 1080, 2400) d=0},
08-23 22:26:24.399 1514 1581 V WindowManager: {null m=TO_FRONT f=IS_WALLPAPER leash=Surface(name=WallpaperWindowToken{556b3b5 token=android.os.Binder@270b3ec})/@0xe44d838 sb=Rect(0, 0 - 1080, 2400) eb=Rect(0, 0 - 1080, 2400) d=0}
08-23 22:26:24.399 1514 1581 V WindowManager: ]}
08-23 22:26:24.401 2145 2169 V WindowManagerShell: onTransitionReady (#10796) android.os.BinderProxy@5b6f016: {id=10796 t=TO_FRONT f=0x80 trk=0 r=[0@Point(0, 0)] c=[{WCT{android.window.IWindowContainerToken$Stub$Proxy@d9dfc33} m=TO_FRONT f=SHOW_WALLPAPER|MOVE_TO_TOP leash=Surface(name=Task=1)/@0x30f1d97 sb=Rect(0, 0 - 1080, 2400) eb=Rect(0, 0 - 1080, 2400) d=0},{WCT{android.window.IWindowContainerToken$Stub$Proxy@18e1bf0} m=TO_BACK f=NONE leash=Surface(name=Task=2304)/@0x23dcb84 sb=Rect(0, 0 - 1080, 2400) eb=Rect(0, 0 - 1080, 2400) d=0},{null m=TO_FRONT f=IS_WALLPAPER leash=Surface(name=WallpaperWindowToken{556b3b5 token=android.os.Binder@270b3ec})/@0x46a0f6d sb=Rect(0, 0 - 1080, 2400) eb=Rect(0, 0 - 1080, 2400) d=0}]}
08-23 22:26:24.401 2145 2169 V WindowManagerShell: Playing animation for (#10796) android.os.BinderProxy@5b6f016@0
08-23 22:26:24.401 2145 2169 V WindowManagerShell: try firstHandler com.android.wm.shell.recents.RecentsTransitionHandler@869426c
08-23 22:26:24.401 2145 2169 V ShellRecents: [267292977] RecentsController.start
08-23 22:26:24.403 2145 2169 V ShellRecents: adding pausing leaf taskId=2304 at layer=8
08-23 22:26:24.404 2145 2169 V ShellRecents: [267292977] RecentsController.start: calling onAnimationStart
08-23 22:26:24.405 2145 2169 V WindowManagerShell: animated by firstHandler
08-23 22:26:24.405 1514 1588 V WindowManager: Loading animations: layout params pkg=com.google.android.apps.nexuslauncher resId=0x10302fc
08-23 22:26:24.405 1514 1588 V WindowManager: Loading animations: picked package=android
08-23 22:26:24.408 1514 4017 W UserManagerService: Requested status bar icon for non-badged user 0
08-23 22:26:24.412 2145 2169 V ShellRecents: [267292977] RecentsController.setInputConsumerEnabled: set focus to recents
08-23 22:26:24.448 1514 1927 E HandwritingModeController: Cannot get requestId: Handwriting was not initialized.
08-23 22:26:25.421 2145 2167 V ShellRecents: [267292977] RecentsController.screenshotTask: taskId=2304
08-23 22:26:25.436 2145 2169 D WindowManagerShell: setLauncherKeepClearAreaHeight: visible=true, height=504
08-23 22:26:25.460 1514 4240 W ProcessStats: Tracking association SourceState{923e0ee com.google.android.gms/10132 BTop #1233409} whose proc state 2 is better than process ProcessState{a2ea4bb com.android.vending/10165 pkg=com.android.vending} proc state 14 (458 skipped)
08-23 22:26:25.462 2145 2281 V ShellRecents: [267292977] RecentsController.detachNavigationBarFromApp
08-23 22:26:25.885 2145 2169 V ShellRecents: [267292977] RecentsController.finishInner: toHome=true userLeave=false willFinishToHome=true state=0
08-23 22:26:25.885 2145 2169 V ShellRecents: normal finish
08-23 22:26:25.885 2145 2169 V ShellRecents: [267292977] RecentsController.cleanup
08-23 22:26:25.887 2145 2169 V WindowManagerShell: Transition animation finished (aborted=false), notifying core (#10796) android.os.BinderProxy@5b6f016@0
08-23 22:26:25.891 1514 1581 V WindowManager: Finish Transition (#10796): created at
08-23 22:26:24.359 collect-started=0.155ms started=0.305ms ready=7.541ms sent=38.457ms finished=1531.716ms
08-23 22:26:25.895 1514 1872 V WindowManager: Loading animations: layout params pkg=com.Slack resId=0x1030308
08-23 22:26:25.895 1514 1872 V WindowManager: Loading animations: picked package=android
08-23 22:26:25.900 2145 2169 V WindowManagerShell: Track 0 became idle
08-23 22:26:25.900 2145 2169 V WindowManagerShell: All active transition animations finished
08-23 22:26:25.900 2145 2169 V ShellRecents: [267292977] RecentsController.finishInner: calling finish callback
08-23 22:26:25.902 1514 4017 W UserManagerService: Requested status bar icon for non-badged user 0
08-23 22:26:25.903 1514 4017 W UserManagerService: Requested status bar icon for non-badged user 0
08-23 22:26:25.927 1514 1587 V WindowManager: Unknown focus tokens, dropping reportFocusChanged
08-23 22:26:25.941 1514 2482 W PackageConfigPersister: App-specific configuration not found for packageName: com.google.android.apps.nexuslauncher and userId: 0
08-23 22:26:26.166 1514 2482 D CoreBackPreview: Window{59d94d4 u0 com.Slack/slack.features.home.HomeActivity}: Setting back callback null
08-23 22:26:26.178 1514 1587 I ActivityManager: Killing 28502:com.Slack/u0a269 (adj 905): remove task
08-23 22:26:26.407 1514 1900 D ActivityManager: freezing 21191 com.facebook.katana
08-23 22:26:26.432 1514 1587 I ActivityManager: Killing 16247:com.android.vending:instant_app_installer/u0a165 (adj 965): remove task
08-23 22:26:26.433 1514 1587 I ActivityManager: Killing 28183:com.android.vending:background/u0a165 (adj 915): remove task
08-23 22:26:26.433 1514 1587 I ActivityManager: Killing 16190:com.android.vending:quick_launch/u0a165 (adj 915): remove task
08-23 22:26:26.498 1514 4240 D CoreBackPreview: Window{b4a5b45 u0 com.android.vending/com.android.vending.AssetBrowserActivity}: Setting back callback null
08-23 22:26:26.508 1514 1613 W UsageStatsService: Unexpected activity event reported! (com.android.vending/com.google.android.finsky.activities.MainActivity event : 23 instanceId : 172588145)
08-23 22:26:26.515 1514 1583 D DisplayManagerService: Drop pending events for gone uid 10269
08-23 22:26:26.520 1514 1587 W ActivityManager: setHasOverlayUi called on unknown pid: 28502
08-23 22:26:27.200 1514 1900 D ActivityManager: freezing 26870 com.google.android.webview:webview_apk
08-23 22:26:27.202 1514 1900 D ActivityManager: freezing 4135 com.google.android.webview:webview_service
08-23 22:26:27.298 1514 3963 W PackageConfigPersister: App-specific configuration not found for packageName: com.google.android.googlequicksearchbox and userId: 0
08-23 22:26:28.073 1514 2472 W PackageConfigPersister: App-specific configuration not found for packageName: com.google.android.apps.nexuslauncher and userId: 0
08-23 22:26:29.286 2145 2169 V WindowManagerShell: Transition requested (#10797): android.os.BinderProxy@85e5823 TransitionRequestInfo { type = OPEN, triggerTask = TaskInfo{userId=0 taskId=2310 displayId=0 isRunning=true baseIntent=Intent { act=android.intent.action.MAIN cat=[android.intent.category.LAUNCHER] flg=0x10200000 cmp=com.Slack/slack.features.home.HomeActivity } baseActivity=ComponentInfo{com.Slack/slack.features.home.HomeActivity} topActivity=ComponentInfo{com.Slack/slack.features.home.HomeActivity} origActivity=null realActivity=ComponentInfo{com.Slack/slack.features.home.HomeActivity} numActivities=1 lastActiveTime=1285051709 supportsMultiWindow=true resizeMode=2 isResizeable=true minWidth=-1 minHeight=-1 defaultMinSize=220 token=WCT{android.window.IWindowContainerToken$Stub$Proxy@d186120} topActivityType=1 pictureInPictureParams=null shouldDockBigOverlays=false launchIntoPipHostTaskId=-1 lastParentTaskIdBeforePip=-1 displayCutoutSafeInsets=Rect(0, 136 - 0, 0) topActivityInfo=ActivityInfo{fb94ad9 slack.features.home.HomeActivity} launchCookies=[android.os.BinderProxy@3892c9e] positionInParent=Point(0, 0) parentTaskId=-1 isFocused=false isVisible=false isVisibleRequested=false isSleeping=false locusId=null displayAreaFeatureId=1 isTopActivityTransparent=false appCompatTaskInfo=AppCompatTaskInfo { topActivityInSizeCompat=false topActivityEligibleForLetterboxEducation= false isLetterboxDoubleTapEnabled= false topActivityEligibleForUserAspectRatioButton= false topActivityBoundsLetterboxed= false isFromLetterboxDoubleTap= false topActivityLetterboxVerticalPosition= -1 topActivityLetterboxHorizontalPosition= -1 topActivityLetterboxWidth=1080 topActivityLetterboxHeight=2400 isUserFullscreenOverrideEnabled=false isSystemFullscreenOverrideEnabled=false cameraCompatControlState=hidden}}, pipTask = null, remoteTransition = RemoteTransition { remoteTransition = android.window.IRemoteTransition$Stub$Proxy@d34537f, appThread = android.app.IApplicationThread$Stub$Proxy@3f26f4c, debugName = QuickstepLaunch }, displayChange = null, flags = 0, debugId = 10797 }
08-23 22:26:29.286 2145 2169 V WindowManagerShell: RemoteTransition directly requested for (#10797) android.os.BinderProxy@85e5823: RemoteTransition { remoteTransition = android.window.IRemoteTransition$Stub$Proxy@d34537f, appThread = android.app.IApplicationThread$Stub$Proxy@3f26f4c, debugName = QuickstepLaunch }
08-23 22:26:29.287 1514 2472 I ActivityTaskManager: START u0 {act=android.intent.action.MAIN cat=[android.intent.category.LAUNCHER] flg=0x10200000 cmp=com.Slack/slack.features.home.HomeActivity bnds=[856,231][1024,501]} with LAUNCH_MULTIPLE from uid 10217 (BAL_ALLOW_ALLOWLISTED_COMPONENT) result code=0
08-23 22:26:29.295 2145 2169 D WindowManagerShell: setLauncherKeepClearAreaHeight: visible=false, height=504
08-23 22:26:29.296 1514 1587 D CompatibilityChangeReporter: Compat change id reported: 135634846; UID 10269; state: DISABLED
08-23 22:26:29.296 1514 1587 D CompatibilityChangeReporter: Compat change id reported: 177438394; UID 10269; state: DISABLED
08-23 22:26:29.296 1514 1587 D CompatibilityChangeReporter: Compat change id reported: 135772972; UID 10269; state: DISABLED
08-23 22:26:29.297 1514 1587 D CompatibilityChangeReporter: Compat change id reported: 135754954; UID 10269; state: ENABLED
08-23 22:26:29.297 1514 1615 D CompatibilityChangeReporter: Compat change id reported: 143937733; UID 10269; state: ENABLED
08-23 22:26:29.300 1514 3945 D CoreBackPreview: Window{63a78f8 u0 Splash Screen com.Slack}: Setting back callback OnBackInvokedCallbackInfo{mCallback=android.window.IOnBackInvokedCallback$Stub$Proxy@81a2ca4, mPriority=0, mIsAnimationCallback=false}
08-23 22:26:29.315 1514 1581 V WindowManager: Sent Transition (#10797) createdAt=08-23 22:26:29.262 via request=TransitionRequestInfo { type = OPEN, triggerTask = TaskInfo{userId=0 taskId=2310 displayId=0 isRunning=true baseIntent=Intent { act=android.intent.action.MAIN cat=[android.intent.category.LAUNCHER] flg=0x10200000 cmp=com.Slack/slack.features.home.HomeActivity } baseActivity=ComponentInfo{com.Slack/slack.features.home.HomeActivity} topActivity=ComponentInfo{com.Slack/slack.features.home.HomeActivity} origActivity=null realActivity=ComponentInfo{com.Slack/slack.features.home.HomeActivity} numActivities=1 lastActiveTime=1285051709 supportsMultiWindow=true resizeMode=2 isResizeable=true minWidth=-1 minHeight=-1 defaultMinSize=220 token=WCT{RemoteToken{1b0440e Task{22e1899 #2310 type=standard A=10269:com.Slack}}} topActivityType=1 pictureInPictureParams=null shouldDockBigOverlays=false launchIntoPipHostTaskId=-1 lastParentTaskIdBeforePip=-1 displayCutoutSafeInsets=Rect(0, 136 - 0, 0) topActivityInfo=ActivityInfo{dcccde0 slack.features.home.HomeActivity} launchCookies=[android.os.BinderProxy@d9d6e2f] positionInParent=Point(0, 0) parentTaskId=-1 isFocused=false isVisible=false isVisibleRequested=false isSleeping=false locusId=null displayAreaFeatureId=1 isTopActivityTransparent=false appCompatTaskInfo=AppCompatTaskInfo { topActivityInSizeCompat=false topActivityEligibleForLetterboxEducation= false isLetterboxDoubleTapEnabled= false topActivityEligibleForUserAspectRatioButton= false topActivityBoundsLetterboxed= false isFromLetterboxDoubleTap= false topActivityLetterboxVerticalPosition= -1 topActivityLetterboxHorizontalPosition= -1 topActivityLetterboxWidth=1080 topActivityLetterboxHeight=2400 isUserFullscreenOverrideEnabled=false isSystemFullscreenOverrideEnabled=false cameraCompatControlState=hidden}}, pipTask = null, remoteTransition = RemoteTransition { remoteTransition = android.window.IRemoteTransition$Stub$Proxy@af46c3c, appThread = android.app.IApplicationThread$Stub$Proxy@5748dc5, debugName = QuickstepLaunch }, displayChange = null, flags = 0, debugId = 10797 }
08-23 22:26:29.315 1514 1581 V WindowManager: startWCT=WindowContainerTransaction { changes = {} hops = [] errorCallbackToken=null taskFragmentOrganizer=null }
08-23 22:26:29.315 1514 1581 V WindowManager: info={id=10797 t=OPEN f=0x0 trk=0 r=[0@Point(0, 0)] c=[
08-23 22:26:29.315 1514 1581 V WindowManager: {WCT{RemoteToken{1b0440e Task{22e1899 #2310 type=standard A=10269:com.Slack}}} m=OPEN f=NONE leash=Surface(name=Task=2310)/@0x1f6f10 sb=Rect(0, 0 - 1080, 2400) eb=Rect(0, 0 - 1080, 2400) d=0},
08-23 22:26:29.315 1514 1581 V WindowManager: {WCT{RemoteToken{9451774 Task{48cac51 #1 type=undefined}}} m=TO_BACK f=SHOW_WALLPAPER leash=Surface(name=Task=1)/@0x236fcfd sb=Rect(0, 0 - 1080, 2400) eb=Rect(0, 0 - 1080, 2400) d=0}
08-23 22:26:29.315 1514 1581 V WindowManager: ]}
08-23 22:26:29.315 2145 2169 V WindowManagerShell: onTransitionReady (#10797) android.os.BinderProxy@85e5823: {id=10797 t=OPEN f=0x0 trk=0 r=[0@Point(0, 0)] c=[{WCT{android.window.IWindowContainerToken$Stub$Proxy@aa59013} m=OPEN f=NONE leash=Surface(name=Task=2310)/@0x6ed5be4 sb=Rect(0, 0 - 1080, 2400) eb=Rect(0, 0 - 1080, 2400) d=0},{WCT{android.window.IWindowContainerToken$Stub$Proxy@c165250} m=TO_BACK f=SHOW_WALLPAPER leash=Surface(name=Task=1)/@0xb67c84d sb=Rect(0, 0 - 1080, 2400) eb=Rect(0, 0 - 1080, 2400) d=0}]}
08-23 22:26:29.315 2145 2169 V WindowManagerShell: Playing animation for (#10797) android.os.BinderProxy@85e5823@0
08-23 22:26:29.315 2145 2169 V WindowManagerShell: try firstHandler com.android.wm.shell.transition.DefaultMixedHandler@53b5079
08-23 22:26:29.315 2145 2169 V WindowManagerShell: Mixed transition for opening an intent with a remote transition and PIP #10797
08-23 22:26:29.316 2145 2169 V WindowManagerShell: Delegate animation for (#10797) to RemoteTransition { remoteTransition = android.window.IRemoteTransition$Stub$Proxy@d34537f, appThread = android.app.IApplicationThread$Stub$Proxy@3f26f4c, debugName = QuickstepLaunch }
08-23 22:26:29.317 2145 2169 V WindowManagerShell: animated by firstHandler
08-23 22:26:29.321 1514 1615 I ActivityManager: Start proc 30997:com.Slack/u0a269 for next-top-activity {com.Slack/slack.features.home.HomeActivity}
08-23 22:26:29.323 1514 1872 W UserManagerService: Requested status bar icon for non-badged user 0
08-23 22:26:29.361 1514 3963 D CompatibilityChangeReporter: Compat change id reported: 170503758; UID 10269; state: ENABLED
08-23 22:26:29.519 1514 2472 D CompatibilityChangeReporter: Compat change id reported: 161145287; UID 10269; state: ENABLED
08-23 22:26:29.614 1514 1872 D CompatibilityChangeReporter: Compat change id reported: 253665015; UID 10269; state: ENABLED
08-23 22:26:29.614 1514 1872 D CompatibilityChangeReporter: Compat change id reported: 194532703; UID 10269; state: ENABLED
08-23 22:26:29.614 1514 1872 D CompatibilityChangeReporter: Compat change id reported: 311402873; UID 10269; state: DISABLED
08-23 22:26:29.614 1514 1872 D CompatibilityChangeReporter: Compat change id reported: 323349338; UID 10269; state: DISABLED
08-23 22:26:29.616 1514 1872 D CompatibilityChangeReporter: Compat change id reported: 271850009; UID 10269; state: ENABLED
08-23 22:26:29.628 1514 1872 D CompatibilityChangeReporter: Compat change id reported: 319212206; UID 10269; state: DISABLED
08-23 22:26:29.709 1514 3963 D CompatibilityChangeReporter: Compat change id reported: 261072174; UID 10269; state: ENABLED
08-23 22:26:29.781 1514 3963 D CoreBackPreview: Window{30461ef u0 com.Slack/slack.features.home.HomeActivity}: Setting back callback OnBackInvokedCallbackInfo{mCallback=android.window.IOnBackInvokedCallback$Stub$Proxy@2bbe9da, mPriority=0, mIsAnimationCallback=false}
08-23 22:26:29.846 2145 2169 V WindowManagerShell: Transition animation finished (aborted=false), notifying core (#10797) android.os.BinderProxy@85e5823@0
08-23 22:26:29.848 1514 3945 V WindowManager: Loading animations: layout params pkg=com.google.android.apps.nexuslauncher resId=0x10302fc
08-23 22:26:29.848 1514 3945 V WindowManager: Loading animations: picked package=android
08-23 22:26:29.849 1514 1581 V WindowManager: Finish Transition (#10797): created at
08-23 22:26:29.262 collect-started=0.115ms request-sent=22.099ms started=25.691ms ready=48.019ms sent=51.117ms finished=585.597ms
08-23 22:26:29.850 1514 3945 V WindowManager: Loading animations: layout params pkg=com.google.android.apps.nexuslauncher resId=0x10302fc
08-23 22:26:29.850 1514 3945 V WindowManager: Loading animations: picked package=android
08-23 22:26:29.851 2145 2169 V WindowManagerShell: Track 0 became idle
08-23 22:26:29.852 2145 2169 V WindowManagerShell: All active transition animations finished
08-23 22:26:29.852 1514 2472 W UserManagerService: Requested status bar icon for non-badged user 0
08-23 22:26:29.853 1514 3945 W UserManagerService: Requested status bar icon for non-badged user 0
08-23 22:26:30.114 1514 4240 D CompatibilityChangeReporter: Compat change id reported: 214016041; UID 10269; state: ENABLED
08-23 22:26:30.118 1514 3963 W PackageConfigPersister: App-specific configuration not found for packageName: com.Slack and userId: 0
08-23 22:26:30.171 1514 3963 W JobScheduler: Job didn't exist in JobStore: d70081b {androidx.work.systemjobscheduler} #u0a269/10837 @androidx.work.systemjobscheduler@com.Slack/androidx.work.impl.background.systemjob.SystemJobService
08-23 22:26:30.172 1514 3963 W JobScheduler: Job didn't exist in JobStore: ec380cc {androidx.work.systemjobscheduler} #u0a269/10836 @androidx.work.systemjobscheduler@com.Slack/androidx.work.impl.background.systemjob.SystemJobService
08-23 22:26:30.436 1514 4240 D CoreBackPreview: Window{63a78f8 u0 Splash Screen com.Slack EXITING}: Setting back callback null
08-23 22:26:31.717 1514 3963 W JobScheduler: Job didn't exist in JobStore: d4a760 {androidx.work.systemjobscheduler} #u0a269/10840 @androidx.work.systemjobscheduler@com.Slack/androidx.work.impl.background.systemjob.SystemJobService
08-23 22:26:33.097 1514 4240 E AppOps : Operation not found: uid=1041 pkg=audioserver(null) op=WAKE_LOCK
08-23 22:26:33.100 1514 2482 E AppOps : Operation not found: uid=1041 pkg=audioserver(null) op=WAKE_LOCK
08-23 22:26:33.101 1514 3963 E AppOps : Operation not found: uid=1041 pkg=audioserver(null) op=WAKE_LOCK
08-23 22:26:33.102 1514 4240 E AppOps : Operation not found: uid=1041 pkg=audioserver(null) op=WAKE_LOCK
08-23 22:26:33.104 1514 2482 E AppOps : Operation not found: uid=1041 pkg=audioserver(null) op=WAKE_LOCK
08-23 22:26:33.106 1514 3963 E AppOps : Operation not found: uid=1041 pkg=audioserver(null) op=WAKE_LOCK
08-23 22:26:33.107 1514 2482 E AppOps : Operation not found: uid=1041 pkg=audioserver(null) op=WAKE_LOCK
08-23 22:26:34.062 1514 2482 D CompatibilityChangeReporter: Compat change id reported: 197654537; UID 10269; state: ENABLED
08-23 22:26:34.064 2145 2169 V ShellRecents: RecentsTransitionHandler.startRecentsTransition
08-23 22:26:34.065 2145 2169 V WindowManagerShell: Directly starting a new transition type=3 wct=WindowContainerTransaction { changes = {} hops = [{PendingIntent: options=Bundle[mParcelledData.dataSize=412]}] errorCallbackToken=null taskFragmentOrganizer=null } handler=com.android.wm.shell.recents.RecentsTransitionHandler@869426c
08-23 22:26:34.070 2145 2169 V ShellRecents: [170518631] RecentsController.setTransition: id=android.os.BinderProxy@f518614
08-23 22:26:34.109 1514 1588 V WindowManager: Loading animations: layout params pkg=com.google.android.apps.nexuslauncher resId=0x10302fc
08-23 22:26:34.109 1514 1588 V WindowManager: Loading animations: picked package=android
08-23 22:26:34.115 2145 2169 V WindowManagerShell: onTransitionReady (#10798) android.os.BinderProxy@f518614: {id=10798 t=TO_FRONT f=0x80 trk=0 r=[0@Point(0, 0)] c=[{WCT{android.window.IWindowContainerToken$Stub$Proxy@22b51fe} m=TO_FRONT f=SHOW_WALLPAPER|MOVE_TO_TOP leash=Surface(name=Task=1)/@0x79c1cb2 sb=Rect(0, 0 - 1080, 2400) eb=Rect(0, 0 - 1080, 2400) d=0},{WCT{android.window.IWindowContainerToken$Stub$Proxy@7e17d5f} m=TO_BACK f=NONE leash=Surface(name=Task=2310)/@0x1e2a403 sb=Rect(0, 0 - 1080, 2400) eb=Rect(0, 0 - 1080, 2400) d=0},{null m=TO_FRONT f=IS_WALLPAPER leash=Surface(name=WallpaperWindowToken{556b3b5 token=android.os.Binder@270b3ec})/@0x8caef80 sb=Rect(0, 0 - 1080, 2400) eb=Rect(0, 0 - 1080, 2400) d=0}]}
08-23 22:26:34.115 2145 2169 V WindowManagerShell: Playing animation for (#10798) android.os.BinderProxy@f518614@0
08-23 22:26:34.115 2145 2169 V WindowManagerShell: try firstHandler com.android.wm.shell.recents.RecentsTransitionHandler@869426c
08-23 22:26:34.115 2145 2169 V ShellRecents: [170518631] RecentsController.start
08-23 22:26:34.115 1514 3963 W UserManagerService: Requested status bar icon for non-badged user 0
08-23 22:26:34.116 2145 2169 V ShellRecents: adding pausing leaf taskId=2310 at layer=8
08-23 22:26:34.117 2145 2169 V ShellRecents: [170518631] RecentsController.start: calling onAnimationStart
08-23 22:26:34.118 1514 1581 V WindowManager: Sent Transition (#10798) createdAt=08-23 22:26:34.065
08-23 22:26:34.118 1514 1581 V WindowManager: startWCT=WindowContainerTransaction { changes = {} hops = [{PendingIntent: options=Bundle[{android.activity.splashScreenStyle=-1, android.activity.sourceInfo=android.app.ActivityOptions$SourceInfo@c221cd8, android:activity.animAbortListener=null, android.activity.transientLaunch=true}]}] errorCallbackToken=null taskFragmentOrganizer=null }
08-23 22:26:34.118 1514 1581 V WindowManager: info={id=10798 t=TO_FRONT f=0x80 trk=0 r=[0@Point(0, 0)] c=[
08-23 22:26:34.118 1514 1581 V WindowManager: {WCT{RemoteToken{9451774 Task{48cac51 #1 type=undefined}}} m=TO_FRONT f=SHOW_WALLPAPER|MOVE_TO_TOP leash=Surface(name=Task=1)/@0x236fcfd sb=Rect(0, 0 - 1080, 2400) eb=Rect(0, 0 - 1080, 2400) d=0},
08-23 22:26:34.118 1514 1581 V WindowManager: {WCT{RemoteToken{1b0440e Task{22e1899 #2310 type=standard A=10269:com.Slack}}} m=TO_BACK f=NONE leash=Surface(name=Task=2310)/@0x1f6f10 sb=Rect(0, 0 - 1080, 2400) eb=Rect(0, 0 - 1080, 2400) d=0},
08-23 22:26:34.118 1514 1581 V WindowManager: {null m=TO_FRONT f=IS_WALLPAPER leash=Surface(name=WallpaperWindowToken{556b3b5 token=android.os.Binder@270b3ec})/@0xe44d838 sb=Rect(0, 0 - 1080, 2400) eb=Rect(0, 0 - 1080, 2400) d=0}
08-23 22:26:34.118 1514 1581 V WindowManager: ]}
08-23 22:26:34.118 2145 2169 V WindowManagerShell: animated by firstHandler
08-23 22:26:34.120 2145 2169 V ShellRecents: [170518631] RecentsController.setInputConsumerEnabled: set focus to recents
08-23 22:26:34.127 1514 1927 E HandwritingModeController: Cannot get requestId: Handwriting was not initialized.
08-23 22:26:34.138 2145 3113 V ShellRecents: [170518631] RecentsController.detachNavigationBarFromApp
08-23 22:26:34.140 2145 2169 D WindowManagerShell: setLauncherKeepClearAreaHeight: visible=true, height=504
08-23 22:26:34.732 2145 2281 V ShellRecents: [170518631] RecentsController.screenshotTask: taskId=2310
08-23 22:26:34.754 2145 2169 V ShellRecents: [170518631] RecentsController.finishInner: toHome=true userLeave=true willFinishToHome=true state=0
08-23 22:26:34.755 2145 2169 V ShellRecents: normal finish
08-23 22:26:34.755 2145 2169 V ShellRecents: [170518631] RecentsController.cleanup
08-23 22:26:34.755 2145 2169 V WindowManagerShell: Transition animation finished (aborted=false), notifying core (#10798) android.os.BinderProxy@f518614@0
08-23 22:26:34.757 1514 1581 V WindowManager: Finish Transition (#10798): created at
08-23 22:26:34.065 collect-started=0.093ms started=0.145ms ready=2.207ms sent=46.873ms finished=691.591ms
08-23 22:26:34.763 1514 3963 V WindowManager: Loading animations: layout params pkg=com.Slack resId=0x1030308
08-23 22:26:34.763 1514 3963 V WindowManager: Loading animations: picked package=android
08-23 22:26:34.766 2145 2169 V WindowManagerShell: Track 0 became idle
08-23 22:26:34.766 2145 2169 V WindowManagerShell: All active transition animations finished
08-23 22:26:34.766 2145 2169 V ShellRecents: [170518631] RecentsController.finishInner: calling finish callback
08-23 22:26:34.768 1514 2472 W UserManagerService: Requested status bar icon for non-badged user 0
08-23 22:26:34.769 1514 2472 W UserManagerService: Requested status bar icon for non-badged user 0
08-23 22:26:34.774 1514 1587 V WindowManager: Unknown focus tokens, dropping reportFocusChanged
08-23 22:26:34.778 1514 1892 D CompatibilityChangeReporter: Compat change id reported: 265195908; UID 10269; state: ENABLED
08-23 22:26:34.803 1514 3963 W PackageConfigPersister: App-specific configuration not found for packageName: com.google.android.apps.nexuslauncher and userId: 0
08-23 22:26:34.857 1514 4240 I ActivityTaskManager: START u0 {act=android.intent.action.MAIN cat=[android.intent.category.LAUNCHER] flg=0x10200000 cmp=com.android.vending/.AssetBrowserActivity bnds=[265,1896][415,2065]} with LAUNCH_SINGLE_TASK from uid 10217 (BAL_ALLOW_ALLOWLISTED_COMPONENT) result code=0
08-23 22:26:34.857 2145 2169 V WindowManagerShell: Transition requested (#10799): android.os.BinderProxy@8b156f1 TransitionRequestInfo { type = OPEN, triggerTask = TaskInfo{userId=0 taskId=2311 displayId=0 isRunning=true baseIntent=Intent { act=android.intent.action.MAIN cat=[android.intent.category.LAUNCHER] flg=0x10200000 cmp=com.android.vending/.AssetBrowserActivity } baseActivity=ComponentInfo{com.android.vending/com.google.android.finsky.activities.MainActivity} topActivity=ComponentInfo{com.android.vending/com.google.android.finsky.activities.MainActivity} origActivity=ComponentInfo{com.android.vending/com.android.vending.AssetBrowserActivity} realActivity=ComponentInfo{com.android.vending/com.google.android.finsky.activities.MainActivity} numActivities=1 lastActiveTime=1285057287 supportsMultiWindow=true resizeMode=1 isResizeable=true minWidth=-1 minHeight=-1 defaultMinSize=220 token=WCT{android.window.IWindowContainerToken$Stub$Proxy@b65a2d6} topActivityType=1 pictureInPictureParams=null shouldDockBigOverlays=false launchIntoPipHostTaskId=-1 lastParentTaskIdBeforePip=-1 displayCutoutSafeInsets=Rect(0, 136 - 0, 0) topActivityInfo=ActivityInfo{967b957 com.android.vending.AssetBrowserActivity} launchCookies=[android.os.BinderProxy@bec9c44] positionInParent=Point(0, 0) parentTaskId=-1 isFocused=false isVisible=false isVisibleRequested=false isSleeping=false locusId=null displayAreaFeatureId=1 isTopActivityTransparent=false appCompatTaskInfo=AppCompatTaskInfo { topActivityInSizeCompat=false topActivityEligibleForLetterboxEducation= false isLetterboxDoubleTapEnabled= false topActivityEligibleForUserAspectRatioButton= false topActivityBoundsLetterboxed= false isFromLetterboxDoubleTap= false topActivityLetterboxVerticalPosition= -1 topActivityLetterboxHorizontalPosition= -1 topActivityLetterboxWidth=1080 topActivityLetterboxHeight=2400 isUserFullscreenOverrideEnabled=false isSystemFullscreenOverrideEnabled=false cameraCompatControlState=hidden}}, pipTask = null, remoteTransition = RemoteTransition { remoteTransition = android.window.IRemoteTransition$Stub$Proxy@bf3712d, appThread = android.app.IApplicationThread$Stub$Proxy@8f11662, debugName = QuickstepLaunch }, displayChange = null, flags = 0, debugId = 10799 }
08-23 22:26:34.857 2145 2169 V WindowManagerShell: RemoteTransition directly requested for (#10799) android.os.BinderProxy@8b156f1: RemoteTransition { remoteTransition = android.window.IRemoteTransition$Stub$Proxy@bf3712d, appThread = android.app.IApplicationThread$Stub$Proxy@8f11662, debugName = QuickstepLaunch }
08-23 22:26:34.859 2145 2169 D WindowManagerShell: setLauncherKeepClearAreaHeight: visible=false, height=504
08-23 22:26:34.887 1514 1581 V WindowManager: Sent Transition (#10799) createdAt=08-23 22:26:34.851 via request=TransitionRequestInfo { type = OPEN, triggerTask = TaskInfo{userId=0 taskId=2311 displayId=0 isRunning=true baseIntent=Intent { act=android.intent.action.MAIN cat=[android.intent.category.LAUNCHER] flg=0x10200000 cmp=com.android.vending/.AssetBrowserActivity } baseActivity=ComponentInfo{com.android.vending/com.google.android.finsky.activities.MainActivity} topActivity=ComponentInfo{com.android.vending/com.google.android.finsky.activities.MainActivity} origActivity=ComponentInfo{com.android.vending/com.android.vending.AssetBrowserActivity} realActivity=ComponentInfo{com.android.vending/com.google.android.finsky.activities.MainActivity} numActivities=1 lastActiveTime=1285057287 supportsMultiWindow=true resizeMode=1 isResizeable=true minWidth=-1 minHeight=-1 defaultMinSize=220 token=WCT{RemoteToken{de96550 Task{2b0b420 #2311 type=standard A=10165:com.android.vending}}} topActivityType=1 pictureInPictureParams=null shouldDockBigOverlays=false launchIntoPipHostTaskId=-1 lastParentTaskIdBeforePip=-1 displayCutoutSafeInsets=Rect(0, 136 - 0, 0) topActivityInfo=ActivityInfo{ca81723 com.android.vending.AssetBrowserActivity} launchCookies=[android.os.BinderProxy@51eb349] positionInParent=Point(0, 0) parentTaskId=-1 isFocused=false isVisible=false isVisibleRequested=false isSleeping=false locusId=null displayAreaFeatureId=1 isTopActivityTransparent=false appCompatTaskInfo=AppCompatTaskInfo { topActivityInSizeCompat=false topActivityEligibleForLetterboxEducation= false isLetterboxDoubleTapEnabled= false topActivityEligibleForUserAspectRatioButton= false topActivityBoundsLetterboxed= false isFromLetterboxDoubleTap= false topActivityLetterboxVerticalPosition= -1 topActivityLetterboxHorizontalPosition= -1 topActivityLetterboxWidth=1080 topActivityLetterboxHeight=2400 isUserFullscreenOverrideEnabled=false isSystemFullscreenOverrideEnabled=false cameraCompatControlState=hidden}}, pipTask = null, remoteTransition = RemoteTransition { remoteTransition = android.window.IRemoteTransition$Stub$Proxy@c28c44e, appThread = android.app.IApplicationThread$Stub$Proxy@b7f896f, debugName = QuickstepLaunch }, displayChange = null, flags = 0, debugId = 10799 }
08-23 22:26:34.887 1514 1581 V WindowManager: startWCT=WindowContainerTransaction { changes = {} hops = [] errorCallbackToken=null taskFragmentOrganizer=null }
08-23 22:26:34.888 1514 1581 V WindowManager: info={id=10799 t=OPEN f=0x0 trk=0 r=[0@Point(0, 0)] c=[
08-23 22:26:34.888 1514 1581 V WindowManager: {WCT{RemoteToken{de96550 Task{2b0b420 #2311 type=standard A=10165:com.android.vending}}} m=OPEN f=NONE leash=Surface(name=Task=2311)/@0xcc00a02 sb=Rect(0, 0 - 1080, 2400) eb=Rect(0, 0 - 1080, 2400) d=0},
08-23 22:26:34.888 1514 1581 V WindowManager: {WCT{RemoteToken{9451774 Task{48cac51 #1 type=undefined}}} m=TO_BACK f=SHOW_WALLPAPER leash=Surface(name=Task=1)/@0x236fcfd sb=Rect(0, 0 - 1080, 2400) eb=Rect(0, 0 - 1080, 2400) d=0}
08-23 22:26:34.888 1514 1581 V WindowManager: ]}
08-23 22:26:34.888 2145 2169 V WindowManagerShell: onTransitionReady (#10799) android.os.BinderProxy@8b156f1: {id=10799 t=OPEN f=0x0 trk=0 r=[0@Point(0, 0)] c=[{WCT{android.window.IWindowContainerToken$Stub$Proxy@e519e74} m=OPEN f=NONE leash=Surface(name=Task=2311)/@0xc74de61 sb=Rect(0, 0 - 1080, 2400) eb=Rect(0, 0 - 1080, 2400) d=0},{WCT{android.window.IWindowContainerToken$Stub$Proxy@8bfff9d} m=TO_BACK f=SHOW_WALLPAPER leash=Surface(name=Task=1)/@0x98a6d86 sb=Rect(0, 0 - 1080, 2400) eb=Rect(0, 0 - 1080, 2400) d=0}]}
08-23 22:26:34.888 2145 2169 V WindowManagerShell: Playing animation for (#10799) android.os.BinderProxy@8b156f1@0
08-23 22:26:34.888 2145 2169 V WindowManagerShell: try firstHandler com.android.wm.shell.transition.DefaultMixedHandler@53b5079
08-23 22:26:34.888 2145 2169 V WindowManagerShell: Mixed transition for opening an intent with a remote transition and PIP #10799
08-23 22:26:34.888 2145 2169 V WindowManagerShell: Delegate animation for (#10799) to RemoteTransition { remoteTransition = android.window.IRemoteTransition$Stub$Proxy@bf3712d, appThread = android.app.IApplicationThread$Stub$Proxy@8f11662, debugName = QuickstepLaunch }
08-23 22:26:34.888 2145 2169 V WindowManagerShell: animated by firstHandler
08-23 22:26:34.888 1514 4240 W UserManagerService: Requested status bar icon for non-badged user 0
08-23 22:26:34.923 1514 3963 D CoreBackPreview: Window{d848e68 u0 com.android.vending/com.android.vending.AssetBrowserActivity}: Setting back callback OnBackInvokedCallbackInfo{mCallback=android.window.IOnBackInvokedCallback$Stub$Proxy@5b5c5bd, mPriority=-1, mIsAnimationCallback=false}
08-23 22:26:34.923 1514 3963 D CoreBackPreview: Window{d848e68 u0 com.android.vending/com.android.vending.AssetBrowserActivity}: Setting back callback OnBackInvokedCallbackInfo{mCallback=android.window.IOnBackInvokedCallback$Stub$Proxy@dd2f7b2, mPriority=0, mIsAnimationCallback=true}
08-23 22:26:34.942 1514 2472 D ActivityManager: sync unfroze 30087 com.google.process.gservices for 7
08-23 22:26:35.002 1514 2472 W PackageConfigPersister: App-specific configuration not found for packageName: com.android.vending and userId: 0
08-23 22:26:35.413 2145 2169 V WindowManagerShell: Transition animation finished (aborted=false), notifying core (#10799) android.os.BinderProxy@8b156f1@0
08-23 22:26:35.415 1514 1581 V WindowManager: Finish Transition (#10799): created at
08-23 22:26:34.851 collect-started=0.018ms request-sent=5.047ms started=6.092ms ready=11.636ms sent=35.183ms finished=563.037ms
08-23 22:26:35.415 1514 3945 V WindowManager: Loading animations: layout params pkg=com.google.android.apps.nexuslauncher resId=0x10302fc
08-23 22:26:35.415 1514 3945 V WindowManager: Loading animations: picked package=android
08-23 22:26:35.415 1514 3945 V WindowManager: Loading animations: layout params pkg=com.google.android.apps.nexuslauncher resId=0x10302fc
08-23 22:26:35.415 1514 3945 V WindowManager: Loading animations: picked package=android
08-23 22:26:35.417 2145 2169 V WindowManagerShell: Track 0 became idle
08-23 22:26:35.417 2145 2169 V WindowManagerShell: All active transition animations finished
08-23 22:26:35.418 1514 1872 W UserManagerService: Requested status bar icon for non-badged user 0
08-23 22:26:35.419 1514 4240 W UserManagerService: Requested status bar icon for non-badged user 0
08-23 22:26:35.916 1514 1900 D ActivityManager: freezing 26736 com.android.chrome
08-23 22:26:35.918 1514 1900 D ActivityManager: freezing 28757 com.android.chrome:privileged_process0
08-23 22:26:35.919 1514 1900 D ActivityManager: freezing 28819 com.android.chrome:sandboxed_process0:org.chromium.content.app.SandboxedProcessService0:0
08-23 22:26:36.521 1514 1900 D ActivityManager: freezing 29949 com.google.android.apps.messaging
08-23 22:26:37.031 1514 4240 D CoreBackPreview: Window{6c186d3 u0 com.android.vending/com.android.vending.AssetBrowserActivity}: Setting back callback OnBackInvokedCallbackInfo{mCallback=android.window.IOnBackInvokedCallback$Stub$Proxy@9da6e1a, mPriority=-1, mIsAnimationCallback=false}
08-23 22:26:37.031 1514 4240 D CoreBackPreview: Window{6c186d3 u0 com.android.vending/com.android.vending.AssetBrowserActivity}: Setting back callback OnBackInvokedCallbackInfo{mCallback=android.window.IOnBackInvokedCallback$Stub$Proxy@1a8fd4b, mPriority=0, mIsAnimationCallback=true}
08-23 22:26:37.041 1514 4240 W ProcessStats: Tracking association SourceState{522e328 com.android.vending/10165 BTop #1233508} whose proc state 2 is better than process ProcessState{3260e2b com.google.android.gms/10132 pkg=com.google.android.gms} proc state 14 (669 skipped)
08-23 22:26:37.169 1514 1588 V WindowManager: Loading animations: layout params pkg=com.android.vending resId=0x1030308
08-23 22:26:37.169 1514 1588 V WindowManager: Loading animations: picked package=android
08-23 22:26:37.217 1514 4240 W PackageConfigPersister: App-specific configuration not found for packageName: com.android.vending and userId: 0
08-23 22:26:38.238 1514 3963 D IntervalStats: Unable to parse usage stats packages: [112, 119, 157, 262, 264, 266, 268, 271, 274, 283, 290, 294, 297, 302, 306, 307, 316, 317, 318, 319, 320, 321, 322, 323, 324, 325, 327, 329, 330, 331, 332, 333, 334, 335, 341, 349, 352, 354, 355]
08-23 22:26:38.243 1514 1872 D CoreBackPreview: Window{6c186d3 u0 com.android.vending/com.android.vending.AssetBrowserActivity}: Setting back callback null
08-23 22:26:38.243 1514 3963 D IntervalStats: Unable to parse usage stats packages: [112, 119, 157, 262, 264, 266, 268, 271, 274, 283, 290, 294, 297, 302, 306, 307, 316, 317, 318, 319, 320, 321, 322, 323, 324, 325, 327, 329, 330, 331, 332, 333, 334, 335, 341, 349, 352, 354, 355, 359, 361, 362]
08-23 22:26:38.249 1514 1872 V WindowManager: Loading animations: layout params pkg=com.android.vending resId=0x1030308
08-23 22:26:38.249 1514 1872 V WindowManager: Loading animations: picked package=android
08-23 22:26:38.262 1514 1587 V WindowManager: Unknown focus tokens, dropping reportFocusChanged
08-23 22:26:38.283 1514 4240 W PackageConfigPersister: App-specific configuration not found for packageName: com.android.vending and userId: 0
08-23 22:26:40.313 537 31108 I keystore2: system/security/keystore2/watchdog/src/lib.rs:319 - Watchdog thread idle -> terminating. Have a great day.
08-23 22:26:40.553 2145 2169 V ShellRecents: RecentsTransitionHandler.startRecentsTransition
08-23 22:26:40.554 2145 2169 V WindowManagerShell: Directly starting a new transition type=3 wct=WindowContainerTransaction { changes = {} hops = [{PendingIntent: options=Bundle[mParcelledData.dataSize=412]}] errorCallbackToken=null taskFragmentOrganizer=null } handler=com.android.wm.shell.recents.RecentsTransitionHandler@869426c
08-23 22:26:40.566 2145 2169 V ShellRecents: [185632085] RecentsController.setTransition: id=android.os.BinderProxy@366db6a
08-23 22:26:40.612 1514 1588 V WindowManager: Loading animations: layout params pkg=com.google.android.apps.nexuslauncher resId=0x10302fc
08-23 22:26:40.612 1514 1588 V WindowManager: Loading animations: picked package=android
08-23 22:26:40.618 2145 2169 V WindowManagerShell: onTransitionReady (#10800) android.os.BinderProxy@366db6a: {id=10800 t=TO_FRONT f=0x80 trk=0 r=[0@Point(0, 0)] c=[{WCT{android.window.IWindowContainerToken$Stub$Proxy@2d38ca4} m=TO_FRONT f=SHOW_WALLPAPER|MOVE_TO_TOP leash=Surface(name=Task=1)/@0x61dd8f8 sb=Rect(0, 0 - 1080, 2400) eb=Rect(0, 0 - 1080, 2400) d=0},{WCT{android.window.IWindowContainerToken$Stub$Proxy@3c50a0d} m=TO_BACK f=NONE leash=Surface(name=Task=2311)/@0xaa121d1 sb=Rect(0, 0 - 1080, 2400) eb=Rect(0, 0 - 1080, 2400) d=0},{null m=TO_FRONT f=IS_WALLPAPER leash=Surface(name=WallpaperWindowToken{556b3b5 token=android.os.Binder@270b3ec})/@0x78f4436 sb=Rect(0, 0 - 1080, 2400) eb=Rect(0, 0 - 1080, 2400) d=0}]}
08-23 22:26:40.619 2145 2169 V WindowManagerShell: Playing animation for (#10800) android.os.BinderProxy@366db6a@0
08-23 22:26:40.619 2145 2169 V WindowManagerShell: try firstHandler com.android.wm.shell.recents.RecentsTransitionHandler@869426c
08-23 22:26:40.619 2145 2169 V ShellRecents: [185632085] RecentsController.start
08-23 22:26:40.619 1514 2482 W UserManagerService: Requested status bar icon for non-badged user 0
08-23 22:26:40.620 1514 1581 V WindowManager: Sent Transition (#10800) createdAt=08-23 22:26:40.554
08-23 22:26:40.620 1514 1581 V WindowManager: startWCT=WindowContainerTransaction { changes = {} hops = [{PendingIntent: options=Bundle[{android.activity.splashScreenStyle=-1, android.activity.sourceInfo=android.app.ActivityOptions$SourceInfo@b5d4809, android:activity.animAbortListener=null, android.activity.transientLaunch=true}]}] errorCallbackToken=null taskFragmentOrganizer=null }
08-23 22:26:40.620 1514 1581 V WindowManager: info={id=10800 t=TO_FRONT f=0x80 trk=0 r=[0@Point(0, 0)] c=[
08-23 22:26:40.620 1514 1581 V WindowManager: {WCT{RemoteToken{9451774 Task{48cac51 #1 type=undefined}}} m=TO_FRONT f=SHOW_WALLPAPER|MOVE_TO_TOP leash=Surface(name=Task=1)/@0x236fcfd sb=Rect(0, 0 - 1080, 2400) eb=Rect(0, 0 - 1080, 2400) d=0},
08-23 22:26:40.620 1514 1581 V WindowManager: {WCT{RemoteToken{de96550 Task{2b0b420 #2311 type=standard A=10165:com.android.vending}}} m=TO_BACK f=NONE leash=Surface(name=Task=2311)/@0xcc00a02 sb=Rect(0, 0 - 1080, 2400) eb=Rect(0, 0 - 1080, 2400) d=0},
08-23 22:26:40.620 1514 1581 V WindowManager: {null m=TO_FRONT f=IS_WALLPAPER leash=Surface(name=WallpaperWindowToken{556b3b5 token=android.os.Binder@270b3ec})/@0xe44d838 sb=Rect(0, 0 - 1080, 2400) eb=Rect(0, 0 - 1080, 2400) d=0}
08-23 22:26:40.620 1514 1581 V WindowManager: ]}
08-23 22:26:40.620 2145 2169 V ShellRecents: adding pausing leaf taskId=2311 at layer=8
08-23 22:26:40.622 2145 2169 V ShellRecents: [185632085] RecentsController.start: calling onAnimationStart
08-23 22:26:40.622 2145 2169 V WindowManagerShell: animated by firstHandler
08-23 22:26:40.625 2145 2169 V ShellRecents: [185632085] RecentsController.setInputConsumerEnabled: set focus to recents
08-23 22:26:40.631 1514 1927 E HandwritingModeController: Cannot get requestId: Handwriting was not initialized.
08-23 22:26:41.201 2145 2281 V ShellRecents: [185632085] RecentsController.screenshotTask: taskId=2311
08-23 22:26:41.219 2145 2169 D WindowManagerShell: setLauncherKeepClearAreaHeight: visible=true, height=504
08-23 22:26:41.253 2145 2281 V ShellRecents: [185632085] RecentsController.detachNavigationBarFromApp
08-23 22:26:41.681 2145 2169 V ShellRecents: [185632085] RecentsController.finishInner: toHome=true userLeave=false willFinishToHome=true state=0
08-23 22:26:41.681 2145 2169 V ShellRecents: normal finish
08-23 22:26:41.682 2145 2169 V ShellRecents: [185632085] RecentsController.cleanup
08-23 22:26:41.682 2145 2169 V WindowManagerShell: Transition animation finished (aborted=false), notifying core (#10800) android.os.BinderProxy@366db6a@0
08-23 22:26:41.689 1514 1581 V WindowManager: Finish Transition (#10800): created at
08-23 22:26:40.554 collect-started=0.084ms started=0.297ms ready=9.575ms sent=61.152ms finished=1133.037ms
08-23 22:26:41.691 1514 2472 V WindowManager: Loading animations: layout params pkg=com.android.vending resId=0x1030308
08-23 22:26:41.691 1514 2472 V WindowManager: Loading animations: picked package=android
08-23 22:26:41.699 2145 2169 V WindowManagerShell: Track 0 became idle
08-23 22:26:41.699 2145 2169 V WindowManagerShell: All active transition animations finished
08-23 22:26:41.700 2145 2169 V ShellRecents: [185632085] RecentsController.finishInner: calling finish callback
08-23 22:26:41.702 1514 3945 W UserManagerService: Requested status bar icon for non-badged user 0
08-23 22:26:41.706 1514 1587 V WindowManager: Unknown focus tokens, dropping reportFocusChanged
08-23 22:26:41.720 1514 2472 W UserManagerService: Requested status bar icon for non-badged user 0
08-23 22:26:41.727 1514 3963 D CoreBackPreview: Window{d848e68 u0 com.android.vending/com.android.vending.AssetBrowserActivity}: Setting back callback OnBackInvokedCallbackInfo{mCallback=android.window.IOnBackInvokedCallback$Stub$Proxy@a9ae9c3, mPriority=-1, mIsAnimationCallback=false}
08-23 22:26:41.739 1514 3963 W PackageConfigPersister: App-specific configuration not found for packageName: com.google.android.apps.nexuslauncher and userId: 0
08-23 22:26:41.776 1514 3945 D CoreBackPreview: Window{d848e68 u0 com.android.vending/com.android.vending.AssetBrowserActivity}: Setting back callback null
08-23 22:26:41.787 1514 1587 I ActivityManager: Killing 27876:com.android.vending/u0a165 (adj 905): remove task
08-23 22:26:42.071 1514 1583 D DisplayManagerService: Drop pending events for gone uid 10165
08-23 22:26:42.074 1514 1587 W ActivityManager: setHasOverlayUi called on unknown pid: 27876
08-23 22:26:43.838 1514 4240 W ActivityTaskManager: callingPackage for (uid=-1, pid=-1) has no WPC
08-23 22:26:43.842 1514 4240 D CompatibilityChangeReporter: Compat change id reported: 194833441; UID 10269; state: ENABLED
