08-23 22:29:45.239 1514 1581 V WindowManager: startWCT=WindowContainerTransaction { changes = {} hops = [] errorCallbackToken=null taskFragmentOrganizer=null }
08-23 22:29:45.239 1514 1581 V WindowManager: info={id=10810 t=OPEN f=0x0 trk=0 r=[0@Point(0, 0)] c=[
08-23 22:29:45.239 1514 1581 V WindowManager: {WCT{RemoteToken{ee7463a Task{e0db5fc #2313 type=standard A=10202:com.google.android.gm}}} m=OPEN f=NONE leash=Surface(name=Task=2313)/@0x293e25c sb=Rect(0, 0 - 1080, 2400) eb=Rect(0, 0 - 1080, 2400) d=0},
08-23 22:29:45.239 1514 1581 V WindowManager: {WCT{RemoteToken{9451774 Task{48cac51 #1 type=undefined}}} m=TO_BACK f=SHOW_WALLPAPER leash=Surface(name=Task=1)/@0x236fcfd sb=Rect(0, 0 - 1080, 2400) eb=Rect(0, 0 - 1080, 2400) d=0}
08-23 22:29:45.239 1514 1581 V WindowManager: ]}
08-23 22:29:45.240 2145 2169 V WindowManagerShell: onTransitionReady (#10810) android.os.BinderProxy@9409712: {id=10810 t=OPEN f=0x0 trk=0 r=[0@Point(0, 0)] c=[{WCT{android.window.IWindowContainerToken$Stub$Proxy@40703ea} m=OPEN f=NONE leash=Surface(name=Task=2313)/@0xb26dbf sb=Rect(0, 0 - 1080, 2400) eb=Rect(0, 0 - 1080, 2400) d=0},{WCT{android.window.IWindowContainerToken$Stub$Proxy@b2a26db} m=TO_BACK f=SHOW_WALLPAPER leash=Surface(name=Task=1)/@0xa231c8c sb=Rect(0, 0 - 1080, 2400) eb=Rect(0, 0 - 1080, 2400) d=0}]}
08-23 22:29:45.240 2145 2169 V WindowManagerShell: Playing animation for (#10810) android.os.BinderProxy@9409712@0
08-23 22:29:45.240 2145 2169 V WindowManagerShell: try firstHandler com.android.wm.shell.transition.DefaultMixedHandler@53b5079
08-23 22:29:45.240 2145 2169 V WindowManagerShell: Mixed transition for opening an intent with a remote transition and PIP #10810
08-23 22:29:45.240 1514 3963 W UserManagerService: Requested status bar icon for non-badged user 0
08-23 22:29:45.241 2145 2169 V WindowManagerShell: Delegate animation for (#10810) to RemoteTransition { remoteTransition = android.window.IRemoteTransition$Stub$Proxy@50d125e, appThread = android.app.IApplicationThread$Stub$Proxy@4dda63f, debugName = QuickstepLaunch }
08-23 22:29:45.242 2145 2169 V WindowManagerShell: animated by firstHandler
08-23 22:29:45.563 1514 1873 D ActivityManager: sync unfroze 30087 com.google.process.gservices for 7
08-23 22:29:45.577 1514 11698 D CoreBackPreview: Window{d55ca1 u0 com.google.android.gm/com.google.android.gm.ConversationListActivityGmail}: Setting back callback OnBackInvokedCallbackInfo{mCallback=android.window.IOnBackInvokedCallback$Stub$Proxy@a4bfed9, mPriority=-1, mIsAnimationCallback=false}
08-23 22:29:45.577 1514 11698 D CoreBackPreview: Window{d55ca1 u0 com.google.android.gm/com.google.android.gm.ConversationListActivityGmail}: Setting back callback OnBackInvokedCallbackInfo{mCallback=android.window.IOnBackInvokedCallback$Stub$Proxy@ed7d09e, mPriority=0, mIsAnimationCallback=true}
08-23 22:29:45.606 1514 3963 D CompatibilityChangeReporter: Compat change id reported: 319212206; UID 10202; state: DISABLED
08-23 22:29:45.638 1514 2345 D CompatibilityChangeReporter: Compat change id reported: 214016041; UID 10202; state: ENABLED
08-23 22:29:45.642 1514 2345 W PackageConfigPersister: App-specific configuration not found for packageName: com.google.android.gm and userId: 0
08-23 22:29:45.713 1514 3963 W JobScheduler: Job didn't exist in JobStore: 248fc8f {androidx.work.systemjobscheduler} #u0a202/555006123 @androidx.work.systemjobscheduler@com.google.android.gm/androidx.work.impl.background.systemjob.SystemJobService
08-23 22:29:45.776 2145 2169 V WindowManagerShell: Transition animation finished (aborted=false), notifying core (#10810) android.os.BinderProxy@9409712@0
08-23 22:29:45.777 1514 1581 V WindowManager: Finish Transition (#10810): created at
08-23 22:29:45.174 collect-started=0.066ms request-sent=5.978ms started=7.331ms ready=13.226ms sent=63.931ms finished=603.094ms
08-23 22:29:45.777 1514 4240 V WindowManager: Loading animations: layout params pkg=com.google.android.apps.nexuslauncher resId=0x10302fc
08-23 22:29:45.777 1514 4240 V WindowManager: Loading animations: picked package=android
08-23 22:29:45.777 1514 4240 V WindowManager: Loading animations: layout params pkg=com.google.android.apps.nexuslauncher resId=0x10302fc
08-23 22:29:45.778 1514 4240 V WindowManager: Loading animations: picked package=android
08-23 22:29:45.779 2145 2169 V WindowManagerShell: Track 0 became idle
08-23 22:29:45.779 2145 2169 V WindowManagerShell: All active transition animations finished
08-23 22:29:45.780 1514 4240 W UserManagerService: Requested status bar icon for non-badged user 0
08-23 22:29:45.780 1514 4240 W UserManagerService: Requested status bar icon for non-badged user 0
08-23 22:29:45.852 1514 2345 D CompatibilityChangeReporter: Compat change id reported: 135634846; UID 99724; state: DISABLED
08-23 22:29:45.853 1514 2345 D CompatibilityChangeReporter: Compat change id reported: 177438394; UID 99724; state: DISABLED
08-23 22:29:45.853 1514 2345 D CompatibilityChangeReporter: Compat change id reported: 135772972; UID 99724; state: DISABLED
08-23 22:29:45.853 1514 2345 D CompatibilityChangeReporter: Compat change id reported: 135754954; UID 99724; state: ENABLED
08-23 22:29:45.853 1514 1615 D CompatibilityChangeReporter: Compat change id reported: 143937733; UID 10202; state: ENABLED
08-23 22:29:45.867 1514 1615 I ActivityManager: Start proc 32140:com.google.android.webview:sandboxed_process0:org.chromium.content.app.SandboxedProcessService0:0/u0i724 for {com.google.android.gm/org.chromium.content.app.SandboxedProcessService0:0}
08-23 22:29:45.971 1514 11698 D ActivityManager: sync unfroze 4135 com.google.android.webview:webview_service for 6
08-23 22:29:45.982 1514 4240 D CoreBackPreview: Window{cf4c894 u0 Splash Screen com.google.android.gm EXITING}: Setting back callback null
08-23 22:29:45.983 1514 4240 W WindowManager: Failed looking up window session=Session{b28326f 2145:u0a10226} callers=com.android.server.wm.WindowManagerService.removeClientToken:1987 com.android.server.wm.Session.remove:272 android.view.IWindowSession$Stub.onTransact:690
08-23 22:29:45.997 1514 1873 D CompatibilityChangeReporter: Compat change id reported: 319212206; UID 10202; state: DISABLED
08-23 22:29:46.061 1514 4240 D CompatibilityChangeReporter: Compat change id reported: 201794303; UID 10202; state: ENABLED
08-23 22:29:46.061 1514 4240 D CompatibilityChangeReporter: Compat change id reported: 207133734; UID 10202; state: ENABLED
08-23 22:29:46.087 1514 4240 W ActivityManager: Unable to start service Intent { act=com.google.android.gms.notifications.capping.api.NotificationsCappingApiService.START pkg=com.google.android.gms } U=0: not found
08-23 22:29:46.088 1514 1873 D CompatibilityChangeReporter: Compat change id reported: 197654537; UID 10202; state: ENABLED
08-23 22:29:46.088 1514 4240 W ActivityManager: Unbind failed: could not find connection for android.os.BinderProxy@b50db85
08-23 22:29:46.090 1514 1873 I ActivityTaskManager: 