11-14 11:12:31.471 1312 5257 I CCodec : Created component [c2.android.vorbis.decoder]
11-14 11:12:31.471 1312 5257 D CCodecConfig: read media type: audio/vorbis
11-14 11:12:31.473 1312 5257 D ReflectedParamUpdater: extent() != 1 for single value type: algo.buffers.max-count.values
11-14 11:12:31.473 1312 5257 D ReflectedParamUpdater: extent() != 1 for single value type: output.subscribed-indices.values
11-14 11:12:31.473 1312 5257 D ReflectedParamUpdater: extent() != 1 for single value type: input.buffers.allocator-ids.values
11-14 11:12:31.473 1312 5257 D ReflectedParamUpdater: extent() != 1 for single value type: output.buffers.allocator-ids.values
11-14 11:12:31.473 1312 5257 D ReflectedParamUpdater: extent() != 1 for single value type: algo.buffers.allocator-ids.values
11-14 11:12:31.473 1312 5257 D ReflectedParamUpdater: extent() != 1 for single value type: output.buffers.pool-ids.values
11-14 11:12:31.473 1312 5257 D ReflectedParamUpdater: extent() != 1 for single value type: algo.buffers.pool-ids.values
11-14 11:12:31.477 1130 2732 I bthal.flowcontrol: HciEventPreProcess: HCI Event 0xe Opcode 0xfd59 Length 22 unhandled by ControllerActivityWatcher
11-14 11:12:31.477 1312 5257 I CCodecConfig: query failed after returning 7 values (BAD_INDEX)
11-14 11:12:31.480 1312 5257 D CCodecConfig: c2 config diff is Dict {
11-14 11:12:31.480 1312 5257 D CCodecConfig: c2::u32 coded.bitrate.value = 64000
11-14 11:12:31.480 1312 5257 D CCodecConfig: c2::u32 input.buffers.max-size.value = 32768
11-14 11:12:31.480 1312 5257 D CCodecConfig: c2::u32 input.delay.value = 0
11-14 11:12:31.480 1312 5257 D CCodecConfig: string input.media-type.value = "audio/vorbis"
11-14 11:12:31.480 1312 5257 D CCodecConfig: string output.media-type.value = "audio/raw"
11-14 11:12:31.480 1312 5257 D CCodecConfig: c2::u32 raw.channel-count.value = 1
11-14 11:12:31.480 1312 5257 D CCodecConfig: c2::u32 raw.sample-rate.value = 48000
11-14 11:12:31.480 1312 5257 D CCodecConfig: }
11-14 11:12:31.481 1312 5257 D MediaCodec: flushMediametrics
11-14 11:12:31.485 1312 5257 D CCodec : [c2.android.vorbis.decoder] buffers are bound to CCodec for this session
11-14 11:12:31.485 1312 5257 D CCodecConfig: no c2 equivalents for durationUs
11-14 11:12:31.485 1312 5257 D CCodecConfig: no c2 equivalents for csd-1
11-14 11:12:31.485 1312 5257 D CCodecConfig: no c2 equivalents for flags
11-14 11:12:31.485 1312 5257 D CCodecConfig: c2 config diff is c2::u32 coded.bitrate.value = 120000
11-14 11:12:31.486 1312 5257 W Codec2Client: query -- param skipped: index = 1107298332.
11-14 11:12:31.486 1312 5257 D CCodec : encoding statistics level = 0
11-14 11:12:31.486 1312 5257 D CCodec : setup formats input: AMessage(what = 0x00000000) = {
11-14 11:12:31.486 1312 5257 D CCodec : int32_t bitrate = 120000
11-14 11:12:31.486 1312 5257 D CCodec : int32_t channel-count = 1
11-14 11:12:31.486 1312 5257 D CCodec : int32_t max-input-size = 32768
11-14 11:12:31.486 1312 5257 D CCodec : string mime = "audio/vorbis"
11-14 11:12:31.486 1312 5257 D CCodec : int32_t sample-rate = 48000
11-14 11:12:31.486 1312 5257 D CCodec : }
11-14 11:12:31.486 1312 5257 D CCodec : setup formats output: AMessage(what = 0x00000000) = {
11-14 11:12:31.486 1312 5257 D CCodec : int32_t channel-count = 1
11-14 11:12:31.486 1312 5257 D CCodec : string mime = "audio/raw"
11-14 11:12:31.486 1312 5257 D CCodec : int32_t sample-rate = 48000
11-14 11:12:31.486 1312 5257 D CCodec : int32_t channel-mask = 1
11-14 11:12:31.486 1312 5257 D CCodec : int32_t android._config-pcm-encoding = 2
11-14 11:12:31.486 1312 5257 D CCodec : }
11-14 11:12:31.486 1312 5257 I CCodecConfig: query failed after returning 7 values (BAD_INDEX)
11-14 11:12:31.486 1312 5257 I MediaCodec: MediaCodec will operate in async mode
11-14 11:12:31.487 1312 5256 D MediaCodec: keep callback message for reclaim
11-14 11:12:31.488 1312 5257 W Codec2Client: query -- param skipped: index = 1342179345.
11-14 11:12:31.488 1312 5257 W Codec2Client: query -- param skipped: index = 2415921170.
11-14 11:12:31.489 1374 2280 D BufferPoolAccessor2.0: bufferpool2 0xb400007d7ecb74d8 : 0(0 size) total buffers - 0(0 size) used buffers - 125/131 (recycle/alloc) - 6/130 (fetch/transfer)
11-14 11:12:31.490 1374 2280 D BufferPoolAccessor2.0: Destruction - bufferpool2 0xb400007d7ecb74d8 cached: 0/0M, 0/0% in use; allocs: 131, 95% recycled; transfers: 130, 95% unfetched
11-14 11:12:31.490 1312 5257 D CCodecBufferChannel: [c2.android.vorbis.decoder#943] Created input block pool with allocatorID 16 => poolID 57 - OK (0)
11-14 11:12:31.490 1374 1524 D BufferPoolAccessor2.0: bufferpool2 0xb400007d7ecbfaf8 : 0(0 size) total buffers - 0(0 size) used buffers - 89/92 (recycle/alloc) - 3/91 (fetch/transfer)
11-14 11:12:31.490 1374 1524 D BufferPoolAccessor2.0: Destruction - bufferpool2 0xb400007d7ecbfaf8 cached: 0/0M, 0/0% in use; allocs: 92, 97% recycled; transfers: 91, 97% unfetched
11-14 11:12:31.491 1312 5257 I CCodecBufferChannel: [c2.android.vorbis.decoder#943] Created output block pool with allocatorID 16 => poolID 131 - OK
11-14 11:12:31.491 1312 5257 D CCodecBufferChannel: [c2.android.vorbis.decoder#943] Configured output block pool ids 131 => OK
11-14 11:12:31.493 1374 11486 E Codec2-ComponentInterface: We have a failed config
11-14 11:12:31.496 1374 5258 D SimpleC2Component: Using output block pool with poolID 131 => got 131 - 0
11-14 11:12:31.507 1167 2073 D AudioFlinger: Client defaulted notificationFrames to 12000 for frameCount 24000
11-14 11:12:31.509 1167 2073 D AF::TrackHandle: OpPlayAudio: track:96 usage:13 not muted
11-14 11:12:31.509 1130 1212 I bthal.activitywatcher: getStateResidency: ActivityStat{0 : totalTimeMs 161894602 totalEntryCount 428817 lastEntryMs 4329717}
11-14 11:12:31.509 1130 1212 I bthal.activitywatcher: getStateResidency: ActivityStat{1 : totalTimeMs 61753536 totalEntryCount 431222 lastEntryMs 4329814}
11-14 11:12:31.509 1130 1212 I bthal.activitywatcher: getStateResidency: ActivityStat{2 : totalTimeMs 40601078 totalEntryCount 1918297 lastEntryMs 4330341}
11-14 11:12:31.509 1130 1212 I bthal.activitywatcher: getStateResidency: ActivityStat{3 : totalTimeMs 10531470 totalEntryCount 4095778 lastEntryMs 4329211}
11-14 11:12:31.509 1130 1212 I bthal.activitywatcher: send_hci_activities_vsc: Sent VSC <[4]{89, 253, 1, 1}>
11-14 11:12:31.509 1389 1389 D AOC : A3:MSG: controller.cc, 273: CNTRL: cmd ID: 0x000a, tag: 0xff [cntr = 40961]
11-14 11:12:31.509 1389 1389 D AOC : A3:MSG: controller.cc, 811: CNTRL: ipc: control, cmd ID: 0x000a, tag: 0xff, rc: 0
11-14 11:12:31.510 1130 2732 I bthal.activitywatcher: filter_hci_activities_vse: Filtered <[103]{14, 101, 1, 89, 253, 0, 1, 0, 0, 0, 0, 0, 0, 0, 0, 133, 124, 18, 0, 0, 0, 0, 0, 218, 124, 18, 0, 0, 0, 0, 0, 1, 0, 0, 0, 0, 0, 0, 0, 218, 124, 18, 0, 0, 0, 0, 0, 133, 124, 18, 0, 0, 0, 0, 0, 0, 0, 0, 0, 0, 0, 0, 0, 194, 125, 18, 0, 0, 0, 0, 0, 194, 125, 18, 0, 0, 0, 0, 0, 0, 0, 0, 0, 0, 0, 0, 0, 221, 125, 18, 0, 0, 0, 0, 0, 222, 125, 18, 0, 0, 0, 0, 0}>
11-14 11:12:31.510 1130 2732 I bthal.flowcontrol: HciEventPreProcess: HCI Event 0xe Opcode 0xfd59 Length 103 handled by ControllerActivityWatcher
11-14 11:12:31.510 1389 1389 D AOC : A3:MSG: controller.cc, 273: CNTRL: cmd ID: 0x000a, tag: 0x00 [cntr = 40962]
11-14 11:12:31.510 1389 1389 D AOC : A3:MSG: controller.cc, 811: CNTRL: ipc: control, cmd ID: 0x000a, tag: 0x00, rc: 0
11-14 11:12:31.510 1389 1389 D AOC : A3:MSG: controller.cc, 273: CNTRL: cmd ID: 0x000a, tag: 0x01 [cntr = 40963]
11-14 11:12:31.510 1389 1389 D AOC : A3:MSG: controller.cc, 811: CNTRL: ipc: control, cmd ID: 0x000a, tag: 0x01, rc: 0
11-14 11:12:31.510 1389 1389 D AOC : A3:MSG: controller.cc, 273: CNTRL: cmd ID: 0x000a, tag: 0x02 [cntr = 40964]
11-14 11:12:31.510 1389 1389 D AOC : A3:MSG: controller.cc, 811: CNTRL: ipc: control, cmd ID: 0x000a, tag: 0x02, rc: 0
11-14 11:12:31.511 1389 1389 D AOC : A3:MSG: controller.cc, 273: CNTRL: cmd ID: 0x000a, tag: 0x03 [cntr = 40965]
11-14 11:12:31.511 1389 1389 D AOC : A3:MSG: controller.cc, 811: CNTRL: ipc: control, cmd ID: 0x000a, tag: 0x03, rc: 0
11-14 11:12:31.511 1389 1389 D AOC : A3:MSG: controller.cc, 273: CNTRL: cmd ID: 0x000a, tag: 0x04 [cntr = 40966]
11-14 11:12:31.511 1389 1389 D AOC : A3:MSG: controller.cc, 811: CNTRL: ipc: control, cmd ID: 0x000a, tag: 0x04, rc: 0
11-14 11:12:31.512 1389 1389 D AOC : A3:MSG: controller.cc, 273: CNTRL: cmd ID: 0x000a, tag: 0x05 [cntr = 40967]
11-14 11:12:31.512 1389 1389 D AOC : A3:MSG: controller.cc, 811: CNTRL: ipc: control, cmd ID: 0x000a, tag: 0x05, rc: 0
11-14 11:12:31.512 1389 1389 D AOC : A3:MSG: controller.cc, 273: CNTRL: cmd ID: 0x000a, tag: 0x06 [cntr = 40968]
11-14 11:12:31.512 1389 1389 D AOC : A3:MSG: controller.cc, 811: CNTRL: ipc: control, cmd ID: 0x000a, tag: 0x06, rc: 0
11-14 11:12:31.513 1389 1389 D AOC : A3:MSG: controller.cc, 273: CNTRL: cmd ID: 0x000a, tag: 0x07 [cntr = 40969]
11-14 11:12:31.513 1389 1389 D AOC : A3:MSG: controller.cc, 811: CNTRL: ipc: control, cmd ID: 0x000a, tag: 0x07, rc: 0
11-14 11:12:31.513 1389 1389 D AOC : A3:MSG: controller.cc, 273: CNTRL: cmd ID: 0x000a, tag: 0x08 [cntr = 40970]
11-14 11:12:31.513 1389 1389 D AOC : A3:MSG: controller.cc, 811: CNTRL: ipc: control, cmd ID: 0x000a, tag: 0x08, rc: 0
11-14 11:12:31.513 1389 1389 D AOC : A3:MSG: controller.cc, 273: CNTRL: cmd ID: 0x000a, tag: 0x09 [cntr = 40971]
11-14 11:12:31.513 1389 1389 D AOC : A3:MSG: controller.cc, 811: CNTRL: ipc: control, cmd ID: 0x000a, tag: 0x09, rc: 0
11-14 11:12:31.514 1389 1389 D AOC : A3:MSG: controller.cc, 273: CNTRL: cmd ID: 0x000a, tag: 0x0a [cntr = 40972]
11-14 11:12:31.514 1389 1389 D AOC : A3:MSG: controller.cc, 811: CNTRL: ipc: control, cmd ID: 0x000a, tag: 0x0a, rc: 0
11-14 11:12:31.514 1389 1389 D AOC : A3:MSG: controller.cc, 273: CNTRL: cmd ID: 0x000a, tag: 0x0b [cntr = 40973]
11-14 11:12:31.514 1389 1389 D AOC : A3:MSG: controller.cc, 811: CNTRL: ipc: control, cmd ID: 0x000a, tag: 0x0b, rc: 0
11-14 11:12:31.515 1389 1389 D AOC : A3:MSG: controller.cc, 273: CNTRL: cmd ID: 0x000a, tag: 0x0c [cntr = 40974]
11-14 11:12:31.515 1389 1389 D AOC : A3:MSG: controller.cc, 811: CNTRL: ipc: control, cmd ID: 0x000a, tag: 0x0c, rc: 0
11-14 11:12:31.515 1389 1389 D AOC : A3:MSG: controller.cc, 273: CNTRL: cmd ID: 0x000a, tag: 0x0d [cntr = 40975]
11-14 11:12:31.515 1389 1389 D AOC : A3:MSG: controller.cc, 811: CNTRL: ipc: control, cmd ID: 0x000a, tag: 0x0d, rc: 0
11-14 11:12:31.516 1389 1389 D AOC : A3:MSG: controller.cc, 273: CNTRL: cmd ID: 0x000a, tag: 0x0e [cntr = 40976]
11-14 11:12:31.516 1389 1389 D AOC : A3:MSG: controller.cc, 811: CNTRL: ipc: control, cmd ID: 0x000a, tag: 0x0e, rc: 0
11-14 11:12:31.516 1389 1389 D AOC : A3:MSG: controller.cc, 273: CNTRL: cmd ID: 0x000a, tag: 0x0f [cntr = 40977]
11-14 11:12:31.516 1389 1389 D AOC : A3:MSG: controller.cc, 811: CNTRL: ipc: control, cmd ID: 0x000a, tag: 0x0f, rc: 0
11-14 11:12:31.520 1129 2687 D audio_hw_waves: waves_usecase_event: low-latency-playback stream info change
11-14 11:12:31.520 1129 2687 D audio_hw_output_stream: update stream 1 active 1 gain 0.000000
11-14 11:12:31.521 1129 2875 D audio_hw: prepare low-latency-playback
11-14 11:12:31.521 1129 2875 D audio_hw_soundtrigger: st_uc_monitor:uc:low-latency-playback active
11-14 11:12:31.522 1129 2875 D audio_hw: low-latency-playback:
11-14 11:12:31.522 1129 2875 D audio_hw: rx:
11-14 11:12:31.522 1129 2875 D audio_hw: #0: OUT_SPEAKER_BE_CFG 0
11-14 11:12:31.522 1129 2875 W audio_hw_35l41: cs35l41_amp_common_event: ret: 0, event: 1, state: 2, device: 4
11-14 11:12:31.522 1129 2875 D audio_route: Apply path: speaker
11-14 11:12:31.528 1129 2875 D audio_hw_aoc_route: speaker 1
11-14 11:12:31.528 1129 2875 D audio_route: Apply path: hostless-ulC spk-vi
11-14 11:12:31.531 1129 2875 W audio_hw_35l41: cs35l41_amp_common_event: ret: 0, event: 2, state: 3, device: 4
11-14 11:12:31.531 1129 2875 D audio_hw_soundtrigger: st_comm_aud_event_monitor:codec dev:4 active
11-14 11:12:31.531 1129 2875 I audio_hw_aoc: Mode Ambient is already selected
11-14 11:12:31.531 1129 2875 D audio_route: Apply path: low-latency-playbackP
11-14 11:12:31.531 1129 1594 D audio_hw_35l41: cs35l41_rtlogger_data_analysis: play with low vol, skip
11-14 11:12:31.532 1129 2875 D audio_hw_aoc_route: low-latency-playbackP 1
11-14 11:12:31.532 1129 2875 E audio_route: unable to find path 'speaker-post'
11-14 11:12:31.532 1129 2875 D audio_hw_aoc_route: speaker-post 1
11-14 11:12:31.532 1129 1594 D audio_hw_35l41: cs35l41_bdlogger_data_analysis: Left/Top Max temp: 0x8da30 ==> 35.409180 C
11-14 11:12:31.532 1389 1389 D AOC : F1:MSG: controller.cc, 273: AudioOutCtrl: cmd ID: 0x010f, tag: 0x12 [cntr = 1855]
11-14 11:12:31.532 1389 1389 D AOC : F1:Source 1 mastered by sink 0
11-14 11:12:31.532 1389 1389 D AOC : F1:AT Map:2 (LL:0), 1 EPs active, Power: Yes, Config: No
11-14 11:12:31.532 1389 1389 D AOC : F1:Mixer 0 configuration changed: (2)
11-14 11:12:31.532 1389 1389 D AOC : F1:Sink 0 Configuration changed: ULL (enabled)
11-14 11:12:31.532 1389 1389 D AOC : F1:AHWSinkSPKR started: 48 samples (32-bit,2 ch,48 kHz) block 384
11-14 11:12:31.533 1389 1389 D AOC : F1:[AHWSinkSPKR] DL resync B: 0, A:0. wo: 0, target offset: 1632 (align 0) -> ro:0
11-14 11:12:31.533 1389 1389 D AOC : F1:MSG: controller.cc, 811: AudioOutCtrl: ipc: audio_output_co, cmd ID: 0x010f, tag: 0x12, rc: 0
11-14 11:12:31.533 1389 1389 D AOC : F1:Speaker Started (DualDMA on 1 and 2)
11-14 11:12:31.533 1389 1389 D AOC : H0:Mixer AMixSPKR: 480 samples (0002/0002) (ON SC)
11-14 11:12:31.533 1389 1389 D AOC : H0: 1: 0x403ea0d8
11-14 11:12:31.533 1389 1389 D AOC : H0:AMixSPKR PostProcessing Config: WAVES
11-14 11:12:31.533 1389 1389 D AOC : H0:Mixer configuration updated
11-14 11:12:31.533 1389 1389 D AOC : H0:Mixer state changed
11-14 11:12:31.533 1389 1389 D AOC : F1:[AHWSinkSPKR] mix overrun by 3840
11-14 11:12:31.533 1129 2875 D audio_hw_waves: update_sink_info_from_usecases: update sink 1 info
11-14 11:12:31.533 1129 2875 D audio_hw_waves: update_rotation_from_adev: update sink 1 info
11-14 11:12:31.533 1129 2875 D audio_hw_waves: waves_usecase_event: low-latency-playback start
11-14 11:12:31.533 1129 2875 D audio_hw_waves: update_sink_info_from_usecases: update sink 1 info
11-14 11:12:31.533 1129 1594 D audio_hw_35l41: cs35l41_bdlogger_data_analysis: Left/Top Max exc: 0x1acac ==> 0.209312 mm
11-14 11:12:31.533 1129 1594 D audio_hw_35l41: cs35l41_bdlogger_data_analysis: Left/Top dsp heartbeat = 0x47de
11-14 11:12:31.533 1129 1594 D audio_hw_35l41: cs35l41_bdlogger_data_analysis: Right/Bottom Max temp: 0x8583e ==> 33.378784 C
11-14 11:12:31.533 1129 1594 D audio_hw_35l41: cs35l41_bdlogger_data_analysis: Right/Bottom Max exc: 0x33333 ==> 0.400000 mm
11-14 11:12:31.534 1129 1594 D audio_hw_35l41: cs35l41_bdlogger_data_analysis: Right/Bottom dsp heartbeat = 0x47de
11-14 11:12:31.534 1389 1389 D AOC : F1:MSG: controller.cc, 273: AudioOutCtrl: cmd ID: 0x00ce, tag: 0x13 [cntr = 1856]
11-14 11:12:31.534 1389 1389 D AOC : F1:MSG: controller.cc, 811: AudioOutCtrl: ipc: audio_output_co, cmd ID: 0x0120, tag: 0x94, rc: 0
11-14 11:12:31.534 1389 1389 D AOC : F1:MSG: controller.cc, 273: AudioOutCtrl: cmd ID: 0x00c9, tag: 0x14 [cntr = 1857]
11-14 11:12:31.534 1389 1389 D AOC : F1:MSG: controller.cc, 811: AudioOutCtrl: ipc: audio_output_co, cmd ID: 0x00c9, tag: 0x14, rc: 0
11-14 11:12:31.550 1130 2732 I bthal.flowcontrol: HciEventPreProcess: HCI Event 0xe Opcode 0xfd59 Length 22 unhandled by ControllerActivityWatcher
11-14 11:12:31.554 1129 2687 D audio_hw_waves: waves_usecase_event: low-latency-playback stream info change
11-14 11:12:31.554 1129 2687 D audio_hw_waves: update_sink_info_from_usecases: update sink 1 info
11-14 11:12:31.554 1129 2687 D audio_hw_waves: update_sink_info_from_usecases: VOL/Stream update 0.000000(4294967295) -> 0.072248(1)
11-14 11:12:31.554 1129 2687 D audio_hw_waves: set_waves_tuning_from_sink: initialize parameters successfully.
11-14 11:12:31.559 1129 2687 D audio_hw_waves: send_waves_tuning: instance_id = 1, tuning_id = 2
11-14 11:12:31.559 1129 2687 D audio_hw_aoc: aoc_send_rtc_mixer_tuning: block_id = 16, comp_id = 2
11-14 11:12:31.559 1389 1389 D AOC : F1:MSG: controller.cc, 273: AudioOutCtrl: cmd ID: 0x00d5, tag: 0x3a [cntr = 1858]
11-14 11:12:31.561 1389 1389 D AOC : H0:MSG: controller.cc, 811: AudOutCtrlH0: ipc: C-AO-H0, cmd ID: 0x00d5, tag: 0x49, rc: 0
11-14 11:12:31.561 1389 1389 D AOC : F1:MSG: controller.cc, 811: AudioOutCtrl: ipc: audio_output_tu, cmd ID: 0x00d5, tag: 0x49, rc: 0
11-14 11:12:31.561 1129 1579 W audio_hw_stuning: receive_response_data:invalid rx_sz 0
11-14 11:12:31.561 1129 2687 D audio_hw_output_stream: update stream 1 active 1 gain 0.072248
11-14 11:12:31.710 1740 1740 W AccessibilityManagerService: wait for adding window timeout: 433
11-14 11:12:31.870 2182 2182 D MediaRouter: onRestoreRoute() : route=RouteInfo{ name=Phone, description=null, status=null, category=RouteCategory{ name=System types=ROUTE_TYPE_LIVE_AUDIO ROUTE_TYPE_LIVE_VIDEO groupable=false }, supportedTypes=ROUTE_TYPE_LIVE_AUDIO ROUTE_TYPE_LIVE_VIDEO , presentationDisplay=null }
11-14 11:12:31.870 2182 2182 V MediaRouter: Selecting route: RouteInfo{ name=Phone, description=null, status=null, category=RouteCategory{ name=System types=ROUTE_TYPE_LIVE_AUDIO ROUTE_TYPE_LIVE_VIDEO groupable=false }, supportedTypes=ROUTE_TYPE_LIVE_AUDIO ROUTE_TYPE_LIVE_VIDEO , presentationDisplay=null }
11-14 11:12:31.871 1312 5238 I GenericSource: start
11-14 11:12:31.877 1312 5261 D CCodec : allocate(c2.android.vorbis.decoder)
11-14 11:12:31.879 1312 5261 I CCodec : setting up 'default' as default (vendor) store
11-14 11:12:31.884 1312 5261 I CCodec : Created component [c2.android.vorbis.decoder]
11-14 11:12:31.884 1312 5261 D CCodecConfig: read media type: audio/vorbis
11-14 11:12:31.887 1312 5261 D ReflectedParamUpdater: extent() != 1 for single value type: algo.buffers.max-count.values
11-14 11:12:31.887 1312 5261 D ReflectedParamUpdater: extent() != 1 for single value type: output.subscribed-indices.values
11-14 11:12:31.887 1312 5261 D ReflectedParamUpdater: extent() != 1 for single value type: input.buffers.allocator-ids.values
11-14 11:12:31.887 1312 5261 D ReflectedParamUpdater: extent() != 1 for single value type: output.buffers.allocator-ids.values
11-14 11:12:31.887 1312 5261 D ReflectedParamUpdater: extent() != 1 for single value type: algo.buffers.allocator-ids.values
11-14 11:12:31.888 1312 5261 D ReflectedParamUpdater: extent() != 1 for single value type: output.buffers.pool-ids.values
11-14 11:12:31.888 1312 5261 D ReflectedParamUpdater: extent() != 1 for single value type: algo.buffers.pool-ids.values
11-14 11:12:31.890 1312 5261 I CCodecConfig: query failed after returning 7 values (BAD_INDEX)
11-14 11:12:31.890 1312 5261 D CCodecConfig: c2 config diff is Dict {
11-14 11:12:31.890 1312 5261 D CCodecConfig: c2::u32 coded.bitrate.value = 64000
11-14 11:12:31.890 1312 5261 D CCodecConfig: c2::u32 input.buffers.max-size.value = 32768
11-14 11:12:31.890 1312 5261 D CCodecConfig: c2::u32 input.delay.value = 0
11-14 11:12:31.890 1312 5261 D CCodecConfig: string input.media-type.value = "audio/vorbis"
11-14 11:12:31.890 1312 5261 D CCodecConfig: string output.media-type.value = "audio/raw"
11-14 11:12:31.890 1312 5261 D CCodecConfig: c2::u32 raw.channel-count.value = 1
11-14 11:12:31.890 1312 5261 D CCodecConfig: c2::u32 raw.sample-rate.value = 48000
11-14 11:12:31.890 1312 5261 D CCodecConfig: }
11-14 11:12:31.890 1312 5261 D MediaCodec: flushMediametrics
11-14 11:12:31.891 1312 5261 D CCodec : [c2.android.vorbis.decoder] buffers are bound to CCodec for this session
11-14 11:12:31.891 1312 5261 D CCodecConfig: no c2 equivalents for durationUs
11-14 11:12:31.891 1312 5261 D CCodecConfig: no c2 equivalents for csd-1
11-14 11:12:31.891 1312 5261 D CCodecConfig: no c2 equivalents for flags
11-14 11:12:31.891 1312 5261 D CCodecConfig: c2 config diff is c2::u32 coded.bitrate.value = 120000
11-14 11:12:31.892 1312 5261 W Codec2Client: query -- param skipped: index = 1107298332.
11-14 11:12:31.892 1312 5261 D CCodec : encoding statistics level = 0
11-14 11:12:31.892 1312 5261 D CCodec : setup formats input: AMessage(what = 0x00000000) = {
11-14 11:12:31.892 1312 5261 D CCodec : int32_t bitrate = 120000
11-14 11:12:31.892 1312 5261 D CCodec : int32_t channel-count = 1
11-14 11:12:31.892 1312 5261 D CCodec : int32_t max-input-size = 32768
11-14 11:12:31.892 1312 5261 D CCodec : string mime = "audio/vorbis"
11-14 11:12:31.892 1312 5261 D CCodec : int32_t sample-rate = 48000
11-14 11:12:31.892 1312 5261 D CCodec : }
11-14 11:12:31.892 1312 5261 D CCodec : setup formats output: AMessage(what = 0x00000000) = {
11-14 11:12:31.892 1312 5261 D CCodec : int32_t channel-count = 1
11-14 11:12:31.892 1312 5261 D CCodec : string mime = "audio/raw"
11-14 11:12:31.892 1312 5261 D CCodec : int32_t sample-rate = 48000
11-14 11:12:31.892 1312 5261 D CCodec : int32_t channel-mask = 1
11-14 11:12:31.892 1312 5261 D CCodec : int32_t android._config-pcm-encoding = 2
11-14 11:12:31.892 1312 5261 D CCodec : }
11-14 11:12:31.892 1312 5261 I CCodecConfig: query failed after returning 7 values (BAD_INDEX)
11-14 11:12:31.893 1312 5261 I MediaCodec: MediaCodec will operate in async mode
11-14 11:12:31.893 1312 5260 D MediaCodec: keep callback message for reclaim
11-14 11:12:31.893 1312 5261 W Codec2Client: query -- param skipped: index = 1342179345.
11-14 11:12:31.893 1312 5261 W Codec2Client: query -- param skipped: index = 2415921170.
11-14 11:12:31.894 1312 5261 D CCodecBufferChannel: [c2.android.vorbis.decoder#107] Created input block pool with allocatorID 16 => poolID 58 - OK (0)
11-14 11:12:31.895 1312 5261 I CCodecBufferChannel: [c2.android.vorbis.decoder#107] Created output block pool with allocatorID 16 => poolID 133 - OK
11-14 11:12:31.895 1312 5261 D CCodecBufferChannel: [c2.android.vorbis.decoder#107] Configured output block pool ids 133 => OK
11-14 11:12:31.895 1374 2280 E Codec2-ComponentInterface: We have a failed config
11-14 11:12:31.897 1374 5262 D SimpleC2Component: Using output block pool with poolID 133 => got 133 - 0
11-14 11:12:31.904 1167 1378 D AudioFlinger: Client defaulted notificationFrames to 12000 for frameCount 24000
11-14 11:12:31.905 1167 1378 D AF::TrackHandle: OpPlayAudio: track:97 usage:5 not muted
11-14 11:12:31.926 1129 1213 D audio_hw_waves: waves_usecase_event: low-latency-playback stream info change
11-14 11:12:31.926 1129 1213 D audio_hw_waves: update_sink_info_from_usecases: update sink 1 info
11-14 11:12:31.926 1129 1213 D audio_hw_output_stream: update stream 1 active 1 gain 0.000000
11-14 11:12:31.939 1405 1405 I adbd : UsbFfs: already offline
11-14 11:12:31.940 1405 1405 I adbd : Calling send_auth_request...
11-14 11:12:31.952 1405 1405 I adbd : adbd_auth: loading keys from /data/misc/adb/adb_keys
11-14 11:12:31.966 1129 1213 D audio_hw_waves: waves_usecase_event: low-latency-playback stream info change
11-14 11:12:31.966 1129 1213 D audio_hw_waves: update_sink_info_from_usecases: update sink 1 info
11-14 11:12:31.966 1129 1213 D audio_hw_output_stream: update stream 1 active 1 gain 0.072248
11-14 11:12:31.970 1405 1405 E adbd : Invalid base64 key
11-14 11:12:31.970 1405 1405 I adbd : Calling send_auth_request...
11-14 11:12:31.982 1405 1405 I adbd : prompting user to authorize key
11-14 11:12:31.982 1405 1405 I adbd : adbd_auth: sending prompt with id 7
11-14 11:12:31.982 1405 1405 I adbd : adbd_auth: prompting user for adb authentication
11-14 11:12:31.982 1405 1438 I adbd : adbd_auth: marking framework writable
11-14 11:12:31.983 1740 2902 D AdbDebuggingManager: Received connected key message: QAAAAKnDzGdnb+8huuXSpBJJwoHlqhynsQHqcRMoJq0joxvuUI3jxrNiOS+6CDr6+HUDqQ7h+clbrDwnhVEF/SKYfEKOGFP8f0IMKfS7QWU1RwCkQ6GvTcnqM6pFw4yt5gIvwHVHZvUUXR9CRGlvnNjitaUeVEISCeNfbXHnTlGp5eKxn4Kv2akv+AFW8FWpa3fKvZH5M7hbTnlkVO3Xmd8o2Sh5B5QnlK4VY/svM6FQ32v4JLE0LPEyGIYFATJ+dKYOUibm8y3K4tkSOZrnO5P5jqMv+0z4tMoZcoX3pbOR/or2Q8jkmUYJtBESPDAZtRcnIGvHJyeUBgOxLY0IglBOMaKhdyW4dKxbNTQVoP25hw99wHTimVqc8Tm/Yd+ldN1SMkg1xA/mrnusvWmFJvg1xHp+39y9gMPZRfBKqj9stsjUz/nysmxn3LtcULKSRtn5rjRxjcvONLvKzxKXmUwCfcsAdTxvw9ehaYmf8HjnlPvesu2+FvDJkeMzh4X9m7GSqHf/UPIepTk69n3/U5yBNowz8bXliiAzNdxUUWpVCCzap80oK6ceaBBase2s2Jw78QgGe9h9V5ZEbeo31vMEH/V4SJBwVkTiuvZfByg/SOKN2+a2207l14K4ZfPPWi/O+GG19cF6k3xGmD9ERSzs7LPwAGRaKKTf71HdOCjqivrnhWPucwEAAQA= QA Lenovo ThinkPad@QA-WINLAPTOP5
11-14 11:12:31.983 1740 2902 D AdbDebuggingManager: Received connected key message: QAAAAKnDzGdnb+8huuXSpBJJwoHlqhynsQHqcRMoJq0joxvuUI3jxrNiOS+6CDr6+HUDqQ7h+clbrDwnhVEF/SKYfEKOGFP8f0IMKfS7QWU1RwCkQ6GvTcnqM6pFw4yt5gIvwHVHZvUUXR9CRGlvnNjitaUeVEISCeNfbXHnTlGp5eKxn4Kv2akv+AFW8FWpa3fKvZH5M7hbTnlkVO3Xmd8o2Sh5B5QnlK4VY/svM6FQ32v4JLE0LPEyGIYFATJ+dKYOUibm8y3K4tkSOZrnO5P5jqMv+0z4tMoZcoX3pbOR/or2Q8jkmUYJtBESPDAZtRcnIGvHJyeUBgOxLY0IglBOMaKhdyW4dKxbNTQVoP25hw99wHTimVqc8Tm/Yd+ldN1SMkg1xA/mrnusvWmFJvg1xHp+39y9gMPZRfBKqj9stsjUz/nysmxn3LtcULKSRtn5rjRxjcvONLvKzxKXmUwCfcsAdTxvw9ehaYmf8HjnlPvesu2+FvDJkeMzh4X9m7GSqHf/UPIepTk69n3/U5yBNowz8bXliiAzNdxUUWpVCCzap80oK6ceaBBase2s2Jw78QgGe9h9V5ZEbeo31vMEH/V4SJBwVkTiuvZfByg/SOKN2+a2207l14K4ZfPPWi/O+GG19cF6k3xGmD9ERSzs7LPwAGRaKKTf71HdOCjqivrnhWPucwEAAQA= QA Lenovo ThinkPad@QA-WINLAPTOP5
11-14 11:12:31.983 1740 2902 D AdbDebuggingManager: Received connected key message: QAAAAKnDzGdnb+8huuXSpBJJwoHlqhynsQHqcRMoJq0joxvuUI3jxrNiOS+6CDr6+HUDqQ7h+clbrDwnhVEF/SKYfEKOGFP8f0IMKfS7QWU1RwCkQ6GvTcnqM6pFw4yt5gIvwHVHZvUUXR9CRGlvnNjitaUeVEISCeNfbXHnTlGp5eKxn4Kv2akv+AFW8FWpa3fKvZH5M7hbTnlkVO3Xmd8o2Sh5B5QnlK4VY/svM6FQ32v4JLE0LPEyGIYFATJ+dKYOUibm8y3K4tkSOZrnO5P5jqMv+0z4tMoZcoX3pbOR/or2Q8jkmUYJtBESPDAZtRcnIGvHJyeUBgOxLY0IglBOMaKhdyW4dKxbNTQVoP25hw99wHTimVqc8Tm/Yd+ldN1SMkg1xA/mrnusvWmFJvg1xHp+39y9gMPZRfBKqj9stsjUz/nysmxn3LtcULKSRtn5rjRxjcvONLvKzxKXmUwCfcsAdTxvw9ehaYmf8HjnlPvesu2+FvDJkeMzh4X9m7GSqHf/UPIepTk69n3/U5yBNowz8bXliiAzNdxUUWpVCCzap80oK6ceaBBase2s2Jw78QgGe9h9V5ZEbeo31vMEH/V4SJBwVkTiuvZfByg/SOKN2+a2207l14K4ZfPPWi/O+GG19cF6k3xGmD9ERSzs7LPwAGRaKKTf71HdOCjqivrnhWPucwEAAQA= QA Lenovo ThinkPad@QA-WINLAPTOP5
11-14 11:12:31.983 1740 2902 D AdbDebuggingManager: Received connected key message: QAAAAKnDzGdnb+8huuXSpBJJwoHlqhynsQHqcRMoJq0joxvuUI3jxrNiOS+6CDr6+HUDqQ7h+clbrDwnhVEF/SKYfEKOGFP8f0IMKfS7QWU1RwCkQ6GvTcnqM6pFw4yt5gIvwHVHZvUUXR9CRGlvnNjitaUeVEISCeNfbXHnTlGp5eKxn4Kv2akv+AFW8FWpa3fKvZH5M7hbTnlkVO3Xmd8o2Sh5B5QnlK4VY/svM6FQ32v4JLE0LPEyGIYFATJ+dKYOUibm8y3K4tkSOZrnO5P5jqMv+0z4tMoZcoX3pbOR/or2Q8jkmUYJtBESPDAZtRcnIGvHJyeUBgOxLY0IglBOMaKhdyW4dKxbNTQVoP25hw99wHTimVqc8Tm/Yd+ldN1SMkg1xA/mrnusvWmFJvg1xHp+39y9gMPZRfBKqj9stsjUz/nysmxn3LtcULKSRtn5rjRxjcvONLvKzxKXmUwCfcsAdTxvw9ehaYmf8HjnlPvesu2+FvDJkeMzh4X9m7GSqHf/UPIepTk69n3/U5yBNowz8bXliiAzNdxUUWpVCCzap80oK6ceaBBase2s2Jw78QgGe9h9V5ZEbeo31vMEH/V4SJBwVkTiuvZfByg/SOKN2+a2207l14K4ZfPPWi/O+GG19cF6k3xGmD9ERSzs7LPwAGRaKKTf71HdOCjqivrnhWPucwEAAQA= QA Lenovo ThinkPad@QA-WINLAPTOP5
11-14 11:12:31.983 1740 1834 D AdbDebuggingManager: Logging key QAAAAKnDzGdnb+8huuXSpBJJwoHlqhynsQHqcRMoJq0joxvuUI3jxrNiOS+6CDr6+HUDqQ7h+clbrDwnhVEF/SKYfEKOGFP8f0IMKfS7QWU1RwCkQ6GvTcnqM6pFw4yt5gIvwHVHZvUUXR9CRGlvnNjitaUeVEISCeNfbXHnTlGp5eKxn4Kv2akv+AFW8FWpa3fKvZH5M7hbTnlkVO3Xmd8o2Sh5B5QnlK4VY/svM6FQ32v4JLE0LPEyGIYFATJ+dKYOUibm8y3K4tkSOZrnO5P5jqMv+0z4tMoZcoX3pbOR/or2Q8jkmUYJtBESPDAZtRcnIGvHJyeUBgOxLY0IglBOMaKhdyW4dKxbNTQVoP25hw99wHTimVqc8Tm/Yd+ldN1SMkg1xA/mrnusvWmFJvg1xHp+39y9gMPZRfBKqj9stsjUz/nysmxn3LtcULKSRtn5rjRxjcvONLvKzxKXmUwCfcsAdTxvw9ehaYmf8HjnlPvesu2+FvDJkeMzh4X9m7GSqHf/UPIepTk69n3/U5yBNowz8bXliiAzNdxUUWpVCCzap80oK6ceaBBase2s2Jw78QgGe9h9V5ZEbeo31vMEH/V4SJBwVkTiuvZfByg/SOKN2+a2207l14K4ZfPPWi/O+GG19cF6k3xGmD9ERSzs7LPwAGRaKKTf71HdOCjqivrnhWPucwEAAQA= QA Lenovo ThinkPad@QA-WINLAPTOP5, state = 4, alwaysAllow = true, lastConnectionTime = 1731611551983, authWindow = 604800000
11-14 11:12:31.983 1740 2902 D AdbDebuggingManager: Received connected key message: QAAAAKnDzGdnb+8huuXSpBJJwoHlqhynsQHqcRMoJq0joxvuUI3jxrNiOS+6CDr6+HUDqQ7h+clbrDwnhVEF/SKYfEKOGFP8f0IMKfS7QWU1RwCkQ6GvTcnqM6pFw4yt5gIvwHVHZvUUXR9CRGlvnNjitaUeVEISCeNfbXHnTlGp5eKxn4Kv2akv+AFW8FWpa3fKvZH5M7hbTnlkVO3Xmd8o2Sh5B5QnlK4VY/svM6FQ32v4JLE0LPEyGIYFATJ+dKYOUibm8y3K4tkSOZrnO5P5jqMv+0z4tMoZcoX3pbOR/or2Q8jkmUYJtBESPDAZtRcnIGvHJyeUBgOxLY0IglBOMaKhdyW4dKxbNTQVoP25hw99wHTimVqc8Tm/Yd+ldN1SMkg1xA/mrnusvWmFJvg1xHp+39y9gMPZRfBKqj9stsjUz/nysmxn3LtcULKSRtn5rjRxjcvONLvKzxKXmUwCfcsAdTxvw9ehaYmf8HjnlPvesu2+FvDJkeMzh4X9m7GSqHf/UPIepTk69n3/U5yBNowz8bXliiAzNdxUUWpVCCzap80oK6ceaBBase2s2Jw78QgGe9h9V5ZEbeo31vMEH/V4SJBwVkTiuvZfByg/SOKN2+a2207l14K4ZfPPWi/O+GG19cF6k3xGmD9ERSzs7LPwAGRaKKTf71HdOCjqivrnhWPucwEAAQA= QA Lenovo ThinkPad@QA-WINLAPTOP5
11-14 11:12:31.983 1740 2902 D AdbDebuggingManager: Received connected key message: QAAAAKnDzGdnb+8huuXSpBJJwoHlqhynsQHqcRMoJq0joxvuUI3jxrNiOS+6CDr6+HUDqQ7h+clbrDwnhVEF/SKYfEKOGFP8f0IMKfS7QWU1RwCkQ6GvTcnqM6pFw4yt5gIvwHVHZvUUXR9CRGlvnNjitaUeVEISCeNfbXHnTlGp5eKxn4Kv2akv+AFW8FWpa3fKvZH5M7hbTnlkVO3Xmd8o2Sh5B5QnlK4VY/svM6FQ32v4JLE0LPEyGIYFATJ+dKYOUibm8y3K4tkSOZrnO5P5jqMv+0z4tMoZcoX3pbOR/or2Q8jkmUYJtBESPDAZtRcnIGvHJyeUBgOxLY0IglBOMaKhdyW4dKxbNTQVoP25hw99wHTimVqc8Tm/Yd+ldN1SMkg1xA/mrnusvWmFJvg1xHp+39y9gMPZRfBKqj9stsjUz/nysmxn3LtcULKSRtn5rjRxjcvONLvKzxKXmUwCfcsAdTxvw9ehaYmf8HjnlPvesu2+FvDJkeMzh4X9m7GSqHf/UPIepTk69n3/U5yBNowz8bXliiAzNdxUUWpVCCzap80oK6ceaBBase2s2Jw78QgGe9h9V5ZEbeo31vMEH/V4SJBwVkTiuvZfByg/SOKN2+a2207l14K4ZfPPWi/O+GG19cF6k3xGmD9ERSzs7LPwAGRaKKTf71HdOCjqivrnhWPucwEAAQA= QA Lenovo ThinkPad@QA-WINLAPTOP5
11-14 11:12:31.984 1740 2902 D AdbDebuggingManager: Received public key: QAAAALn8O6F3tgLerksIOvzVVN7J9C3hgQE5i5crJLYncGgQBET4YpsSqbtvI/JEVUNqRtJ/aBmWNAuN1hVHeVlsi/Otpt77fZUhLd+dCUw+R5odx0O1exfRBWKUznhr3fXidqfXKSViSCHkyWmFUnmBDBvHhhNyK2nhSknk8Sar0ASKPPrqs2bJud3kycHHQGnz05TdBWJ2/K6RJwlJIR16eW3lIXnUimWOi/JX81sZx9TPw6EIWzgC6v2CD0E/F5FugaNZ+yyx1HOKn93KRX7czfJ089uR0JGljfp0A3cKoS6mzKbwrUUDfH81v7FGH5+YXNarQennykkAH3XpgaJIrZetCX2hv8DP2w1QpKM7/yJAAGa6LWZajD6siCJYbzbq932cSmmEMQzavj8S1PtKSn1xsPhz7Qe/EccieDyuPpPwx/Ep8FmohC9lyjpvuvSzWWKmkNvgcZi0v2RGNYIKpd9NqPKz34zmq5Bms1E0qy5s9nGjkI/PTzeRILxtnoW48fYetQ+2o7nYF0tD32pFjuWbQK30addwNh127Ge8JDnZLW1Sw1guFsjRtPA+1zcXCkBJdB2hnxfKvw4Q18obyt/w1MrCxUJD1qQw2PtSrupGYxVlnUL/e6G6+skDky8aPcUAGokH1yI2MRNIDcNqnTYVPXqmtWV1oG11yL7AoeyJ7+46XAEAAQA= schaudhary@SCHAUDHARY
11-14 11:12:31.987 1740 1834 D AdbDebuggingManager: Logging key QAAAAKnDzGdnb+8huuXSpBJJwoHlqhynsQHqcRMoJq0joxvuUI3jxrNiOS+6CDr6+HUDqQ7h+clbrDwnhVEF/SKYfEKOGFP8f0IMKfS7QWU1RwCkQ6GvTcnqM6pFw4yt5gIvwHVHZvUUXR9CRGlvnNjitaUeVEISCeNfbXHnTlGp5eKxn4Kv2akv+AFW8FWpa3fKvZH5M7hbTnlkVO3Xmd8o2Sh5B5QnlK4VY/svM6FQ32v4JLE0LPEyGIYFATJ+dKYOUibm8y3K4tkSOZrnO5P5jqMv+0z4tMoZcoX3pbOR/or2Q8jkmUYJtBESPDAZtRcnIGvHJyeUBgOxLY0IglBOMaKhdyW4dKxbNTQVoP25hw99wHTimVqc8Tm/Yd+ldN1SMkg1xA/mrnusvWmFJvg1xHp+39y9gMPZRfBKqj9stsjUz/nysmxn3LtcULKSRtn5rjRxjcvONLvKzxKXmUwCfcsAdTxvw9ehaYmf8HjnlPvesu2+FvDJkeMzh4X9m7GSqHf/UPIepTk69n3/U5yBNowz8bXliiAzNdxUUWpVCCzap80oK6ceaBBase2s2Jw78QgGe9h9V5ZEbeo31vMEH/V4SJBwVkTiuvZfByg/SOKN2+a2207l14K4ZfPPWi/O+GG19cF6k3xGmD9ERSzs7LPwAGRaKKTf71HdOCjqivrnhWPucwEAAQA= QA Lenovo ThinkPad@QA-WINLAPTOP5, state = 4, alwaysAllow = true, lastConnectionTime = 1731611551987, authWindow = 604800000
11-14 11:12:31.987 1740 1834 D AdbDebuggingManager: Logging key QAAAAKnDzGdnb+8huuXSpBJJwoHlqhynsQHqcRMoJq0joxvuUI3jxrNiOS+6CDr6+HUDqQ7h+clbrDwnhVEF/SKYfEKOGFP8f0IMKfS7QWU1RwCkQ6GvTcnqM6pFw4yt5gIvwHVHZvUUXR9CRGlvnNjitaUeVEISCeNfbXHnTlGp5eKxn4Kv2akv+AFW8FWpa3fKvZH5M7hbTnlkVO3Xmd8o2Sh5B5QnlK4VY/svM6FQ32v4JLE0LPEyGIYFATJ+dKYOUibm8y3K4tkSOZrnO5P5jqMv+0z4tMoZcoX3pbOR/or2Q8jkmUYJtBESPDAZtRcnIGvHJyeUBgOxLY0IglBOMaKhdyW4dKxbNTQVoP25hw99wHTimVqc8Tm/Yd+ldN1SMkg1xA/mrnusvWmFJvg1xHp+39y9gMPZRfBKqj9stsjUz/nysmxn3LtcULKSRtn5rjRxjcvONLvKzxKXmUwCfcsAdTxvw9ehaYmf8HjnlPvesu2+FvDJkeMzh4X9m7GSqHf/UPIepTk69n3/U5yBNowz8bXliiAzNdxUUWpVCCzap80oK6ceaBBase2s2Jw78QgGe9h9V5ZEbeo31vMEH/V4SJBwVkTiuvZfByg/SOKN2+a2207l14K4ZfPPWi/O+GG19cF6k3xGmD9ERSzs7LPwAGRaKKTf71HdOCjqivrnhWPucwEAAQA= QA Lenovo ThinkPad@QA-WINLAPTOP5, state = 4, alwaysAllow = true, lastConnectionTime = 1731611551987, authWindow = 604800000
11-14 11:12:31.988 1740 1834 D AdbDebuggingManager: Logging key QAAAAKnDzGdnb+8huuXSpBJJwoHlqhynsQHqcRMoJq0joxvuUI3jxrNiOS+6CDr6+HUDqQ7h+clbrDwnhVEF/SKYfEKOGFP8f0IMKfS7QWU1RwCkQ6GvTcnqM6pFw4yt5gIvwHVHZvUUXR9CRGlvnNjitaUeVEISCeNfbXHnTlGp5eKxn4Kv2akv+AFW8FWpa3fKvZH5M7hbTnlkVO3Xmd8o2Sh5B5QnlK4VY/svM6FQ32v4JLE0LPEyGIYFATJ+dKYOUibm8y3K4tkSOZrnO5P5jqMv+0z4tMoZcoX3pbOR/or2Q8jkmUYJtBESPDAZtRcnIGvHJyeUBgOxLY0IglBOMaKhdyW4dKxbNTQVoP25hw99wHTimVqc8Tm/Yd+ldN1SMkg1xA/mrnusvWmFJvg1xHp+39y9gMPZRfBKqj9stsjUz/nysmxn3LtcULKSRtn5rjRxjcvONLvKzxKXmUwCfcsAdTxvw9ehaYmf8HjnlPvesu2+FvDJkeMzh4X9m7GSqHf/UPIepTk69n3/U5yBNowz8bXliiAzNdxUUWpVCCzap80oK6ceaBBase2s2Jw78QgGe9h9V5ZEbeo31vMEH/V4SJBwVkTiuvZfByg/SOKN2+a2207l14K4ZfPPWi/O+GG19cF6k3xGmD9ERSzs7LPwAGRaKKTf71HdOCjqivrnhWPucwEAAQA= QA Lenovo ThinkPad@QA-WINLAPTOP5, state = 4, alwaysAllow = true, lastConnectionTime = 1731611551988, authWindow = 604800000
11-14 11:12:31.988 1740 1834 D AdbDebuggingManager: Logging key QAAAAKnDzGdnb+8huuXSpBJJwoHlqhynsQHqcRMoJq0joxvuUI3jxrNiOS+6CDr6+HUDqQ7h+clbrDwnhVEF/SKYfEKOGFP8f0IMKfS7QWU1RwCkQ6GvTcnqM6pFw4yt5gIvwHVHZvUUXR9CRGlvnNjitaUeVEISCeNfbXHnTlGp5eKxn4Kv2akv+AFW8FWpa3fKvZH5M7hbTnlkVO3Xmd8o2Sh5B5QnlK4VY/svM6FQ32v4JLE0LPEyGIYFATJ+dKYOUibm8y3K4tkSOZrnO5P5jqMv+0z4tMoZcoX3pbOR/or2Q8jkmUYJtBESPDAZtRcnIGvHJyeUBgOxLY0IglBOMaKhdyW4dKxbNTQVoP25hw99wHTimVqc8Tm/Yd+ldN1SMkg1xA/mrnusvWmFJvg1xHp+39y9gMPZRfBKqj9stsjUz/nysmxn3LtcULKSRtn5rjRxjcvONLvKzxKXmUwCfcsAdTxvw9ehaYmf8HjnlPvesu2+FvDJkeMzh4X9m7GSqHf/UPIepTk69n3/U5yBNowz8bXliiAzNdxUUWpVCCzap80oK6ceaBBase2s2Jw78QgGe9h9V5ZEbeo31vMEH/V4SJBwVkTiuvZfByg/SOKN2+a2207l14K4ZfPPWi/O+GG19cF6k3xGmD9ERSzs7LPwAGRaKKTf71HdOCjqivrnhWPucwEAAQA= QA Lenovo ThinkPad@QA-WINLAPTOP5, state = 4, alwaysAllow = true, lastConnectionTime = 1731611551988, authWindow = 604800000
11-14 11:12:31.988 1740 1834 D AdbDebuggingManager: Logging key QAAAAKnDzGdnb+8huuXSpBJJwoHlqhynsQHqcRMoJq0joxvuUI3jxrNiOS+6CDr6+HUDqQ7h+clbrDwnhVEF/SKYfEKOGFP8f0IMKfS7QWU1RwCkQ6GvTcnqM6pFw4yt5gIvwHVHZvUUXR9CRGlvnNjitaUeVEISCeNfbXHnTlGp5eKxn4Kv2akv+AFW8FWpa3fKvZH5M7hbTnlkVO3Xmd8o2Sh5B5QnlK4VY/svM6FQ32v4JLE0LPEyGIYFATJ+dKYOUibm8y3K4tkSOZrnO5P5jqMv+0z4tMoZcoX3pbOR/or2Q8jkmUYJtBESPDAZtRcnIGvHJyeUBgOxLY0IglBOMaKhdyW4dKxbNTQVoP25hw99wHTimVqc8Tm/Yd+ldN1SMkg1xA/mrnusvWmFJvg1xHp+39y9gMPZRfBKqj9stsjUz/nysmxn3LtcULKSRtn5rjRxjcvONLvKzxKXmUwCfcsAdTxvw9ehaYmf8HjnlPvesu2+FvDJkeMzh4X9m7GSqHf/UPIepTk69n3/U5yBNowz8bXliiAzNdxUUWpVCCzap80oK6ceaBBase2s2Jw78QgGe9h9V5ZEbeo31vMEH/V4SJBwVkTiuvZfByg/SOKN2+a2207l14K4ZfPPWi/O+GG19cF6k3xGmD9ERSzs7LPwAGRaKKTf71HdOCjqivrnhWPucwEAAQA= QA Lenovo ThinkPad@QA-WINLAPTOP5, state = 4, alwaysAllow = true, lastConnectionTime = 1731611551988, authWindow = 604800000
11-14 11:12:31.988 1740 1834 D AdbDebuggingManager: Logging key QAAAALn8O6F3tgLerksIOvzVVN7J9C3hgQE5i5crJLYncGgQBET4YpsSqbtvI/JEVUNqRtJ/aBmWNAuN1hVHeVlsi/Otpt77fZUhLd+dCUw+R5odx0O1exfRBWKUznhr3fXidqfXKSViSCHkyWmFUnmBDBvHhhNyK2nhSknk8Sar0ASKPPrqs2bJud3kycHHQGnz05TdBWJ2/K6RJwlJIR16eW3lIXnUimWOi/JX81sZx9TPw6EIWzgC6v2CD0E/F5FugaNZ+yyx1HOKn93KRX7czfJ089uR0JGljfp0A3cKoS6mzKbwrUUDfH81v7FGH5+YXNarQennykkAH3XpgaJIrZetCX2hv8DP2w1QpKM7/yJAAGa6LWZajD6siCJYbzbq932cSmmEMQzavj8S1PtKSn1xsPhz7Qe/EccieDyuPpPwx/Ep8FmohC9lyjpvuvSzWWKmkNvgcZi0v2RGNYIKpd9NqPKz34zmq5Bms1E0qy5s9nGjkI/PTzeRILxtnoW48fYetQ+2o7nYF0tD32pFjuWbQK30addwNh127Ge8JDnZLW1Sw1guFsjRtPA+1zcXCkBJdB2hnxfKvw4Q18obyt/w1MrCxUJD1qQw2PtSrupGYxVlnUL/e6G6+skDky8aPcUAGokH1yI2MRNIDcNqnTYVPXqmtWV1oG11yL7AoeyJ7+46XAEAAQA= schaudhary@SCHAUDHARY, state = 1, alwaysAllow = false, lastConnectionTime = 0, authWindow = 604800000
11-14 11:12:31.990 1740 1834 I ActivityTaskManager: START u0 {flg=0x10000000 cmp=com.android.systemui/.usb.UsbDebuggingActivity (has extras)} from uid 1000
11-14 11:12:31.990 1153 2082 I android.hardware.usb.aidl-service: port0
11-14 11:12:31.990 1153 2082 I android.hardware.usb.aidl-service: 0:port0 connected:0 canChangeMode:1 canChagedata:0 canChangePower:0 usbDataEnabled:1
11-14 11:12:31.991 1153 2082 I android.hardware.usb.aidl-service: ContaminantDetectionStatus:2 ContaminantProtectionStatus:0
11-14 11:12:31.991 1153 2082 I android.hardware.usb.aidl-service: powerTransferLimited:0
11-14 11:12:31.991 1740 3304 I UsbPortManager: AIDL UsbDataStatus:1
11-14 11:12:31.991 1740 3304 I UsbPortManager: ClientCallback AIDL V1: port0
11-14 11:12:31.998 2182 2182 D DLObserver: onReceive(); android.intent.action.BATTERY_CHANGED
11-14 11:12:31.998 2182 2182 D DLObserver: plugged=2
11-14 11:12:31.998 1740 1834 D CompatibilityChangeReporter: Compat change id reported: 197654537; UID 10208; state: ENABLED
11-14 11:12:32.000 2182 2182 D PowerNotificationWarningsGoogleImpl: onReceive: android.intent.action.BATTERY_CHANGED
11-14 11:12:32.001 2182 2182 D BatteryDefenderNotification: isPlugged: true | isOverheated: false | defenderEnabled: false | isCharged: false | isPluggedInDock: false
11-14 11:12:32.001 1740 1834 D CompatibilityChangeReporter: Compat change id reported: 205907456; UID 10208; state: ENABLED
11-14 11:12:32.001 2182 7975 D PowerUI : can't show warning due to - plugged: true status unknown: false
11-14 11:12:32.001 527 527 I servicemanager: Found vendor.google.google_battery.IGoogleBattery/default in device VINTF manifest.
11-14 11:12:32.004 11381 17997 W Turbo.EstimatedTimeRemainingProvider: queryTimeToDischarge: 87273960
11-14 11:12:32.005 2182 2224 D BatteryInfoBroadcast: onReceive: android.intent.action.BATTERY_CHANGED isPowerSaveMode: false remainingTimeMillis: 87273960
11-14 11:12:32.006 1740 2183 W ActivityTaskManager: Tried to set launchTime (0) < mLastActivityLaunchTime (1237073704)
11-14 11:12:32.008 1740 2535 W AutofillManagerServiceImpl: getFillEventHistory() called by UID 10133, but service UID is 10139
11-14 11:12:32.033 1740 2535 D CoreBackPreview: Window{57a5861 u0 com.android.systemui/com.android.systemui.usb.UsbDebuggingActivity}: Setting back callback OnBackInvokedCallbackInfo{mCallback=android.window.IOnBackInvokedCallback$Stub$Proxy@b96b047, mPriority=0}
11-14 11:12:32.056 1740 1834 I ActivityTaskManager: Displayed com.android.systemui/.usb.UsbDebuggingActivity: +57ms
11-14 11:12:32.107 18277 18277 I cnnw : onPause
11-14 11:12:32.114 1129 1213 D audio_hw_patch: low-latency-playback routing:
11-14 11:12:32.114 1129 1213 D audio_hw_patch: dev: 0x400000
11-14 11:12:32.114 1129 1213 D audio_hw: low-latency-playback:
11-14 11:12:32.114 1129 1213 D audio_hw: rx from:
11-14 11:12:32.114 1129 1213 D audio_hw: #0: OUT_SPEAKER_BE_CFG 0
11-14 11:12:32.114 1129 1213 D audio_hw: to:
11-14 11:12:32.114 1129 1213 D audio_hw: #0: OUT_SPEAKER_SAFE_BE_CFG 0
11-14 11:12:32.114 1129 1213 E audio_route: unable to find path 'speaker-post'
11-14 11:12:32.114 1129 1213 D audio_hw_aoc_route: speaker-post 0
11-14 11:12:32.116 1129 1213 D audio_hw_aoc_route: low-latency-playbackP 0
11-14 11:12:32.116 1129 1213 W audio_hw_35l41: cs35l41_amp_common_event: ret: 0, event: 3, state: 3, device: 4
11-14 11:12:32.116 1389 1389 D AOC : F1:MSG: controller.cc, 273: AudioOutCtrl: cmd ID: 0x010f, tag: 0x15 [cntr = 1859]
11-14 11:12:32.116 1389 1389 D AOC : F1:Unregistered Source 1 from Sink 0
11-14 11:12:32.116 1389 1389 D AOC : F1:AT Map:0 (LL:0), 0 EPs active, Power: Yes, Config: No
11-14 11:12:32.116 1389 1389 D AOC : F1:Mixer 0 configuration changed: (0)
11-14 11:12:32.117 1389 1389 D AOC : F1:Sink 0 Configuration changed: ULL (disabled)
11-14 11:12:32.117 1389 1389 D AOC : F1:MSG: controller.cc, 811: AudioOutCtrl: ipc: audio_output_co, cmd ID: 0x010f, tag: 0x15, rc: 0
11-14 11:12:32.117 1389 1389 D AOC : H0:Mixer AMixSPKR: 480 samples (0000/0000) (OFF SC)
11-14 11:12:32.117 1389 1389 D AOC : H0:Mixer configuration updated
11-14 11:12:32.120 1129 1213 D audio_hw_aoc_route: speaker 0
11-14 11:12:32.120 1129 1213 W audio_hw_35l41: cs35l41_amp_common_event: ret: 0, event: 4, state: 2, device: 4
11-14 11:12:32.121 1129 1213 D audio_hw_soundtrigger: st_comm_aud_event_monitor:codec dev:4 inactive
11-14 11:12:32.123 1129 1213 W audio_hw_35l41: cs35l41_amp_common_event: ret: 0, event: 1, state: 2, device: 7
11-14 11:12:32.123 1129 1213 D audio_route: Apply path: speaker-safe
11-14 11:12:32.126 1129 1213 D audio_hw_aoc_route: speaker-safe 1
11-14 11:12:32.126 1129 1213 D audio_route: Apply path: hostless-ulC spk-vi
11-14 11:12:32.128 1129 1213 W audio_hw_35l41: cs35l41_amp_common_event: ret: 0, event: 2, state: 3, device: 7
11-14 11:12:32.128 1129 1213 D audio_hw_soundtrigger: st_comm_aud_event_monitor:codec dev:7 active
11-14 11:12:32.128 1129 1213 I audio_hw_aoc: Mode Ambient is already selected
11-14 11:12:32.128 1129 1213 D audio_route: Apply path: low-latency-playbackP
11-14 11:12:32.129 1389 1389 D AOC : F1:MSG: controller.cc, 273: AudioOutCtrl: cmd ID: 0x010f, tag: 0x16 [cntr = 1860]
11-14 11:12:32.129 1389 1389 D AOC : F1:Source 1 mastered by sink 0
11-14 11:12:32.129 1389 1389 D AOC : F1:AT Map:2 (LL:0), 1 EPs active, Power: Yes, Config: No
11-14 11:12:32.129 1389 1389 D AOC : F1:Mixer 0 configuration changed: (2)
11-14 11:12:32.129 1389 1389 D AOC : F1:Sink 0 Configuration changed: ULL (enabled)
11-14 11:12:32.129 1389 1389 D AOC : F1:AHWSinkSPKR started: 48 samples (32-bit,2 ch,48 kHz) block 384
11-14 11:12:32.129 1389 1389 D AOC : F1:[AHWSinkSPKR] DL resync B: 0, A:0. wo: 0, target offset: 1632 (align 0) -> ro:0
11-14 11:12:32.129 1389 1389 D AOC : F1:MSG: controller.cc, 811: AudioOutCtrl: ipc: audio_output_co, cmd ID: 0x010f, tag: 0x16, rc: 0
11-14 11:12:32.129 1389 1389 D AOC : F1:Speaker Started (DualDMA on 1 and 2)
11-14 11:12:32.129 1389 1389 D AOC : H0:Mixer AMixSPKR: 480 samples (0002/0002) (ON SC)
11-14 11:12:32.129 1389 1389 D AOC : H0: 1: 0x403ea0d8
11-14 11:12:32.129 1389 1389 D AOC : H0:AMixSPKR PostProcessing Config: WAVES
11-14 11:12:32.130 1389 1389 D AOC : H0:Mixer configuration updated
11-14 11:12:32.130 1389 1389 D AOC : H0:Mixer state changed
11-14 11:12:32.130 1129 1213 D audio_hw_aoc_route: low-latency-playbackP 1
11-14 11:12:32.130 1129 1213 D audio_hw_waves: update_sink_info_from_usecases: update sink 1 info
11-14 11:12:32.130 1129 1213 D audio_hw_waves: update_sink_info_from_usecases: VOL/Stream update 0.000000(4294967295) -> 0.072248(1)
11-14 11:12:32.130 1129 1213 D audio_hw_waves: update_rotation_from_adev: update sink 1 info
11-14 11:12:32.130 1389 1389 D AOC : F1:[AHWSinkSPKR] mix overrun by 3840
11-14 11:12:32.130 1129 1213 D audio_hw_waves: set_waves_tuning_from_sink: initialize parameters successfully.
11-14 11:12:32.140 1129 1213 D audio_hw_waves: send_waves_tuning: instance_id = 1, tuning_id = 1
11-14 11:12:32.140 1129 1213 D audio_hw_aoc: aoc_send_rtc_mixer_tuning: block_id = 16, comp_id = 2
11-14 11:12:32.141 1389 1389 D AOC : F1:MSG: controller.cc, 273: AudioOutCtrl: cmd ID: 0x00d5, tag: 0x3b [cntr = 1861]
11-14 11:12:32.142 1129 1579 W audio_hw_stuning: receive_response_data:invalid rx_sz 0
11-14 11:12:32.142 1389 1389 D AOC : H0:MSG: controller.cc, 811: AudOutCtrlH0: ipc: C-AO-H0, cmd ID: 0x00d5, tag: 0x4a, rc: 0
11-14 11:12:32.143 1389 1389 D AOC : F1:MSG: controller.cc, 811: AudioOutCtrl: ipc: audio_output_tu, cmd ID: 0x00d5, tag: 0x4a, rc: 0
11-14 11:12:32.143 1129 1213 E audio_route: unable to find path 'speaker-safe-post'
11-14 11:12:32.143 1129 1213 D audio_hw_aoc_route: speaker-safe-post 1
11-14 11:12:32.165 1312 5259 D AudioTrack: getTimestamp_l(77): device stall time corrected using current time 1444917217572627
11-14 11:12:32.165 1129 1213 D audio_hw_waves: waves_usecase_event: low-latency-playback stream info change
11-14 11:12:32.166 1129 1213 D audio_hw_waves: update_sink_info_from_usecases: update sink 1 info
11-14 11:12:32.166 1129 1213 D audio_hw_output_stream: update stream 5 active 1 gain 0.000000
11-14 11:12:32.176 1129 1213 D audio_hw_waves: waves_usecase_event: low-latency-playback stream info change
11-14 11:12:32.176 1129 1213 D audio_hw_waves: update_sink_info_from_usecases: update sink 1 info
11-14 11:12:32.176 1129 1213 D audio_hw_waves: update_sink_info_from_usecases: VOL/Stream update 0.072248(1) -> 0.307777(5)
11-14 11:12:32.178 1129 1213 D audio_hw_waves: send_waves_tuning: instance_id = 1, tuning_id = 1
11-14 11:12:32.178 1129 1213 D audio_hw_aoc: aoc_send_rtc_mixer_tuning: block_id = 16, comp_id = 2
11-14 11:12:32.179 1389 1389 D AOC : F1:MSG: controller.cc, 273: AudioOutCtrl: cmd ID: 0x00d5, tag: 0x3c [cntr = 1862]
11-14 11:12:32.179 1389 1389 D AOC : H0:MSG: controller.cc, 811: AudOutCtrlH0: ipc: C-AO-H0, cmd ID: 0x00d5, tag: 0x4b, rc: 0
11-14 11:12:32.180 1129 1579 W audio_hw_stuning: receive_response_data:invalid rx_sz 0
11-14 11:12:32.180 1389 1389 D AOC : F1:MSG: controller.cc, 811: AudioOutCtrl: ipc: audio_output_tu, cmd ID: 0x00d5, tag: 0x4b, rc: 0
11-14 11:12:32.180 1129 1213 D audio_hw_output_stream: update stream 5 active 1 gain 0.307777
11-14 11:12:32.331 1129 1594 D audio_hw_35l41: cs35l41_rtlogger_data_analysis: Left/Top amp is disabled or doesn't exist
11-14 11:12:32.427 1153 2082 I android.hardware.usb.aidl-service: port0
11-14 11:12:32.427 1153 2082 I android.hardware.usb.aidl-service: 0:port0 connected:0 canChangeMode:1 canChagedata:0 canChangePower:0 usbDataEnabled:1
11-14 11:12:32.427 1153 2082 I android.hardware.usb.aidl-service: ContaminantDetectionStatus:2 ContaminantProtectionStatus:0
11-14 11:12:32.427 1153 2082 I android.hardware.usb.aidl-service: powerTransferLimited:0
11-14 11:12:32.428 1740 2183 I UsbPortManager: AIDL UsbDataStatus:1
11-14 11:12:32.428 1740 2183 I UsbPortManager: ClientCallback AIDL V1: port0
11-14 11:12:32.437 1153 2082 I android.hardware.usb.aidl-service: port0
11-14 11:12:32.437 1153 2082 I android.hardware.usb.aidl-service: 0:port0 connected:0 canChangeMode:1 canChagedata:0 canChangePower:0 usbDataEnabled:1
11-14 11:12:32.437 1153 2082 I android.hardware.usb.aidl-service: ContaminantDetectionStatus:2 ContaminantProtectionStatus:0
11-14 11:12:32.437 1153 2082 I android.hardware.usb.aidl-service: powerTransferLimited:0
11-14 11:12:32.437 1740 2183 I UsbPortManager: AIDL UsbDataStatus:1
11-14 11:12:32.437 1740 2183 I UsbPortManager: ClientCallback AIDL V1: port0
11-14 11:12:32.447 2182 2182 D DLObserver: onReceive(); android.intent.action.BATTERY_CHANGED
11-14 11:12:32.447 2182 2182 D DLObserver: plugged=2
11-14 11:12:32.449 2182 2182 D PowerNotificationWarningsGoogleImpl: onReceive: android.intent.action.BATTERY_CHANGED
11-14 11:12:32.449 2182 2182 D BatteryDefenderNotification: isPlugged: true | isOverheated: false | defenderEnabled: false | isCharged: false | isPluggedInDock: false
11-14 11:12:32.449 2182 10049 D PowerUI : can't show warning due to - plugged: true status unknown: false
11-14 11:12:32.450 527 527 I servicemanager: Found vendor.google.google_battery.IGoogleBattery/default in device VINTF manifest.
11-14 11:12:32.456 11381 17997 W Turbo.EstimatedTimeRemainingProvider: queryTimeToDischarge: 87273508
11-14 11:12:32.458 2182 2224 D BatteryInfoBroadcast: onReceive: android.intent.action.BATTERY_CHANGED isPowerSaveMode: false remainingTimeMillis: 87273508
11-14 11:12:32.536 1129 1594 D audio_hw_35l41: cs35l41_rtlogger_data_analysis: Left/Top amp is disabled or doesn't exist
11-14 11:12:32.740 1129 1594 D audio_hw_35l41: cs35l41_rtlogger_data_analysis: Left/Top amp is disabled or doesn't exist
11-14 11:12:32.743 1163 1163 I WifiHAL : Creating message to get link statistics; iface = 47
11-14 11:12:32.840 1163 1163 I WifiHAL : In GetLinkStatsCommand::handleResponse
11-14 11:12:32.875 1740 2058 D ConnectivityService: NetReassign [no changes] [c 0] [a 1] [i 4]
11-14 11:12:32.947 1129 1594 D audio_hw_35l41: cs35l41_rtlogger_data_analysis: Left/Top amp is disabled or doesn't exist
11-14 11:12:33.012 1740 2684 D CoreBackPreview: Window{224e019 u0 Wired Charging Animation}: Setting back callback null
11-14 11:12:33.015 1740 3304 W InputManager-JNI: Input channel object '224e019 Wired Charging Animation (client)' was disposed without first being removed with the input manager!
11-14 11:12:33.100 1153 2082 I android.hardware.usb.aidl-service: port0
11-14 11:12:33.101 1153 2082 I android.hardware.usb.aidl-service: 0:port0 connected:0 canChangeMode:1 canChagedata:0 canChangePower:0 usbDataEnabled:1
11-14 11:12:33.101 1153 2082 I android.hardware.usb.aidl-service: ContaminantDetectionStatus:2 ContaminantProtectionStatus:0
11-14 11:12:33.101 1153 2082 I android.hardware.usb.aidl-service: powerTransferLimited:0
11-14 11:12:33.102 1740 3304 I UsbPortManager: AIDL UsbDataStatus:1
11-14 11:12:33.102 1740 3304 I UsbPortManager: ClientCallback AIDL V1: port0
11-14 11:12:33.117 2182 2182 D DLObserver: onReceive(); android.intent.action.BATTERY_CHANGED
11-14 11:12:33.117 2182 2182 D DLObserver: plugged=2
11-14 11:12:33.120 2182 2182 D PowerNotificationWarningsGoogleImpl: onReceive: android.intent.action.BATTERY_CHANGED
11-14 11:12:33.120 2182 2182 D BatteryDefenderNotification: isPlugged: true | isOverheated: false | defenderEnabled: false | isCharged: false | isPluggedInDock: false
11-14 11:12:33.121 527 527 I servicemanager: Found vendor.google.google_battery.IGoogleBattery/default in device VINTF manifest.
11-14 11:12:33.122 2182 10106 D PowerUI : can't show warning due to - plugged: true status unknown: false
11-14 11:12:33.124 11381 17997 W Turbo.EstimatedTimeRemainingProvider: queryTimeToDischarge: 87272840
11-14 11:12:33.129 2182 2224 D BatteryInfoBroadcast: onReceive: android.intent.action.BATTERY_CHANGED isPowerSaveMode: false remainingTimeMillis: 87272840
11-14 11:12:33.136 527 527 I servicemanager: Found vendor.google.google_battery.IGoogleBattery/default in device VINTF manifest.
11-14 11:12:33.155 1129 1594 D audio_hw_35l41: cs35l41_rtlogger_data_analysis: Left/Top amp is disabled or doesn't exist
11-14 11:12:33.162 1129 1594 D audio_hw_35l41: cs35l41_rtlogger_data_analysis: Right/Bottom impedance: 705474
11-14 11:12:33.162 1129 1594 D audio_hw_35l41: cs35l41_bdlogger_data_analysis: Left/Top amp is disabled or doesn't exist
11-14 11:12:33.162 1129 1594 D audio_hw_35l41: cs35l41_bdlogger_data_analysis: Right/Bottom Max temp: 0x8583e ==> 33.378784 C
11-14 11:12:33.162 1129 1594 D audio_hw_35l41: cs35l41_bdlogger_data_analysis: Right/Bottom Max exc: 0x33333 ==> 0.400000 mm
