11-13 20:06:43.381 1740 2470 I ExplicitHealthCheckController: Explicit health check supported packages [PackageConfig{com.google.android.networkstack, 86400000}]
11-13 20:06:43.381 1740 2470 D PackageWatchdog: Received supported packages [PackageConfig{com.google.android.networkstack, 86400000}]
11-13 20:06:43.381 1740 2470 I PackageWatchdog: Updated health check state for package com.google.android.apps.nexuslauncher: INACTIVE -> PASSED
11-13 20:06:43.381 1740 2470 I PackageWatchdog: Updated health check state for package com.android.settings: INACTIVE -> PASSED
11-13 20:06:43.381 1740 2470 I PackageWatchdog: Updated health check state for package com.android.systemui: INACTIVE -> PASSED
11-13 20:06:43.381 1740 2470 I PackageWatchdog: Syncing state, reason: updated health check supported packages [PackageConfig{com.google.android.networkstack, 86400000}]
11-13 20:06:43.381 1740 2470 D ExplicitHealthCheckController: Getting health check requested packages
11-13 20:06:43.381 1740 1740 I PackageWatchdog: Syncing health check requests for packages: {}
11-13 20:06:43.382 1740 1740 D ExplicitHealthCheckController: Getting health check supported packages
11-13 20:06:43.382 1740 3297 I ExplicitHealthCheckController: Explicit health check requested packages []
11-13 20:06:43.382 1740 3297 I ExplicitHealthCheckController: No more health check requests, unbinding...
11-13 20:06:43.382 1740 1844 I PackageWatchdog: Saving observer state to file
11-13 20:06:43.382 1740 2470 I ExplicitHealthCheckController: Explicit health check supported packages [PackageConfig{com.google.android.networkstack, 86400000}]
11-13 20:06:43.383 1740 3297 I ExplicitHealthCheckController: Explicit health check service is unbound
11-13 20:06:43.384 1740 2470 D PackageWatchdog: Received supported packages [PackageConfig{com.google.android.networkstack, 86400000}]
11-13 20:06:43.384 1740 2470 I ExplicitHealthCheckController: Service not ready to get health check requested packages. Binding...
11-13 20:06:43.385 1740 3297 I RescueParty: Starting to observe: [android], updated namespace: runtime_native
11-13 20:06:43.386 1740 2470 I ExplicitHealthCheckController: Explicit health check service is bound
11-13 20:06:43.387 1740 1844 I PackageWatchdog: Syncing state, reason: observing new packages
11-13 20:06:43.387 1740 1740 I PackageWatchdog: Syncing health check requests for packages: {}
11-13 20:06:43.387 1740 1740 I ExplicitHealthCheckController: Service not ready to get health check supported packages. Binding...
11-13 20:06:43.387 1740 1740 I ExplicitHealthCheckController: Not binding to service, service already connecting
11-13 20:06:43.387 1740 1844 D PackageWatchdog: rescue-party-observer added the following packages to monitor [android]
11-13 20:06:43.387 1740 1844 I PackageWatchdog: Syncing state, reason: updated observers
11-13 20:06:43.388 1740 1844 I PackageWatchdog: Not pruning observers, elapsed time: 0ms
11-13 20:06:43.388 1740 1740 I PackageWatchdog: Syncing health check requests for packages: {}
11-13 20:06:43.388 1740 1740 I ExplicitHealthCheckController: Service not ready to get health check supported packages. Binding...
11-13 20:06:43.388 1740 1740 I ExplicitHealthCheckController: Not binding to service, service already connecting
11-13 20:06:43.388 1740 1844 I PackageWatchdog: Saving observer state to file
11-13 20:06:43.388 1740 1740 I ExplicitHealthCheckController: Explicit health check service is connected ComponentInfo{com.google.android.ext.services/android.ext.services.watchdog.ExplicitHealthCheckServiceImpl}
11-13 20:06:43.388 1740 1740 I ExplicitHealthCheckController: Service initialized, syncing requests
11-13 20:06:43.394 1740 1740 I PackageWatchdog: Syncing health check requests for packages: {}
11-13 20:06:43.394 1740 1740 D ExplicitHealthCheckController: Getting health check supported packages
11-13 20:06:43.395 1740 3297 I RescueParty: Starting to observe: [com.google.android.turboadapter, com.android.settings, com.android.systemui], updated namespace: adaptive_charging
11-13 20:06:43.395 1740 1844 I PackageWatchdog: Syncing state, reason: observing new packages
11-13 20:06:43.395 1740 2470 I ExplicitHealthCheckController: Explicit health check supported packages [PackageConfig{com.google.android.networkstack, 86400000}]
11-13 20:06:43.396 1740 1844 D PackageWatchdog: rescue-party-observer added the following packages to monitor [com.google.android.turboadapter, com.android.settings, com.android.systemui]
11-13 20:06:43.396 1740 1740 I PackageWatchdog: Syncing health check requests for packages: {com.google.android.turboadapter}
11-13 20:06:43.396 1740 1740 D ExplicitHealthCheckController: Getting health check supported packages
11-13 20:06:43.396 1740 2470 D PackageWatchdog: Received supported packages [PackageConfig{com.google.android.networkstack, 86400000}]
11-13 20:06:43.396 1740 2470 I PackageWatchdog: Updated health check state for package com.google.android.turboadapter: INACTIVE -> PASSED
11-13 20:06:43.396 1740 2470 I PackageWatchdog: Syncing state, reason: updated health check supported packages [PackageConfig{com.google.android.networkstack, 86400000}]
11-13 20:06:43.396 1740 2470 I PackageWatchdog: Not pruning observers, elapsed time: 0ms
11-13 20:06:43.396 1740 2470 D ExplicitHealthCheckController: Getting health check requested packages
11-13 20:06:43.396 1740 1740 I PackageWatchdog: Syncing health check requests for packages: {}
11-13 20:06:43.396 1740 1740 D ExplicitHealthCheckController: Getting health check supported packages
11-13 20:06:43.396 1740 1844 I PackageWatchdog: Syncing state, reason: updated observers
11-13 20:06:43.396 1740 1844 I PackageWatchdog: Saving observer state to file
11-13 20:06:43.397 1740 3979 I ExplicitHealthCheckController: Explicit health check requested packages []
11-13 20:06:43.397 1740 3471 I ExplicitHealthCheckController: Explicit health check supported packages [PackageConfig{com.google.android.networkstack, 86400000}]
11-13 20:06:43.397 1740 3979 I ExplicitHealthCheckController: No more health check requests, unbinding...
11-13 20:06:43.397 1740 2470 I ExplicitHealthCheckController: Explicit health check supported packages [PackageConfig{com.google.android.networkstack, 86400000}]
11-13 20:06:43.399 1740 3979 I ExplicitHealthCheckController: Explicit health check service is unbound
11-13 20:06:43.402 1740 1740 I PackageWatchdog: Syncing health check requests for packages: {}
11-13 20:06:43.402 1740 1740 I ExplicitHealthCheckController: Service not ready to get health check supported packages. Binding...
11-13 20:06:43.403 1740 3471 D PackageWatchdog: Received supported packages [PackageConfig{com.google.android.networkstack, 86400000}]
11-13 20:06:43.403 1740 2470 D PackageWatchdog: Received supported packages [PackageConfig{com.google.android.networkstack, 86400000}]
11-13 20:06:43.405 1740 1740 I ExplicitHealthCheckController: Explicit health check service is bound
11-13 20:06:43.405 1740 3471 I ExplicitHealthCheckController: Service not ready to get health check requested packages. Binding...
11-13 20:06:43.405 1740 3471 I ExplicitHealthCheckController: Not binding to service, service already connecting
11-13 20:06:43.405 1740 2470 I ExplicitHealthCheckController: Service not ready to get health check requested packages. Binding...
11-13 20:06:43.405 1740 2470 I ExplicitHealthCheckController: Not binding to service, service already connecting
11-13 20:06:43.406 1740 1740 I ExplicitHealthCheckController: Explicit health check service is connected ComponentInfo{com.google.android.ext.services/android.ext.services.watchdog.ExplicitHealthCheckServiceImpl}
11-13 20:06:43.406 1740 1740 I ExplicitHealthCheckController: Service initialized, syncing requests
11-13 20:06:43.406 1740 1740 I PackageWatchdog: Syncing health check requests for packages: {}
11-13 20:06:43.406 1740 1740 D ExplicitHealthCheckController: Getting health check supported packages
11-13 20:06:43.408 1740 2470 I ExplicitHealthCheckController: Explicit health check supported packages [PackageConfig{com.google.android.networkstack, 86400000}]
11-13 20:06:43.408 1740 2470 D PackageWatchdog: Received supported packages [PackageConfig{com.google.android.networkstack, 86400000}]
11-13 20:06:43.408 1740 2470 D ExplicitHealthCheckController: Getting health check requested packages
11-13 20:06:43.408 1740 2470 I ExplicitHealthCheckController: Explicit health check requested packages []
11-13 20:06:43.408 1740 2470 I ExplicitHealthCheckController: No more health check requests, unbinding...
11-13 20:06:43.409 1740 3979 I RescueParty: Starting to observe: [com.google.android.connectivitythermalpowermanager], updated namespace: connectivity_thermal_power_manager
11-13 20:06:43.410 1740 2470 I ExplicitHealthCheckController: Explicit health check service is unbound
11-13 20:06:43.410 1740 1844 I PackageWatchdog: Syncing state, reason: observing new packages
11-13 20:06:43.410 1740 1844 D PackageWatchdog: rescue-party-observer added the following packages to monitor [com.google.android.connectivitythermalpowermanager]
11-13 20:06:43.410 1740 1844 I PackageWatchdog: Syncing state, reason: updated observers
11-13 20:06:43.410 1740 1844 I PackageWatchdog: Not pruning observers, elapsed time: 0ms
11-13 20:06:43.410 1740 1844 I PackageWatchdog: Saving observer state to file
11-13 20:06:43.412 1740 1740 I PackageWatchdog: Syncing health check requests for packages: {com.google.android.connectivitythermalpowermanager}
11-13 20:06:43.412 1740 1740 I ExplicitHealthCheckController: Service not ready to get health check supported packages. Binding...
11-13 20:06:43.416 1740 1740 I ExplicitHealthCheckController: Explicit health check service is bound
11-13 20:06:43.416 1740 1740 I ExplicitHealthCheckController: Explicit health check service is connected ComponentInfo{com.google.android.ext.services/android.ext.services.watchdog.ExplicitHealthCheckServiceImpl}
11-13 20:06:43.416 1740 1740 I ExplicitHealthCheckController: Service initialized, syncing requests
11-13 20:06:43.416 1740 1740 I PackageWatchdog: Syncing health check requests for packages: {com.google.android.connectivitythermalpowermanager}
11-13 20:06:43.416 1740 1740 D ExplicitHealthCheckController: Getting health check supported packages
11-13 20:06:43.419 1740 3471 I ExplicitHealthCheckController: Explicit health check supported packages [PackageConfig{com.google.android.networkstack, 86400000}]
11-13 20:06:43.419 1740 3471 D PackageWatchdog: Received supported packages [PackageConfig{com.google.android.networkstack, 86400000}]
11-13 20:06:43.419 1740 3471 I PackageWatchdog: Updated health check state for package com.google.android.connectivitythermalpowermanager: INACTIVE -> PASSED
11-13 20:06:43.419 1740 3471 I PackageWatchdog: Syncing state, reason: updated health check supported packages [PackageConfig{com.google.android.networkstack, 86400000}]
11-13 20:06:43.419 1740 1844 I PackageWatchdog: Saving observer state to file
11-13 20:06:43.419 1740 3471 D ExplicitHealthCheckController: Getting health check requested packages
11-13 20:06:43.419 1740 3471 I ExplicitHealthCheckController: Explicit health check requested packages []
11-13 20:06:43.419 1740 3471 I ExplicitHealthCheckController: No more health check requests, unbinding...
11-13 20:06:43.421 1740 3471 I ExplicitHealthCheckController: Explicit health check service is unbound
11-13 20:06:43.423 1740 1740 I PackageWatchdog: Syncing health check requests for packages: {}
11-13 20:06:43.423 1740 1740 I ExplicitHealthCheckController: Service not ready to get health check supported packages. Binding...
11-13 20:06:43.427 1740 1740 I ExplicitHealthCheckController: Explicit health check service is bound
11-13 20:06:43.427 1740 1740 I ExplicitHealthCheckController: Explicit health check service is connected ComponentInfo{com.google.android.ext.services/android.ext.services.watchdog.ExplicitHealthCheckServiceImpl}
11-13 20:06:43.427 1740 1740 I ExplicitHealthCheckController: Service initialized, syncing requests
11-13 20:06:43.427 1740 1740 I PackageWatchdog: Syncing health check requests for packages: {}
11-13 20:06:43.427 1740 1740 D ExplicitHealthCheckController: Getting health check supported packages
11-13 20:06:43.428 1740 2470 I ExplicitHealthCheckController: Explicit health check supported packages [PackageConfig{com.google.android.networkstack, 86400000}]
11-13 20:06:43.428 1740 2470 D PackageWatchdog: Received supported packages [PackageConfig{com.google.android.networkstack, 86400000}]
11-13 20:06:43.428 1740 2470 D ExplicitHealthCheckController: Getting health check requested packages
11-13 20:06:43.428 1740 2470 I ExplicitHealthCheckController: Explicit health check requested packages []
11-13 20:06:43.428 1740 2470 I ExplicitHealthCheckController: No more health check requests, unbinding...
11-13 20:06:43.429 1740 2470 I ExplicitHealthCheckController: Explicit health check service is unbound
11-13 20:06:43.431 1740 3471 I RescueParty: Starting to observe: [com.google.android.adservices.api, android], updated namespace: adservices
11-13 20:06:43.431 1740 1844 I PackageWatchdog: Syncing state, reason: observing new packages
11-13 20:06:43.433 1740 1844 D PackageWatchdog: rescue-party-observer added the following packages to monitor [com.google.android.adservices.api, android]
11-13 20:06:43.433 1740 1844 I PackageWatchdog: Syncing state, reason: updated observers
11-13 20:06:43.433 1740 1844 I PackageWatchdog: Not pruning observers, elapsed time: 0ms
11-13 20:06:43.433 1740 1844 I PackageWatchdog: Saving observer state to file
11-13 20:06:43.437 1740 1740 I PackageWatchdog: Syncing health check requests for packages: {}
11-13 20:06:43.437 1740 1740 I ExplicitHealthCheckController: Service not ready to get health check supported packages. Binding...
11-13 20:06:43.440 1740 1740 I ExplicitHealthCheckController: Explicit health check service is bound
11-13 20:06:43.448 1740 1740 I PackageWatchdog: Syncing health check requests for packages: {}
11-13 20:06:43.449 1740 1740 I ExplicitHealthCheckController: Service not ready to get health check supported packages. Binding...
11-13 20:06:43.449 1740 1740 I ExplicitHealthCheckController: Not binding to service, service already connecting
11-13 20:06:43.449 1740 1740 I ExplicitHealthCheckController: Explicit health check service is connected ComponentInfo{com.google.android.ext.services/android.ext.services.watchdog.ExplicitHealthCheckServiceImpl}
11-13 20:06:43.449 1740 1740 I ExplicitHealthCheckController: Service initialized, syncing requests
11-13 20:06:43.449 1740 1740 I PackageWatchdog: Syncing health check requests for packages: {}
11-13 20:06:43.449 1740 1740 D ExplicitHealthCheckController: Getting health check supported packages
11-13 20:06:43.450 1740 3471 I ExplicitHealthCheckController: Explicit health check supported packages [PackageConfig{com.google.android.networkstack, 86400000}]
11-13 20:06:43.450 1740 3471 D PackageWatchdog: Received supported packages [PackageConfig{com.google.android.networkstack, 86400000}]
11-13 20:06:43.450 1740 3471 D ExplicitHealthCheckController: Getting health check requested packages
11-13 20:06:43.451 1740 3471 I ExplicitHealthCheckController: Explicit health check requested packages []
11-13 20:06:43.451 1740 3471 I ExplicitHealthCheckController: No more health check requests, unbinding...
11-13 20:06:43.452 1740 3471 I ExplicitHealthCheckController: Explicit health check service is unbound
11-13 20:06:43.471 1740 3471 I RescueParty: Starting to observe: [android], updated namespace: lmkd_native
11-13 20:06:43.471 1740 1844 I PackageWatchdog: Syncing state, reason: observing new packages
11-13 20:06:43.471 1740 1844 D PackageWatchdog: rescue-party-observer added the following packages to monitor [android]
11-13 20:06:43.471 1740 1844 I PackageWatchdog: Syncing state, reason: updated observers
11-13 20:06:43.471 1740 1844 I PackageWatchdog: Not pruning observers, elapsed time: 0ms
11-13 20:06:43.471 1740 1844 I PackageWatchdog: Saving observer state to file
11-13 20:06:43.479 1740 1740 I PackageWatchdog: Syncing health check requests for packages: {}
11-13 20:06:43.479 1740 1740 I ExplicitHealthCheckController: Service not ready to get health check supported packages. Binding...
11-13 20:06:43.481 1740 1740 I ExplicitHealthCheckController: Explicit health check service is bound
11-13 20:06:43.483 1740 1740 I ExplicitHealthCheckController: Explicit health check service is connected ComponentInfo{com.google.android.ext.services/android.ext.services.watchdog.ExplicitHealthCheckServiceImpl}
11-13 20:06:43.483 1740 1740 I ExplicitHealthCheckController: Service initialized, syncing requests
11-13 20:06:43.483 1740 1740 I PackageWatchdog: Syncing health check requests for packages: {}
11-13 20:06:43.483 1740 1740 D ExplicitHealthCheckController: Getting health check supported packages
11-13 20:06:43.485 1740 3471 I ExplicitHealthCheckController: Explicit health check supported packages [PackageConfig{com.google.android.networkstack, 86400000}]
11-13 20:06:43.485 1740 3471 D PackageWatchdog: Received supported packages [PackageConfig{com.google.android.networkstack, 86400000}]
11-13 20:06:43.485 1740 3471 D ExplicitHealthCheckController: Getting health check requested packages
11-13 20:06:43.485 1740 3471 I ExplicitHealthCheckController: Explicit health check requested packages []
11-13 20:06:43.485 1740 3471 I ExplicitHealthCheckController: No more health check requests, unbinding...
11-13 20:06:43.487 1740 3471 I ExplicitHealthCheckController: Explicit health check service is unbound
11-13 20:06:43.494 1740 3471 I RescueParty: Starting to observe: [com.android.hbmsvmanager, android], updated namespace: display_manager
11-13 20:06:43.496 1740 1844 I PackageWatchdog: Syncing state, reason: observing new packages
11-13 20:06:43.496 1740 1864 W BrightnessThrottler: DeviceConfig BrightnessThrottlingData is null
11-13 20:06:43.496 1740 1864 W BrightnessThrottler: DeviceConfig BrightnessThrottlingData is null
11-13 20:06:43.497 1740 1844 D PackageWatchdog: rescue-party-observer added the following packages to monitor [com.android.hbmsvmanager, android]
11-13 20:06:43.497 1740 1844 I PackageWatchdog: Syncing state, reason: updated observers
11-13 20:06:43.498 1740 1844 I PackageWatchdog: Saving observer state to file
11-13 20:06:43.510 1740 2470 I RescueParty: Starting to observe: [android], updated namespace: activity_manager
11-13 20:06:43.525 1740 2470 I RescueParty: Starting to observe: [com.google.android.federatedcompute, com.google.android.ondevicepersonalization.services], updated namespace: on_device_personalization
11-13 20:06:43.544 1740 3471 I RescueParty: Starting to observe: [com.google.android.odad], updated namespace: odad
11-13 20:06:43.575 1740 3471 I RescueParty: Starting to observe: [com.google.android.as, com.google.android.as.oss, com.google.android.apps.tips, com.google.android.odad], updated namespace: device_personalization_services
11-13 20:06:43.583 1740 3471 I RescueParty: Starting to observe: [android], updated namespace: app_compat
11-13 20:06:43.599 1740 3471 I RescueParty: Starting to observe: [android], updated namespace: system_time
11-13 20:06:43.621 1740 3471 I ActivityManager: Process com.google.android.permissioncontroller (pid 16644) has died: cch+55 CEM
11-13 20:06:43.626 1740 1740 I PackageWatchdog: Syncing health check requests for packages: {com.android.hbmsvmanager}
11-13 20:06:43.626 1740 1740 I ExplicitHealthCheckController: Service not ready to get health check supported packages. Binding...
11-13 20:06:43.626 1740 1844 I PackageWatchdog: Syncing state, reason: observing new packages
11-13 20:06:43.626 1740 1844 D PackageWatchdog: rescue-party-observer added the following packages to monitor [android]
11-13 20:06:43.626 1740 1844 I PackageWatchdog: Syncing state, reason: updated observers
11-13 20:06:43.626 1740 1844 I PackageWatchdog: Not pruning observers, elapsed time: 0ms
11-13 20:06:43.626 1740 1844 I PackageWatchdog: Syncing state, reason: observing new packages
11-13 20:06:43.626 1740 1844 I PackageWatchdog: Not pruning observers, elapsed time: 0ms
11-13 20:06:43.626 1740 1844 D PackageWatchdog: rescue-party-observer added the following packages to monitor [com.google.android.federatedcompute, com.google.android.ondevicepersonalization.services]
11-13 20:06:43.626 1740 1844 I PackageWatchdog: Syncing state, reason: updated observers
11-13 20:06:43.626 1740 1844 I PackageWatchdog: Not pruning observers, elapsed time: 0ms
11-13 20:06:43.626 1740 1844 I PackageWatchdog: Syncing state, reason: observing new packages
11-13 20:06:43.626 1740 1844 I PackageWatchdog: Not pruning observers, elapsed time: 0ms
11-13 20:06:43.627 1740 1844 D PackageWatchdog: rescue-party-observer added the following packages to monitor [com.google.android.odad]
11-13 20:06:43.627 1740 1844 I PackageWatchdog: Syncing state, reason: updated observers
11-13 20:06:43.627 1740 1844 I PackageWatchdog: Not pruning observers, elapsed time: 0ms
11-13 20:06:43.627 1740 1844 I PackageWatchdog: Syncing state, reason: observing new packages
11-13 20:06:43.627 1740 1844 I PackageWatchdog: Not pruning observers, elapsed time: 0ms
11-13 20:06:43.627 1740 1844 D PackageWatchdog: rescue-party-observer added the following packages to monitor [com.google.android.as, com.google.android.as.oss, com.google.android.apps.tips, com.google.android.odad]
11-13 20:06:43.627 1740 1844 I PackageWatchdog: Syncing state, reason: updated observers
11-13 20:06:43.627 1740 1844 I PackageWatchdog: Not pruning observers, elapsed time: 0ms
11-13 20:06:43.627 1740 1844 I PackageWatchdog: Syncing state, reason: observing new packages
11-13 20:06:43.627 1740 1844 D PackageWatchdog: rescue-party-observer added the following packages to monitor [android]
11-13 20:06:43.627 1740 1844 I PackageWatchdog: Syncing state, reason: updated observers
11-13 20:06:43.627 1740 1844 I PackageWatchdog: Not pruning observers, elapsed time: 0ms
11-13 20:06:43.627 1740 1844 I PackageWatchdog: Syncing state, reason: observing new packages
11-13 20:06:43.627 1740 1844 I PackageWatchdog: Not pruning observers, elapsed time: 0ms
11-13 20:06:43.627 1740 1844 D PackageWatchdog: rescue-party-observer added the following packages to monitor [android]
11-13 20:06:43.627 1740 1844 I PackageWatchdog: Syncing state, reason: updated observers
11-13 20:06:43.627 1740 1844 I PackageWatchdog: Not pruning observers, elapsed time: 0ms
11-13 20:06:43.628 1740 1740 I ExplicitHealthCheckController: Explicit health check service is bound
11-13 20:06:43.628 1740 1740 W Looper : Slow dispatch took 132ms main h=android.os.Handler c=com.android.server.PackageWatchdog$$ExternalSyntheticLambda2@edcc314 m=0
11-13 20:06:43.638 1740 1740 I PackageWatchdog: Syncing health check requests for packages: {com.android.hbmsvmanager, com.google.android.federatedcompute, com.google.android.as, com.google.android.as.oss, com.google.android.apps.tips, com.google.android.odad, com.google.android.ondevicepersonalization.services}
11-13 20:06:43.638 1740 1740 I ExplicitHealthCheckController: Service not ready to get health check supported packages. Binding...
11-13 20:06:43.638 1740 1740 I ExplicitHealthCheckController: Not binding to service, service already connecting
11-13 20:06:43.638 1740 1740 I AutofillManagerService: Ignoring change on augmented_autofill_mode
11-13 20:06:43.638 1740 1740 D AutofillSession: clearPendingIntentLocked
11-13 20:06:43.640 1740 1740 E AutofillSession: Error notifying client to finish session
11-13 20:06:43.640 1740 1740 E AutofillSession: android.os.DeadObjectException
11-13 20:06:43.640 1740 1740 E AutofillSession: at android.os.BinderProxy.transactNative(Native Method)
11-13 20:06:43.640 1740 1740 E AutofillSession: at android.os.BinderProxy.transact(BinderProxy.java:584)
11-13 20:06:43.640 1740 1740 E AutofillSession: at android.view.autofill.IAutoFillManagerClient$Stub$Proxy.setSessionFinished(IAutoFillManagerClient.java:701)
11-13 20:06:43.640 1740 1740 E AutofillSession: at com.android.server.autofill.Session.forceRemoveFromServiceLocked(Session.java:4592)
11-13 20:06:43.640 1740 1740 E AutofillSession: at com.android.server.autofill.Session.forceRemoveFromServiceLocked(Session.java:4568)
11-13 20:06:43.640 1740 1740 E AutofillSession: at com.android.server.autofill.AutofillManagerServiceImpl.forceRemoveAllSessionsLocked(AutofillManagerServiceImpl.java:1133)
11-13 20:06:43.640 1740 1740 E AutofillSession: at com.android.server.autofill.AutofillManagerServiceImpl.updateLocked(AutofillManagerServiceImpl.java:221)
11-13 20:06:43.640 1740 1740 E AutofillSession: at com.android.server.infra.AbstractMasterSystemService.updateCachedServiceListLocked(AbstractMasterSystemService.java:695)
11-13 20:06:43.640 1740 1740 E AutofillSession: at com.android.server.infra.AbstractMasterSystemService.updateCachedServiceLocked(AbstractMasterSystemService.java:652)
11-13 20:06:43.640 1740 1740 E AutofillSession: at com.android.server.autofill.AutofillManagerService.updateCachedServices(AutofillManagerService.java:594)
11-13 20:06:43.640 1740 1740 E AutofillSession: at com.android.server.autofill.AutofillManagerService.onDeviceConfigChange(AutofillManagerService.java:307)
11-13 20:06:43.640 1740 1740 E AutofillSession: at com.android.server.autofill.AutofillManagerService.lambda$new$0(AutofillManagerService.java:204)
11-13 20:06:43.640 1740 1740 E AutofillSession: at com.android.server.autofill.AutofillManagerService.$r8$lambda$9r2KDub4kKNVE7HqMZz7nk_ffgw(Unknown Source:0)
11-13 20:06:43.640 1740 1740 E AutofillSession: at com.android.server.autofill.AutofillManagerService$$ExternalSyntheticLambda0.onPropertiesChanged(Unknown Source:2)
11-13 20:06:43.640 1740 1740 E AutofillSession: at android.provider.DeviceConfig.lambda$handleChange$0(DeviceConfig.java:1204)
11-13 20:06:43.640 1740 1740 E AutofillSession: at android.provider.DeviceConfig$$ExternalSyntheticLambda0.run(Unknown Source:4)
11-13 20:06:43.640 1740 1740 E AutofillSession: at android.os.Handler.handleCallback(Handler.java:942)
11-13 20:06:43.640 1740 1740 E AutofillSession: at android.os.Handler.dispatchMessage(Handler.java:99)
11-13 20:06:43.640 1740 1740 E AutofillSession: at android.os.Looper.loopOnce(Looper.java:201)
11-13 20:06:43.640 1740 1740 E AutofillSession: at android.os.Looper.loop(Looper.java:288)
11-13 20:06:43.640 1740 1740 E AutofillSession: at com.android.server.SystemServer.run(SystemServer.java:962)
11-13 20:06:43.640 1740 1740 E AutofillSession: at com.android.server.SystemServer.main(SystemServer.java:647)
11-13 20:06:43.640 1740 1740 E AutofillSession: at java.lang.reflect.Method.invoke(Native Method)
11-13 20:06:43.640 1740 1740 E AutofillSession: at com.android.internal.os.RuntimeInit$MethodAndArgsCaller.run(RuntimeInit.java:548)
11-13 20:06:43.640 1740 1740 E AutofillSession: at com.android.internal.os.ZygoteInit.main(ZygoteInit.java:914)
11-13 20:06:43.645 1740 1740 I AutofillManagerService: Ignoring change on autofill_dialog_hints
11-13 20:06:43.645 1740 1740 I AutofillManagerService: Ignoring change on autofill_save_dialog_landscape_body_height_max_percent
11-13 20:06:43.645 1740 1740 I AutofillManagerService: Ignoring change on autofill_save_dialog_portrait_body_height_max_percent
11-13 20:06:43.645 1740 1740 I AutofillManagerService: Ignoring change on autofill_dialog_enabled
11-13 20:06:43.647 1740 1740 I ExplicitHealthCheckController: Explicit health check service is connected ComponentInfo{com.google.android.ext.services/android.ext.services.watchdog.ExplicitHealthCheckServiceImpl}
11-13 20:06:43.647 1740 1740 I ExplicitHealthCheckController: Service initialized, syncing requests
11-13 20:06:43.651 1740 1740 I PackageWatchdog: Syncing health check requests for packages: {com.android.hbmsvmanager, com.google.android.federatedcompute, com.google.android.as, com.google.android.as.oss, com.google.android.apps.tips, com.google.android.odad, com.google.android.ondevicepersonalization.services}
11-13 20:06:43.651 1740 1740 D ExplicitHealthCheckController: Getting health check supported packages
11-13 20:06:43.654 1740 3979 I ExplicitHealthCheckController: Explicit health check supported packages [PackageConfig{com.google.android.networkstack, 86400000}]
11-13 20:06:43.654 1740 3979 D PackageWatchdog: Received supported packages [PackageConfig{com.google.android.networkstack, 86400000}]
11-13 20:06:43.654 1740 3979 I PackageWatchdog: Updated health check state for package com.android.hbmsvmanager: INACTIVE -> PASSED
11-13 20:06:43.654 1740 3979 I PackageWatchdog: Updated health check state for package com.google.android.federatedcompute: INACTIVE -> PASSED
11-13 20:06:43.654 1740 3979 I PackageWatchdog: Updated health check state for package com.google.android.as: INACTIVE -> PASSED
11-13 20:06:43.654 1740 3979 I PackageWatchdog: Updated health check state for package com.google.android.as.oss: INACTIVE -> PASSED
11-13 20:06:43.654 1740 3979 I PackageWatchdog: Updated health check state for package com.google.android.apps.tips: INACTIVE -> PASSED
11-13 20:06:43.654 1740 3979 I PackageWatchdog: Updated health check state for package com.google.android.odad: INACTIVE -> PASSED
11-13 20:06:43.654 1740 3979 I PackageWatchdog: Updated health check state for package com.google.android.ondevicepersonalization.services: INACTIVE -> PASSED
11-13 20:06:43.654 1740 3979 I PackageWatchdog: Syncing state, reason: updated health check supported packages [PackageConfig{com.google.android.networkstack, 86400000}]
11-13 20:06:43.655 1740 3979 D ExplicitHealthCheckController: Getting health check requested packages
11-13 20:06:43.655 1740 1740 I PackageWatchdog: Syncing health check requests for packages: {}
11-13 20:06:43.655 1740 1740 D ExplicitHealthCheckController: Getting health check supported packages
11-13 20:06:43.656 1740 3979 I ExplicitHealthCheckController: Explicit health check requested packages []
11-13 20:06:43.656 1740 3979 I ExplicitHealthCheckController: No more health check requests, unbinding...
11-13 20:06:43.658 1740 3979 I ExplicitHealthCheckController: Explicit health check service is unbound
11-13 20:06:43.663 1740 1844 I PackageWatchdog: Saving observer state to file
11-13 20:06:43.664 1740 3297 I ExplicitHealthCheckController: Explicit health check supported packages [PackageConfig{com.google.android.networkstack, 86400000}]
11-13 20:06:43.669 1740 3297 D PackageWatchdog: Received supported packages [PackageConfig{com.google.android.networkstack, 86400000}]
11-13 20:06:43.669 1740 3297 I ExplicitHealthCheckController: Service not ready to get health check requested packages. Binding...
11-13 20:06:43.672 1740 3297 I ExplicitHealthCheckController: Explicit health check service is bound
11-13 20:06:43.678 1740 3297 I RescueParty: Starting to observe: [com.google.android.providers.media.module, com.google.android.photopicker], updated namespace: mediaprovider
11-13 20:06:43.678 1740 1844 I PackageWatchdog: Syncing state, reason: observing new packages
11-13 20:06:43.679 1740 1844 D PackageWatchdog: rescue-party-observer added the following packages to monitor [com.google.android.providers.media.module, com.google.android.photopicker]
11-13 20:06:43.679 1740 1844 I PackageWatchdog: Syncing state, reason: updated observers
11-13 20:06:43.679 1740 1844 I PackageWatchdog: Not pruning observers, elapsed time: 0ms
11-13 20:06:43.679 1740 1844 I PackageWatchdog: Saving observer state to file
11-13 20:06:43.680 1740 1740 I PackageWatchdog: Syncing health check requests for packages: {com.google.android.photopicker}
11-13 20:06:43.680 1740 1740 I ExplicitHealthCheckController: Service not ready to get health check supported packages. Binding...
11-13 20:06:43.680 1740 1740 I ExplicitHealthCheckController: Not binding to service, service already connecting
11-13 20:06:43.683 1740 1740 I ExplicitHealthCheckController: Explicit health check service is connected ComponentInfo{com.google.android.ext.services/android.ext.services.watchdog.ExplicitHealthCheckServiceImpl}
11-13 20:06:43.683 1740 1740 I ExplicitHealthCheckController: Service initialized, syncing requests
11-13 20:06:43.683 1740 1740 I PackageWatchdog: Syncing health check requests for packages: {com.google.android.photopicker}
11-13 20:06:43.683 1740 1740 D ExplicitHealthCheckController: Getting health check supported packages
11-13 20:06:43.685 1740 3979 I ExplicitHealthCheckController: Explicit health check supported packages [PackageConfig{com.google.android.networkstack, 86400000}]
11-13 20:06:43.685 1740 3979 D PackageWatchdog: Received supported packages [PackageConfig{com.google.android.networkstack, 86400000}]
11-13 20:06:43.685 1740 3979 I PackageWatchdog: Updated health check state for package com.google.android.photopicker: INACTIVE -> PASSED
11-13 20:06:43.685 1740 3979 I PackageWatchdog: Syncing state, reason: updated health check supported packages [PackageConfig{com.google.android.networkstack, 86400000}]
11-13 20:06:43.685 1740 3979 D ExplicitHealthCheckController: Getting health check requested packages
11-13 20:06:43.685 1740 1740 I PackageWatchdog: Syncing health check requests for packages: {}
11-13 20:06:43.685 1740 1740 D ExplicitHealthCheckController: Getting health check supported packages
11-13 20:06:43.686 1740 1844 I PackageWatchdog: Saving observer state to file
11-13 20:06:43.688 1740 3979 I ExplicitHealthCheckController: Explicit health check requested packages []
11-13 20:06:43.688 1740 3979 I ExplicitHealthCheckController: No more health check requests, unbinding...
11-13 20:06:43.690 1740 3474 I ExplicitHealthCheckController: Explicit health check supported packages [PackageConfig{com.google.android.networkstack, 86400000}]
11-13 20:06:43.690 1740 3474 D PackageWatchdog: Received supported packages [PackageConfig{com.google.android.networkstack, 86400000}]
11-13 20:06:43.690 1740 3979 I ExplicitHealthCheckController: Explicit health check service is unbound
11-13 20:06:43.690 1740 3474 I ExplicitHealthCheckController: Service not ready to get health check requested packages. Binding...
11-13 20:06:43.692 1740 3474 I ExplicitHealthCheckController: Explicit health check service is bound
11-13 20:06:43.693 1740 1740 I ExplicitHealthCheckController: Explicit health check service is connected ComponentInfo{com.google.android.ext.services/android.ext.services.watchdog.ExplicitHealthCheckServiceImpl}
11-13 20:06:43.693 1740 1740 I ExplicitHealthCheckController: Service initialized, syncing requests
11-13 20:06:43.693 1740 1740 I PackageWatchdog: Syncing health check requests for packages: {}
11-13 20:06:43.693 1740 1740 D ExplicitHealthCheckController: Getting health check supported packages
11-13 20:06:43.694 1740 3979 I ExplicitHealthCheckController: Explicit health check supported packages [PackageConfig{com.google.android.networkstack, 86400000}]
11-13 20:06:43.695 1740 3979 D PackageWatchdog: Received supported packages [PackageConfig{com.google.android.networkstack, 86400000}]
11-13 20:06:43.695 1740 3979 D ExplicitHealthCheckController: Getting health check requested packages
11-13 20:06:43.695 1740 3474 I ExplicitHealthCheckController: Explicit health check requested packages []
11-13 20:06:43.695 1740 3474 I ExplicitHealthCheckController: No more health check requests, unbinding...
11-13 20:06:43.697 1740 3474 I ExplicitHealthCheckController: Explicit health check service is unbound
11-13 20:06:43.711 1740 3979 I RescueParty: Starting to observe: [android, com.android.phone], updated namespace: telephony
11-13 20:06:43.712 1740 1844 I PackageWatchdog: Syncing state, reason: observing new packages
11-13 20:06:43.712 1740 1844 D PackageWatchdog: rescue-party-observer added the following packages to monitor [android, com.android.phone]
11-13 20:06:43.712 1740 1844 I PackageWatchdog: Syncing state, reason: updated observers
11-13 20:06:43.712 1740 1844 I PackageWatchdog: Not pruning observers, elapsed time: 0ms
11-13 20:06:43.712 1740 1844 I PackageWatchdog: Saving observer state to file
11-13 20:06:43.715 1740 1740 I PackageWatchdog: Syncing health check requests for packages: {com.android.phone}
11-13 20:06:43.715 1740 1740 I ExplicitHealthCheckController: Service not ready to get health check supported packages. Binding...
11-13 20:06:43.717 1740 1740 I ExplicitHealthCheckController: Explicit health check service is bound
11-13 20:06:43.717 1740 1740 I ExplicitHealthCheckController: Explicit health check service is connected ComponentInfo{com.google.android.ext.services/android.ext.services.watchdog.ExplicitHealthCheckServiceImpl}
11-13 20:06:43.718 1740 1740 I ExplicitHealthCheckController: Service initialized, syncing requests
11-13 20:06:43.718 1740 1740 I PackageWatchdog: Syncing health check requests for packages: {com.android.phone}
11-13 20:06:43.718 1740 1740 D ExplicitHealthCheckController: Getting health check supported packages
11-13 20:06:43.719 1740 3474 I ExplicitHealthCheckController: Explicit health check supported packages [PackageConfig{com.google.android.networkstack, 86400000}]
11-13 20:06:43.719 1740 3474 D PackageWatchdog: Received supported packages [PackageConfig{com.google.android.networkstack, 86400000}]
11-13 20:06:43.719 1740 3474 I PackageWatchdog: Updated health check state for package com.android.phone: INACTIVE -> PASSED
11-13 20:06:43.719 1740 3474 I PackageWatchdog: Syncing state, reason: updated health check supported packages [PackageConfig{com.google.android.networkstack, 86400000}]
11-13 20:06:43.719 1740 3474 D ExplicitHealthCheckController: Getting health check requested packages
11-13 20:06:43.719 1740 1740 I PackageWatchdog: Syncing health check requests for packages: {}
11-13 20:06:43.719 1740 1844 I PackageWatchdog: Saving observer state to file
11-13 20:06:43.719 1740 1740 D ExplicitHealthCheckController: Getting health check supported packages
11-13 20:06:43.720 1740 3292 I ExplicitHealthCheckController: Explicit health check requested packages []
11-13 20:06:43.720 1740 3292 I ExplicitHealthCheckController: No more health check requests, unbinding...
11-13 20:06:43.720 1740 3979 I ExplicitHealthCheckController: Explicit health check supported packages [PackageConfig{com.google.android.networkstack, 86400000}]
11-13 20:06:43.721 1740 3979 D PackageWatchdog: Received supported packages [PackageConfig{com.google.android.networkstack, 86400000}]
11-13 20:06:43.721 1740 3292 I ExplicitHealthCheckController: Explicit health check service is unbound
11-13 20:06:43.721 1740 3979 I ExplicitHealthCheckController: Service not ready to get health check requested packages. Binding...
11-13 20:06:43.722 1740 3979 I ExplicitHealthCheckController: Explicit health check service is bound
11-13 20:06:43.722 1740 1740 I ExplicitHealthCheckController: Explicit health check service is connected ComponentInfo{com.google.android.ext.services/android.ext.services.watchdog.ExplicitHealthCheckServiceImpl}
11-13 20:06:43.723 1740 1740 I ExplicitHealthCheckController: Service initialized, syncing requests
11-13 20:06:43.723 1740 1740 I PackageWatchdog: Syncing health check requests for packages: {}
11-13 20:06:43.723 1740 1740 D ExplicitHealthCheckController: Getting health check supported packages
11-13 20:06:43.723 1740 3979 I ExplicitHealthCheckController: Explicit health check supported packages [PackageConfig{com.google.android.networkstack, 86400000}]
11-13 20:06:43.723 1740 3979 D PackageWatchdog: Received supported packages [PackageConfig{com.google.android.networkstack, 86400000}]
11-13 20:06:43.723 1740 3979 D ExplicitHealthCheckController: Getting health check requested packages
11-13 20:06:43.723 1740 3979 I ExplicitHealthCheckController: Explicit health check requested packages []
11-13 20:06:43.723 1740 3979 I ExplicitHealthCheckController: No more health check requests, unbinding...
11-13 20:06:43.724 1740 3979 I ExplicitHealthCheckController: Explicit health check service is unbound
11-13 20:06:43.726 1740 3979 I RescueParty: Starting to observe: [com.google.android.as.oss], updated namespace: aicore
11-13 20:06:43.726 1740 1844 I PackageWatchdog: Syncing state, reason: observing new packages
11-13 20:06:43.727 1740 1844 D PackageWatchdog: rescue-party-observer added the following packages to monitor [com.google.android.as.oss]
11-13 20:06:43.727 1740 1740 I PackageWatchdog: Syncing health check requests for packages: {}
11-13 20:06:43.727 1740 1844 I PackageWatchdog: Syncing state, reason: updated observers
11-13 20:06:43.727 1740 1740 I ExplicitHealthCheckController: Service not ready to get health check supported packages. Binding...
11-13 20:06:43.727 1740 1844 I PackageWatchdog: Not pruning observers, elapsed time: 0ms
11-13 20:06:43.727 1740 1844 I PackageWatchdog: Saving observer state to file
11-13 20:06:43.728 1740 1740 I ExplicitHealthCheckController: Explicit health check service is bound
11-13 20:06:43.729 1740 1740 I PackageWatchdog: Syncing health check requests for packages: {}
11-13 20:06:43.729 1740 1740 I ExplicitHealthCheckController: Service not ready to get health check supported packages. Binding...
11-13 20:06:43.729 1740 1740 I ExplicitHealthCheckController: Not binding to service, service already connecting
11-13 20:06:43.729 1740 1740 I ExplicitHealthCheckController: Explicit health check service is connected ComponentInfo{com.google.android.ext.services/android.ext.services.watchdog.ExplicitHealthCheckServiceImpl}
11-13 20:06:43.729 1740 1740 I ExplicitHealthCheckController: Service initialized, syncing requests
11-13 20:06:43.729 1740 1740 I PackageWatchdog: Syncing health check requests for packages: {}
11-13 20:06:43.729 1740 1740 D ExplicitHealthCheckController: Getting health check supported packages
11-13 20:06:43.730 1740 3474 D CompatibilityChangeReporter: Compat change id reported: 171306433; UID 10139; state: ENABLED
11-13 20:06:43.730 1740 3474 D CompatibilityChangeReporter: Compat change id reported: 218533173; UID 10139; state: ENABLED
11-13 20:06:43.730 1740 3297 I ExplicitHealthCheckController: Explicit health check supported packages [PackageConfig{com.google.android.networkstack, 86400000}]
11-13 20:06:43.730 1740 3297 D PackageWatchdog: Received supported packages [PackageConfig{com.google.android.networkstack, 86400000}]
11-13 20:06:43.730 1740 3297 D ExplicitHealthCheckController: Getting health check requested packages
11-13 20:06:43.731 1740 3297 I ExplicitHealthCheckController: Explicit health check requested packages []
11-13 20:06:43.731 1740 3297 I ExplicitHealthCheckController: No more health check requests, unbinding...
11-13 20:06:43.732 1740 3297 I ExplicitHealthCheckController: Explicit health check service is unbound
11-13 20:06:43.743 1740 3979 I RescueParty: Starting to observe: [android], updated namespace: app_standby
11-13 20:06:43.743 1740 1844 I PackageWatchdog: Syncing state, reason: observing new packages
11-13 20:06:43.744 1740 1844 D PackageWatchdog: rescue-party-observer added the following packages to monitor [android]
11-13 20:06:43.744 1740 1844 I PackageWatchdog: Syncing state, reason: updated observers
11-13 20:06:43.744 1740 1844 I PackageWatchdog: Not pruning observers, elapsed time: 0ms
11-13 20:06:43.744 1740 1844 I PackageWatchdog: Saving observer state to file
11-13 20:06:43.746 1740 1740 I PackageWatchdog: Syncing health check requests for packages: {}
11-13 20:06:43.746 1740 1740 I ExplicitHealthCheckController: Service not ready to get health check supported packages. Binding...
11-13 20:06:43.748 1740 1740 I ExplicitHealthCheckController: Explicit health check service is bound
11-13 20:06:43.749 1740 3297 I RescueParty: Starting to observe: [com.google.android.flipendo], updated namespace: flipendo
11-13 20:06:43.749 1740 1740 I ExplicitHealthCheckController: Explicit health check service is connected ComponentInfo{com.google.android.ext.services/android.ext.services.watchdog.ExplicitHealthCheckServiceImpl}
11-13 20:06:43.749 1740 1844 I PackageWatchdog: Syncing state, reason: observing new packages
11-13 20:06:43.749 1740 1740 I ExplicitHealthCheckController: Service initialized, syncing requests
11-13 20:06:43.749 1740 1844 D PackageWatchdog: rescue-party-observer added the following packages to monitor [com.google.android.flipendo]
11-13 20:06:43.749 1740 1844 I PackageWatchdog: Syncing state, reason: updated observers
11-13 20:06:43.749 1740 1844 I PackageWatchdog: Not pruning observers, elapsed time: 0ms
11-13 20:06:43.749 1740 1844 I PackageWatchdog: Saving observer state to file
11-13 20:06:43.751 1740 1740 I PackageWatchdog: Syncing health check requests for packages: {com.google.android.flipendo}
11-13 20:06:43.751 1740 1740 D ExplicitHealthCheckController: Getting health check supported packages
11-13 20:06:43.753 1740 3979 I ExplicitHealthCheckController: Explicit health check supported packages [PackageConfig{com.google.android.networkstack, 86400000}]
11-13 20:06:43.753 1740 3979 D PackageWatchdog: Received supported packages [PackageConfig{com.google.android.networkstack, 86400000}]
11-13 20:06:43.753 1740 3979 I PackageWatchdog: Updated health check state for package com.google.android.flipendo: INACTIVE -> PASSED
11-13 20:06:43.753 1740 3979 I PackageWatchdog: Syncing state, reason: updated health check supported packages [PackageConfig{com.google.android.networkstack, 86400000}]
11-13 20:06:43.753 1740 3979 D ExplicitHealthCheckController: Getting health check requested packages
11-13 20:06:43.753 1740 1740 I PackageWatchdog: Syncing health check requests for packages: {}
11-13 20:06:43.753 1740 1844 I PackageWatchdog: Saving observer state to file
11-13 20:06:43.753 1740 1740 D ExplicitHealthCheckController: Getting health check supported packages
11-13 20:06:43.754 1740 3292 I ExplicitHealthCheckController: Explicit health check supported packages [PackageConfig{com.google.android.networkstack, 86400000}]
11-13 20:06:43.754 1740 3474 I ExplicitHealthCheckController: Explicit health check requested packages []
11-13 20:06:43.754 1740 3474 I ExplicitHealthCheckController: No more health check requests, unbinding...
11-13 20:06:43.755 1740 3474 I ExplicitHealthCheckController: Explicit health check service is unbound
11-13 20:06:43.757 1740 3471 I RescueParty: Starting to observe: [com.google.android.apps.nexuslauncher, com.android.systemui], updated namespace: launcher
11-13 20:06:43.758 1740 3292 D PackageWatchdog: Received supported packages [PackageConfig{com.google.android.networkstack, 86400000}]
11-13 20:06:43.758 1740 3292 I ExplicitHealthCheckController: Service not ready to get health check requested packages. Binding...
11-13 20:06:43.758 1740 1844 I PackageWatchdog: Syncing state, reason: observing new packages
11-13 20:06:43.758 1740 1946 D CompatibilityChangeReporter: Compat change id reported: 218533173; UID 10166; state: ENABLED
11-13 20:06:43.758 1740 1844 D PackageWatchdog: rescue-party-observer added the following packages to monitor [com.google.android.apps.nexuslauncher, com.android.systemui]
11-13 20:06:43.758 1740 1844 I PackageWatchdog: Syncing state, reason: updated observers
11-13 20:06:43.758 1740 1844 I PackageWatchdog: Not pruning observers, elapsed time: 0ms
11-13 20:06:43.758 1740 1844 I PackageWatchdog: Saving observer state to file
11-13 20:06:43.759 1740 1946 D CompatibilityChangeReporter: Compat change id reported: 171306433; UID 10179; state: ENABLED
11-13 20:06:43.759 1740 1946 D CompatibilityChangeReporter: Compat change id reported: 226439802; UID 10179; state: DISABLED
11-13 20:06:43.760 1740 3292 I ExplicitHealthCheckController: Explicit health check service is bound
11-13 20:06:43.760 1740 1946 D CompatibilityChangeReporter: Compat change id reported: 218533173; UID 10151; state: ENABLED
11-13 20:06:43.760 1740 1740 I PackageWatchdog: Syncing health check requests for packages: {}
11-13 20:06:43.760 1740 1740 I ExplicitHealthCheckController: Service not ready to get health check supported packages. Binding...
11-13 20:06:43.760 1740 1740 I ExplicitHealthCheckController: Not binding to service, service already connecting
11-13 20:06:43.761 1740 1740 I ExplicitHealthCheckController: Explicit health check service is connected ComponentInfo{com.google.android.ext.services/android.ext.services.watchdog.ExplicitHealthCheckServiceImpl}
11-13 20:06:43.761 1740 1740 I ExplicitHealthCheckController: Service initialized, syncing requests
11-13 20:06:43.761 1740 1740 I PackageWatchdog: Syncing health check requests for packages: {}
11-13 20:06:43.761 1740 1740 D ExplicitHealthCheckController: Getting health check supported packages
11-13 20:06:43.762 1740 3292 I ExplicitHealthCheckController: Explicit health check supported packages [PackageConfig{com.google.android.networkstack, 86400000}]
11-13 20:06:43.762 1740 3292 D PackageWatchdog: Received supported packages [PackageConfig{com.google.android.networkstack, 86400000}]
11-13 20:06:43.762 1740 3292 D ExplicitHealthCheckController: Getting health check requested packages
11-13 20:06:43.763 1740 3292 I ExplicitHealthCheckController: Explicit health check requested packages []
11-13 20:06:43.763 1740 3292 I ExplicitHealthCheckController: No more health check requests, unbinding...
11-13 20:06:43.763 1740 3292 I ExplicitHealthCheckController: Explicit health check service is unbound
11-13 20:06:43.763 1740 1946 D CompatibilityChangeReporter: Compat change id reported: 218533173; UID 10096; state: ENABLED
11-13 20:06:43.765 1740 1946 D CompatibilityChangeReporter: Compat change id reported: 218533173; UID 10198; state: ENABLED
11-13 20:06:43.766 1740 1946 D CompatibilityChangeReporter: Compat change id reported: 218533173; UID 10169; state: ENABLED
11-13 20:06:43.767 1740 1946 D CompatibilityChangeReporter: Compat change id reported: 218533173; UID 10249; state: ENABLED
11-13 20:06:43.768 1740 3474 I RescueParty: Starting to observe: [android], updated namespace: configuration
