11-14 11:05:24.725 18277 18442 D WM-NetworkStateTracker: Network capabilities changed: [ Transports: WIFI Capabilities: INTERNET&NOT_RESTRICTED&TRUSTED&NOT_VPN&VALIDATED&NOT_ROAMING&FOREGROUND&NOT_CONGESTED&NOT_SUSPENDED&NOT_VCN_MANAGED LinkUpBandwidth>=8640Kbps LinkDnBandwidth>=14887Kbps TransportInfo: , BSSID: 02:00:00:00:00:00, MAC: 02:00:00:00:00:00, IP: /192.168.196.140, Security type: 2, Supplicant state: COMPLETED, Wi-Fi standard: 11n, RSSI: -14, Link speed: 173Mbps, Tx Link speed: 173Mbps, Max Supported Tx Link speed: 144Mbps, Rx Link speed: 192Mbps, Max Supported Rx Link speed: 144Mbps, Frequency: 2462MHz, Net ID: -1, Metered hint: true, score: 60, isUsable: true, CarrierMerged: false, SubscriptionId: -1, IsPrimary: -1, Trusted: true, Restricted: false, Ephemeral: false, OEM paid: false, OEM private: false, OSU AP: false, FQDN: , Provider friendly name: , Requesting package name: MLO Information: , Is TID-To-Link negotiation supported by the AP: false, AP MLD Address: , AP MLO Link Id: , AP MLO Affiliated links: , Vendor Data: > SignalStrength: -14 UnderlyingNetworks: Null]
11-14 11:05:24.739 1740 2058 D ConnectivityService: NetReassign [no changes] [c 0] [a 0] [i 2]
11-14 11:05:24.775 4285 4304 I .sharelinkpro1k: Explicit concurrent mark compact GC freed 21MB AllocSpace bytes, 13(260KB) LOS objects, 75% free, 8726KB/34MB, paused 317us,1.340ms total 33.404ms
11-14 11:05:24.973 4793 4818 I EuiccGoogle: [779] EuiccGoogleApplication.getMetricTransmitter$ar$class_merging$ar$class_merging: Primes clearcut transmitter is enabled
11-14 11:05:25.019 4793 4802 V ClearcutMetricXmitter: Transmission is done.
11-14 11:05:25.019 4793 4801 V ClearcutMetricXmitter: Transmission is done.
11-14 11:05:25.174 4285 4338 I .sharelinkpro1k: Explicit concurrent mark compact GC freed 19MB AllocSpace bytes, 6(120KB) LOS objects, 75% free, 8762KB/34MB, paused 205us,930us total 21.825ms
11-14 11:05:26.666 4285 4304 I .sharelinkpro1k: Explicit concurrent mark compact GC freed 21MB AllocSpace bytes, 13(260KB) LOS objects, 75% free, 8722KB/34MB, paused 681us,2.355ms total 57.365ms
11-14 11:05:26.737 4285 4304 I .sharelinkpro1k: Explicit concurrent mark compact GC freed 360KB AllocSpace bytes, 2(40KB) LOS objects, 75% free, 8354KB/32MB, paused 374us,1.560ms total 27.158ms
11-14 11:05:26.875 571 4665 I keystore2: keystore2::watchdog: Watchdog thread idle -> terminating. Have a great day.
11-14 11:05:27.157 1740 3292 E AppOps : Bad call made by uid 10139. Package "com.google.android.gms" does not belong to uid 10161.
11-14 11:05:27.159 4589 4752 E GoogleApiManager: Failed to get service from broker.
11-14 11:05:27.159 4589 4752 E GoogleApiManager: java.lang.SecurityException: Unknown calling package name 'com.google.android.gms'.
11-14 11:05:27.159 4589 4752 E GoogleApiManager: at android.os.Parcel.createExceptionOrNull(Parcel.java:3011)
11-14 11:05:27.159 4589 4752 E GoogleApiManager: at android.os.Parcel.createException(Parcel.java:2995)
11-14 11:05:27.159 4589 4752 E GoogleApiManager: at android.os.Parcel.readException(Parcel.java:2978)
11-14 11:05:27.159 4589 4752 E GoogleApiManager: at android.os.Parcel.readException(Parcel.java:2920)
11-14 11:05:27.159 4589 4752 E GoogleApiManager: at anag.a(:com.google.android.gms@244233029@24.42.33 (190400-689790151):36)
11-14 11:05:27.159 4589 4752 E GoogleApiManager: at amyn.z(:com.google.android.gms@244233029@24.42.33 (190400-689790151):143)
11-14 11:05:27.159 4589 4752 E GoogleApiManager: at amfs.run(:com.google.android.gms@244233029@24.42.33 (190400-689790151):54)
11-14 11:05:27.159 4589 4752 E GoogleApiManager: at android.os.Handler.handleCallback(Handler.java:942)
11-14 11:05:27.159 4589 4752 E GoogleApiManager: at android.os.Handler.dispatchMessage(Handler.java:99)
11-14 11:05:27.159 4589 4752 E GoogleApiManager: at bsep.mx(:com.google.android.gms@244233029@24.42.33 (190400-689790151):1)
11-14 11:05:27.159 4589 4752 E GoogleApiManager: at bsep.dispatchMessage(:com.google.android.gms@244233029@24.42.33 (190400-689790151):5)
11-14 11:05:27.159 4589 4752 E GoogleApiManager: at android.os.Looper.loopOnce(Looper.java:201)
11-14 11:05:27.159 4589 4752 E GoogleApiManager: at android.os.Looper.loop(Looper.java:288)
11-14 11:05:27.159 4589 4752 E GoogleApiManager: at android.os.HandlerThread.run(HandlerThread.java:67)
11-14 11:05:27.714 1163 1163 I WifiHAL : Creating message to get link statistics; iface = 47
11-14 11:05:27.759 1163 1163 I WifiHAL : In GetLinkStatsCommand::handleResponse
11-14 11:05:27.785 1740 2058 D ConnectivityService: NetReassign [no changes] [c 0] [a 0] [i 3]
11-14 11:05:28.532 4285 4368 I .sharelinkpro1k: Explicit concurrent mark compact GC freed 16MB AllocSpace bytes, 10(200KB) LOS objects, 75% free, 8618KB/33MB, paused 508us,1.704ms total 40.134ms
11-14 11:05:28.581 4285 4368 I .sharelinkpro1k: Explicit concurrent mark compact GC freed 340KB AllocSpace bytes, 1(20KB) LOS objects, 75% free, 8354KB/32MB, paused 216us,1.009ms total 16.532ms
11-14 11:05:30.317 4285 4368 I .sharelinkpro1k: Explicit concurrent mark compact GC freed 16MB AllocSpace bytes, 10(200KB) LOS objects, 75% free, 8606KB/33MB, paused 699us,2.057ms total 48.892ms
11-14 11:05:30.381 4285 4368 I .sharelinkpro1k: Explicit concurrent mark compact GC freed 328KB AllocSpace bytes, 1(20KB) LOS objects, 75% free, 8354KB/32MB, paused 349us,1.301ms total 23.097ms
11-14 11:05:30.784 1163 1163 I WifiHAL : Creating message to get link statistics; iface = 47
11-14 11:05:30.830 1163 1163 I WifiHAL : In GetLinkStatsCommand::handleResponse
11-14 11:05:30.864 1740 2058 D ConnectivityService: NetReassign [no changes] [c 0] [a 0] [i 7]
11-14 11:05:31.217 14339 4506 I NearbyMediums: Found Fast Ble Advertisements :
11-14 11:05:31.217 14339 4506 I NearbyMediums: BleAdvertisement { version=2, socketVersion=2, isFast=true, serviceIdHash=null, data=[ 0x23 0x56 0x46 0x53 0x5a 0x11 0x32 0x5c 0xec 0x05 0xee 0x3f 0x22 0x6f 0x3d 0xea 0x63 0x99 0xa4 0xee 0x6a 0x9d 0xcf ], deviceToken=[ 0xd9 0x7f ], rxAdvertisement=null } : 9 times.
11-14 11:05:31.217 14339 4506 I NearbyMediums: BleAdvertisement { version=2, socketVersion=2, isFast=true, serviceIdHash=null, data=[ 0x23 0x34 0x58 0x46 0x43 0x11 0x32 0x12 0xce 0xf5 0x92 0x08 0x18 0x78 0x13 0x9e 0x07 0xf2 0xca 0x53 0x25 0x93 0x9a ], deviceToken=[ 0x27 0x94 ], rxAdvertisement=null } : 1 times.
11-14 11:05:31.217 14339 4506 I NearbyMediums: BleAdvertisement { version=2, socketVersion=2, isFast=true, serviceIdHash=null, data=[ 0x23 0x42 0x53 0x36 0x59 0x11 0x34 0xff 0x1e 0x52 0x02 0x1a 0x65 0xc5 0xe8 0x10 0x1d 0xe4 0xd9 0xeb 0x6a 0x2e 0x24 ], deviceToken=[ 0x18 0x70 ], rxAdvertisement=null } : 2 times.
11-14 11:05:31.217 14339 4506 I NearbyMediums: Total 12 fast advertisements from 3 unique advertisers.
11-14 11:05:31.225 14339 4511 I NearbyConnections: Processing lost BlePeripheral BlePeripheral{advertisement=BleAdvertisement { version=2, socketVersion=2, isFast=true, serviceIdHash=null, data=[ 0x23 0x31 0x49 0x47 0x35 0x11 0x16 0xb3 0x77 0x0a 0x00 0x8f 0xf1 0x4c 0xc1 0x25 0xce 0xb3 0xa8 0x70 0xc6 0x60 0x38 ], deviceToken=[ 0x7e 0x1c ], rxAdvertisement=null }, address=null, psm=0, deviceToken=, isSecondProfile=false, rxInstantConnectionAdv=null}.
11-14 11:05:31.225 14339 4511 I NearbyConnections: Lost BleEndpoint for BlePeripheral BlePeripheral{advertisement=BleAdvertisement { version=2, socketVersion=2, isFast=true, serviceIdHash=null, data=[ 0x23 0x31 0x49 0x47 0x35 0x11 0x16 0xb3 0x77 0x0a 0x00 0x8f 0xf1 0x4c 0xc1 0x25 0xce 0xb3 0xa8 0x70 0xc6 0x60 0x38 ], deviceToken=[ 0x7e 0x1c ], rxAdvertisement=null }, address=null, psm=0, deviceToken=, isSecondProfile=false, rxInstantConnectionAdv=null} (with EndpointId 1IG5 and EndpointInfo [ 0x16 0xb3 0x77 0x0a 0x00 0x8f 0xf1 0x4c 0xc1 0x25 0xce 0xb3 0xa8 0x70 0xc6 0x60 0x38 ]).
11-14 11:05:31.225 14339 4511 I NearbyConnections: ClientProxy(229990993) reporting onEndpointLost(1IG5)
11-14 11:05:31.226 14339 4506 I NearbySharing: Endpoint 1IG5 lost over Nearby Connections
11-14 11:05:31.226 14339 4511 I NearbySharing: Ignoring lost endpoint 1IG5 because we don't have an associated ShareTarget
11-14 11:05:32.063 4285 4338 I .sharelinkpro1k: Explicit concurrent mark compact GC freed 16MB AllocSpace bytes, 7(140KB) LOS objects, 75% free, 8670KB/33MB, paused 497us,2.106ms total 50.289ms
11-14 11:05:32.117 4285 4338 I .sharelinkpro1k: Explicit concurrent mark compact GC freed 260KB AllocSpace bytes, 0(0B) LOS objects, 75% free, 8442KB/32MB, paused 251us,1.142ms total 19.911ms
11-14 11:05:32.992 4285 4338 I .sharelinkpro1k: Explicit concurrent mark compact GC freed 20MB AllocSpace bytes, 11(220KB) LOS objects, 75% free, 8726KB/34MB, paused 276us,1.205ms total 28.848ms
11-14 11:05:33.398 4285 4304 I .sharelinkpro1k: Explicit concurrent mark compact GC freed 19MB AllocSpace bytes, 6(120KB) LOS objects, 75% free, 8766KB/34MB, paused 370us,1.245ms total 26.006ms
11-14 11:05:33.858 1163 1163 I WifiHAL : Creating message to get link statistics; iface = 47
11-14 11:05:33.903 1163 1163 I WifiHAL : In GetLinkStatsCommand::handleResponse
11-14 11:05:33.931 1740 2058 D ConnectivityService: NetReassign [no changes] [c 1] [a 0] [i 3]
11-14 11:05:36.484 4285 4285 I .sharelinkpro1k: Explicit concurrent mark compact GC freed 21MB AllocSpace bytes, 57(1924KB) LOS objects, 75% free, 8742KB/34MB, paused 235us,1.122ms total 25.697ms
11-14 11:05:36.930 1163 1163 I WifiHAL : Creating message to get link statistics; iface = 47
11-14 11:05:36.986 1163 1163 I WifiHAL : In GetLinkStatsCommand::handleResponse
11-14 11:05:37.031 1740 2058 D ConnectivityService: NetReassign [no changes] [c 0] [a 1] [i 12]
11-14 11:05:39.780 1972 1983 I native : I0000 00:00:1731611139.780081 1983 tf_lite_classifier.cc:383] Event stream classified as kNone
11-14 11:05:39.939 4285 4285 I .sharelinkpro1k: Explicit concurrent mark compact GC freed 1056KB AllocSpace bytes, 42(3416KB) LOS objects, 75% free, 8598KB/33MB, paused 208us,1.012ms total 18.412ms
11-14 11:05:39.972 4285 4285 I .sharelinkpro1k: Explicit concurrent mark compact GC freed 84KB AllocSpace bytes, 0(0B) LOS objects, 75% free, 8578KB/33MB, paused 189us,914us total 16.419ms
11-14 11:05:40.018 1163 1163 I WifiHAL : Creating message to get link statistics; iface = 47
11-14 11:05:40.085 1163 1163 I WifiHAL : In GetLinkStatsCommand::handleResponse
11-14 11:05:40.137 2729 2795 D IwlanDataService: onCapabilitiesChanged: 134 [ Transports: WIFI Capabilities: INTERNET&NOT_RESTRICTED&TRUSTED&NOT_VPN&VALIDATED&NOT_ROAMING&FOREGROUND&NOT_CONGESTED&NOT_SUSPENDED&NOT_VCN_MANAGED LinkUpBandwidth>=5825Kbps LinkDnBandwidth>=14887Kbps TransportInfo: , BSSID: 02:00:00:00:00:00, MAC: 02:00:00:00:00:00, IP: /192.168.196.140, Security type: 2, Supplicant state: COMPLETED, Wi-Fi standard: 11n, RSSI: -16, Link speed: 173Mbps, Tx Link speed: 173Mbps, Max Supported Tx Link speed: 144Mbps, Rx Link speed: 192Mbps, Max Supported Rx Link speed: 144Mbps, Frequency: 2462MHz, Net ID: -1, Metered hint: true, score: 60, isUsable: true, CarrierMerged: false, SubscriptionId: -1, IsPrimary: 1, Trusted: true, Restricted: false, Ephemeral: false, OEM paid: false, OEM private: false, OSU AP: false, FQDN: , Provider friendly name: , Requesting package name: MLO Information: , Is TID-To-Link negotiation supported by the AP: false, AP MLD Address: , AP MLO Link Id: , AP MLO Affiliated links: , Vendor Data: > SignalStrength: -16 AdminUids: [1000] SSID: "Pixel_5100" UnderlyingNetworks: Null]
11-14 11:05:40.137 18277 18442 D WM-NetworkStateTracker: Network capabilities changed: [ Transports: WIFI Capabilities: INTERNET&NOT_RESTRICTED&TRUSTED&NOT_VPN&VALIDATED&NOT_ROAMING&FOREGROUND&NOT_CONGESTED&NOT_SUSPENDED&NOT_VCN_MANAGED LinkUpBandwidth>=5825Kbps LinkDnBandwidth>=14887Kbps TransportInfo: , BSSID: 02:00:00:00:00:00, MAC: 02:00:00:00:00:00, IP: /192.168.196.140, Security type: 2, Supplicant state: COMPLETED, Wi-Fi standard: 11n, RSSI: -16, Link speed: 173Mbps, Tx Link speed: 173Mbps, Max Supported Tx Link speed: 144Mbps, Rx Link speed: 192Mbps, Max Supported Rx Link speed: 144Mbps, Frequency: 2462MHz, Net ID: -1, Metered hint: true, score: 60, isUsable: true, CarrierMerged: false, SubscriptionId: -1, IsPrimary: -1, Trusted: true, Restricted: false, Ephemeral: false, OEM paid: false, OEM private: false, OSU AP: false, FQDN: , Provider friendly name: , Requesting package name: MLO Information: , Is TID-To-Link negotiation supported by the AP: false, AP MLD Address: , AP MLO Link Id: , AP MLO Affiliated links: , Vendor Data: > SignalStrength: -16 UnderlyingNetworks: Null]
11-14 11:05:40.137 2729 2795 D IwlanDataService: Network 134 connected using transport WIFI
11-14 11:05:40.137 8283 9324 D DeviceStateHelper: Wifi freq: 2462
11-14 11:05:40.138 2729 2816 D IwlanNetworkService: onCapabilitiesChanged: 134
11-14 11:05:40.144 14339 14352 I ChimeraSrvcProxy: NullBinder for android.net.action.RECOMMEND_NETWORKS triggering remote TransactionTooLargeException due to Service without Chimera impl
11-14 11:05:40.144 14339 14352 W .gms.persistent: Large reply transaction of 1056768 bytes, interface descriptor , code 1
11-14 11:05:40.156 1740 2058 D ConnectivityService: NetReassign [no changes] [c 0] [a 0] [i 3]
11-14 11:05:40.618 4285 4323 I .sharelinkpro1k: Explicit concurrent mark compact GC freed 304KB AllocSpace bytes, 16(320KB) LOS objects, 75% free, 8594KB/33MB, paused 395us,1.901ms total 31.054ms
11-14 11:05:40.814 1972 1983 I native : I0000 00:00:1731611140.814885 1983 tf_lite_classifier.cc:383] Event stream classified as kNone
11-14 11:05:40.978 4285 4285 I .sharelinkpro1k: Explicit concurrent mark compact GC freed 356KB AllocSpace bytes, 2(264KB) LOS objects, 75% free, 8686KB/33MB, paused 144us,730us total 12.391ms
11-14 11:05:41.056 4285 4285 I .sharelinkpro1k: Explicit concurrent mark compact GC freed 100KB AllocSpace bytes, 0(0B) LOS objects, 75% free, 8682KB/33MB, paused 141us,695us total 11.843ms
11-14 11:05:41.224 14339 4511 I NearbyMediums: Found Fast Ble Advertisements :
11-14 11:05:41.224 14339 4511 I NearbyMediums: BleAdvertisement { version=2, socketVersion=2, isFast=true, serviceIdHash=null, data=[ 0x23 0x56 0x46 0x53 0x5a 0x11 0x32 0x5c 0xec 0x05 0xee 0x3f 0x22 0x6f 0x3d 0xea 0x63 0x99 0xa4 0xee 0x6a 0x9d 0xcf ], deviceToken=[ 0xd9 0x7f ], rxAdvertisement=null } : 10 times.
11-14 11:05:41.224 14339 4511 I NearbyMediums: BleAdvertisement { version=2, socketVersion=2, isFast=true, serviceIdHash=null, data=[ 0x23 0x42 0x53 0x36 0x59 0x11 0x34 0xff 0x1e 0x52 0x02 0x1a 0x65 0xc5 0xe8 0x10 0x1d 0xe4 0xd9 0xeb 0x6a 0x2e 0x24 ], deviceToken=[ 0x18 0x70 ], rxAdvertisement=null } : 3 times.
11-14 11:05:41.224 14339 4511 I NearbyMediums: Total 13 fast advertisements from 2 unique advertisers.
11-14 11:05:41.225 14339 4506 I NearbyConnections: Processing lost BlePeripheral BlePeripheral{advertisement=BleAdvertisement { version=2, socketVersion=2, isFast=true, serviceIdHash=null, data=[ 0x23 0x34 0x58 0x46 0x43 0x11 0x32 0x12 0xce 0xf5 0x92 0x08 0x18 0x78 0x13 0x9e 0x07 0xf2 0xca 0x53 0x25 0x93 0x9a ], deviceToken=[ 0x27 0x94 ], rxAdvertisement=null }, address=null, psm=0, deviceToken=, isSecondProfile=false, rxInstantConnectionAdv=null}.
11-14 11:05:41.225 14339 4506 I NearbyConnections: Lost BleEndpoint for BlePeripheral BlePeripheral{advertisement=BleAdvertisement { version=2, socketVersion=2, isFast=true, serviceIdHash=null, data=[ 0x23 0x34 0x58 0x46 0x43 0x11 0x32 0x12 0xce 0xf5 0x92 0x08 0x18 0x78 0x13 0x9e 0x07 0xf2 0xca 0x53 0x25 0x93 0x9a ], deviceToken=[ 0x27 0x94 ], rxAdvertisement=null }, address=null, psm=0, deviceToken=, isSecondProfile=false, rxInstantConnectionAdv=null} (with EndpointId 4XFC and EndpointInfo [ 0x32 0x12 0xce 0xf5 0x92 0x08 0x18 0x78 0x13 0x9e 0x07 0xf2 0xca 0x53 0x25 0x93 0x9a ]).
11-14 11:05:41.226 14339 4506 I NearbyConnections: ClientProxy(229990993) reporting onEndpointLost(4XFC)
11-14 11:05:41.226 14339 4418 I NearbySharing: Endpoint 4XFC lost over Nearby Connections
11-14 11:05:41.226 14339 4506 I NearbySharing: Ignoring lost endpoint 4XFC because we don't have an associated ShareTarget
11-14 11:05:41.579 4285 4285 I .sharelinkpro1k: Explicit concurrent mark compact GC freed 360KB AllocSpace bytes, 25(500KB) LOS objects, 75% free, 8866KB/34MB, paused 189us,1.165ms total 17.499ms
11-14 11:05:41.677 4285 4285 I .sharelinkpro1k: Explicit concurrent mark compact GC freed 132KB AllocSpace bytes, 0(0B) LOS objects, 75% free, 8862KB/34MB, paused 140us,679us total 12.208ms
11-14 11:05:41.766 4285 4285 I .sharelinkpro1k: Explicit concurrent mark compact GC freed 192KB AllocSpace bytes, 0(0B) LOS objects, 75% free, 8862KB/34MB, paused 145us,747us total 12.504ms
11-14 11:05:42.188 1972 1983 I native : I0000 00:00:1731611142.188602 1983 tf_lite_classifier.cc:383] Event stream classified as kNone
11-14 11:05:42.762 1740 10527 I ActivityTaskManager: START u0 {cmp=com.extron.sharelinkpro1k/crc64ba438d8f48cf7e75.IntermediateActivity (has extras)} from uid 10542
11-14 11:05:42.762 1740 10527 D CompatibilityChangeReporter: Compat change id reported: 194480991; UID 10542; state: ENABLED
11-14 11:05:42.763 1740 10527 D CompatibilityChangeReporter: Compat change id reported: 174042980; UID 10542; state: DISABLED
11-14 11:05:42.763 1740 10527 D CompatibilityChangeReporter: Compat change id reported: 197654537; UID 10542; state: ENABLED
11-14 11:05:42.763 1740 10527 D CompatibilityChangeReporter: Compat change id reported: 184838306; UID 10542; state: DISABLED
11-14 11:05:42.764 1740 10527 D CompatibilityChangeReporter: Compat change id reported: 185004937; UID 10542; state: DISABLED
11-14 11:05:42.767 1740 10527 D CompatibilityChangeReporter: Compat change id reported: 194833441; UID 10542; state: ENABLED
11-14 11:05:42.770 1740 10527 W ActivityTaskManager: Tried to set launchTime (0) < mLastActivityLaunchTime (1444481558)
11-14 11:05:42.771 1740 10527 D CompatibilityChangeReporter: Compat change id reported: 168419799; UID 10542; state: DISABLED
11-14 11:05:42.773 1740 10527 W AutofillManagerServiceImpl: getFillEventHistory() called by UID 10133, but service UID is 10139
11-14 11:05:42.775 1740 3292 I ActivityTaskManager: START u0 {act=android.intent.action.CHOOSER cmp=android/com.android.internal.app.ChooserActivity (has extras)} from uid 10542
11-14 11:05:42.775 1740 3292 D CompatibilityChangeReporter: Compat change id reported: 194480991; UID 1000; state: ENABLED
11-14 11:05:42.776 1740 3292 D CompatibilityChangeReporter: Compat change id reported: 174042980; UID 1000; state: DISABLED
11-14 11:05:42.789 1740 10527 D CoreBackPreview: Window{d443ac6 u0 com.extron.sharelinkpro1k/crc64ba438d8f48cf7e75.IntermediateActivity}: Setting back callback OnBackInvokedCallbackInfo{mCallback=android.window.IOnBackInvokedCallback$Stub$Proxy@d7f4db4, mPriority=0}
11-14 11:05:42.797 1740 10527 W ActivityTaskManager: Tried to set launchTime (0) < mLastActivityLaunchTime (1444481589)
11-14 11:05:42.803 1740 10527 W AutofillManagerServiceImpl: getFillEventHistory() called by UID 10133, but service UID is 10139
11-14 11:05:42.807 3225 3225 I AiAiEcho: AppPredictionInputConnectorImpl#createPredictionSession
11-14 11:05:42.807 3225 3225 I AiAiEcho: SharesheetManagerImpl#onCreatePredictionSession finished.
11-14 11:05:42.808 3225 3821 I AiAiEcho: (REDACTED) shortcutManager#getShareTargets finished with %s shortcuts.
11-14 11:05:42.810 4530 4530 W ContextImpl: Failed to ensure /data/system/shared_prefs: mkdir failed: EACCES (Permission denied)
11-14 11:05:42.813 4530 4530 I ResolverListAdapter: Add DisplayResolveInfo component: ComponentInfo{com.google.android.documentsui/com.android.documentsui.picker.PickActivity}, intent component: ComponentInfo{com.google.android.documentsui/com.android.documentsui.picker.PickActivity}
11-14 11:05:42.815 1740 10527 I ActivityTaskManager: START u0 {act=android.intent.action.OPEN_DOCUMENT typ=*/* flg=0x3000000 cmp=com.google.android.documentsui/com.android.documentsui.picker.PickActivity (has extras)} from uid 10542
11-14 11:05:42.815 1740 10527 D CompatibilityChangeReporter: Compat change id reported: 194480991; UID 10074; state: ENABLED
11-14 11:05:42.816 1740 10527 D CompatibilityChangeReporter: Compat change id reported: 174042980; UID 10074; state: DISABLED
11-14 11:05:42.816 1740 10527 D CompatibilityChangeReporter: Compat change id reported: 184838306; UID 10074; state: DISABLED
11-14 11:05:42.816 1740 10527 D CompatibilityChangeReporter: Compat change id reported: 185004937; UID 10074; state: DISABLED
11-14 11:05:42.816 1740 10527 D CompatibilityChangeReporter: Compat change id reported: 181136395; UID 10074; state: DISABLED
11-14 11:05:42.816 1740 10527 D CompatibilityChangeReporter: Compat change id reported: 174042936; UID 10074; state: DISABLED
11-14 11:05:42.819 4530 4530 D ChooserActivity: System Time Cost is 15
11-14 11:05:42.823 1740 3474 W ActivityTaskManager: Tried to set launchTime (0) < mLastActivityLaunchTime (1444481654)
11-14 11:05:42.823 1740 3474 D CompatibilityChangeReporter: Compat change id reported: 168419799; UID 10074; state: DISABLED
11-14 11:05:42.824 1740 3292 W AutofillManagerServiceImpl: getFillEventHistory() called by UID 10133, but service UID is 10139
11-14 11:05:42.857 4560 4560 E oid.documentsui: No package ID ff found for ID 0xffffffff.
11-14 11:05:42.861 4560 4560 W SelectionTracker: Setting gestureTooltypes is likely to result in unexpected behavior.
11-14 11:05:42.863 4560 4560 E oid.documentsui: No package ID ff found for ID 0xffffffff.
11-14 11:05:42.869 1740 3292 D CoreBackPreview: Window{fe94b68 u0 com.google.android.documentsui/com.android.documentsui.picker.PickActivity}: Setting back callback OnBackInvokedCallbackInfo{mCallback=android.window.IOnBackInvokedCallback$Stub$Proxy@9b89426, mPriority=0}
11-14 11:05:42.881 4560 4560 E oid.documentsui: No package ID ff found for ID 0xffffffff.
11-14 11:05:42.885 1740 2108 D CompatibilityChangeReporter: Compat change id reported: 168419799; UID 10161; state: DISABLED
11-14 11:05:42.890 4589 4890 W SyncManagerImpl: Initiating sync for AccountId_40a47788 (com.google.android.apps.docs)
11-14 11:05:42.890 4589 4890 W SyncManagerImpl: Initiating sync for AccountId_40a47788 (com.google.android.apps.docs)
11-14 11:05:42.891 1740 3292 I WifiService: acquireWifiLock uid=10161 lockMode=1 packageName=com.google.android.apps.docs
11-14 11:05:42.892 4589 4890 W SyncManagerImpl: Started sync for AccountId_40a47788
11-14 11:05:42.892 4589 4890 W SyncManagerImpl: Started sync for AccountId_40a47788
11-14 11:05:42.895 4589 4650 E Cello : [4650:NonCelloThread] item_query_handler.cc:78:CheckQueryAgainstInternalItemLocalProperty Querying on internal item local property key: pinned
11-14 11:05:42.898 4589 4681 E Cello : [4681:NonCelloThread] item_query_handler.cc:78:CheckQueryAgainstInternalItemLocalProperty Querying on internal item local property key: pinned
11-14 11:05:42.906 4589 4672 E Cello : [4672:NonCelloThread] item_query_handler.cc:78:CheckQueryAgainstInternalItemLocalProperty Querying on internal item local property key: pinned
11-14 11:05:42.908 1740 2108 W JobInfo : Requested flex +57m36s0ms for job 100072 is too small; raising to +6h2m54s200ms
11-14 11:05:42.911 4560 4560 E oid.documentsui: No package ID ff found for ID 0xffffffff.
11-14 11:05:42.911 1740 1834 I ActivityTaskManager: Displayed com.google.android.documentsui/com.android.documentsui.picker.PickActivity: +149ms
11-14 11:05:42.914 1740 2108 W JobInfo : Requested flex +57m36s0ms for job 100348 is too small; raising to +4h53m10s50ms
11-14 11:05:42.916 4560 4560 E oid.documentsui: No package ID ff found for ID 0xffffffff.
11-14 11:05:42.919 1740 2108 W JobInfo : Requested flex +57m36s0ms for job 100242 is too small; raising to +5h12m28s500ms
11-14 11:05:42.958 4560 4560 D DefaultSelectionTracker: Ignoring onDataSetChange. No active selection.
11-14 11:05:42.979 4589 4806 D TrafficStats: tagSocket(5) with statsTag=0xffffffff, statsUid=-1
11-14 11:05:43.021 2865 2865 I GoogleInputMethodService: GoogleInputMethodService.onFinishInput():3086
11-14 11:05:43.022 2865 2865 I GoogleInputMethodService: GoogleInputMethodService.updateDeviceLockedStatus():2155 repeatCheckTimes = 0, locked = false
11-14 11:05:43.022 2865 2865 I GoogleInputMethodService: GoogleInputMethodService.onStartInput():1899 onStartInput(EditorInfo{EditorInfo{packageName=com.google.android.documentsui, inputType=0, inputTypeString=NULL, enableLearning=false, autoCorrection=false, autoComplete=false, imeOptions=0, privateImeOptions=null, actionName=UNSPECIFIED, actionLabel=null, initialSelStart=-1, initialSelEnd=-1, initialCapsMode=0, label=null, fieldId=-1, fieldName=null, extras=null, hintText=null, hintLocales=[]}}, false)
11-14 11:05:43.023 2865 2865 I GoogleInputMethodService: GoogleInputMethodService.updateDeviceLockedStatus():2155 repeatCheckTimes = 1, locked = false
11-14 11:05:43.023 2865 2865 I AndroidIME: InputBundleManager.loadActiveInputBundleId():450 loadActiveInputBundleId: und-Latn-x-password, password
11-14 11:05:43.035 4285 4338 I .sharelinkpro1k: Explicit concurrent mark compact GC freed 1061KB AllocSpace bytes, 64(7440KB) LOS objects, 75% free, 9281KB/36MB, paused 406us,1.651ms total 28.534ms
11-14 11:05:43.120 1163 1163 I WifiHAL : Creating message to get link statistics; iface = 47
11-14 11:05:43.138 4285 4352 I .sharelinkpro1k: Explicit concurrent mark compact GC freed 224KB AllocSpace bytes, 0(0B) LOS objects, 75% free, 9257KB/36MB, paused 351us,1.243ms total 25.461ms
11-14 11:05:43.165 1163 1163 I WifiHAL : In GetLinkStatsCommand::handleResponse
11-14 11:05:43.192 1740 2058 D ConnectivityService: NetReassign [no changes] [c 0] [a 0] [i 2]
11-14 11:05:43.293 1740 1740 W AccessibilityManagerService: wait for adding window timeout: 425
11-14 11:05:43.435 1740 3292 W PresentationStatsEventLogger: Shouldn't be logging AutofillPresentationEventReported again for same event
11-14 11:05:43.692 4589 4890 W SyncManagerImpl: Sync for AccountId_40a47788 took 780 ms
11-14 11:05:43.692 4589 4890 W SyncManagerImpl: Sync for AccountId_40a47788 took 781 ms
11-14 11:05:43.703 1740 3292 I WifiService: releaseWifiLock uid=10161
11-14 11:05:43.707 4589 4890 W SyncManagerImpl: Sync completed for AccountId_40a47788 (com.google.android.apps.docs)
11-14 11:05:43.707 4560 4699 W DocumentsContract: Failed to load thumbnail for content://com.google.android.apps.docs.storage/document/acc%3D12%3Bdoc%3Dencoded%3DAXVpAvfFKxyaMJ0DeafmQgcoQLM81oPHCZlcEw_J3R_wVvyjPhmxbWbwJJ64p-Oe-FI%3D: java.io.IOException: java.lang.NullPointerException: Attempt to invoke virtual method 'android.os.Bundle android.content.res.AssetFileDescriptor.getExtras()' on a null object reference
11-14 11:05:43.707 4589 4890 W SyncManagerImpl: Sync completed for AccountId_40a47788 (com.google.android.apps.docs)
11-14 11:05:43.845 4560 4560 D DefaultSelectionTracker: Ignoring onDataSetChange. No active selection.
11-14 11:05:43.887 4589 4751 D TrafficStats: tagSocket(5) with statsTag=0xffffffff, statsUid=-1
11-14 11:05:44.391 1972 1983 I native : I0000 00:00:1731611144.391445 1983 tf_lite_classifier.cc:383] Event stream classified as kNone
11-14 11:05:44.402 4560 4699 W DocumentsContract: Failed to load thumbnail for content://com.google.android.apps.docs.storage/document/acc%3D12%3Bdoc%3Dencoded%3DAXVpAvfFKxyaMJ0DeafmQgcoQLM81oPHCZlcEw_J3R_wVvyjPhmxbWbwJJ64p-Oe-FI%3D: java.io.IOException: java.lang.NullPointerException: Attempt to invoke virtual method 'android.os.Bundle android.content.res.AssetFileDescriptor.getExtras()' on a null object reference
11-14 11:05:44.432 1740 3474 W AutofillManagerServiceImpl: getFillEventHistory() called by UID 10133, but service UID is 10139
11-14 11:05:44.769 1740 3292 W AutofillManagerServiceImpl: getFillEventHistory() called by UID 10133, but service UID is 10139
11-14 11:05:44.842 1740 10527 D CoreBackPreview: Window{d443ac6 u0 com.extron.sharelinkpro1k/crc64ba438d8f48cf7e75.IntermediateActivity}: Setting back callback null
11-14 11:05:44.844 1740 3976 W InputManager-JNI: Input channel object 'd443ac6 com.extron.sharelinkpro1k/crc64ba438d8f48cf7e75.IntermediateActivity (client)' was disposed without first being removed with the input manager!
11-14 11:05:44.896 2865 2865 I GoogleInputMethodService: GoogleInputMethodService.onFinishInput():3086
11-14 11:05:44.898 2865 2865 I GoogleInputMethodService: GoogleInputMethodService.updateDeviceLockedStatus():2155 repeatCheckTimes = 0, locked = false
11-14 11:05:44.898 2865 2865 I GoogleInputMethodService: GoogleInputMethodService.onStartInput():1899 onStartInput(EditorInfo{EditorInfo{packageName=com.extron.sharelinkpro1k, inputType=0, inputTypeString=NULL, enableLearning=false, autoCorrection=false, autoComplete=false, imeOptions=0, privateImeOptions=null, actionName=UNSPECIFIED, actionLabel=null, initialSelStart=-1, initialSelEnd=-1, initialCapsMode=0, label=null, fieldId=-1, fieldName=null, extras=null, hintText=null, hintLocales=[]}}, false)
11-14 11:05:44.899 2865 2865 I GoogleInputMethodService: GoogleInputMethodService.updateDeviceLockedStatus():2155 repeatCheckTimes = 1, locked = false
11-14 11:05:44.899 2865 2865 I AndroidIME: InputBundleManager.loadActiveInputBundleId():450 loadActiveInputBundleId: und-Latn-x-password, password
11-14 11:05:45.259 1740 1740 W AccessibilityManagerService: wait for adding window timeout: 425
11-14 11:05:45.308 4285 4285 W MaterialButton: MaterialButton manages its own background to control elevation, shape, color and states. Consider using backgroundTint, shapeAppearance and other attributes where available. A custom background will ignore these attributes and you should consider handling interaction states such as pressed, focused and disabled
11-14 11:05:45.312 4285 4285 W MaterialButton: MaterialButton manages its own background to control elevation, shape, color and states. Consider using backgroundTint, shapeAppearance and other attributes where available. A custom background will ignore these attributes and you should consider handling interaction states such as pressed, focused and disabled
11-14 11:05:45.351 1740 3292 D CoreBackPreview: Window{fe94b68 u0 com.google.android.documentsui/com.android.documentsui.picker.PickActivity}: Setting back callback null
11-14 11:05:45.355 1740 3292 W InputManager-JNI: Input channel object 'fe94b68 com.google.android.documentsui/com.android.documentsui.picker.PickActivity (client)' was disposed without first being removed with the input manager!
11-14 11:05:45.444 14339 4511 I NearbyConnections: Found BleAdvertisement [ 0x23 0x58 0x58 0x53 0x44 0x11 0x32 0x92 0xec 0xdb 0xa7 0x45 0x2c 0x10 0x52 0xa5 0xa3 0x8c 0x38 0xb4 0x73 0xc3 0x84 ] (with EndpointId XXSD and EndpointInfo [ 0x32 0x92 0xec 0xdb 0xa7 0x45 0x2c 0x10 0x52 0xa5 0xa3 0x8c 0x38 0xb4 0x73 0xc3 0x84 ])
11-14 11:05:45.447 14339 4511 I NearbyConnections: ClientProxy(229990993) reporting onEndpointFound(XXSD)
11-14 11:05:45.447 14339 4511 I NearbyConnections: ClientProxy(229990993) reporting onEndpointDistanceChanged(XXSD, UNKNOWN)
11-14 11:05:45.447 14339 4511 I NearbyConnections: No Bluetooth Classic MAC address found in [ 0x23 0x58 0x58 0x53 0x44 0x11 0x32 0x92 0xec 0xdb 0xa7 0x45 0x2c 0x10 0x52 0xa5 0xa3 0x8c 0x38 0xb4 0x73 0xc3 0x84 ]
11-14 11:05:45.447 14339 4506 I NearbySharing: Endpoint XXSD discovered over Nearby Connections
11-14 11:05:45.449 14339 4511 I NearbySharing: Failed to convert given advertisement (XXSD)[ 0x32 0x92 0xec 0xdb 0xa7 0x45 0x2c 0x10 0x52 0xa5 0xa3 0x8c 0x38 0xb4 0x73 0xc3 0x84 ] to share target from discovered advertisement. Ignoring.
11-14 11:05:45.449 14339 4511 I NearbySharing: Report endpoint XXSD as lost, since we cannot recognize this endpoint anymore
11-14 11:05:45.449 14339 4511 I NearbySharing: Ignoring lost endpoint XXSD because we don't have an associated ShareTarget
11-14 11:05:46.194 1163 1163 I WifiHAL : Creating message to get link statistics; iface = 47
11-14 11:05:46.307 1163 1163 I WifiHAL : In GetLinkStatsCommand::handleResponse
11-14 11:05:46.325 1972 1983 I native : I0000 00:00:1731611146.325768 1983 tf_lite_classifier.cc:383] Event stream classified as kNone
11-14 11:05:46.338 2729 2816 D IwlanNetworkService: onCapabilitiesChanged: 134
11-14 11:05:46.338 2729 2795 D IwlanDataService: onCapabilitiesChanged: 134 [ Transports: WIFI Capabilities: INTERNET&NOT_RESTRICTED&TRUSTED&NOT_VPN&VALIDATED&NOT_ROAMING&FOREGROUND&NOT_CONGESTED&NOT_SUSPENDED&NOT_VCN_MANAGED LinkUpBandwidth>=4767Kbps LinkDnBandwidth>=14887Kbps TransportInfo: , BSSID: 02:00:00:00:00:00, MAC: 02:00:00:00:00:00, IP: /192.168.196.140, Security type: 2, Supplicant state: COMPLETED, Wi-Fi standard: 11n, RSSI: -18, Link speed: 156Mbps, Tx Link speed: 156Mbps, Max Supported Tx Link speed: 144Mbps, Rx Link speed: 192Mbps, Max Supported Rx Link speed: 144Mbps, Frequency: 2462MHz, Net ID: -1, Metered hint: true, score: 60, isUsable: true, CarrierMerged: false, SubscriptionId: -1, IsPrimary: 1, Trusted: true, Restricted: false, Ephemeral: false, OEM paid: false, OEM private: false, OSU AP: false, FQDN: , Provider friendly name: , Requesting package name: MLO Information: , Is TID-To-Link negotiation supported by the AP: false, AP MLD Address: , AP MLO Link Id: , AP MLO Affiliated links: , Vendor Data: > SignalStrength: -18 AdminUids: [1000] SSID: "Pixel_5100" UnderlyingNetworks: Null]
11-14 11:05:46.338 2729 2795 D IwlanDataService: Network 134 connected using transport WIFI
11-14 11:05:46.342 8283 9324 D DeviceStateHelper: Wifi freq: 2462
11-14 11:05:46.344 18277 18442 D WM-NetworkStateTracker: Network capabilities changed: [ Transports: WIFI Capabilities: INTERNET&NOT_RESTRICTED&TRUSTED&NOT_VPN&VALIDATED&NOT_ROAMING&FOREGROUND&NOT_CONGESTED&NOT_SUSPENDED&NOT_VCN_MANAGED LinkUpBandwidth>=4767Kbps LinkDnBandwidth>=14887Kbps TransportInfo: , BSSID: 02:00:00:00:00:00, MAC: 02:00:00:00:00:00, IP: /192.168.196.140, Security type: 2, Supplicant state: COMPLETED, Wi-Fi standard: 11n, RSSI: -18, Link speed: 156Mbps, Tx Link speed: 156Mbps, Max Supported Tx Link speed: 144Mbps, Rx Link speed: 192Mbps, Max Supported Rx Link speed: 144Mbps, Frequency: 2462MHz, Net ID: -1, Metered hint: true, score: 60, isUsable: true, CarrierMerged: false, SubscriptionId: -1, IsPrimary: -1, Trusted: true, Restricted: false, Ephemeral: false, OEM paid: false, OEM private: false, OSU AP: false, FQDN: , Provider friendly name: , Requesting package name: MLO Information: , Is TID-To-Link negotiation supported by the AP: false, AP MLD Address: , AP MLO Link Id: , AP MLO Affiliated links: , Vendor Data: > SignalStrength: -18 UnderlyingNetworks: Null]
11-14 11:05:46.347 14339 14352 I ChimeraSrvcProxy: NullBinder for android.net.action.RECOMMEND_NETWORKS triggering remote TransactionTooLargeException due to Service without Chimera impl
11-14 11:05:46.347 14339 14352 W .gms.persistent: Large reply transaction of 1056768 bytes, interface descriptor , code 1
11-14 11:05:46.351 1740 2058 D ConnectivityService: NetReassign [no changes] [c 1] [a 0] [i 2]
11-14 11:05:46.548 4285 4285 W MaterialButton: MaterialButton manages its own background to control elevation, shape, color and states. Consider using backgroundTint, shapeAppearance and other attributes where available. A custom background will ignore these attributes and you should consider handling interaction states such as pressed, focused and disabled
11-14 11:05:47.694 4285 4285 I .sharelinkpro1k: Explicit concurrent mark compact GC freed 20MB AllocSpace bytes, 44(1776KB) LOS objects, 75% free, 9665KB/37MB, paused 199us,1.054ms total 23.639ms
11-14 11:05:47.715 4285 4292 W System : A resource failed to call AbstractCursor.close.
11-14 11:05:47.716 4285 4292 W System : A resource failed to call CursorWrapperInner.close.
11-14 11:05:47.716 4285 4292 W System : A resource failed to call AbstractCursor.close.
11-14 11:05:47.717 4285 4292 W System : A resource failed to call CursorWrapperInner.close.
11-14 11:05:47.785 4285 4285 I .sharelinkpro1k: Explicit concurrent mark compact GC freed 512KB AllocSpace bytes, 3(60KB) LOS objects, 75% free, 9260KB/36MB, paused 192us,931us total 17.066ms
11-14 11:05:47.809 4285 4285 I .sharelinkpro1k: Explicit concurrent mark compact GC freed 64KB AllocSpace bytes, 0(0B) LOS objects, 75% free, 9260KB/36MB, paused 164us,822us total 14.344ms
11-14 11:05:47.897 4285 4285 I .sharelinkpro1k: Explicit concurrent mark compact GC freed 128KB AllocSpace bytes, 0(0B) LOS objects, 75% free, 9260KB/36MB, paused 151us,765us total 13.345ms
11-14 11:05:48.504 4285 4304 I .sharelinkpro1k: Explicit concurrent mark compact GC freed 472KB AllocSpace bytes, 5(212KB) LOS objects, 75% free, 9476KB/37MB, paused 354us,1.385ms total 29.382ms
11-14 11:05:48.852 4285 4285 I .sharelinkpro1k: Explicit concurrent mark compact GC freed 652KB AllocSpace bytes, 81(5652KB) LOS objects, 75% free, 9336KB/36MB, paused 166us,858us total 15.581ms
11-14 11:05:48.961 4285 4285 I .sharelinkpro1k: Explicit concurrent mark compact GC freed 136KB AllocSpace bytes, 0(0B) LOS objects, 75% free, 9328KB/36MB, paused 156us,786us total 13.496ms
11-14 11:05:49.082 4285 4285 I .sharelinkpro1k: Explicit concurrent mark compact GC freed 332KB AllocSpace bytes, 0(0B) LOS objects, 75% free, 9412KB/36MB, paused 154us,798us total 13.812ms
11-14 11:05:49.291 4285 4346 I .sharelinkpro1k: Explicit concurrent mark compact GC freed 380KB AllocSpace bytes, 0(0B) LOS objects, 75% free, 9532KB/37MB, paused 165us,840us total 15.072ms
11-14 11:05:49.336 1163 1163 I WifiHAL : Creating message to get link statistics; iface = 47
11-14 11:05:49.386 1163 1163 I WifiHAL : In GetLinkStatsCommand::handleResponse
11-14 11:05:49.416 1740 2058 D ConnectivityService: NetReassign [no changes] [c 0] [a 1] [i 2]
11-14 11:05:51.230 14339 4506 I NearbyMediums: Found Fast Ble Advertisements :
11-14 11:05:51.230 14339 4506 I NearbyMediums: BleAdvertisement { version=2, socketVersion=2, isFast=true, serviceIdHash=null, data=[ 0x23 0x56 0x46 0x53 0x5a 0x11 0x32 0x5c 0xec 0x05 0xee 0x3f 0x22 0x6f 0x3d 0xea 0x63 0x99 0xa4 0xee 0x6a 0x9d 0xcf ], deviceToken=[ 0xd9 0x7f ], rxAdvertisement=null } : 4 times.
11-14 11:05:51.230 14339 4506 I NearbyMediums: BleAdvertisement { version=2, socketVersion=2, isFast=true, serviceIdHash=null, data=[ 0x23 0x58 0x58 0x53 0x44 0x11 0x32 0x92 0xec 0xdb 0xa7 0x45 0x2c 0x10 0x52 0xa5 0xa3 0x8c 0x38 0xb4 0x73 0xc3 0x84 ], deviceToken=[ 0xa5 0x93 ], rxAdvertisement=null } : 1 times.
11-14 11:05:51.230 14339 4506 I NearbyMediums: BleAdvertisement { version=2, socketVersion=2, isFast=true, serviceIdHash=null, data=[ 0x23 0x42 0x53 0x36 0x59 0x11 0x34 0xff 0x1e 0x52 0x02 0x1a 0x65 0xc5 0xe8 0x10 0x1d 0xe4 0xd9 0xeb 0x6a 0x2e 0x24 ], deviceToken=[ 0x18 0x70 ], rxAdvertisement=null } : 7 times.
11-14 11:05:51.230 14339 4506 I NearbyMediums: Total 12 fast advertisements from 3 unique advertisers.
11-14 11:05:52.411 14339 4716 I NearbyDiscovery: (REDACTED) loadFastPairModule: checkFeaturesAreAvailable:%d
11-14 11:05:52.417 14339 22278 I NearbyDiscovery: (REDACTED) %s
11-14 11:05:52.417 1163 1163 I WifiHAL : Creating message to get link statistics; iface = 47
11-14 11:05:52.417 14339 4716 I NearbyDiscovery: loadFastPairModule: FastPair module is downloaded. [CONTEXT service_id=265 ]
11-14 11:05:52.418 14339 22278 I NearbyDiscovery: (REDACTED) %s
11-14 11:05:52.486 1163 1163 I WifiHAL : In GetLinkStatsCommand::handleResponse
11-14 11:05:52.540 1740 2058 D ConnectivityService: NetReassign [no changes] [c 1] [a 1] [i 6]
11-14 11:05:52.875 1740 3976 D CompatibilityChangeReporter: Compat change id reported: 171306433; UID 1000; state: ENABLED
11-14 11:05:52.875 1740 3976 D CompatibilityChangeReporter: Compat change id reported: 218533173; UID 1000; state: ENABLED
11-14 11:05:53.804 4589 4605 W System : A resource failed to call AbstractCursor.close.
11-14 11:05:53.805 4589 4605 W ReferenceCounter: Reference is not closed, created at:
11-14 11:05:53.805 4589 4605 W ReferenceCounter: java.lang.Exception
11-14 11:05:53.805 4589 4605 W ReferenceCounter: at nju.(PG:3)
11-14 11:05:53.805 4589 4605 W ReferenceCounter: at hcf.G(PG:332)
11-14 11:05:53.805 4589 4605 W ReferenceCounter: at hau.i(PG:165)
11-14 11:05:53.805 4589 4605 W ReferenceCounter: at com.google.android.apps.docs.common.storagebackend.StorageBackendContentProvider.refresh(PG:124)
11-14 11:05:53.805 4589 4605 W ReferenceCounter: at android.content.ContentProvider$Transport.refresh(ContentProvider.java:661)
11-14 11:05:53.805 4589 4605 W ReferenceCounter: at android.content.ContentProviderNative.onTransact(ContentProviderNative.java:404)
11-14 11:05:53.805 4589 4605 W ReferenceCounter: at android.os.Binder.execTransactInternal(Binder.java:1280)
11-14 11:05:53.805 4589 4605 W ReferenceCounter: at android.os.Binder.execTransact(Binder.java:1244)
11-14 11:05:53.805 4589 4605 W ReferenceCounter: Reference is not closed, created at:
11-14 11:05:53.805 4589 4605 W ReferenceCounter: java.lang.Exception
11-14 11:05:53.805 4589 4605 W ReferenceCounter: at nju.(PG:3)
11-14 11:05:53.805 4589 4605 W ReferenceCounter: at hcf.G(PG:332)
11-14 11:05:53.805 4589 4605 W ReferenceCounter: at hau.i(PG:165)
11-14 11:05:53.805 4589 4605 W ReferenceCounter: at com.google.android.apps.docs.common.storagebackend.StorageBackendContentProvider.refresh(PG:124)
11-14 11:05:53.805 4589 4605 W ReferenceCounter: at android.content.ContentProvider$Transport.refresh(ContentProvider.java:661)
11-14 11:05:53.805 4589 4605 W ReferenceCounter: at android.content.ContentProviderNative.onTransact(ContentProviderNative.java:404)
11-14 11:05:53.805 4589 4605 W ReferenceCounter: at android.os.Binder.execTransactInternal(Binder.java:1280)
11-14 11:05:53.805 4589 4605 W ReferenceCounter: at android.os.Binder.execTransact(Binder.java:1244)
11-14 11:05:53.807 4589 4605 W System : A resource failed to call AbstractCursor.close.
11-14 11:05:54.665 1151 1227 D USF : AP/AOC clock synced: AOC: 1448400744184814 ns (5932649448181 tk), AP: 1448423459384375 ns, diff = -22715199561 ns
11-14 11:05:55.533 1163 1163 I WifiHAL : Creating message to get link statistics; iface = 47
11-14 11:05:55.595 1163 1163 I WifiHAL : In GetLinkStatsCommand::handleResponse
11-14 11:05:55.640 1740 2058 D ConnectivityService: NetReassign [no changes] [c 1] [a 0] [i 6]
11-14 11:05:56.888 14339 4511 I NearbyConnections: Found BleAdvertisement [ 0x23 0x34 0x58 0x46 0x43 0x11 0x32 0x12 0xce 0xf5 0x92 0x08 0x18 0x78 0x13 0x9e 0x07 0xf2 0xca 0x53 0x25 0x93 0x9a ] (with EndpointId 4XFC and EndpointInfo [ 0x32 0x12 0xce 0xf5 0x92 0x08 0x18 0x78 0x13 0x9e 0x07 0xf2 0xca 0x53 0x25 0x93 0x9a ])
11-14 11:05:56.892 14339 4511 I NearbyConnections: ClientProxy(229990993) reporting onEndpointFound(4XFC)
11-14 11:05:56.893 14339 4511 I NearbyConnections: ClientProxy(229990993) reporting onEndpointDistanceChanged(4XFC, UNKNOWN)
11-14 11:05:56.893 14339 4511 I NearbyConnections: No Bluetooth Classic MAC address found in [ 0x23 0x34 0x58 0x46 0x43 0x11 0x32 0x12 0xce 0xf5 0x92 0x08 0x18 0x78 0x13 0x9e 0x07 0xf2 0xca 0x53 0x25 0x93 0x9a ]
11-14 11:05:56.893 14339 4506 I NearbySharing: Endpoint 4XFC discovered over Nearby Connections
11-14 11:05:56.897 14339 4511 I NearbySharing: Failed to convert given advertisement (4XFC)[ 0x32 0x12 0xce 0xf5 0x92 0x08 0x18 0x78 0x13 0x9e 0x07 0xf2 0xca 0x53 0x25 0x93 0x9a ] to share target from discovered advertisement. Ignoring.
11-14 11:05:56.897 14339 4511 I NearbySharing: Report endpoint 4XFC as lost, since we cannot recognize this endpoint anymore
11-14 11:05:56.897 14339 4511 I NearbySharing: Ignoring lost endpoint 4XFC because we don't have an associated ShareTarget
11-14 11:05:57.249 4285 4305 I .sharelinkpro1k: Explicit concurrent mark compact GC freed 873KB AllocSpace bytes, 4(80KB) LOS objects, 75% free, 9406KB/36MB, paused 219us,1.222ms total 25.015ms
11-14 11:05:58.332 14339 4506 I NearbyConnections: Found BleAdvertisement [ 0x23 0x57 0x52 0x4c 0x4d 0x11 0x32 0xd7 0x25 0x18 0xad 0x25 0xc2 0x9b 0xec 0xb8 0x99 0x1e 0x19 0xd0 0x09 0x6d 0xcb ] (with EndpointId WRLM and EndpointInfo [ 0x32 0xd7 0x25 0x18 0xad 0x25 0xc2 0x9b 0xec 0xb8 0x99 0x1e 0x19 0xd0 0x09 0x6d 0xcb ])
11-14 11:05:58.334 14339 4506 I NearbyConnections: ClientProxy(229990993) reporting onEndpointFound(WRLM)
11-14 11:05:58.336 14339 4511 I NearbySharing: Endpoint WRLM discovered over Nearby Connections
11-14 11:05:58.341 14339 4418 I NearbySharing: Failed to convert given advertisement (WRLM)[ 0x32 0xd7 0x25 0x18 0xad 0x25 0xc2 0x9b 0xec 0xb8 0x99 0x1e 0x19 0xd0 0x09 0x6d 0xcb ] to share target from discovered advertisement. Ignoring.
11-14 11:05:58.341 14339 4418 I NearbySharing: Report endpoint WRLM as lost, since we cannot recognize this endpoint anymore
11-14 11:05:58.342 14339 4418 I NearbySharing: Ignoring lost endpoint WRLM because we don't have an associated ShareTarget
11-14 11:05:58.342 14339 4506 I NearbyConnections: ClientProxy(229990993) reporting onEndpointDistanceChanged(WRLM, UNKNOWN)
11-14 11:05:58.342 14339 4506 I NearbyConnections: No Bluetooth Classic MAC address found in [ 0x23 0x57 0x52 0x4c 0x4d 0x11 0x32 0xd7 0x25 0x18 0xad 0x25 0xc2 0x9b 0xec 0xb8 0x99 0x1e 0x19 0xd0 0x09 0x6d 0xcb ]
11-14 11:05:58.636 1163 1163 I WifiHAL : Creating message to get link statistics; iface = 47
11-14 11:05:58.756 1163 1163 I WifiHAL : In GetLinkStatsCommand::handleResponse
11-14 11:05:58.807 1740 2058 D ConnectivityService: NetReassign [no changes] [c 1] [a 0] [i 4]
11-14 11:06:00.016 3225 3821 I AiAiEcho: (REDACTED) Predicting[%d]: %s
11-14 11:06:00.018 3225 3821 I AiAiEcho: (REDACTED) EchoTargets: %s
11-14 11:06:00.018 3225 3821 I AiAiEcho: Filtered by AiAi flag check: %s
11-14 11:06:00.019 3225 3821 I AiAiEcho: (REDACTED) Ranked targets strategy: %s, count: %d, ranking metadata: %s
11-14 11:06:00.020 3225 3821 I AiAiEcho: (REDACTED) #weatherTwiddler: Weather removes SubtitleSupplementalItem in surface: %s
11-14 11:06:00.020 3225 3821 I AiAiEcho: #remoteViewsTwiddler: feature disabled.
11-14 11:06:00.021 3225 3821 I AiAiEcho: (REDACTED) Predicting[%d]: %s
11-14 11:06:00.022 3225 3821 I AiAiEcho: (REDACTED) EchoTargets: %s
11-14 11:06:00.022 3225 3821 I AiAiEcho: Filtered by AiAi flag check: %s
11-14 11:06:00.022 3225 3821 I AiAiEcho: (REDACTED) Ranked targets strategy: %s, count: %d, ranking metadata: %s
11-14 11:06:00.023 3225 3821 I AiAiEcho: (REDACTED) #weatherTwiddler: Weather removes SubtitleSupplementalItem in surface: %s
11-14 11:06:00.023 3225 3821 I AiAiEcho: #remoteViewsTwiddler: feature disabled.
11-14 11:06:00.039 3225 3821 I AiAiEcho: (REDACTED) #postPredictionTargets: Sending updates to UISurface %s with targets# %s (types=[%s])
11-14 11:06:00.055 3225 3821 I AiAiEcho: (REDACTED) #postPredictionTargets: Sending updates to UISurface %s with targets# %s (types=[%s])
11-14 11:06:00.059 2563 2563 D SsBaseTemplateCard: No text view can be set up
11-14 11:06:00.060 2563 2563 D SsBaseTemplateCard: Passed-in item info is null
11-14 11:06:00.060 2563 2563 D SsBaseTemplateCard: Passed-in item info is null
11-14 11:06:00.060 2563 2563 I SsBaseTemplateCard: Secondary card pane is null
11-14 11:06:00.074 2182 2182 D SsBaseTemplateCard: No text view can be set up
11-14 11:06:00.075 2182 2182 D SsBaseTemplateCard: Passed-in item info is null
11-14 11:06:00.075 2182 2182 D SsBaseTemplateCard: Passed-in item info is null
11-14 11:06:00.076 2182 2182 I SsBaseTemplateCard: Secondary card pane is null
11-14 11:06:00.245 2369 2655 W BtGatt.ScanManager: Moving filtered scan client to downgraded scan (scannerId 1)
11-14 11:06:00.248 2369 2655 I bt_stack: [INFO:le_scanning_manager.cc(154)] Scan in shim layer stopped
11-14 11:06:00.248 2369 2655 I bt_stack: [INFO:le_scanning_manager.cc(250)] SetScanParameters in shim layer
11-14 11:06:00.248 2369 2655 I bt_stack: [INFO:le_scanning_manager.cc(154)] Scan in shim layer started
11-14 11:06:00.248 2369 2655 W BtGatt.ScanManager: Moving filtered scan client to downgraded scan (scannerId 17)
11-14 11:06:00.250 2369 2676 I bluetooth: packages/modules/Bluetooth/system/gd/hci/le_address_manager.cc:190 unregister_client: Client unregistered
11-14 11:06:00.250 2369 2676 I bluetooth: packages/modules/Bluetooth/system/gd/hci/le_address_manager.cc:194 unregister_client: Cancelled address rotation alarm
11-14 11:06:00.251 2369 2655 I bt_stack: [INFO:le_scanning_manager.cc(154)] Scan in shim layer stopped
11-14 11:06:00.251 2369 2655 I bt_stack: [INFO:le_scanning_manager.cc(250)] SetScanParameters in shim layer
11-14 11:06:00.251 2369 2655 I bt_stack: [INFO:le_scanning_manager.cc(154)] Scan in shim layer started
11-14 11:06:00.262 2369 2676 I bluetooth: packages/modules/Bluetooth/system/gd/hci/le_scanning_manager.cc:659 stop_scan: Scanning already stopped, return!
11-14 11:06:00.262 2369 2676 I bluetooth: packages/modules/Bluetooth/system/gd/hci/le_address_manager.cc:172 register_client: Scheduled address rotation for first client registered
11-14 11:06:00.262 2369 2676 I bluetooth: packages/modules/Bluetooth/system/gd/hci/le_address_manager.cc:175 register_client: Client registered
11-14 11:06:00.263 2369 2676 I bluetooth: packages/modules/Bluetooth/system/gd/hci/le_address_manager.cc:190 unregister_client: Client unregistered
11-14 11:06:00.263 2369 2676 I bluetooth: packages/modules/Bluetooth/system/gd/hci/le_address_manager.cc:194 unregister_client: Cancelled address rotation alarm
11-14 11:06:00.263 2369 2676 I bluetooth: packages/modules/Bluetooth/system/gd/hci/le_scanning_manager.cc:659 stop_scan: Scanning already stopped, return!
11-14 11:06:00.263 2369 2676 I bluetooth: packages/modules/Bluetooth/system/gd/hci/le_address_manager.cc:172 register_client: Scheduled address rotation for first client registered
11-14 11:06:00.263 2369 2676 I bluetooth: packages/modules/Bluetooth/system/gd/hci/le_address_manager.cc:175 register_client: Client registered
11-14 11:06:00.274 2182 2224 D ControlsListingControllerImpl: Subscribing callback, service count: 1
11-14 11:06:00.276 2182 2224 D ControlsListingControllerImpl: Unsubscribing callback
