11-14 11:12:05.288 22823 22943 I CarrierServices: [545] fau.handleMessage:39 RcsEngineImpl[DUAL_REG]:[fd2b24da-52ae]>Handler: handleMessage processing message:[NOTIFY_UPTIME_IGNORE_STATE_CHANGED] with [non-null]:RcsEngineImpl reference
11-14 11:12:05.288 2475 2886 E PhoneInterfaceManager: [PhoneIntfMgr] getCarrierPrivilegeStatusForUid: Invalid subId
11-14 11:12:05.289 22823 22943 I CarrierServices: [545] ezm.b:53 ProvisioningEngineDataRetriever: No RCS Configuration was found in Bugle for simID: redacted-pii:sim_id[chars:0,last3:]
11-14 11:12:05.289 22823 22943 I CarrierServices: [545] fau.handleMessage:39 RcsEngineImpl[DUAL_REG]:[fd2b24da-52ae]>Handler: handleMessage processing message:[NOTIFY_UPTIME_IGNORE_STATE_CHANGED] with [non-null]:RcsEngineImpl reference
11-14 11:12:05.289 2475 2886 E PhoneInterfaceManager: [PhoneIntfMgr] getCarrierPrivilegeStatusForUid: Invalid subId
11-14 11:12:05.291 22823 22943 I CarrierServices: [545] ezm.b:53 ProvisioningEngineDataRetriever: No RCS Configuration was found in Bugle for simID: redacted-pii:sim_id[chars:0,last3:]
11-14 11:12:05.291 22823 22943 I CarrierServices: [545] fau.handleMessage:39 RcsEngineImpl[DUAL_REG]:[fd2b24da-52ae]>Handler: handleMessage processing message:[NOTIFY_UPTIME_IGNORE_STATE_CHANGED] with [non-null]:RcsEngineImpl reference
11-14 11:12:05.291 2475 2886 E PhoneInterfaceManager: [PhoneIntfMgr] getCarrierPrivilegeStatusForUid: Invalid subId
11-14 11:12:05.292 22823 22943 I CarrierServices: [545] ezm.b:53 ProvisioningEngineDataRetriever: No RCS Configuration was found in Bugle for simID: redacted-pii:sim_id[chars:0,last3:]
11-14 11:12:05.292 22823 22943 I CarrierServices: [545] fau.handleMessage:39 RcsEngineImpl[DUAL_REG]:[fd2b24da-52ae]>Handler: handleMessage processing message:[NOTIFY_UPTIME_IGNORE_STATE_CHANGED] with [non-null]:RcsEngineImpl reference
11-14 11:12:05.292 2475 2886 E PhoneInterfaceManager: [PhoneIntfMgr] getCarrierPrivilegeStatusForUid: Invalid subId
11-14 11:12:05.294 22823 22943 I CarrierServices: [545] ezm.b:53 ProvisioningEngineDataRetriever: No RCS Configuration was found in Bugle for simID: redacted-pii:sim_id[chars:0,last3:]
11-14 11:12:05.294 22823 22943 I CarrierServices: [545] fau.handleMessage:39 RcsEngineImpl[DUAL_REG]:[fd2b24da-52ae]>Handler: handleMessage processing message:[NOTIFY_UPTIME_IGNORE_STATE_CHANGED] with [non-null]:RcsEngineImpl reference
11-14 11:12:05.294 2475 2886 E PhoneInterfaceManager: [PhoneIntfMgr] getCarrierPrivilegeStatusForUid: Invalid subId
11-14 11:12:05.296 22823 22943 I CarrierServices: [545] ezm.b:53 ProvisioningEngineDataRetriever: No RCS Configuration was found in Bugle for simID: redacted-pii:sim_id[chars:0,last3:]
11-14 11:12:05.296 22823 22943 I CarrierServices: [545] fau.handleMessage:39 RcsEngineImpl[DUAL_REG]:[fd2b24da-52ae]>Handler: handleMessage processing message:[NOTIFY_UPTIME_IGNORE_STATE_CHANGED] with [non-null]:RcsEngineImpl reference
11-14 11:12:05.296 2475 2886 E PhoneInterfaceManager: [PhoneIntfMgr] getCarrierPrivilegeStatusForUid: Invalid subId
11-14 11:12:05.298 22823 22943 I CarrierServices: [545] ezm.b:53 ProvisioningEngineDataRetriever: No RCS Configuration was found in Bugle for simID: redacted-pii:sim_id[chars:0,last3:]
11-14 11:12:05.298 22823 22943 I CarrierServices: [545] fau.handleMessage:39 RcsEngineImpl[DUAL_REG]:[fd2b24da-52ae]>Handler: handleMessage processing message:[NOTIFY_UPTIME_IGNORE_STATE_CHANGED] with [non-null]:RcsEngineImpl reference
11-14 11:12:05.298 2475 2886 E PhoneInterfaceManager: [PhoneIntfMgr] getCarrierPrivilegeStatusForUid: Invalid subId
11-14 11:12:05.301 22823 22943 I CarrierServices: [545] ezm.b:53 ProvisioningEngineDataRetriever: No RCS Configuration was found in Bugle for simID: redacted-pii:sim_id[chars:0,last3:]
11-14 11:12:05.301 22823 22943 I CarrierServices: [545] fau.handleMessage:39 RcsEngineImpl[DUAL_REG]:[fd2b24da-52ae]>Handler: handleMessage processing message:[NOTIFY_UPTIME_IGNORE_STATE_CHANGED] with [non-null]:RcsEngineImpl reference
11-14 11:12:05.301 2475 2886 E PhoneInterfaceManager: [PhoneIntfMgr] getCarrierPrivilegeStatusForUid: Invalid subId
11-14 11:12:05.305 22823 22943 I CarrierServices: [545] ezm.b:53 ProvisioningEngineDataRetriever: No RCS Configuration was found in Bugle for simID: redacted-pii:sim_id[chars:0,last3:]
11-14 11:12:05.305 22823 22943 I CarrierServices: [545] fau.handleMessage:39 RcsEngineImpl[DUAL_REG]:[fd2b24da-52ae]>Handler: handleMessage processing message:[NOTIFY_UPTIME_IGNORE_STATE_CHANGED] with [non-null]:RcsEngineImpl reference
11-14 11:12:05.305 2475 2886 E PhoneInterfaceManager: [PhoneIntfMgr] getCarrierPrivilegeStatusForUid: Invalid subId
11-14 11:12:05.307 22823 22943 I CarrierServices: [545] ezm.b:53 ProvisioningEngineDataRetriever: No RCS Configuration was found in Bugle for simID: redacted-pii:sim_id[chars:0,last3:]
11-14 11:12:05.415 1740 1837 W ActivityTaskManager: Activity top resumed state loss timeout for ActivityRecord{739874d u0 com.extron.sharelinkpro1k/crc6498f27dbb9b7396c3.MainActivity} t-1 f}}
11-14 11:12:05.661 1740 1740 W AccessibilityManagerService: wait for adding window timeout: 415
11-14 11:12:07.360 1163 1163 I WifiHAL : Creating message to get link statistics; iface = 47
11-14 11:12:07.481 1163 1163 I WifiHAL : In GetLinkStatsCommand::handleResponse
11-14 11:12:07.541 1740 2058 D ConnectivityService: NetReassign [no changes] [c 2] [a 0] [i 12]
11-14 11:12:09.951 2182 2182 D DLObserver: onReceive(); android.intent.action.BATTERY_CHANGED
11-14 11:12:09.951 2182 2182 D DLObserver: plugged=0
11-14 11:12:09.954 2182 2182 D PowerNotificationWarningsGoogleImpl: onReceive: android.intent.action.BATTERY_CHANGED
11-14 11:12:09.954 2182 2182 D BatteryDefenderNotification: isPlugged: false | isOverheated: false | defenderEnabled: false | isCharged: false | isPluggedInDock: false
11-14 11:12:09.960 1740 10527 I ActivityManager: PendingStartActivityUids startActivity to updateOomAdj delay:4546ms, uid:10204
11-14 11:12:09.965 11381 17997 W Turbo.EstimatedTimeRemainingProvider: queryTimeToDischarge: 87295998
11-14 11:12:09.974 2182 2224 D BatteryInfoBroadcast: onReceive: android.intent.action.BATTERY_CHANGED isPowerSaveMode: false remainingTimeMillis: 87295998
11-14 11:12:10.534 1163 1163 I WifiHAL : Creating message to get link statistics; iface = 47
11-14 11:12:10.656 1163 1163 I WifiHAL : In GetLinkStatsCommand::handleResponse
11-14 11:12:10.719 1740 2058 D ConnectivityService: NetReassign [no changes] [c 1] [a 0] [i 11]
11-14 11:12:11.386 14339 4511 I NearbyMediums: Found Fast Ble Advertisements :
11-14 11:12:11.386 14339 4511 I NearbyMediums: BleAdvertisement { version=2, socketVersion=2, isFast=true, serviceIdHash=null, data=[ 0x23 0x56 0x46 0x53 0x5a 0x11 0x32 0x5c 0xec 0x05 0xee 0x3f 0x22 0x6f 0x3d 0xea 0x63 0x99 0xa4 0xee 0x6a 0x9d 0xcf ], deviceToken=[ 0xd9 0x7f ], rxAdvertisement=null } : 6 times.
11-14 11:12:11.386 14339 4511 I NearbyMediums: BleAdvertisement { version=2, socketVersion=2, isFast=true, serviceIdHash=null, data=[ 0x23 0x49 0x57 0x47 0x34 0x11 0x32 0x60 0xa5 0xa7 0xab 0xc8 0x31 0xa3 0x08 0x22 0xd3 0xd6 0xdb 0xe1 0x85 0x4a 0xc9 ], deviceToken=[ 0x70 0xc1 ], rxAdvertisement=null } : 1 times.
11-14 11:12:11.386 14339 4511 I NearbyMediums: BleAdvertisement { version=2, socketVersion=2, isFast=true, serviceIdHash=null, data=[ 0x23 0x42 0x53 0x36 0x59 0x11 0x34 0xff 0x1e 0x52 0x02 0x1a 0x65 0xc5 0xe8 0x10 0x1d 0xe4 0xd9 0xeb 0x6a 0x2e 0x24 ], deviceToken=[ 0x18 0x70 ], rxAdvertisement=null } : 4 times.
11-14 11:12:11.386 14339 4511 I NearbyMediums: Total 11 fast advertisements from 3 unique advertisers.
11-14 11:12:11.389 14339 4506 I NearbyConnections: Processing lost BlePeripheral BlePeripheral{advertisement=BleAdvertisement { version=2, socketVersion=2, isFast=true, serviceIdHash=null, data=[ 0x23 0x31 0x49 0x47 0x35 0x11 0x16 0xb3 0x77 0x0a 0x00 0x8f 0xf1 0x4c 0xc1 0x25 0xce 0xb3 0xa8 0x70 0xc6 0x60 0x38 ], deviceToken=[ 0x7e 0x1c ], rxAdvertisement=null }, address=null, psm=0, deviceToken=, isSecondProfile=false, rxInstantConnectionAdv=null}.
11-14 11:12:11.390 14339 4506 I NearbyConnections: Lost BleEndpoint for BlePeripheral BlePeripheral{advertisement=BleAdvertisement { version=2, socketVersion=2, isFast=true, serviceIdHash=null, data=[ 0x23 0x31 0x49 0x47 0x35 0x11 0x16 0xb3 0x77 0x0a 0x00 0x8f 0xf1 0x4c 0xc1 0x25 0xce 0xb3 0xa8 0x70 0xc6 0x60 0x38 ], deviceToken=[ 0x7e 0x1c ], rxAdvertisement=null }, address=null, psm=0, deviceToken=, isSecondProfile=false, rxInstantConnectionAdv=null} (with EndpointId 1IG5 and EndpointInfo [ 0x16 0xb3 0x77 0x0a 0x00 0x8f 0xf1 0x4c 0xc1 0x25 0xce 0xb3 0xa8 0x70 0xc6 0x60 0x38 ]).
11-14 11:12:11.391 14339 4506 I NearbyConnections: ClientProxy(229990993) reporting onEndpointLost(1IG5)
11-14 11:12:11.391 14339 4506 I NearbyConnections: Processing lost BlePeripheral BlePeripheral{advertisement=BleAdvertisement { version=2, socketVersion=2, isFast=true, serviceIdHash=null, data=[ 0x23 0x34 0x58 0x46 0x43 0x11 0x32 0x12 0xce 0xf5 0x92 0x08 0x18 0x78 0x13 0x9e 0x07 0xf2 0xca 0x53 0x25 0x93 0x9a ], deviceToken=[ 0x27 0x94 ], rxAdvertisement=null }, address=null, psm=0, deviceToken=, isSecondProfile=false, rxInstantConnectionAdv=null}.
11-14 11:12:11.392 14339 4506 I NearbyConnections: Lost BleEndpoint for BlePeripheral BlePeripheral{advertisement=BleAdvertisement { version=2, socketVersion=2, isFast=true, serviceIdHash=null, data=[ 0x23 0x34 0x58 0x46 0x43 0x11 0x32 0x12 0xce 0xf5 0x92 0x08 0x18 0x78 0x13 0x9e 0x07 0xf2 0xca 0x53 0x25 0x93 0x9a ], deviceToken=[ 0x27 0x94 ], rxAdvertisement=null }, address=null, psm=0, deviceToken=, isSecondProfile=false, rxInstantConnectionAdv=null} (with EndpointId 4XFC and EndpointInfo [ 0x32 0x12 0xce 0xf5 0x92 0x08 0x18 0x78 0x13 0x9e 0x07 0xf2 0xca 0x53 0x25 0x93 0x9a ]).
11-14 11:12:11.392 14339 4506 I NearbyConnections: ClientProxy(229990993) reporting onEndpointLost(4XFC)
11-14 11:12:11.393 14339 4418 I NearbySharing: Endpoint 1IG5 lost over Nearby Connections
11-14 11:12:11.393 14339 4506 I NearbySharing: Ignoring lost endpoint 1IG5 because we don't have an associated ShareTarget
11-14 11:12:11.394 14339 4418 I NearbySharing: Endpoint 4XFC lost over Nearby Connections
11-14 11:12:11.394 14339 4506 I NearbySharing: Ignoring lost endpoint 4XFC because we don't have an associated ShareTarget
11-14 11:12:13.711 1163 1163 I WifiHAL : Creating message to get link statistics; iface = 47
11-14 11:12:13.843 1163 1163 I WifiHAL : In GetLinkStatsCommand::handleResponse
11-14 11:12:13.901 1740 2058 D ConnectivityService: NetReassign [no changes] [c 1] [a 1] [i 9]
11-14 11:12:14.151 1170 2019 D RILClient: [OemClient]IND: (clientId = 2, msgId = 2015, dataLength = 148, channel = 0)
11-14 11:12:14.151 1328 1372 D RILClient: [OemClient]IND: (clientId = 0, msgId = 2015, dataLength = 148, channel = 0)
11-14 11:12:16.885 1163 1163 I WifiHAL : Creating message to get link statistics; iface = 47
11-14 11:12:17.007 1163 1163 I WifiHAL : In GetLinkStatsCommand::handleResponse
11-14 11:12:17.066 1740 2058 D ConnectivityService: NetReassign [no changes] [c 2] [a 0] [i 12]
11-14 11:12:20.056 1163 1163 I WifiHAL : Creating message to get link statistics; iface = 47
11-14 11:12:20.172 1163 1163 I WifiHAL : In GetLinkStatsCommand::handleResponse
11-14 11:12:20.216 1163 1163 I WifiHAL : Creating message to get link statistics; iface = 47
11-14 11:12:20.285 1163 1163 I WifiHAL : In GetLinkStatsCommand::handleResponse
11-14 11:12:20.305 1740 2058 D ConnectivityService: NetReassign [no changes] [c 1] [a 0] [i 10]
11-14 11:12:21.398 14339 4506 I NearbyMediums: Found Fast Ble Advertisements :
11-14 11:12:21.398 14339 4506 I NearbyMediums: BleAdvertisement { version=2, socketVersion=2, isFast=true, serviceIdHash=null, data=[ 0x23 0x56 0x46 0x53 0x5a 0x11 0x32 0x5c 0xec 0x05 0xee 0x3f 0x22 0x6f 0x3d 0xea 0x63 0x99 0xa4 0xee 0x6a 0x9d 0xcf ], deviceToken=[ 0xd9 0x7f ], rxAdvertisement=null } : 4 times.
11-14 11:12:21.398 14339 4506 I NearbyMediums: BleAdvertisement { version=2, socketVersion=2, isFast=true, serviceIdHash=null, data=[ 0x23 0x49 0x57 0x47 0x34 0x11 0x32 0x60 0xa5 0xa7 0xab 0xc8 0x31 0xa3 0x08 0x22 0xd3 0xd6 0xdb 0xe1 0x85 0x4a 0xc9 ], deviceToken=[ 0x70 0xc1 ], rxAdvertisement=null } : 2 times.
11-14 11:12:21.398 14339 4506 I NearbyMediums: BleAdvertisement { version=2, socketVersion=2, isFast=true, serviceIdHash=null, data=[ 0x23 0x42 0x53 0x36 0x59 0x11 0x34 0xff 0x1e 0x52 0x02 0x1a 0x65 0xc5 0xe8 0x10 0x1d 0xe4 0xd9 0xeb 0x6a 0x2e 0x24 ], deviceToken=[ 0x18 0x70 ], rxAdvertisement=null } : 1 times.
11-14 11:12:21.398 14339 4506 I NearbyMediums: Total 7 fast advertisements from 3 unique advertisers.
11-14 11:12:22.696 25379 25403 I bcoj : (REDACTED) getHotwordActive::active query: %s, watch: %s, devices connected: %s
11-14 11:12:23.218 1163 1163 I WifiHAL : Creating message to get link statistics; iface = 47
11-14 11:12:23.342 1163 1163 I WifiHAL : In GetLinkStatsCommand::handleResponse
11-14 11:12:23.406 1740 2058 D ConnectivityService: NetReassign [no changes] [c 1] [a 1] [i 11]
11-14 11:12:26.392 1163 1163 I WifiHAL : Creating message to get link statistics; iface = 47
11-14 11:12:26.518 1163 1163 I WifiHAL : In GetLinkStatsCommand::handleResponse
11-14 11:12:26.573 1740 2058 D ConnectivityService: NetReassign [no changes] [c 1] [a 0] [i 11]
11-14 11:12:29.562 1163 1163 I WifiHAL : Creating message to get link statistics; iface = 47
11-14 11:12:29.697 1163 1163 I WifiHAL : In GetLinkStatsCommand::handleResponse
11-14 11:12:29.754 1740 2058 D ConnectivityService: NetReassign [no changes] [c 1] [a 0] [i 11]
11-14 11:12:30.422 1389 1389 D AOC : A3:MSG: vsc_controller.cc, 555: VSC: [Significant Motion] stopSensorEvents: sensor 0x20002
11-14 11:12:30.422 1389 1389 D AOC : A3:MSG: lsm6dsr_device.cc, 755: USF: Lsm6dsrDevice: Sensor 3: Enabled 0, odr_index 0.
11-14 11:12:30.422 1389 1389 D AOC : A3:MSG: vsc_controller.cc, 537: VSC: [Significant Motion] requestSensorEvents: sensor 0x10001, period=20 latency=3200ms
11-14 11:12:30.423 1389 1389 D AOC : A3:MSG: lsm6dsr_fifo.cc, 747: USF: Lsm6dsrFifo: ODR: XL/G/T/TS: 52/52/13/6 WM: 4 Intr: 31.
11-14 11:12:30.423 1389 1389 D AOC : A3:MSG: lsm6dsr_device.cc, 663: USF: Lsm6dsrDevice: Fifo was disabled for 1468017ns.
11-14 11:12:30.425 1389 1389 D AOC : A3:MSG: usf_sensor.cc, 1375: USF: Received stop sampling request for LSM6DSR Motion Detect.
11-14 11:12:30.425 1389 1389 D AOC : A3:ERR: usf_sensor.cc, 1835: USF: Sampling configuration 835 not found.
11-14 11:12:30.425 1389 1389 D AOC : A3:ERR: usf_vs_helper.cc, 430: USF: Received stop sampling request error. (7)
11-14 11:12:30.426 1389 1389 D AOC : A3:MSG: usf_sensor.cc, 1368: USF: Received start sampling request for LSM6DSR Stationary Detect.
11-14 11:12:30.426 1389 1389 D AOC : A3:MSG: lsm6dsr_device.cc, 755: USF: Lsm6dsrDevice: Sensor 4: Enabled 1, odr_index 1.
11-14 11:12:30.427 1389 1389 D AOC : A3:MSG: lsm6dsr_fifo.cc, 747: USF: Lsm6dsrFifo: ODR: XL/G/T/TS: 52/52/13/6 WM: 4 Intr: 31.
11-14 11:12:30.429 1389 1389 D AOC : A3:MSG: lsm6dsr_device.cc, 663: USF: Lsm6dsrDevice: Fifo was disabled for 1751464ns.
11-14 11:12:30.431 1389 1389 D AOC : A3:MSG: usf_sensor.cc, 1883: USF: Received reconfig sampling request for LSM6DSR Accelerometer.
11-14 11:12:30.431 1389 1389 D AOC : A3:MSG: lsm6dsr_device.cc, 755: USF: Lsm6dsrDevice: Sensor 0: Enabled 1, odr_index 3.
11-14 11:12:30.431 1389 1389 D AOC : A3:MSG: lsm6dsr_fifo.cc, 747: USF: Lsm6dsrFifo: ODR: XL/G/T/TS: 52/52/13/6 WM: 4 Intr: 31.
11-14 11:12:30.433 1389 1389 D AOC : A3:MSG: lsm6dsr_device.cc, 663: USF: Lsm6dsrDevice: Fifo was disabled for 1032959ns.
11-14 11:12:30.441 1389 1389 D AOC : A3:MSG: usf_sensor.cc, 1368: USF: Received start sampling request for LSM6DSR Accelerometer.
11-14 11:12:30.441 1392 1546 I CHRE : @ 1448796.518: [AR] IDLE => ON
11-14 11:12:30.441 1389 1389 D AOC : A3:MSG: usf_sensor.cc, 1368: USF: Received start sampling request for LSM6DSR Stationary Detect.
11-14 11:12:30.445 1135 1152 D ContextHubHal: Got message from nanoapp: ID 0x476f6f676c001016
11-14 11:12:30.448 1389 1389 D AOC : A3:MSG: usf_sensor.cc, 1375: USF: Received stop sampling request for LSM6DSR Motion Detect.
11-14 11:12:30.448 1389 1389 D AOC : A3:ERR: usf_sensor.cc, 1835: USF: Sampling configuration 836 not found.
11-14 11:12:30.469 1163 1163 I vendor.google.wifi_ext@1.0-service-vendor: Wifi: Setting SAR Scenario to 3
11-14 11:12:30.469 1163 1163 E WifiHAL : wifi_select_tx_power_scenario
11-14 11:12:30.482 2405 2405 D GRIL-S : [0949]> UPDATE_DEVICE_STATE DeviceState: Usb:0, Wifi: 1, Wifi AP: 0, Earpiece: 0, Bluetooth: 1, Wireless charging: 0, Screen: 1, Camera: 0, 0, -, -, Motion: 1, Bluetooth tethering: 0, Voice: 0, Wifi 2.4G: 1, Radio: 1, Bluetooth connected: 0, Bluetooth media: 0, Wifi Band: 1, Wifi AP Band: 0, Wifi call: 0, mmWave: 0, mCellBackhaul: 0, mHallSensor: 0
11-14 11:12:30.542 2405 3621 D GRIL-S : [0949]< UPDATE_DEVICE_STATE
11-14 11:12:30.621 1389 1389 D AOC : A3:MSG: usf_sensor.cc, 1883: USF: Received reconfig sampling request for LSM6DSR Gyroscope.
11-14 11:12:30.621 1389 1389 D AOC : A3:MSG: lsm6dsr_device.cc, 755: USF: Lsm6dsrDevice: Sensor 1: Enabled 1, odr_index 5.
11-14 11:12:30.622 1389 1389 D AOC : A3:MSG: lsm6dsr_fifo.cc, 747: USF: Lsm6dsrFifo: ODR: XL/G/T/TS: 52/208/13/26 WM: 11 Intr: 28.
11-14 11:12:30.626 1389 1389 D AOC : A3:MSG: lsm6dsr_device.cc, 663: USF: Lsm6dsrDevice: Fifo was disabled for 1505371ns.
11-14 11:12:30.626 1389 1389 D AOC : A3:MSG: usf_sensor.cc, 1883: USF: Received reconfig sampling request for MMC56X3X Magnetometer.
11-14 11:12:30.626 1389 1389 D AOC : A3:MSG: mmc56x3x_device.cc, 409: USF: MMC56X3X0: mmc56x3x_enable_measure odr = 100.
11-14 11:12:30.694 2182 2182 D DLObserver: onReceive(); android.intent.action.BATTERY_CHANGED
11-14 11:12:30.695 2182 2182 D DLObserver: plugged=0
11-14 11:12:30.699 2182 2182 D PowerNotificationWarningsGoogleImpl: onReceive: android.intent.action.BATTERY_CHANGED
11-14 11:12:30.699 2182 2182 D BatteryDefenderNotification: isPlugged: false | isOverheated: false | defenderEnabled: false | isCharged: false | isPluggedInDock: false
11-14 11:12:30.717 11381 17997 W Turbo.EstimatedTimeRemainingProvider: queryTimeToDischarge: 87275253
11-14 11:12:30.734 2182 2224 D BatteryInfoBroadcast: onReceive: android.intent.action.BATTERY_CHANGED isPowerSaveMode: false remainingTimeMillis: 87275253
11-14 11:12:30.777 1153 2082 I android.hardware.usb.aidl-service: port0
11-14 11:12:30.777 1153 2082 I android.hardware.usb.aidl-service: 0:port0 connected:0 canChangeMode:1 canChagedata:0 canChangePower:0 usbDataEnabled:1
11-14 11:12:30.779 1153 2082 I android.hardware.usb.aidl-service: ContaminantDetectionStatus:2 ContaminantProtectionStatus:0
11-14 11:12:30.779 1153 2082 I android.hardware.usb.aidl-service: powerTransferLimited:0
11-14 11:12:30.780 1740 2684 I UsbPortManager: AIDL UsbDataStatus:1
11-14 11:12:30.780 1740 2684 I UsbPortManager: ClientCallback AIDL V1: port0
11-14 11:12:30.861 1153 2082 I android.hardware.usb.aidl-service: port0
11-14 11:12:30.862 1153 2082 I android.hardware.usb.aidl-service: 0:port0 connected:0 canChangeMode:1 canChagedata:0 canChangePower:0 usbDataEnabled:1
11-14 11:12:30.862 1153 2082 I android.hardware.usb.aidl-service: ContaminantDetectionStatus:2 ContaminantProtectionStatus:0
11-14 11:12:30.862 1153 2082 I android.hardware.usb.aidl-service: powerTransferLimited:0
11-14 11:12:30.862 1740 2684 I UsbPortManager: AIDL UsbDataStatus:1
11-14 11:12:30.862 1740 2684 I UsbPortManager: ClientCallback AIDL V1: port0
11-14 11:12:30.866 1153 2082 I android.hardware.usb.aidl-service: port0
11-14 11:12:30.866 1153 2082 I android.hardware.usb.aidl-service: 0:port0 connected:0 canChangeMode:1 canChagedata:0 canChangePower:0 usbDataEnabled:1
11-14 11:12:30.866 1153 2082 I android.hardware.usb.aidl-service: ContaminantDetectionStatus:2 ContaminantProtectionStatus:0
11-14 11:12:30.866 1153 2082 I android.hardware.usb.aidl-service: powerTransferLimited:0
11-14 11:12:30.866 1740 3288 I UsbPortManager: AIDL UsbDataStatus:1
11-14 11:12:30.866 1740 3288 I UsbPortManager: ClientCallback AIDL V1: port0
11-14 11:12:30.873 1153 2082 I android.hardware.usb.aidl-service: port0
11-14 11:12:30.873 1153 2082 I android.hardware.usb.aidl-service: 0:port0 connected:0 canChangeMode:1 canChagedata:0 canChangePower:0 usbDataEnabled:1
11-14 11:12:30.873 1153 2082 I android.hardware.usb.aidl-service: ContaminantDetectionStatus:2 ContaminantProtectionStatus:0
11-14 11:12:30.873 1153 2082 I android.hardware.usb.aidl-service: powerTransferLimited:0
11-14 11:12:30.873 1740 2684 I UsbPortManager: AIDL UsbDataStatus:1
11-14 11:12:30.873 1740 2684 I UsbPortManager: ClientCallback AIDL V1: port0
11-14 11:12:30.879 2182 2182 D DLObserver: onReceive(); android.intent.action.BATTERY_CHANGED
11-14 11:12:30.879 2182 2182 D DLObserver: plugged=0
11-14 11:12:30.880 2182 2182 D PowerNotificationWarningsGoogleImpl: onReceive: android.intent.action.BATTERY_CHANGED
11-14 11:12:30.880 2182 2182 D BatteryDefenderNotification: isPlugged: false | isOverheated: false | defenderEnabled: false | isCharged: false | isPluggedInDock: false
11-14 11:12:30.886 11381 17997 W Turbo.EstimatedTimeRemainingProvider: queryTimeToDischarge: 87275078
11-14 11:12:30.891 2182 2224 D BatteryInfoBroadcast: onReceive: android.intent.action.BATTERY_CHANGED isPowerSaveMode: false remainingTimeMillis: 87275078
11-14 11:12:30.916 2182 2182 D DLObserver: onReceive(); android.intent.action.BATTERY_CHANGED
11-14 11:12:30.916 2182 2182 D DLObserver: plugged=0
11-14 11:12:30.917 2182 2182 D PowerNotificationWarningsGoogleImpl: onReceive: android.intent.action.BATTERY_CHANGED
11-14 11:12:30.917 2182 2182 D BatteryDefenderNotification: isPlugged: false | isOverheated: false | defenderEnabled: false | isCharged: false | isPluggedInDock: false
11-14 11:12:30.922 11381 17997 W Turbo.EstimatedTimeRemainingProvider: queryTimeToDischarge: 87275043
11-14 11:12:30.926 2182 2224 D BatteryInfoBroadcast: onReceive: android.intent.action.BATTERY_CHANGED isPowerSaveMode: false remainingTimeMillis: 87275043
11-14 11:12:31.003 1740 1834 D UsbDeviceManager: push notification:Charging this device via USB
11-14 11:12:31.009 1740 1845 D CompatibilityChangeReporter: Compat change id reported: 135634846; UID 10061; state: DISABLED
11-14 11:12:31.009 1740 1845 D CompatibilityChangeReporter: Compat change id reported: 177438394; UID 10061; state: DISABLED
11-14 11:12:31.009 1740 1845 D CompatibilityChangeReporter: Compat change id reported: 135772972; UID 10061; state: DISABLED
11-14 11:12:31.009 1740 1845 D CompatibilityChangeReporter: Compat change id reported: 135754954; UID 10061; state: ENABLED
11-14 11:12:31.010 1740 1846 D CompatibilityChangeReporter: Compat change id reported: 143937733; UID 10061; state: ENABLED
11-14 11:12:31.013 2350 2366 I Tethering: USB bcast connected:true configured:false rndis:false ncm:false
11-14 11:12:31.031 1115 1115 D Zygote : Forked child process 5204
11-14 11:12:31.032 1740 1846 I ActivityManager: Start proc 5204:android.process.media/u0a61 for broadcast {com.android.mtp/com.android.mtp.MtpReceiver}
11-14 11:12:31.057 5204 5204 I d.process.media: Using CollectorTypeCMC GC.
11-14 11:12:31.062 5204 5204 E d.process.media: Not starting debugger since process cannot load the jdwp agent.
11-14 11:12:31.066 5204 5204 D nativeloader: Load libframework-connectivity-tiramisu-jni.so using APEX ns com_android_tethering for caller /apex/com.android.tethering/javalib/framework-connectivity-t.jar: ok
11-14 11:12:31.071 1740 10527 D CompatibilityChangeReporter: Compat change id reported: 168419799; UID 10061; state: DISABLED
11-14 11:12:31.075 5204 5204 D CompatibilityChangeReporter: Compat change id reported: 171979766; UID 10061; state: ENABLED
11-14 11:12:31.092 5204 5204 I d.process.media: Could not load runtime generated app image: Boot image checksum mismatch (0x729b7381 != 0xdb777ae0) in image /data/user/0/com.android.mtp/cache/oat_primary/arm64/MtpService.art
11-14 11:12:31.093 5204 5204 D nativeloader: Configuring clns-shared-4 for other apk /system/priv-app/MtpService/MtpService.apk. target_sdk_version=33, uses_libraries=, library_path=/system/priv-app/MtpService/lib/arm64:/system/lib64:/system_ext/lib64, permitted_path=/data:/mnt/expand:/data/user/0/com.android.mtp:/system/priv-app/MtpService:/system/lib64:/system_ext/lib64
11-14 11:12:31.106 5204 5204 D nativeloader: Load libframework-connectivity-jni.so using APEX ns com_android_tethering for caller /apex/com.android.tethering/javalib/framework-connectivity.jar: ok
11-14 11:12:31.108 5204 5204 V GraphicsEnvironment: ANGLE Developer option for 'com.android.mtp' set to: 'default'
11-14 11:12:31.108 5204 5204 V GraphicsEnvironment: ANGLE GameManagerService for com.android.mtp: false
11-14 11:12:31.108 5204 5204 V GraphicsEnvironment: Neither updatable production driver nor prerelease driver is supported.
11-14 11:12:31.109 5204 5204 D NetworkSecurityConfig: No Network Security Config specified, using platform default
11-14 11:12:31.109 5204 5204 D NetworkSecurityConfig: No Network Security Config specified, using platform default
11-14 11:12:31.137 5204 5204 D nativeloader: Configuring clns-shared-5 for other apk /system/priv-app/DownloadProvider/DownloadProvider.apk. target_sdk_version=33, uses_libraries=, library_path=/system/priv-app/DownloadProvider/lib/arm64:/system/lib64:/system_ext/lib64, permitted_path=/data:/mnt/expand:/data/user/0/com.android.providers.downloads:/system/priv-app/DownloadProvider:/system/lib64:/system_ext/lib64
11-14 11:12:31.149 2350 2366 I Tethering: USB bcast connected:true configured:true rndis:false ncm:false
11-14 11:12:31.150 1405 975 I adbd : USB event: FUNCTIONFS_ENABLE
11-14 11:12:31.152 1405 5218 I adbd : UsbFfs-worker thread spawned
11-14 11:12:31.156 1154 1154 I android.hardware.usb.gadget@1.2-service.gs101: current USB speed is super-speed
11-14 11:12:31.158 1153 2082 I android.hardware.usb.aidl-service: port0
11-14 11:12:31.158 1153 2082 I android.hardware.usb.aidl-service: 0:port0 connected:0 canChangeMode:1 canChagedata:0 canChangePower:0 usbDataEnabled:1
11-14 11:12:31.158 1153 2082 I android.hardware.usb.aidl-service: ContaminantDetectionStatus:2 ContaminantProtectionStatus:0
11-14 11:12:31.158 1153 2082 I android.hardware.usb.aidl-service: powerTransferLimited:0
11-14 11:12:31.158 1740 2183 I UsbPortManager: AIDL UsbDataStatus:1
11-14 11:12:31.158 1740 2183 I UsbPortManager: ClientCallback AIDL V1: port0
11-14 11:12:31.165 5204 5204 D nativeloader: Configuring clns-shared-6 for other apk /system/priv-app/MediaProviderLegacy/MediaProviderLegacy.apk. target_sdk_version=33, uses_libraries=, library_path=/system/priv-app/MediaProviderLegacy/lib/arm64:/system/lib64:/system_ext/lib64, permitted_path=/data:/mnt/expand:/data/user/0/com.android.providers.media:/system/priv-app/MediaProviderLegacy:/system/lib64:/system_ext/lib64
11-14 11:12:31.179 1163 1163 I WifiHAL : Creating message to get link statistics; iface = 47
11-14 11:12:31.181 25379 25379 I ffkw : (REDACTED) O received %s
11-14 11:12:31.182 2182 2182 D DLObserver: onReceive(); android.intent.action.BATTERY_CHANGED
11-14 11:12:31.182 2182 2182 D DLObserver: plugged=2
11-14 11:12:31.183 25379 25379 I AmbBrdcstRcvrServClient: (REDACTED) handleRefreshAction(): not handling %s
11-14 11:12:31.183 25379 25404 I BrdcstRcvrMsgr: (REDACTED) sendMessage(): received broadcast id:%d with action:%s
11-14 11:12:31.183 1130 1212 I bthal.activitywatcher: getStateResidency: ActivityStat{0 : totalTimeMs 161875542 totalEntryCount 428745 lastEntryMs 4329717}
11-14 11:12:31.183 1130 1212 I bthal.activitywatcher: getStateResidency: ActivityStat{1 : totalTimeMs 61742085 totalEntryCount 431149 lastEntryMs 4329814}
11-14 11:12:31.183 1130 1212 I bthal.activitywatcher: getStateResidency: ActivityStat{2 : totalTimeMs 40597239 totalEntryCount 1917893 lastEntryMs 4330341}
11-14 11:12:31.183 1130 1212 I bthal.activitywatcher: getStateResidency: ActivityStat{3 : totalTimeMs 10528123 totalEntryCount 4093811 lastEntryMs 4329211}
11-14 11:12:31.185 1740 1845 W BroadcastQueue: Background execution not allowed: receiving Intent { act=android.intent.action.ACTION_POWER_CONNECTED flg=0x4000010 (has extras) } to com.google.android.dialer/com.android.dialer.incall.battery.BatteryStateBroadcastReceiver_Receiver
11-14 11:12:31.194 1740 1836 I EntropyMixer: Updated seed file
11-14 11:12:31.194 1740 1845 W BroadcastQueue: Background execution not allowed: receiving Intent { act=android.intent.action.ACTION_POWER_CONNECTED flg=0x4000010 (has extras) } to com.google.android.gms/.chimera.GmsIntentOperationService$PersistentTrustedReceiver
11-14 11:12:31.195 1740 1845 W BroadcastQueue: Background execution not allowed: receiving Intent { act=android.intent.action.ACTION_POWER_CONNECTED flg=0x4000010 (has extras) } to com.google.android.gms/.gcm.nts.SchedulerReceiver
11-14 11:12:31.195 1740 1845 W BroadcastQueue: Background execution not allowed: receiving Intent { act=android.intent.action.ACTION_POWER_CONNECTED flg=0x4000010 (has extras) } to com.google.android.projection.gearhead/com.google.android.apps.auto.components.connectivity.impl.ConnectivityEventHandlerImpl$ConnectivityEventBroadcastReceiver
11-14 11:12:31.198 1130 1212 I bthal.activitywatcher: send_hci_activities_vsc: Sent VSC <[4]{89, 253, 1, 1}>
11-14 11:12:31.199 1740 10527 D CoreBackPreview: Window{224e019 u0 Wired Charging Animation}: Setting back callback OnBackInvokedCallbackInfo{mCallback=android.window.IOnBackInvokedCallback$Stub$Proxy@bddf58c, mPriority=0}
11-14 11:12:31.199 1148 1148 W android.hardware.power.stats-service.pixel: getStateResidency latency for Bluetooth exceeded time allowed: 15898us
11-14 11:12:31.199 1130 2732 I bthal.activitywatcher: filter_hci_activities_vse: Filtered <[103]{14, 101, 1, 89, 253, 0, 1, 72, 0, 0, 0, 116, 74, 0, 0, 133, 124, 18, 0, 0, 0, 0, 0, 218, 124, 18, 0, 0, 0, 0, 0, 73, 0, 0, 0, 187, 44, 0, 0, 218, 124, 18, 0, 0, 0, 0, 0, 133, 124, 18, 0, 0, 0, 0, 0, 148, 1, 0, 0, 255, 14, 0, 0, 129, 122, 18, 0, 0, 0, 0, 0, 141, 122, 18, 0, 0, 0, 0, 0, 175, 7, 0, 0, 19, 13, 0, 0, 122, 124, 18, 0, 0, 0, 0, 0, 122, 124, 18, 0, 0, 0, 0, 0}>
11-14 11:12:31.199 1130 2732 I bthal.flowcontrol: HciEventPreProcess: HCI Event 0xe Opcode 0xfd59 Length 103 handled by ControllerActivityWatcher
11-14 11:12:31.200 1389 1389 D AOC : A3:MSG: controller.cc, 273: CNTRL: cmd ID: 0x000a, tag: 0xee [cntr = 40944]
11-14 11:12:31.200 1389 1389 D AOC : A3:MSG: controller.cc, 811: CNTRL: ipc: control, cmd ID: 0x000a, tag: 0xee, rc: 0
11-14 11:12:31.201 1130 2732 I bthal.flowcontrol: HciEventPreProcess: HCI Event 0xe Opcode 0xfd59 Length 22 unhandled by ControllerActivityWatcher
11-14 11:12:31.201 2182 2182 D PowerNotificationWarningsGoogleImpl: onReceive: android.intent.action.BATTERY_CHANGED
11-14 11:12:31.201 2182 2182 D BatteryDefenderNotification: isPlugged: true | isOverheated: false | defenderEnabled: false | isCharged: false | isPluggedInDock: false
11-14 11:12:31.202 527 527 I servicemanager: Found vendor.google.google_battery.IGoogleBattery/default in device VINTF manifest.
11-14 11:12:31.203 1389 1389 D AOC : A3:MSG: controller.cc, 273: CNTRL: cmd ID: 0x000a, tag: 0xef [cntr = 40945]
11-14 11:12:31.203 1389 1389 D AOC : A3:MSG: controller.cc, 811: CNTRL: ipc: control, cmd ID: 0x000a, tag: 0xef, rc: 0
11-14 11:12:31.204 1389 1389 D AOC : A3:MSG: controller.cc, 273: CNTRL: cmd ID: 0x000a, tag: 0xf0 [cntr = 40946]
11-14 11:12:31.204 1389 1389 D AOC : A3:MSG: controller.cc, 811: CNTRL: ipc: control, cmd ID: 0x000a, tag: 0xf0, rc: 0
11-14 11:12:31.205 2182 6843 D PowerUI : can't show warning due to - plugged: true status unknown: false
11-14 11:12:31.206 1389 1389 D AOC : A3:MSG: controller.cc, 273: CNTRL: cmd ID: 0x000a, tag: 0xf1 [cntr = 40947]
11-14 11:12:31.206 1389 1389 D AOC : A3:MSG: controller.cc, 811: CNTRL: ipc: control, cmd ID: 0x000a, tag: 0xf1, rc: 0
11-14 11:12:31.207 1389 1389 D AOC : A3:MSG: controller.cc, 273: CNTRL: cmd ID: 0x000a, tag: 0xf2 [cntr = 40948]
11-14 11:12:31.207 1389 1389 D AOC : A3:MSG: controller.cc, 811: CNTRL: ipc: control, cmd ID: 0x000a, tag: 0xf2, rc: 0
11-14 11:12:31.207 1389 1389 D AOC : A3:MSG: controller.cc, 273: CNTRL: cmd ID: 0x000a, tag: 0xf3 [cntr = 40949]
11-14 11:12:31.207 1389 1389 D AOC : A3:MSG: controller.cc, 811: CNTRL: ipc: control, cmd ID: 0x000a, tag: 0xf3, rc: 0
11-14 11:12:31.208 1389 1389 D AOC : A3:MSG: controller.cc, 273: CNTRL: cmd ID: 0x000a, tag: 0xf4 [cntr = 40950]
11-14 11:12:31.208 1389 1389 D AOC : A3:MSG: controller.cc, 811: CNTRL: ipc: control, cmd ID: 0x000a, tag: 0xf4, rc: 0
11-14 11:12:31.210 1389 1389 D AOC : A3:MSG: controller.cc, 273: CNTRL: cmd ID: 0x000a, tag: 0xf5 [cntr = 40951]
11-14 11:12:31.210 1389 1389 D AOC : A3:MSG: controller.cc, 811: CNTRL: ipc: control, cmd ID: 0x000a, tag: 0xf5, rc: 0
11-14 11:12:31.210 1389 1389 D AOC : A3:MSG: controller.cc, 273: CNTRL: cmd ID: 0x000a, tag: 0xf6 [cntr = 40952]
11-14 11:12:31.210 1389 1389 D AOC : A3:MSG: controller.cc, 811: CNTRL: ipc: control, cmd ID: 0x000a, tag: 0xf6, rc: 0
11-14 11:12:31.210 1389 1389 D AOC : A3:MSG: controller.cc, 273: CNTRL: cmd ID: 0x000a, tag: 0xf7 [cntr = 40953]
11-14 11:12:31.210 1389 1389 D AOC : A3:MSG: controller.cc, 811: CNTRL: ipc: control, cmd ID: 0x000a, tag: 0xf7, rc: 0
11-14 11:12:31.210 1389 1389 D AOC : A3:MSG: controller.cc, 273: CNTRL: cmd ID: 0x000a, tag: 0xf8 [cntr = 40954]
11-14 11:12:31.210 1389 1389 D AOC : A3:MSG: controller.cc, 811: CNTRL: ipc: control, cmd ID: 0x000a, tag: 0xf8, rc: 0
11-14 11:12:31.210 1389 1389 D AOC : A3:MSG: controller.cc, 273: CNTRL: cmd ID: 0x000a, tag: 0xf9 [cntr = 40955]
11-14 11:12:31.210 1389 1389 D AOC : A3:MSG: controller.cc, 811: CNTRL: ipc: control, cmd ID: 0x000a, tag: 0xf9, rc: 0
11-14 11:12:31.210 1389 1389 D AOC : A3:MSG: controller.cc, 273: CNTRL: cmd ID: 0x000a, tag: 0xfa [cntr = 40956]
11-14 11:12:31.210 1389 1389 D AOC : A3:MSG: controller.cc, 811: CNTRL: ipc: control, cmd ID: 0x000a, tag: 0xfa, rc: 0
11-14 11:12:31.214 1740 1740 W NotificationHistory: Attempted to add notif for locked/gone/disabled user 0
11-14 11:12:31.215 18277 18392 I A : Calling beginBinderSession().
11-14 11:12:31.215 1389 1389 D AOC : A3:MSG: controller.cc, 273: CNTRL: cmd ID: 0x000a, tag: 0xfb [cntr = 40957]
11-14 11:12:31.215 1389 1389 D AOC : A3:MSG: controller.cc, 811: CNTRL: ipc: control, cmd ID: 0x000a, tag: 0xfb, rc: 0
11-14 11:12:31.215 1389 1389 D AOC : A3:MSG: controller.cc, 273: CNTRL: cmd ID: 0x000a, tag: 0xfc [cntr = 40958]
11-14 11:12:31.215 1389 1389 D AOC : A3:MSG: controller.cc, 811: CNTRL: ipc: control, cmd ID: 0x000a, tag: 0xfc, rc: 0
11-14 11:12:31.215 1389 1389 D AOC : A3:MSG: controller.cc, 273: CNTRL: cmd ID: 0x000a, tag: 0xfd [cntr = 40959]
11-14 11:12:31.215 1389 1389 D AOC : A3:MSG: controller.cc, 811: CNTRL: ipc: control, cmd ID: 0x000a, tag: 0xfd, rc: 0
11-14 11:12:31.215 1389 1389 D AOC : A3:MSG: controller.cc, 273: CNTRL: cmd ID: 0x000a, tag: 0xfe [cntr = 40960]
11-14 11:12:31.215 1389 1389 D AOC : A3:MSG: controller.cc, 811: CNTRL: ipc: control, cmd ID: 0x000a, tag: 0xfe, rc: 0
11-14 11:12:31.220 11381 17997 W Turbo.EstimatedTimeRemainingProvider: queryTimeToDischarge: 87274743
11-14 11:12:31.221 18277 18392 I A : beginBinderSession(): calling binder
11-14 11:12:31.221 25379 25404 I BrdcstRcvrMsgr: SvcConn: messenger connected
11-14 11:12:31.222 1740 1740 W NotificationHistory: Attempted to add notif for locked/gone/disabled user 0
11-14 11:12:31.222 18277 18388 I BrdcstRcvrBProvider: (REDACTED) handleMessage(): id:%d action:%s
11-14 11:12:31.222 18277 18388 I AmbBrdcstRcvrBProvider: (REDACTED) receive(): %s
11-14 11:12:31.222 18277 18388 I A : (REDACTED) handleIntent(): action:%s
11-14 11:12:31.222 18277 18396 I BrdcstRcvrBProvider: (REDACTED) handleMessage(): DONE id:%d
11-14 11:12:31.224 25379 25404 I BrdcstRcvrMsgr: (REDACTED) handleMessage(): id:%d, DEC to %d
11-14 11:12:31.224 2182 2224 D BatteryInfoBroadcast: onReceive: android.intent.action.BATTERY_CHANGED isPowerSaveMode: false remainingTimeMillis: 87274743
11-14 11:12:31.224 25379 25404 I BrdcstRcvrMsgr: disconnect()
11-14 11:12:31.233 3371 3371 D NLService: The notifications buffer size has reached its maximum size of 100 items. Shrinking it in order to satisfy the constraints.
11-14 11:12:31.234 3371 3371 D NLService: Successfully stored the newly arrived notification identified by 32
11-14 11:12:31.235 3225 4321 I AiAiEcho: SmartspaceNotificationPredictor no parser can handle this notification or notification is invalid
11-14 11:12:31.235 3371 3371 D NLService: The notifications buffer size has reached its maximum size of 100 items. Shrinking it in order to satisfy the constraints.
11-14 11:12:31.235 3371 3371 D NLService: Successfully stored the newly arrived notification identified by 26
11-14 11:12:31.240 3225 4321 I AiAiEcho: SmartspaceNotificationPredictor no parser can handle this notification or notification is invalid
11-14 11:12:31.241 18277 18354 I ahnu : getLocaleToModelSpecsMap
11-14 11:12:31.241 18277 18354 I ahnu : Fetching latest config from MDD...
11-14 11:12:31.241 18277 18354 I ahnu : (REDACTED) Found map of size: %d
11-14 11:12:31.242 18277 18354 I adfr : (REDACTED) #takeChangeMicroDetectorMode [mIsBargeInEnabled: %b, mCurrentDetectionMode: %s]
11-14 11:12:31.242 18277 18354 I adfr : (REDACTED) Should stop hotword detection immediately - %b
11-14 11:12:31.242 1163 1163 I WifiHAL : In GetLinkStatsCommand::handleResponse
11-14 11:12:31.247 18277 18277 I ahnu : getLocaleToModelSpecsMap
11-14 11:12:31.247 18277 18277 I ahnu : Fetching latest config from MDD...
11-14 11:12:31.247 18277 18277 I ahnu : (REDACTED) Found map of size: %d
11-14 11:12:31.247 18277 18277 I ahpi : (REDACTED) hasHotwordEverywhere-%b
11-14 11:12:31.257 2182 2182 D DLObserver: onReceive(); android.intent.action.BATTERY_CHANGED
11-14 11:12:31.257 2182 2182 D DLObserver: plugged=2
11-14 11:12:31.258 2182 2182 D PowerNotificationWarningsGoogleImpl: onReceive: android.intent.action.BATTERY_CHANGED
11-14 11:12:31.258 2182 2182 D BatteryDefenderNotification: isPlugged: true | isOverheated: false | defenderEnabled: false | isCharged: false | isPluggedInDock: false
11-14 11:12:31.259 2182 7765 D PowerUI : can't show warning due to - plugged: true status unknown: false
11-14 11:12:31.259 527 527 I servicemanager: Found vendor.google.google_battery.IGoogleBattery/default in device VINTF manifest.
11-14 11:12:31.262 14440 14440 D BoundBrokerSvc: onBind: Intent { act=com.google.android.gms.common.BIND_SHARED_PREFS pkg=com.google.android.gms }
11-14 11:12:31.262 14440 14440 D BoundBrokerSvc: Loading bound service for intent: Intent { act=com.google.android.gms.common.BIND_SHARED_PREFS pkg=com.google.android.gms }
11-14 11:12:31.265 1740 2535 D TelephonyManager: requestModemActivityInfo: Sending result to app: ModemActivityInfo{ mTimestamp=1448820057 mSleepTimeMs=1414604654 mIdleTimeMs=8798341 mActivityStatsTechSpecificInfo=[{mRat=UNKNOWN,mFrequencyRange=UNKNOWN,mTxTimeMs[]=[0, 0, 0, 0, 0],mRxTimeMs=16588965}]}
11-14 11:12:31.268 2405 2405 D GRIL-S : [0950]> UPDATE_SCONE_INFO Mobility:3 Battery:2 Thermal:0 Screen:1
11-14 11:12:31.268 14339 5160 W GmsCoreLogger: Static def metric for UNEXPECTED_BATTERY_DRAIN impl not found, falling back to legacy [CONTEXT service_id=299 ]
11-14 11:12:31.269 1312 10103 D NuPlayerDriver: NuPlayerDriver(0xf28015f0) created, clientPid(2182)
11-14 11:12:31.271 1312 8093 D NuPlayerDriver: NuPlayerDriver(0xf2801ff0) created, clientPid(1740)
11-14 11:12:31.272 11381 17997 W Turbo.EstimatedTimeRemainingProvider: queryTimeToDischarge: 87274691
11-14 11:12:31.274 2405 3621 D GRIL-S : [0950]< UPDATE_SCONE_INFO
11-14 11:12:31.276 14440 14493 I eiyd$a : (REDACTED) Shared storage file not found for %s
11-14 11:12:31.277 2182 2224 D BatteryInfoBroadcast: onReceive: android.intent.action.BATTERY_CHANGED isPowerSaveMode: false remainingTimeMillis: 87274691
11-14 11:12:31.281 14440 14440 D BoundBrokerSvc: onBind: Intent { act=com.google.android.gms.checkin.START pkg=com.google.android.gms }
11-14 11:12:31.282 14440 14440 D BoundBrokerSvc: Loading bound service for intent: Intent { act=com.google.android.gms.checkin.START pkg=com.google.android.gms }
11-14 11:12:31.283 14440 14483 I Checkin : [CheckinApiChimeraService] onGetService
11-14 11:12:31.303 14339 14645 I FacsCacheGmsModule: (REDACTED) Receiving API connection to FACS API from package '%s'...
11-14 11:12:31.304 14339 14645 I FacsCacheGmsModule: API connection successful!
11-14 11:12:31.304 2182 2224 D LocalImageResolver: Couldn't use ImageDecoder for drawable, falling back to non-resized load.
11-14 11:12:31.304 14339 14645 I FacsCacheGmsModule: (REDACTED) Receiving API connection to FACS API from package '%s'...
11-14 11:12:31.305 14339 14645 I FacsCacheGmsModule: API connection successful!
11-14 11:12:31.306 14440 14440 D BoundBrokerSvc: onBind: Intent { act=com.google.android.gms.facs.internal.service.START dat=chimera-action:/... cmp=com.google.android.gms/.chimera.GmsInternalApiService }
11-14 11:12:31.306 14440 14440 D BoundBrokerSvc: Loading bound service for intent: Intent { act=com.google.android.gms.facs.internal.service.START dat=chimera-action:/... cmp=com.google.android.gms/.chimera.GmsInternalApiService }
11-14 11:12:31.308 14339 14645 I FacsCacheGmsModule: (REDACTED) Received 'getActivityControlsSettings' request from package '%s', instance id '%s', version '%d'...
11-14 11:12:31.308 14339 14645 I FacsCacheGmsModule: Operation 'getActivityControlsSettings' dispatched!
11-14 11:12:31.308 14339 4418 I FacsCacheGmsModule: (REDACTED) Executing operation '%s'...
11-14 11:12:31.310 14440 5106 I FacsCacheGmsModule: Receiving API connection to internal FACS API...
11-14 11:12:31.310 14339 4418 I FacsCacheGmsModule: (REDACTED) Operation '%s' successful!
11-14 11:12:31.310 14339 14645 I FacsCacheGmsModule: (REDACTED) Received 'getActivityControlsSettings' request from package '%s', instance id '%s', version '%d'...
11-14 11:12:31.311 14339 14645 I FacsCacheGmsModule: Operation 'getActivityControlsSettings' dispatched!
11-14 11:12:31.311 14339 4418 I FacsCacheGmsModule: (REDACTED) Executing operation '%s'...
11-14 11:12:31.311 14440 5106 I FacsCacheGmsModule: API connection successful!
11-14 11:12:31.311 14339 4418 I FacsCacheGmsModule: (REDACTED) Operation '%s' successful!
11-14 11:12:31.312 14440 5106 I FacsCacheGmsModule: Receiving API connection to internal FACS API...
11-14 11:12:31.313 14440 5106 I FacsCacheGmsModule: API connection successful!
11-14 11:12:31.313 1740 1854 E system_server: setState is called with an earlier timestamp: 1448819971, previous timestamp: 1448820001
11-14 11:12:31.318 2182 2224 D LocalImageResolver: Couldn't use ImageDecoder for drawable, falling back to non-resized load.
11-14 11:12:31.321 1740 3304 D TelephonyManager: requestModemActivityInfo: Sending result to app: ModemActivityInfo{ mTimestamp=1448820115 mSleepTimeMs=1414604654 mIdleTimeMs=8798399 mActivityStatsTechSpecificInfo=[{mRat=UNKNOWN,mFrequencyRange=UNKNOWN,mTxTimeMs[]=[0, 0, 0, 0, 0],mRxTimeMs=16588965}]}
11-14 11:12:31.322 1153 2082 I android.hardware.usb.aidl-service: port0
11-14 11:12:31.322 2182 2182 W TouchableRegionManager: onHeadsUpPinnedModeChanged
11-14 11:12:31.322 1153 2082 I android.hardware.usb.aidl-service: 0:port0 connected:0 canChangeMode:1 canChagedata:0 canChangePower:0 usbDataEnabled:1
11-14 11:12:31.322 1153 2082 I android.hardware.usb.aidl-service: ContaminantDetectionStatus:2 ContaminantProtectionStatus:0
11-14 11:12:31.322 1153 2082 I android.hardware.usb.aidl-service: powerTransferLimited:0
11-14 11:12:31.322 1740 2684 I UsbPortManager: AIDL UsbDataStatus:1
11-14 11:12:31.322 1740 2684 I UsbPortManager: ClientCallback AIDL V1: port0
11-14 11:12:31.323 1163 1163 I WifiHAL : Creating message to get link statistics; iface = 47
11-14 11:12:31.326 1153 2082 I android.hardware.usb.aidl-service: port0
11-14 11:12:31.326 1153 2082 I android.hardware.usb.aidl-service: 0:port0 connected:0 canChangeMode:1 canChagedata:0 canChangePower:0 usbDataEnabled:1
11-14 11:12:31.326 1153 2082 I android.hardware.usb.aidl-service: ContaminantDetectionStatus:2 ContaminantProtectionStatus:0
11-14 11:12:31.326 1153 2082 I android.hardware.usb.aidl-service: powerTransferLimited:0
11-14 11:12:31.326 1740 2535 I UsbPortManager: AIDL UsbDataStatus:1
11-14 11:12:31.326 1740 2535 I UsbPortManager: ClientCallback AIDL V1: port0
11-14 11:12:31.330 2182 2182 W OnBackInvokedCallback: OnBackInvokedCallback is not enabled for the application.
11-14 11:12:31.330 2182 2182 W OnBackInvokedCallback: Set 'android:enableOnBackInvokedCallback="true"' in the application manifest.
11-14 11:12:31.330 2182 2182 D CentralSurfaces: Received new disable state: enaihbcrso.qingr (unchanged)
11-14 11:12:31.331 2182 2224 D LocalImageResolver: Couldn't use ImageDecoder for drawable, falling back to non-resized load.
11-14 11:12:31.346 2182 2224 D LocalImageResolver: Couldn't use ImageDecoder for drawable, falling back to non-resized load.
11-14 11:12:31.347 1312 5245 D GenericSource: FileSource remote
11-14 11:12:31.347 1312 5246 D GenericSource: FileSource remote
11-14 11:12:31.368 1740 1844 D Ringtone: Successfully created local player
11-14 11:12:31.368 1740 1844 W Ringtone: Use of stream types is deprecated for operations other than volume control
11-14 11:12:31.368 1740 1844 W Ringtone: See the documentation of setStreamType() for what to use instead with android.media.AudioAttributes to qualify your playback use case
11-14 11:12:31.369 1312 8093 D NuPlayerDriver: reset(0xf2801ff0) at state 4
11-14 11:12:31.369 1740 2535 I MediaFocusControl: requestAudioFocus() from uid/pid 10208/2182 AA=USAGE_NOTIFICATION/CONTENT_TYPE_SONIFICATION clientId=android.media.AudioManager@1ff19bd callingPack=com.android.systemui req=3 flags=0x0 sdk=33
11-14 11:12:31.369 1163 1163 I WifiHAL : In GetLinkStatsCommand::handleResponse
11-14 11:12:31.369 1740 2535 I AudioService.FadeOutManager: unfadeOutUid() uid:10208
11-14 11:12:31.370 1312 5240 D NuPlayerDriver: notifyResetComplete(0xf2801ff0)
11-14 11:12:31.370 1312 8093 D NuPlayerDriver: reset(0xf2801ff0) at state 0
11-14 11:12:31.371 1740 1844 V MediaPlayer: resetDrmState: mDrmInfo=null mDrmProvisioningThread=null mPrepareDrmInProgress=false mActiveDrmScheme=false
11-14 11:12:31.371 1740 1844 V MediaPlayer: cleanDrmObj: mDrmObj=null mDrmSessionId=null
11-14 11:12:31.373 1740 1844 V MediaPlayer: resetDrmState: mDrmInfo=null mDrmProvisioningThread=null mPrepareDrmInProgress=false mActiveDrmScheme=false
11-14 11:12:31.373 1740 1844 V MediaPlayer: cleanDrmObj: mDrmObj=null mDrmSessionId=null
11-14 11:12:31.379 1312 8093 D NuPlayerDriver: NuPlayerDriver(0xf2801ff0) created, clientPid(1740)
11-14 11:12:31.390 1312 5253 D GenericSource: FileSource remote
11-14 11:12:31.398 1740 1844 D Ringtone: Successfully created local player
11-14 11:12:31.399 2182 2224 D ControlsListingControllerImpl: Subscribing callback, service count: 1
11-14 11:12:31.400 2182 2224 D ControlsListingControllerImpl: Subscribing callback, service count: 1
11-14 11:12:31.404 14339 4418 I NearbyMediums: Found Fast Ble Advertisements :
11-14 11:12:31.404 14339 4418 I NearbyMediums: BleAdvertisement { version=2, socketVersion=2, isFast=true, serviceIdHash=null, data=[ 0x23 0x56 0x46 0x53 0x5a 0x11 0x32 0x5c 0xec 0x05 0xee 0x3f 0x22 0x6f 0x3d 0xea 0x63 0x99 0xa4 0xee 0x6a 0x9d 0xcf ], deviceToken=[ 0xd9 0x7f ], rxAdvertisement=null } : 4 times.
11-14 11:12:31.404 14339 4418 I NearbyMediums: BleAdvertisement { version=2, socketVersion=2, isFast=true, serviceIdHash=null, data=[ 0x23 0x49 0x57 0x47 0x34 0x11 0x32 0x60 0xa5 0xa7 0xab 0xc8 0x31 0xa3 0x08 0x22 0xd3 0xd6 0xdb 0xe1 0x85 0x4a 0xc9 ], deviceToken=[ 0x70 0xc1 ], rxAdvertisement=null } : 2 times.
11-14 11:12:31.404 14339 4418 I NearbyMediums: BleAdvertisement { version=2, socketVersion=2, isFast=true, serviceIdHash=null, data=[ 0x23 0x42 0x53 0x36 0x59 0x11 0x34 0xff 0x1e 0x52 0x02 0x1a 0x65 0xc5 0xe8 0x10 0x1d 0xe4 0xd9 0xeb 0x6a 0x2e 0x24 ], deviceToken=[ 0x18 0x70 ], rxAdvertisement=null } : 2 times.
11-14 11:12:31.404 14339 4418 I NearbyMediums: Total 8 fast advertisements from 3 unique advertisers.
11-14 11:12:31.406 2182 2224 D ControlsListingControllerImpl: Subscribing callback, service count: 1
11-14 11:12:31.411 1740 1740 D MediaRouter: onRestoreRoute() : route=RouteInfo{ name=Phone, description=null, status=null, category=RouteCategory{ name=System types=ROUTE_TYPE_LIVE_AUDIO ROUTE_TYPE_LIVE_VIDEO groupable=false }, supportedTypes=ROUTE_TYPE_LIVE_AUDIO ROUTE_TYPE_LIVE_VIDEO , presentationDisplay=null }
11-14 11:12:31.411 1740 1740 V MediaRouter: Selecting route: RouteInfo{ name=Phone, description=null, status=null, category=RouteCategory{ name=System types=ROUTE_TYPE_LIVE_AUDIO ROUTE_TYPE_LIVE_VIDEO groupable=false }, supportedTypes=ROUTE_TYPE_LIVE_AUDIO ROUTE_TYPE_LIVE_VIDEO , presentationDisplay=null }
11-14 11:12:31.414 1312 5252 I GenericSource: start
11-14 11:12:31.427 14440 14440 D BoundBrokerSvc: onBind: Intent { act=com.google.android.gms.pay.service.BIND dat=chimera-action:/... cmp=com.google.android.gms/.chimera.GmsApiService }
11-14 11:12:31.427 14440 14440 D BoundBrokerSvc: Loading bound service for intent: Intent { act=com.google.android.gms.pay.service.BIND dat=chimera-action:/... cmp=com.google.android.gms/.chimera.GmsApiService }
11-14 11:12:31.436 1312 5257 D CCodec : allocate(c2.android.vorbis.decoder)
11-14 11:12:31.437 1312 5257 I CCodec : setting up 'default' as default (vendor) store
11-14 11:12:31.443 3371 3371 D NLService: The notifications buffer size has reached its maximum size of 100 items. Shrinking it in order to satisfy the constraints.
11-14 11:12:31.443 3225 4321 I AiAiEcho: SmartspaceNotificationPredictor no parser can handle this notification or notification is invalid
11-14 11:12:31.444 3371 3371 D NLService: Successfully stored the newly arrived notification identified by 2147483647
