11-13 21:26:23.831 1740 1955 D ActivityManager: freezing 17547 com.google.process.gservices
11-13 21:26:27.244 1740 1844 I UsageStatsService: User[0] Flushing usage stats to disk
11-13 21:27:01.535 2182 10114 D PowerUI : can't show warning due to - plugged: true status unknown: false
11-13 21:27:09.967 1740 1740 D ActivityManager: sync unfroze 7491 com.google.android.apps.safetyhub
11-13 21:27:09.989 1740 10543 W JobScheduler: Job didn't exist in JobStore: a35f665 #u0a114/165064389 com.android.vending/com.google.android.finsky.instantapps.metrics.LogFlushJob
11-13 21:27:09.989 1740 1787 D ActivityManager: sync unfroze 17547 com.google.process.gservices
11-13 21:28:01.547 2182 10179 D PowerUI : can't show warning due to - plugged: true status unknown: false
11-13 21:29:01.538 2182 2602 D PowerUI : can't show warning due to - plugged: true status unknown: false
11-13 21:30:00.597 1740 2131 I ActivityManager: Killing 17828:com.android.settings/1000 (adj 995): empty for 1800s
11-13 21:30:01.539 2182 6843 D PowerUI : can't show warning due to - plugged: true status unknown: false
11-13 21:30:05.219 1740 10543 I ActivityManager: Killing 17802:com.google.android.settings.intelligence/u0a113 (adj 995): empty for 1801s
11-13 21:31:01.540 2182 7765 D PowerUI : can't show warning due to - plugged: true status unknown: false
11-13 21:32:00.582 1740 1786 I ActivityManager: Killing 17857:com.google.android.permissioncontroller/u0a211 (adj 985): empty for 1814s
11-13 21:32:01.546 2182 7975 D PowerUI : can't show warning due to - plugged: true status unknown: false
11-13 21:33:01.543 2182 10049 D PowerUI : can't show warning due to - plugged: true status unknown: false
11-13 21:33:45.655 1740 1955 D ActivityManager: freezing 18764 com.android.providers.calendar
11-13 21:35:01.546 2182 10106 D PowerUI : can't show warning due to - plugged: true status unknown: false
11-13 21:36:45.551 1740 3294 I ActivityManager: Killing 17588:com.google.android.gms.unstable/u0a139 (adj 925): empty for 1800s
11-13 21:36:45.556 1740 3294 I ActivityManager: Killing 16146:com.google.android.apps.messaging/u0a138 (adj 935): empty for 1800s
11-13 21:36:45.559 1740 3294 I ActivityManager: Killing 17700:com.android.remoteprovisioner/u0a198 (adj 975): empty for 1806s
11-13 21:36:45.560 1740 3294 I ActivityManager: Killing 17660:com.google.android.partnersetup/u0a96 (adj 935): empty for 1806s
11-13 21:36:45.561 1740 3294 I ActivityManager: Killing 18258:com.google.android.apps.gcs/u0a109 (adj 945): empty for 1806s
11-13 21:36:45.561 1740 3294 I ActivityManager: Killing 18241:com.google.android.apps.carrier.log/u0a140 (adj 985): empty for 1807s
11-13 21:36:45.562 1740 3294 I ActivityManager: Killing 18224:com.google.RilConfigService/1001 (adj 985): empty for 1807s
11-13 21:37:00.598 1740 3294 I ActivityManager: Killing 18536:com.google.android.configupdater/u0a104 (adj 985): empty for 1812s
11-13 21:37:00.602 1740 3294 I ActivityManager: Killing 18537:com.google.android.apps.work.oobconfig/u0a121 (adj 995): empty for 1812s
11-13 21:37:01.541 2182 10114 D PowerUI : can't show warning due to - plugged: true status unknown: false
11-13 21:37:10.095 1740 1955 D ActivityManager: freezing 7491 com.google.android.apps.safetyhub
11-13 21:37:45.553 1740 3979 I ActivityManager: Killing 18046:com.android.vending:quick_launch/u0a114 (adj 985): empty for 1804s
11-13 21:37:46.673 1740 1740 D ActivityManager: sync unfroze 7491 com.google.android.apps.safetyhub
11-13 21:37:53.838 1740 3297 I ActivityManager: Killing 17900:com.android.vending:background/u0a114 (adj 975): empty for 1806s
11-13 21:38:45.551 1740 2939 I ActivityManager: Killing 17721:com.google.process.gapps/u0a139 (adj 975): empty for 1811s
11-13 21:39:01.547 2182 10179 D PowerUI : can't show warning due to - plugged: true status unknown: false
11-13 21:39:37.829 1740 2939 I ActivityManager: Killing 18683:com.alphainventor.filemanager/u0a157 (adj 965): empty for 1805s
11-13 21:39:37.940 1740 2049 D CompatibilityChangeReporter: Compat change id reported: 218533173; UID 10157; state: ENABLED
11-13 21:40:00.587 1740 1787 I ActivityManager: Killing 18699:com.google.android.calendar/u0a174 (adj 935): empty for 1811s
11-13 21:40:01.539 2182 2602 D PowerUI : can't show warning due to - plugged: true status unknown: false
11-13 21:41:01.545 2182 6843 D PowerUI : can't show warning due to - plugged: true status unknown: false
11-13 21:42:01.538 2182 7765 D PowerUI : can't show warning due to - plugged: true status unknown: false
11-13 21:42:10.171 1740 1740 D CompatibilityChangeReporter: Compat change id reported: 135634846; UID 10169; state: DISABLED
11-13 21:42:10.172 1740 1740 D CompatibilityChangeReporter: Compat change id reported: 177438394; UID 10169; state: DISABLED
11-13 21:42:10.172 1740 1740 D CompatibilityChangeReporter: Compat change id reported: 135772972; UID 10169; state: DISABLED
11-13 21:42:10.173 1740 1740 D CompatibilityChangeReporter: Compat change id reported: 135754954; UID 10169; state: ENABLED
11-13 21:42:10.175 1740 1846 D CompatibilityChangeReporter: Compat change id reported: 143937733; UID 10169; state: ENABLED
11-13 21:42:10.220 1740 1846 W ActivityManager: Slow operation: 51ms so far, now at startProcess: done updating battery stats
11-13 21:42:10.221 1740 1846 W ActivityManager: Slow operation: 51ms so far, now at startProcess: building log message
11-13 21:42:10.221 1740 1846 I ActivityManager: Start proc 19533:com.google.android.apps.work.clouddpc/u0a169 for service {com.google.android.apps.work.clouddpc/com.google.android.apps.work.clouddpc.base.services.HealthCheckJobService}
11-13 21:42:10.221 1740 1846 W ActivityManager: Slow operation: 51ms so far, now at startProcess: starting to update pids map
11-13 21:42:10.221 1740 1846 W ActivityManager: Slow operation: 51ms so far, now at startProcess: done updating pids map
11-13 21:42:10.259 1740 10519 D CompatibilityChangeReporter: Compat change id reported: 168419799; UID 10169; state: DISABLED
11-13 21:42:10.451 1740 3294 D CompatibilityChangeReporter: Compat change id reported: 161145287; UID 10169; state: DISABLED
11-13 21:42:10.457 1740 3294 D CompatibilityChangeReporter: Compat change id reported: 194532703; UID 10169; state: ENABLED
11-13 21:43:01.550 2182 7975 D PowerUI : can't show warning due to - plugged: true status unknown: false
11-13 21:43:45.553 1740 2183 I ActivityManager: Killing 19273:com.google.android.dialer/u0a117 (adj 925): empty for 1835s
11-13 21:43:45.558 1740 2183 I ActivityManager: Killing 18140:com.google.android.projection.gearhead:provider/u0a131 (adj 925): empty for 1838s
11-13 21:43:45.558 1740 2183 I ActivityManager: Killing 18953:com.google.android.apps.nbu.files/u0a118 (adj 935): empty for 1839s
11-13 21:43:45.560 1740 2183 I ActivityManager: Killing 18952:com.google.android.apps.magazines/u0a170 (adj 935): empty for 1840s
11-13 21:43:45.683 1740 2049 D CompatibilityChangeReporter: Compat change id reported: 218533173; UID 10117; state: ENABLED
11-13 21:43:45.683 1740 2049 D CompatibilityChangeReporter: Compat change id reported: 218533173; UID 10131; state: ENABLED
11-13 21:43:45.685 1740 2049 D CompatibilityChangeReporter: Compat change id reported: 218533173; UID 10118; state: ENABLED
11-13 21:44:01.534 2182 10049 D PowerUI : can't show warning due to - plugged: true status unknown: false
11-13 21:45:01.541 2182 10106 D PowerUI : can't show warning due to - plugged: true status unknown: false
11-13 21:46:01.544 2182 10114 D PowerUI : can't show warning due to - plugged: true status unknown: false
11-13 21:46:27.312 1740 1844 I UsageStatsService: User[0] Flushing usage stats to disk
11-13 21:46:45.591 1740 1955 D ActivityManager: freezing 22823 com.google.android.ims
11-13 21:47:01.541 2182 10179 D PowerUI : can't show warning due to - plugged: true status unknown: false
11-13 21:47:46.823 1740 1955 D ActivityManager: freezing 7491 com.google.android.apps.safetyhub
11-13 21:47:46.836 1740 1955 D ActivityManager: freezing 17547 com.google.process.gservices
11-13 21:48:01.537 2182 2602 D PowerUI : can't show warning due to - plugged: true status unknown: false
11-13 21:48:54.917 1740 4237 D CompatibilityChangeReporter: Compat change id reported: 135634846; UID 10139; state: DISABLED
11-13 21:48:54.917 1740 4237 D CompatibilityChangeReporter: Compat change id reported: 177438394; UID 10139; state: DISABLED
11-13 21:48:54.917 1740 4237 D CompatibilityChangeReporter: Compat change id reported: 135772972; UID 10139; state: DISABLED
11-13 21:48:54.918 1740 4237 D CompatibilityChangeReporter: Compat change id reported: 135754954; UID 10139; state: ENABLED
11-13 21:48:54.918 1740 1846 D CompatibilityChangeReporter: Compat change id reported: 143937733; UID 10139; state: ENABLED
11-13 21:48:54.933 1740 1846 I ActivityManager: Start proc 19636:com.google.android.gms.unstable/u0a139 for service {com.google.android.gms/com.google.android.gms.droidguard.DroidGuardService}
11-13 21:48:55.051 1740 4237 D ActivityManager: sync unfroze 17547 com.google.process.gservices
11-13 21:48:55.171 1740 4237 D CompatibilityChangeReporter: Compat change id reported: 319212206; UID 10139; state: DISABLED
11-13 21:48:55.819 1740 4237 D CompatibilityChangeReporter: Compat change id reported: 135634846; UID 10139; state: DISABLED
11-13 21:48:55.819 1740 4237 D CompatibilityChangeReporter: Compat change id reported: 177438394; UID 10139; state: DISABLED
11-13 21:48:55.820 1740 4237 D CompatibilityChangeReporter: Compat change id reported: 135772972; UID 10139; state: DISABLED
11-13 21:48:55.820 1740 4237 D CompatibilityChangeReporter: Compat change id reported: 135754954; UID 10139; state: ENABLED
11-13 21:48:55.821 1740 1846 D CompatibilityChangeReporter: Compat change id reported: 143937733; UID 10139; state: ENABLED
11-13 21:48:55.839 1740 1846 I ActivityManager: Start proc 19694:com.google.process.gapps/u0a139 for content provider {com.google.android.gsf/com.google.android.gsf.settings.GoogleSettingsProvider}
11-13 21:48:55.868 1740 2183 D CompatibilityChangeReporter: Compat change id reported: 168419799; UID 10139; state: DISABLED
11-13 21:48:55.915 1740 4237 D CompatibilityChangeReporter: Compat change id reported: 201794303; UID 10139; state: ENABLED
11-13 21:48:57.172 1740 1845 I ActivityManager: com.android.vending is exempt from freezer
11-13 21:48:57.172 1740 1845 D CompatibilityChangeReporter: Compat change id reported: 135634846; UID 10114; state: DISABLED
11-13 21:48:57.172 1740 1845 D CompatibilityChangeReporter: Compat change id reported: 177438394; UID 10114; state: DISABLED
11-13 21:48:57.172 1740 1845 D CompatibilityChangeReporter: Compat change id reported: 135772972; UID 10114; state: DISABLED
11-13 21:48:57.173 1740 1845 D CompatibilityChangeReporter: Compat change id reported: 135754954; UID 10114; state: ENABLED
11-13 21:48:57.173 1740 1846 D CompatibilityChangeReporter: Compat change id reported: 143937733; UID 10114; state: ENABLED
11-13 21:48:57.185 1740 1846 I ActivityManager: Start proc 19717:com.android.vending:background/u0a114 for broadcast {com.android.vending/com.google.android.finsky.checkin.backgroundreceiver.BackgroundCheckinReceiver}
11-13 21:48:57.419 1740 2183 D CompatibilityChangeReporter: Compat change id reported: 161145287; UID 10114; state: DISABLED
11-13 21:48:57.432 1740 4237 D CompatibilityChangeReporter: Compat change id reported: 135634846; UID 10142; state: DISABLED
11-13 21:48:57.432 1740 4237 D CompatibilityChangeReporter: Compat change id reported: 177438394; UID 10142; state: DISABLED
11-13 21:48:57.432 1740 4237 D CompatibilityChangeReporter: Compat change id reported: 135772972; UID 10142; state: DISABLED
11-13 21:48:57.433 1740 4237 D CompatibilityChangeReporter: Compat change id reported: 135754954; UID 10142; state: ENABLED
11-13 21:48:57.436 1740 1846 D CompatibilityChangeReporter: Compat change id reported: 143937733; UID 10142; state: ENABLED
11-13 21:48:57.453 1740 1846 I ActivityManager: Start proc 19740:com.google.android.euicc/u0a142 for broadcast {com.google.android.euicc/com.android.euicc.receiver.CheckinCompletedReceiver}
11-13 21:48:57.488 1740 4237 D CompatibilityChangeReporter: Compat change id reported: 168419799; UID 10142; state: DISABLED
11-13 21:48:57.625 1740 2183 I ActivityManager: Killing 19177:com.google.android.apps.tips/u0a101 (adj 985): empty for 2147s
11-13 21:48:57.652 1740 2183 D CompatibilityChangeReporter: Compat change id reported: 171306433; UID 10139; state: ENABLED
11-13 21:48:57.652 1740 2183 D CompatibilityChangeReporter: Compat change id reported: 218533173; UID 10139; state: ENABLED
11-13 21:48:57.661 1740 2049 D CompatibilityChangeReporter: Compat change id reported: 218533173; UID 10101; state: ENABLED
11-13 21:49:01.541 2182 6843 D PowerUI : can't show warning due to - plugged: true status unknown: false
11-13 21:49:01.916 1740 3304 I ActivityManager: Killing 19143:com.google.android.apps.photos/u0a183 (adj 955): empty for 2090s
11-13 21:49:04.611 1740 3304 D CompatibilityChangeReporter: Compat change id reported: 161145287; UID 10142; state: DISABLED
11-13 21:49:05.397 1740 3304 D CompatibilityChangeReporter: Compat change id reported: 161252188; UID 10139; state: ENABLED
11-13 21:50:01.543 2182 7765 D PowerUI : can't show warning due to - plugged: true status unknown: false
11-13 21:50:02.737 1740 1740 D CompatibilityChangeReporter: Compat change id reported: 135634846; UID 10138; state: DISABLED
11-13 21:50:02.738 1740 1740 D CompatibilityChangeReporter: Compat change id reported: 177438394; UID 10138; state: DISABLED
11-13 21:50:02.739 1740 1740 D CompatibilityChangeReporter: Compat change id reported: 135772972; UID 10138; state: DISABLED
11-13 21:50:02.740 1740 1740 D CompatibilityChangeReporter: Compat change id reported: 135754954; UID 10138; state: ENABLED
11-13 21:50:02.743 1740 1846 D CompatibilityChangeReporter: Compat change id reported: 143937733; UID 10138; state: ENABLED
11-13 21:50:02.777 1740 1846 I ActivityManager: Start proc 19789:com.google.android.apps.messaging/u0a138 for service {com.google.android.apps.messaging/androidx.work.impl.background.systemjob.SystemJobService}
11-13 21:50:02.992 1740 3472 D CompatibilityChangeReporter: Compat change id reported: 161145287; UID 10138; state: DISABLED
11-13 21:50:03.033 1740 3472 D CompatibilityChangeReporter: Compat change id reported: 194532703; UID 10138; state: ENABLED
11-13 21:50:03.077 1740 3472 W JobScheduler: Job didn't exist in JobStore: 486e59a #u0a138/1664 com.google.android.apps.messaging/androidx.work.impl.background.systemjob.SystemJobService
11-13 21:50:03.127 1740 3472 I ActivityManager: Killing 18764:com.android.providers.calendar/u0a64 (adj 975): empty for 2019s
11-13 21:50:03.128 1740 3472 I ActivityManager: Killing 19131:com.google.android.apps.restore/u0a100 (adj 985): empty for 2151s
11-13 21:50:24.216 1740 1845 W BroadcastQueue: Exported Denial: sending Intent { act=android.net.conn.CONNECTIVITY_CHANGE flg=0x4200010 (has extras) }, action: android.net.conn.CONNECTIVITY_CHANGE from null (uid=-1) due to receiver ProcessRecord{1a4e80 19789:com.google.android.apps.messaging/u0a138} (uid 10138) not specifying RECEIVER_EXPORTED
11-13 21:51:01.543 2182 7975 D PowerUI : can't show warning due to - plugged: true status unknown: false
11-13 21:52:10.578 1740 1955 D ActivityManager: freezing 19533 com.google.android.apps.work.clouddpc
11-13 21:52:18.249 1740 3472 D CompatibilityChangeReporter: Compat change id reported: 135634846; UID 10068; state: DISABLED
11-13 21:52:18.249 1740 3472 D CompatibilityChangeReporter: Compat change id reported: 177438394; UID 10068; state: DISABLED
11-13 21:52:18.250 1740 3472 D CompatibilityChangeReporter: Compat change id reported: 135772972; UID 10068; state: DISABLED
11-13 21:52:18.250 1740 3472 D CompatibilityChangeReporter: Compat change id reported: 135754954; UID 10068; state: ENABLED
11-13 21:52:18.250 1740 1846 D CompatibilityChangeReporter: Compat change id reported: 143937733; UID 10068; state: ENABLED
11-13 21:52:18.266 1740 1846 I ActivityManager: Start proc 19867:android.process.acore/u0a68 for content provider {com.android.providers.contacts/com.android.providers.contacts.ContactsProvider2}
11-13 21:52:18.305 1740 3472 D CompatibilityChangeReporter: Compat change id reported: 168419799; UID 10068; state: DISABLED
11-13 21:52:18.384 1740 3472 D CompatibilityChangeReporter: Compat change id reported: 161145287; UID 10068; state: DISABLED
11-13 21:52:18.549 1740 3979 D CompatibilityChangeReporter: Compat change id reported: 201794303; UID 10068; state: ENABLED
11-13 21:55:01.534 2182 10049 D PowerUI : can't show warning due to - plugged: true status unknown: false
11-13 21:55:30.017 1740 1740 D CompatibilityChangeReporter: Compat change id reported: 135634846; UID 10096; state: DISABLED
11-13 21:55:30.017 1740 1740 D CompatibilityChangeReporter: Compat change id reported: 177438394; UID 10096; state: DISABLED
11-13 21:55:30.018 1740 1740 D CompatibilityChangeReporter: Compat change id reported: 135772972; UID 10096; state: DISABLED
11-13 21:55:30.019 1740 1740 D CompatibilityChangeReporter: Compat change id reported: 135754954; UID 10096; state: ENABLED
11-13 21:55:30.020 1740 1846 D CompatibilityChangeReporter: Compat change id reported: 143937733; UID 10096; state: ENABLED
11-13 21:55:30.024 1740 1740 D CompatibilityChangeReporter: Compat change id reported: 135634846; UID 10143; state: DISABLED
11-13 21:55:30.024 1740 1740 D CompatibilityChangeReporter: Compat change id reported: 177438394; UID 10143; state: DISABLED
11-13 21:55:30.024 1740 1740 D CompatibilityChangeReporter: Compat change id reported: 135772972; UID 10143; state: DISABLED
11-13 21:55:30.024 1740 1740 D CompatibilityChangeReporter: Compat change id reported: 135754954; UID 10143; state: ENABLED
11-13 21:55:30.036 1740 1846 I ActivityManager: Start proc 19903:com.google.android.partnersetup/u0a96 for service {com.google.android.partnersetup/com.google.android.partnersetup.InstalledAppJobService}
11-13 21:55:30.036 1740 1846 D CompatibilityChangeReporter: Compat change id reported: 143937733; UID 10143; state: ENABLED
11-13 21:55:30.045 1740 1846 I ActivityManager: Start proc 19904:com.google.android.apps.turbo:aab/u0a143 for service {com.google.android.apps.turbo/com.google.android.libraries.smartbattery.appusage.library.InferAppBucketsJob}
11-13 21:55:30.106 1740 3288 D CompatibilityChangeReporter: Compat change id reported: 194532703; UID 10096; state: ENABLED
11-13 21:55:30.129 1740 3979 W JobScheduler: Job didn't exist in JobStore: 64d1741 #u0a96/4096 com.google.android.partnersetup/.InstalledAppJobService
11-13 21:55:30.268 1740 3288 D CompatibilityChangeReporter: Compat change id reported: 135634846; UID 10198; state: DISABLED
11-13 21:55:30.268 1740 3288 D CompatibilityChangeReporter: Compat change id reported: 177438394; UID 10198; state: DISABLED
11-13 21:55:30.268 1740 3288 D CompatibilityChangeReporter: Compat change id reported: 135772972; UID 10198; state: DISABLED
11-13 21:55:30.268 1740 3288 D CompatibilityChangeReporter: Compat change id reported: 135754954; UID 10198; state: ENABLED
11-13 21:55:30.269 1740 1846 D CompatibilityChangeReporter: Compat change id reported: 143937733; UID 10198; state: ENABLED
11-13 21:55:30.284 1740 1846 I ActivityManager: Start proc 19945:com.android.remoteprovisioner/u0a198 for service {com.android.remoteprovisioner/com.android.remoteprovisioner.service.GenerateRkpKeyService}
11-13 21:55:30.344 1740 3288 D CompatibilityChangeReporter: Compat change id reported: 218533173; UID 10211; state: ENABLED
11-13 21:55:30.356 571 10243 E keystore2: keystore2::error: In generate_key_pair: Failed to get device for security level SecurityLevel(2)
11-13 21:55:30.356 571 10243 E keystore2:
11-13 21:55:30.356 571 10243 E keystore2: Caused by:
11-13 21:55:30.356 571 10243 E keystore2: 0: In get_dev_by_sec_level: Remote instance for requested security level not found.
11-13 21:55:30.356 571 10243 E keystore2: 1: Error::Rc(ResponseCode(4))
11-13 21:55:30.395 1740 3288 D CompatibilityChangeReporter: Compat change id reported: 194532703; UID 10143; state: ENABLED
11-13 21:55:30.600 1740 1845 D CompatibilityChangeReporter: Compat change id reported: 135634846; UID 10151; state: DISABLED
11-13 21:55:30.601 1740 1846 D CompatibilityChangeReporter: Compat change id reported: 143937733; UID 10151; state: ENABLED
11-13 21:55:30.619 1740 1846 I ActivityManager: Start proc 19968:com.android.chrome/u0a151 for broadcast {com.android.chrome/com.google.android.apps.chrome.rlz.RevenueStatsConfigurationUpdateReceiver}
11-13 21:55:30.738 1740 3979 D CompatibilityChangeReporter: Compat change id reported: 161145287; UID 10151; state: DISABLED
11-13 21:55:37.131 1740 3304 D CompatibilityChangeReporter: Compat change id reported: 161145287; UID 10096; state: DISABLED
11-13 21:55:40.858 571 19931 I keystore2: keystore2::watchdog: Watchdog thread idle -> terminating. Have a great day.
11-13 21:56:01.544 1740 3979 D CompatibilityChangeReporter: Compat change id reported: 161145287; UID 10139; state: DISABLED
11-13 21:56:01.549 2182 10106 D PowerUI : can't show warning due to - plugged: true status unknown: false
11-13 21:57:01.555 2182 10114 D PowerUI : can't show warning due to - plugged: true status unknown: false
11-13 21:57:45.553 1740 3472 I ActivityManager: Killing 17887:com.android.vending/u0a114 (adj 985): empty for 1835s
11-13 21:57:45.560 1740 3472 I ActivityManager: Killing 18097:com.android.vending:instant_app_installer/u0a114 (adj 935): empty for 1835s
11-13 21:57:45.948 1740 1740 D ActivityManager: sync unfroze 7491 com.google.android.apps.safetyhub
11-13 21:57:54.564 1740 1740 D CompatibilityChangeReporter: Compat change id reported: 135634846; UID 10109; state: DISABLED
11-13 21:57:54.564 1740 1740 D CompatibilityChangeReporter: Compat change id reported: 177438394; UID 10109; state: DISABLED
11-13 21:57:54.564 1740 1740 D CompatibilityChangeReporter: Compat change id reported: 135772972; UID 10109; state: DISABLED
11-13 21:57:54.564 1740 1740 D CompatibilityChangeReporter: Compat change id reported: 135754954; UID 10109; state: ENABLED
11-13 21:57:54.565 1740 1846 D CompatibilityChangeReporter: Compat change id reported: 143937733; UID 10109; state: ENABLED
11-13 21:57:54.583 1740 1846 I ActivityManager: Start proc 20002:com.google.android.apps.gcs/u0a109 for service {com.google.android.apps.gcs/androidx.work.impl.background.systemjob.SystemJobService}
11-13 21:57:54.617 1740 10543 D CompatibilityChangeReporter: Compat change id reported: 168419799; UID 10109; state: DISABLED
11-13 21:57:54.622 1740 3304 W JobScheduler: Job didn't exist in JobStore: 5cf23e1 #u0a135/37523 com.google.android.apps.wellbeing/androidx.work.impl.background.systemjob.SystemJobService
11-13 21:57:54.662 1740 3472 D CompatibilityChangeReporter: Compat change id reported: 161145287; UID 10109; state: DISABLED
11-13 21:57:54.691 1740 3304 D CompatibilityChangeReporter: Compat change id reported: 194532703; UID 10109; state: ENABLED
11-13 21:57:54.696 1740 3472 W JobScheduler: Job didn't exist in JobStore: c185aaa #u0a109/58466 com.google.android.apps.gcs/androidx.work.impl.background.systemjob.SystemJobService
11-13 21:57:54.779 1740 10543 W JobScheduler: Job didn't exist in JobStore: 961e780 #u0a109/58472 com.google.android.apps.gcs/androidx.work.impl.background.systemjob.SystemJobService
11-13 21:58:57.724 1740 1955 D ActivityManager: freezing 19740 com.google.android.euicc
11-13 21:59:01.936 1740 1955 D ActivityManager: freezing 19636 com.google.android.gms.unstable
11-13 21:59:05.513 1740 3302 D CompatibilityChangeReporter: Compat change id reported: 168419799; UID 10139; state: DISABLED
11-13 22:00:00.027 1740 1740 D ConditionProviders.SCP: onReceive ScheduleConditionProvider.EVALUATE
11-13 22:00:00.027 1740 1740 D ConditionProviders.SCP: evaluateSubscriptionLocked cal=ScheduleCalendar[mDays={1, 2, 3, 4, 5, 6, 7}, mSchedule=ScheduleInfo{days=[1, 2, 3, 4, 5, 6, 7], startHour=22, startMinute=0, endHour=7, endMinute=0, exitAtAlarm=true, nextAlarm=Wed Dec 31 16:00:00 PST 1969 (0)}], now=Wed Nov 13 22:00:00 PST 2024 (1731564000027), nextUserAlarmTime=Wed Dec 31 16:00:00 PST 1969 (0)
11-13 22:00:00.028 1740 1740 D ConditionProviders.SCP: notifyCondition condition://android/schedule?days=1.2.3.4.5.6.7&start=22.0&end=7.0&exitAtAlarm=true STATE_TRUE reason=meetsSchedule
11-13 22:00:00.028 1740 1845 D CompatibilityChangeReporter: Compat change id reported: 135634846; UID 10113; state: DISABLED
11-13 22:00:00.028 1740 1740 D ConditionProviders.SCP: Scheduling evaluate for Thu Nov 14 07:00:00 PST 2024 (1731596400000), in +8h59m59s973ms, now=Wed Nov 13 22:00:00 PST 2024 (1731564000027)
11-13 22:00:00.028 1740 1845 D CompatibilityChangeReporter: Compat change id reported: 177438394; UID 10113; state: DISABLED
11-13 22:00:00.029 1740 1845 D CompatibilityChangeReporter: Compat change id reported: 135772972; UID 10113; state: DISABLED
11-13 22:00:00.029 1740 1845 D CompatibilityChangeReporter: Compat change id reported: 135754954; UID 10113; state: ENABLED
11-13 22:00:00.029 1740 1846 D CompatibilityChangeReporter: Compat change id reported: 143937733; UID 10113; state: ENABLED
11-13 22:00:00.045 1740 1846 I ActivityManager: Start proc 20059:com.google.android.settings.intelligence/u0a113 for broadcast {com.google.android.settings.intelligence/com.google.android.settings.intelligence.modules.battery.impl.usage.PeriodicJobReceiver}
11-13 22:00:00.072 1740 10543 D CompatibilityChangeReporter: Compat change id reported: 168419799; UID 10113; state: DISABLED
11-13 22:00:00.146 1740 10543 D CompatibilityChangeReporter: Compat change id reported: 194532703; UID 10113; state: ENABLED
11-13 22:00:00.153 1740 10543 D CompatibilityChangeReporter: Compat change id reported: 161145287; UID 10113; state: DISABLED
11-13 22:00:00.155 1740 10543 D CompatibilityChangeReporter: Compat change id reported: 161252188; UID 1000; state: ENABLED
11-13 22:00:00.157 1740 10543 D CompatibilityChangeReporter: Compat change id reported: 171306433; UID 10113; state: ENABLED
11-13 22:00:00.157 1740 10543 D CompatibilityChangeReporter: Compat change id reported: 226439802; UID 10113; state: DISABLED
11-13 22:00:00.158 1740 10543 D CompatibilityChangeReporter: Compat change id reported: 218533173; UID 10113; state: ENABLED
11-13 22:00:00.160 1740 10543 D CompatibilityChangeReporter: Compat change id reported: 135634846; UID 1000; state: DISABLED
11-13 22:00:00.160 1740 10543 D CompatibilityChangeReporter: Compat change id reported: 177438394; UID 1000; state: DISABLED
11-13 22:00:00.160 1740 10543 D CompatibilityChangeReporter: Compat change id reported: 135772972; UID 1000; state: DISABLED
11-13 22:00:00.161 1740 10543 D CompatibilityChangeReporter: Compat change id reported: 135754954; UID 1000; state: ENABLED
11-13 22:00:00.176 1740 1846 I ActivityManager: Start proc 20085:com.android.settings/1000 for broadcast {com.android.settings/com.google.android.settings.fuelgauge.BatteryBroadcastReceiver}
11-13 22:00:00.548 20085 20099 W PowerProfile: ambient.on is deprecated! Use ambient.on.display0 instead.
11-13 22:00:00.549 20085 20099 W PowerProfile: screen.on is deprecated! Use screen.on.display0 instead.
11-13 22:00:00.549 20085 20099 W PowerProfile: screen.full is deprecated! Use screen.full.display0 instead.
11-13 22:00:00.549 20085 20099 W ModemPowerProfile: getAverageBatteryDrainMaH called with unexpected key: 0x0, drain:0,RAT:DEFAULT
11-13 22:00:00.549 20085 20099 W ModemPowerProfile: getAverageBatteryDrainMaH called with unexpected key: 0x10000000, drain:IDLE,RAT:DEFAULT
11-13 22:00:00.549 20085 20099 W ModemPowerProfile: getAverageBatteryDrainMaH called with unexpected key: 0x20000000, drain:RX,RAT:DEFAULT
11-13 22:00:00.550 20085 20099 W ModemPowerProfile: getAverageBatteryDrainMaH called with unexpected key: 0x30000000, drain:TX,level:UNKNOWN(0x0)RAT:DEFAULT
11-13 22:00:00.550 20085 20099 W ModemPowerProfile: getAverageBatteryDrainMaH called with unexpected key: 0x31000000, drain:TX,level:UNKNOWN(0x1000000)RAT:DEFAULT
11-13 22:00:00.550 20085 20099 W ModemPowerProfile: getAverageBatteryDrainMaH called with unexpected key: 0x32000000, drain:TX,level:UNKNOWN(0x2000000)RAT:DEFAULT
11-13 22:00:00.550 20085 20099 W ModemPowerProfile: getAverageBatteryDrainMaH called with unexpected key: 0x33000000, drain:TX,level:UNKNOWN(0x3000000)RAT:DEFAULT
11-13 22:00:00.550 20085 20099 W ModemPowerProfile: getAverageBatteryDrainMaH called with unexpected key: 0x34000000, drain:TX,level:UNKNOWN(0x4000000)RAT:DEFAULT
11-13 22:00:00.981 1740 10543 D CompatibilityChangeReporter: Compat change id reported: 161145287; UID 1000; state: DISABLED
11-13 22:00:01.540 2182 10179 D PowerUI : can't show warning due to - plugged: true status unknown: false
11-13 22:00:01.550 1740 10543 D CompatibilityChangeReporter: Compat change id reported: 161145287; UID 10143; state: DISABLED
11-13 22:02:01.547 2182 2602 D PowerUI : can't show warning due to - plugged: true status unknown: false
11-13 22:02:18.648 1740 1955 D ActivityManager: freezing 19789 com.google.android.apps.messaging
11-13 22:02:18.662 1740 1955 D ActivityManager: freezing 19867 android.process.acore
11-13 22:03:01.547 2182 6843 D PowerUI : can't show warning due to - plugged: true status unknown: false
11-13 22:04:01.535 2182 7765 D PowerUI : can't show warning due to - plugged: true status unknown: false
11-13 22:05:01.546 2182 7975 D PowerUI : can't show warning due to - plugged: true status unknown: false
11-13 22:05:01.567 2182 10049 D PowerUI : can't show warning due to - plugged: true status unknown: false
11-13 22:05:08.273 1740 1740 D CompatibilityChangeReporter: Compat change id reported: 168419799; UID 10143; state: DISABLED
11-13 22:05:30.435 1740 1955 D ActivityManager: freezing 19945 com.android.remoteprovisioner
11-13 22:05:30.445 1740 1955 D ActivityManager: freezing 19904 com.google.android.apps.turbo:aab
11-13 22:05:30.629 1740 1955 D ActivityManager: freezing 19903 com.google.android.partnersetup
11-13 22:05:30.638 1740 1955 D ActivityManager: freezing 19694 com.google.process.gapps
11-13 22:05:30.747 1740 1955 D ActivityManager: freezing 19968 com.android.chrome
11-13 22:06:01.543 2182 10106 D PowerUI : can't show warning due to - plugged: true status unknown: false
11-13 22:06:27.441 1740 1844 I UsageStatsService: User[0] Flushing usage stats to disk
11-13 22:06:47.180 1740 1740 D CompatibilityChangeReporter: Compat change id reported: 168419799; UID 1000; state: DISABLED
11-13 22:07:01.534 2182 10114 D PowerUI : can't show warning due to - plugged: true status unknown: false
11-13 22:07:46.075 1740 1955 D ActivityManager: freezing 7491 com.google.android.apps.safetyhub
11-13 22:07:54.892 1740 1955 D ActivityManager: freezing 20002 com.google.android.apps.gcs
11-13 22:08:01.538 2182 10179 D PowerUI : can't show warning due to - plugged: true status unknown: false
11-13 22:09:01.536 2182 2602 D PowerUI : can't show warning due to - plugged: true status unknown: false
11-13 22:10:06.249 1740 1955 D ActivityManager: freezing 17547 com.google.process.gservices
11-13 22:10:10.092 1740 1955 D ActivityManager: freezing 20085 com.android.settings
11-13 22:10:10.105 1740 1955 D ActivityManager: freezing 20059 com.google.android.settings.intelligence
11-13 22:12:01.537 2182 6843 D PowerUI : can't show warning due to - plugged: true status unknown: false
11-13 22:12:01.557 2182 7765 D PowerUI : can't show warning due to - plugged: true status unknown: false
11-13 22:12:45.552 1740 3302 I ActivityManager: Killing 19533:com.google.android.apps.work.clouddpc/u0a169 (adj 935): empty for 1835s
11-13 22:13:01.545 2182 7975 D PowerUI : can't show warning due to - plugged: true status unknown: false
11-13 22:15:01.541 2182 10049 D PowerUI : can't show warning due to - plugged: true status unknown: false
11-13 22:16:01.543 2182 10106 D PowerUI : can't show warning due to - plugged: true status unknown: false
11-13 22:16:16.427 1740 3976 D CompatibilityChangeReporter: Compat change id reported: 161252188; UID 10211; state: ENABLED
11-13 22:16:16.432 1740 3976 D CompatibilityChangeReporter: Compat change id reported: 135634846; UID 10211; state: DISABLED
11-13 22:16:16.433 1740 3976 D CompatibilityChangeReporter: Compat change id reported: 177438394; UID 10211; state: DISABLED
11-13 22:16:16.433 1740 3976 D CompatibilityChangeReporter: Compat change id reported: 135772972; UID 10211; state: DISABLED
11-13 22:16:16.433 1740 3976 D CompatibilityChangeReporter: Compat change id reported: 135754954; UID 10211; state: ENABLED
11-13 22:16:16.435 1740 1846 D CompatibilityChangeReporter: Compat change id reported: 143937733; UID 10211; state: ENABLED
11-13 22:16:16.458 1740 1846 I ActivityManager: Start proc 20182:com.google.android.permissioncontroller/u0a211 for service {com.google.android.permissioncontroller/com.android.permissioncontroller.permission.service.v33.SafetyCenterQsTileService}
11-13 22:16:16.491 1740 3976 D CompatibilityChangeReporter: Compat change id reported: 168419799; UID 10211; state: DISABLED
11-13 22:16:17.683 1740 1740 D ActivityManager: sync unfroze 7491 com.google.android.apps.safetyhub
11-13 22:17:01.545 2182 10114 D PowerUI : can't show warning due to - plugged: true status unknown: false
11-13 22:18:01.543 2182 10179 D PowerUI : can't show warning due to - plugged: true status unknown: false
11-13 22:18:23.021 1740 3294 D CompatibilityChangeReporter: Compat change id reported: 135634846; UID 10064; state: DISABLED
11-13 22:18:23.022 1740 3294 D CompatibilityChangeReporter: Compat change id reported: 177438394; UID 10064; state: DISABLED
11-13 22:18:23.022 1740 3294 D CompatibilityChangeReporter: Compat change id reported: 135772972; UID 10064; state: DISABLED
11-13 22:18:23.022 1740 3294 D CompatibilityChangeReporter: Compat change id reported: 135754954; UID 10064; state: ENABLED
11-13 22:18:23.022 1740 1846 D CompatibilityChangeReporter: Compat change id reported: 143937733; UID 10064; state: ENABLED
11-13 22:18:23.046 1740 1846 I ActivityManager: Start proc 20203:com.android.providers.calendar/u0a64 for content provider {com.android.providers.calendar/com.android.providers.calendar.CalendarProvider2}
11-13 22:18:23.074 1740 2519 D CompatibilityChangeReporter: Compat change id reported: 168419799; UID 10064; state: DISABLED
11-13 22:18:23.112 1740 2519 D CompatibilityChangeReporter: Compat change id reported: 161145287; UID 10064; state: DISABLED
11-13 22:18:23.124 1740 2525 D CompatibilityChangeReporter: Compat change id reported: 143231523; UID 10064; state: DISABLED
11-13 22:18:23.899 1740 2519 I ContentCaptureManagerService: Data share request accepted by Content Capture service
11-13 22:19:00.584 1740 2525 I ActivityManager: Killing 19740:com.google.android.euicc/u0a142 (adj 935): empty for 1803s
11-13 22:19:00.586 1740 2525 I ActivityManager: Killing 19717:com.android.vending:background/u0a114 (adj 975): empty for 1803s
11-13 22:19:01.542 2182 2602 D PowerUI : can't show warning due to - plugged: true status unknown: false
11-13 22:19:05.735 1740 2519 I ActivityManager: Killing 19636:com.google.android.gms.unstable/u0a139 (adj 925): empty for 1803s
11-13 22:20:52.878 1740 3471 D CompatibilityChangeReporter: Compat change id reported: 171306433; UID 1000; state: ENABLED
11-13 22:20:52.878 1740 3471 D CompatibilityChangeReporter: Compat change id reported: 218533173; UID 1000; state: ENABLED
11-13 22:21:01.537 2182 6843 D PowerUI : can't show warning due to - plugged: true status unknown: false
11-13 22:22:45.552 1740 3471 I ActivityManager: Killing 19789:com.google.android.apps.messaging/u0a138 (adj 925): empty for 1826s
11-13 22:22:45.556 1740 3471 I ActivityManager: Killing 19867:android.process.acore/u0a68 (adj 965): empty for 1826s
11-13 22:23:01.542 2182 7765 D PowerUI : can't show warning due to - plugged: true status unknown: false
11-13 22:23:23.902 1740 1740 I ContentCaptureManagerService: Content capture data sharing session terminated successfully for package 'com.google.android.googlequicksearchbox'
11-13 22:25:45.363 1740 3294 I ActivityManager: Killing 19694:com.google.process.gapps/u0a139 (adj 945): empty for 1814s
11-13 22:25:45.365 1740 3294 I ActivityManager: Killing 19904:com.google.android.apps.turbo:aab/u0a143 (adj 915): empty for 1814s
11-13 22:25:45.366 1740 3294 I ActivityManager: Killing 19945:com.android.remoteprovisioner/u0a198 (adj 955): empty for 1815s
11-13 22:26:01.541 2182 7975 D PowerUI : can't show warning due to - plugged: true status unknown: false
11-13 22:26:01.576 2182 10049 D PowerUI : can't show warning due to - plugged: true status unknown: false
11-13 22:26:05.625 1740 1740 D CompatibilityChangeReporter: Compat change id reported: 135634846; UID 10138; state: DISABLED
11-13 22:26:05.626 1740 1740 D CompatibilityChangeReporter: Compat change id reported: 177438394; UID 10138; state: DISABLED
11-13 22:26:05.626 1740 1740 D CompatibilityChangeReporter: Compat change id reported: 135772972; UID 10138; state: DISABLED
11-13 22:26:05.626 1740 1740 D CompatibilityChangeReporter: Compat change id reported: 135754954; UID 10138; state: ENABLED
11-13 22:26:05.627 1740 1846 D CompatibilityChangeReporter: Compat change id reported: 143937733; UID 10138; state: ENABLED
11-13 22:26:05.653 1740 1846 I ActivityManager: Start proc 20242:com.google.android.apps.messaging/u0a138 for service {com.google.android.apps.messaging/androidx.work.impl.background.systemjob.SystemJobService}
11-13 22:26:05.684 1740 3292 D CompatibilityChangeReporter: Compat change id reported: 168419799; UID 10138; state: DISABLED
11-13 22:26:05.794 1740 3292 D CompatibilityChangeReporter: Compat change id reported: 161145287; UID 10138; state: DISABLED
11-13 22:26:05.815 1740 3292 D CompatibilityChangeReporter: Compat change id reported: 194532703; UID 10138; state: ENABLED
11-13 22:26:05.832 1740 3304 D ActivityManager: sync unfroze 17547 com.google.process.gservices
11-13 22:26:05.867 1740 3294 W JobScheduler: Job didn't exist in JobStore: 3827b40 #u0a138/1667 com.google.android.apps.messaging/androidx.work.impl.background.systemjob.SystemJobService
11-13 22:26:05.882 1740 3288 W JobScheduler: Job didn't exist in JobStore: eebbdca #u0a138/1669 com.google.android.apps.messaging/androidx.work.impl.background.systemjob.SystemJobService
11-13 22:26:05.929 1740 3292 I ActivityManager: Killing 19903:com.google.android.partnersetup/u0a96 (adj 945): empty for 1835s
11-13 22:26:17.804 1740 1955 D ActivityManager: freezing 7491 com.google.android.apps.safetyhub
11-13 22:26:26.952 1740 1845 W BroadcastQueue: Exported Denial: sending Intent { act=android.net.conn.CONNECTIVITY_CHANGE flg=0x4200010 (has extras) }, action: android.net.conn.CONNECTIVITY_CHANGE from null (uid=-1) due to receiver ProcessRecord{15350d9 20242:com.google.android.apps.messaging/u0a138} (uid 10138) not specifying RECEIVER_EXPORTED
11-13 22:26:27.485 1740 1844 I UsageStatsService: User[0] Flushing usage stats to disk
11-13 22:26:46.475 1740 1955 D ActivityManager: freezing 20182 com.google.android.permissioncontroller
11-13 22:27:01.538 2182 10106 D PowerUI : can't show warning due to - plugged: true status unknown: false
11-13 22:28:01.554 2182 10114 D PowerUI : can't show warning due to - plugged: true status unknown: false
11-13 22:28:21.018 1740 3294 D CompatibilityChangeReporter: Compat change id reported: 135634846; UID 10068; state: DISABLED
11-13 22:28:21.018 1740 3294 D CompatibilityChangeReporter: Compat change id reported: 177438394; UID 10068; state: DISABLED
11-13 22:28:21.018 1740 3294 D CompatibilityChangeReporter: Compat change id reported: 135772972; UID 10068; state: DISABLED
11-13 22:28:21.018 1740 3294 D CompatibilityChangeReporter: Compat change id reported: 135754954; UID 10068; state: ENABLED
11-13 22:28:21.018 1740 1846 D CompatibilityChangeReporter: Compat change id reported: 143937733; UID 10068; state: ENABLED
11-13 22:28:21.041 1740 1846 I ActivityManager: Start proc 20317:android.process.acore/u0a68 for content provider {com.android.providers.contacts/com.android.providers.contacts.ContactsProvider2}
11-13 22:28:21.076 1740 3294 D CompatibilityChangeReporter: Compat change id reported: 168419799; UID 10068; state: DISABLED
11-13 22:28:21.125 1740 3294 D CompatibilityChangeReporter: Compat change id reported: 161145287; UID 10068; state: DISABLED
11-13 22:28:21.229 1740 3294 D CompatibilityChangeReporter: Compat change id reported: 201794303; UID 10068; state: ENABLED
11-13 22:28:21.247 1740 10524 I ActivityManager: Killing 19968:com.android.chrome/u0a151 (adj 985): empty for 1970s
11-13 22:28:21.284 1740 2049 D CompatibilityChangeReporter: Compat change id reported: 218533173; UID 10151; state: ENABLED
11-13 22:29:00.749 1740 1955 D ActivityManager: freezing 20203 com.android.providers.calendar
11-13 22:29:01.539 2182 10179 D PowerUI : can't show warning due to - plugged: true status unknown: false
11-13 22:30:01.536 2182 2602 D PowerUI : can't show warning due to - plugged: true status unknown: false
11-13 22:31:01.537 2182 6843 D PowerUI : can't show warning due to - plugged: true status unknown: false
11-13 22:32:01.539 2182 7765 D PowerUI : can't show warning due to - plugged: true status unknown: false
11-13 22:33:01.546 2182 7975 D PowerUI : can't show warning due to - plugged: true status unknown: false
11-13 22:34:01.542 2182 10049 D PowerUI : can't show warning due to - plugged: true status unknown: false
11-13 22:35:11.608 1740 1740 D ActivityManager: sync unfroze 7491 com.google.android.apps.safetyhub
11-13 22:36:01.542 2182 10106 D PowerUI : can't show warning due to - plugged: true status unknown: false
11-13 22:36:27.082 1740 1955 D ActivityManager: freezing 17547 com.google.process.gservices
11-13 22:37:01.541 2182 10114 D PowerUI : can't show warning due to - plugged: true status unknown: false
11-13 22:38:01.536 2182 10179 D PowerUI : can't show warning due to - plugged: true status unknown: false
11-13 22:38:21.347 1740 1955 D ActivityManager: freezing 20242 com.google.android.apps.messaging
11-13 22:38:21.355 1740 1955 D ActivityManager: freezing 20317 android.process.acore
11-13 22:39:01.559 2182 2602 D PowerUI : can't show warning due to - plugged: true status unknown: false
11-13 22:40:01.539 2182 6843 D PowerUI : can't show warning due to - plugged: true status unknown: false
11-13 22:44:03.708 1740 1740 D CompatibilityChangeReporter: Compat change id reported: 135634846; UID 10169; state: DISABLED
11-13 22:44:03.709 1740 1740 D CompatibilityChangeReporter: Compat change id reported: 177438394; UID 10169; state: DISABLED
11-13 22:44:03.709 1740 1740 D CompatibilityChangeReporter: Compat change id reported: 135772972; UID 10169; state: DISABLED
11-13 22:44:03.709 1740 1740 D CompatibilityChangeReporter: Compat change id reported: 135754954; UID 10169; state: ENABLED
11-13 22:44:03.710 1740 1846 D CompatibilityChangeReporter: Compat change id reported: 143937733; UID 10169; state: ENABLED
11-13 22:44:03.728 1740 1846 I ActivityManager: Start proc 20391:com.google.android.apps.work.clouddpc/u0a169 for service {com.google.android.apps.work.clouddpc/com.google.android.apps.work.clouddpc.base.services.HealthCheckJobService}
11-13 22:44:03.761 1740 10524 D CompatibilityChangeReporter: Compat change id reported: 168419799; UID 10169; state: DISABLED
11-13 22:44:03.953 1740 3297 D CompatibilityChangeReporter: Compat change id reported: 161145287; UID 10169; state: DISABLED
11-13 22:44:03.969 1740 3294 I ActivityManager: Killing 20002:com.google.android.apps.gcs/u0a109 (adj 935): empty for 2769s
11-13 22:44:03.971 1740 3297 D CompatibilityChangeReporter: Compat change id reported: 194532703; UID 10169; state: ENABLED
11-13 22:44:03.999 20391 20406 I ActivityThread: Removing dead content provider:android.content.ContentProviderProxy@911b9a9
11-13 22:44:04.000 1740 3297 I ActivityManager: Process com.google.process.gservices (pid 17547) early provider death
11-13 22:44:04.000 1740 3297 I ActivityManager: Process com.google.process.gservices (pid 17547) has died: cch+25 CEM
11-13 22:44:04.029 1740 3297 V ActivityManager: Got obituary of 17547:com.google.process.gservices
11-13 22:44:04.962 1740 2065 D ActivityManager: sync unfroze 20317 android.process.acore
11-13 22:44:10.970 1740 3288 D CompatibilityChangeReporter: Compat change id reported: 135634846; UID 10139; state: DISABLED
11-13 22:44:10.970 1740 3288 D CompatibilityChangeReporter: Compat change id reported: 177438394; UID 10139; state: DISABLED
11-13 22:44:10.970 1740 3288 D CompatibilityChangeReporter: Compat change id reported: 135772972; UID 10139; state: DISABLED
11-13 22:44:10.971 1740 3288 D CompatibilityChangeReporter: Compat change id reported: 135754954; UID 10139; state: ENABLED
11-13 22:44:10.976 1740 1846 D CompatibilityChangeReporter: Compat change id reported: 143937733; UID 10139; state: ENABLED
11-13 22:44:11.015 1740 1846 I ActivityManager: Start proc 20474:com.google.process.gservices/u0a139 for content provider {com.google.android.gsf/com.google.android.gsf.gservices.GservicesProvider}
11-13 22:44:11.095 1740 1786 W ActivityManager: Unable to start service Intent { act=com.google.android.gms.gservices.START pkg=com.google.android.gms } U=0: not found
11-13 22:44:11.095 1740 1786 W ActivityManager: Unbind failed: could not find connection for android.os.BinderProxy@b4e3ec4
11-13 22:45:11.703 1740 1955 D ActivityManager: freezing 7491 com.google.android.apps.safetyhub
11-13 22:46:01.543 2182 7765 D PowerUI : can't show warning due to - plugged: true status unknown: false
11-13 22:46:27.659 1740 1844 I UsageStatsService: User[0] Flushing usage stats to disk
11-13 22:47:01.546 2182 7975 D PowerUI : can't show warning due to - plugged: true status unknown: false
11-13 22:48:01.535 2182 10049 D PowerUI : can't show warning due to - plugged: true status unknown: false
11-13 22:49:06.055 1740 3288 D CompatibilityChangeReporter: Compat change id reported: 161252188; UID 10139; state: ENABLED
11-13 22:50:01.539 2182 10106 D PowerUI : can't show warning due to - plugged: true status unknown: false
11-13 22:51:01.542 2182 10114 D PowerUI : can't show warning due to - plugged: true status unknown: false
11-13 22:52:01.540 2182 10179 D PowerUI : can't show warning due to - plugged: true status unknown: false
11-13 22:52:13.636 1740 1740 D ActivityManager: sync unfroze 7491 com.google.android.apps.safetyhub
11-13 22:53:01.547 2182 2602 D PowerUI : can't show warning due to - plugged: true status unknown: false
11-13 22:53:01.584 2182 6843 D PowerUI : can't show warning due to - plugged: true status unknown: false
11-13 22:54:01.542 2182 7765 D PowerUI : can't show warning due to - plugged: true status unknown: false
11-13 22:54:04.082 1740 1955 D ActivityManager: freezing 20391 com.google.android.apps.work.clouddpc
11-13 22:54:42.512 1740 1740 D ActivityManager: sync unfroze 20242 com.google.android.apps.messaging
11-13 22:54:42.518 1740 1740 D CompatibilityChangeReporter: Compat change id reported: 168419799; UID 10138; state: DISABLED
11-13 22:55:01.538 2182 7975 D PowerUI : can't show warning due to - plugged: true status unknown: false
11-13 22:56:01.542 2182 10049 D PowerUI : can't show warning due to - plugged: true status unknown: false
11-13 22:56:05.900 1740 1740 D CompatibilityChangeReporter: Compat change id reported: 135634846; UID 10096; state: DISABLED
11-13 22:56:05.900 1740 1740 D CompatibilityChangeReporter: Compat change id reported: 177438394; UID 10096; state: DISABLED
11-13 22:56:05.901 1740 1740 D CompatibilityChangeReporter: Compat change id reported: 135772972; UID 10096; state: DISABLED
11-13 22:56:05.901 1740 1740 D CompatibilityChangeReporter: Compat change id reported: 135754954; UID 10096; state: ENABLED
11-13 22:56:05.902 1740 1846 D CompatibilityChangeReporter: Compat change id reported: 143937733; UID 10096; state: ENABLED
11-13 22:56:05.904 1740 1740 D CompatibilityChangeReporter: Compat change id reported: 135634846; UID 10143; state: DISABLED
11-13 22:56:05.905 1740 1740 D CompatibilityChangeReporter: Compat change id reported: 177438394; UID 10143; state: DISABLED
11-13 22:56:05.905 1740 1740 D CompatibilityChangeReporter: Compat change id reported: 135772972; UID 10143; state: DISABLED
11-13 22:56:05.905 1740 1740 D CompatibilityChangeReporter: Compat change id reported: 135754954; UID 10143; state: ENABLED
11-13 22:56:05.920 1740 1846 I ActivityManager: Start proc 20551:com.google.android.partnersetup/u0a96 for service {com.google.android.partnersetup/com.google.android.partnersetup.InstalledAppJobService}
11-13 22:56:05.920 1740 1846 D CompatibilityChangeReporter: Compat change id reported: 143937733; UID 10143; state: ENABLED
11-13 22:56:05.929 1740 1846 I ActivityManager: Start proc 20552:com.google.android.apps.turbo:aab/u0a143 for service {com.google.android.apps.turbo/com.google.android.libraries.smartbattery.appusage.library.InferAppBucketsJob}
11-13 22:56:05.947 1740 2684 D CompatibilityChangeReporter: Compat change id reported: 168419799; UID 10096; state: DISABLED
11-13 22:56:05.985 1740 2684 D CompatibilityChangeReporter: Compat change id reported: 194532703; UID 10096; state: ENABLED
11-13 22:56:06.008 1740 2684 W JobScheduler: Job didn't exist in JobStore: deb53b9 #u0a96/4096 com.google.android.partnersetup/.InstalledAppJobService
11-13 22:56:06.086 1740 1845 D ActivityManager: sync unfroze 20203 com.android.providers.calendar
11-13 22:56:06.087 1740 1845 D CompatibilityChangeReporter: Compat change id reported: 168419799; UID 10064; state: DISABLED
11-13 22:56:06.091 1740 2535 D CompatibilityChangeReporter: Compat change id reported: 194532703; UID 10064; state: ENABLED
11-13 22:56:06.138 1740 1786 D CompatibilityChangeReporter: Compat change id reported: 171306433; UID 10064; state: ENABLED
11-13 22:56:06.138 1740 1786 D CompatibilityChangeReporter: Compat change id reported: 218533173; UID 10064; state: ENABLED
