11-14 02:22:01.553 1740 3297 D CompatibilityChangeReporter: Compat change id reported: 161145287; UID 10143; state: DISABLED
11-14 02:22:59.516 1740 1955 D ActivityManager: freezing 23331 com.google.android.gms.unstable
11-14 02:23:01.548 2182 10049 D PowerUI : can't show warning due to - plugged: true status unknown: false
11-14 02:23:50.052 1740 1836 I EntropyMixer: Updated seed file
11-14 02:23:52.700 1740 1740 D CompatibilityChangeReporter: Compat change id reported: 135634846; UID 10109; state: DISABLED
11-14 02:23:52.700 1740 1740 D CompatibilityChangeReporter: Compat change id reported: 177438394; UID 10109; state: DISABLED
11-14 02:23:52.700 1740 1740 D CompatibilityChangeReporter: Compat change id reported: 135772972; UID 10109; state: DISABLED
11-14 02:23:52.700 1740 1740 D CompatibilityChangeReporter: Compat change id reported: 135754954; UID 10109; state: ENABLED
11-14 02:23:52.701 1740 1846 D CompatibilityChangeReporter: Compat change id reported: 143937733; UID 10109; state: ENABLED
11-14 02:23:52.728 1740 1846 I ActivityManager: Start proc 23560:com.google.android.apps.gcs/u0a109 for service {com.google.android.apps.gcs/androidx.work.impl.background.systemjob.SystemJobService}
11-14 02:23:52.759 1740 1788 D CompatibilityChangeReporter: Compat change id reported: 168419799; UID 10109; state: DISABLED
11-14 02:23:52.799 1740 1788 D CompatibilityChangeReporter: Compat change id reported: 161145287; UID 10109; state: DISABLED
11-14 02:23:52.828 1740 1788 D CompatibilityChangeReporter: Compat change id reported: 194532703; UID 10109; state: ENABLED
11-14 02:23:52.837 1740 10501 W JobScheduler: Job didn't exist in JobStore: c5fc4ea #u0a109/58490 com.google.android.apps.gcs/androidx.work.impl.background.systemjob.SystemJobService
11-14 02:24:01.547 2182 10106 D PowerUI : can't show warning due to - plugged: true status unknown: false
11-14 02:24:14.858 1740 1946 D CompatibilityChangeReporter: Compat change id reported: 218533173; UID 10166; state: ENABLED
11-14 02:24:14.860 1740 1946 D CompatibilityChangeReporter: Compat change id reported: 218533173; UID 10200; state: ENABLED
11-14 02:24:14.880 1740 1946 D CompatibilityChangeReporter: Compat change id reported: 171306433; UID 10179; state: ENABLED
11-14 02:24:14.881 1740 1946 D CompatibilityChangeReporter: Compat change id reported: 226439802; UID 10179; state: DISABLED
11-14 02:24:14.882 1740 1946 D CompatibilityChangeReporter: Compat change id reported: 218533173; UID 10151; state: ENABLED
11-14 02:24:14.886 1740 1946 D CompatibilityChangeReporter: Compat change id reported: 218533173; UID 10139; state: ENABLED
11-14 02:24:14.887 1740 1946 D CompatibilityChangeReporter: Compat change id reported: 218533173; UID 10167; state: ENABLED
11-14 02:24:14.887 1740 1946 D CompatibilityChangeReporter: Compat change id reported: 218533173; UID 10068; state: ENABLED
11-14 02:24:14.888 1740 1946 D CompatibilityChangeReporter: Compat change id reported: 218533173; UID 10096; state: ENABLED
11-14 02:24:14.897 1740 1946 D CompatibilityChangeReporter: Compat change id reported: 218533173; UID 10198; state: ENABLED
11-14 02:24:14.902 1740 1946 D CompatibilityChangeReporter: Compat change id reported: 218533173; UID 10169; state: ENABLED
11-14 02:24:14.904 1740 1946 D CompatibilityChangeReporter: Compat change id reported: 218533173; UID 10109; state: ENABLED
11-14 02:24:17.115 1740 2050 D CompatibilityChangeReporter: Compat change id reported: 74210811; UID 1000; state: DISABLED
11-14 02:25:01.546 2182 10114 D PowerUI : can't show warning due to - plugged: true status unknown: false
11-14 02:26:01.544 2182 10179 D PowerUI : can't show warning due to - plugged: true status unknown: false
11-14 02:26:29.013 1740 1844 I UsageStatsService: User[0] Flushing usage stats to disk
11-14 02:26:39.350 1740 1740 I ContentCaptureManagerService: Content capture data sharing session terminated successfully for package 'com.google.android.googlequicksearchbox'
11-14 02:27:43.836 1740 1845 D CompatibilityChangeReporter: Compat change id reported: 168419799; UID 10139; state: DISABLED
11-14 02:30:00.610 1740 1788 I ActivityManager: Killing 23150:com.android.settings/1000 (adj 965): empty for 1800s
11-14 02:30:01.539 2182 2602 D PowerUI : can't show warning due to - plugged: true status unknown: false
11-14 02:30:04.244 1740 1955 D ActivityManager: freezing 20242 com.google.android.apps.messaging
11-14 02:30:08.562 1740 3297 I ActivityManager: Killing 23125:com.google.android.settings.intelligence/u0a113 (adj 975): empty for 1805s
11-14 02:30:58.388 1740 1955 D ActivityManager: freezing 7491 com.google.android.apps.safetyhub
11-14 02:31:01.535 2182 6843 D PowerUI : can't show warning due to - plugged: true status unknown: false
11-14 02:31:39.044 1740 1955 D ActivityManager: freezing 23453 com.google.android.gm
11-14 02:32:00.585 1740 3471 I ActivityManager: Killing 23180:com.google.android.permissioncontroller/u0a211 (adj 965): empty for 1813s
11-14 02:32:01.542 2182 7765 D PowerUI : can't show warning due to - plugged: true status unknown: false
11-14 02:33:01.569 2182 7975 D PowerUI : can't show warning due to - plugged: true status unknown: false
11-14 02:33:45.552 1740 2470 I ActivityManager: Killing 23204:com.google.android.partnersetup/u0a96 (adj 925): empty for 1831s
11-14 02:33:45.556 1740 2470 I ActivityManager: Killing 22914:com.google.process.gapps/u0a139 (adj 955): empty for 1831s
11-14 02:33:45.557 1740 2470 I ActivityManager: Killing 23207:com.google.android.apps.turbo:aab/u0a143 (adj 935): empty for 1831s
11-14 02:33:45.558 1740 2470 I ActivityManager: Killing 23246:com.android.remoteprovisioner/u0a198 (adj 965): empty for 1831s
11-14 02:33:53.089 1740 1955 D ActivityManager: freezing 23560 com.google.android.apps.gcs
11-14 02:33:53.101 1740 1955 D ActivityManager: freezing 22243 com.google.process.gservices
11-14 02:34:01.536 2182 10049 D PowerUI : can't show warning due to - plugged: true status unknown: false
11-14 02:36:01.539 2182 10106 D PowerUI : can't show warning due to - plugged: true status unknown: false
11-14 02:36:05.827 1740 1740 D ActivityManager: sync unfroze 7491 com.google.android.apps.safetyhub
11-14 02:36:05.870 1740 2183 W JobScheduler: Job didn't exist in JobStore: 3a9d1e8 #u0a135/37538 com.google.android.apps.wellbeing/androidx.work.impl.background.systemjob.SystemJobService
11-14 02:37:01.538 2182 10114 D PowerUI : can't show warning due to - plugged: true status unknown: false
11-14 02:38:01.539 2182 10179 D PowerUI : can't show warning due to - plugged: true status unknown: false
11-14 02:39:01.544 2182 2602 D PowerUI : can't show warning due to - plugged: true status unknown: false
11-14 02:39:05.799 1740 3302 D ActivityManager: sync unfroze 22243 com.google.process.gservices
11-14 02:40:00.772 1740 1955 D ActivityManager: freezing 23531 android.process.acore
11-14 02:40:00.780 1740 1955 D ActivityManager: freezing 23437 com.android.providers.calendar
11-14 02:40:01.537 2182 6843 D PowerUI : can't show warning due to - plugged: true status unknown: false
11-14 02:40:01.573 2182 7765 D PowerUI : can't show warning due to - plugged: true status unknown: false
11-14 02:41:01.544 2182 7975 D PowerUI : can't show warning due to - plugged: true status unknown: false
11-14 02:41:57.750 1740 1740 D CompatibilityChangeReporter: Compat change id reported: 135634846; UID 10169; state: DISABLED
11-14 02:41:57.751 1740 1740 D CompatibilityChangeReporter: Compat change id reported: 177438394; UID 10169; state: DISABLED
11-14 02:41:57.751 1740 1740 D CompatibilityChangeReporter: Compat change id reported: 135772972; UID 10169; state: DISABLED
11-14 02:41:57.751 1740 1740 D CompatibilityChangeReporter: Compat change id reported: 135754954; UID 10169; state: ENABLED
11-14 02:41:57.754 1740 1846 D CompatibilityChangeReporter: Compat change id reported: 143937733; UID 10169; state: ENABLED
11-14 02:41:57.791 1740 1846 I ActivityManager: Start proc 23644:com.google.android.apps.work.clouddpc/u0a169 for service {com.google.android.apps.work.clouddpc/com.google.android.apps.work.clouddpc.base.services.HealthCheckJobService}
11-14 02:41:57.828 1740 2183 D CompatibilityChangeReporter: Compat change id reported: 168419799; UID 10169; state: DISABLED
11-14 02:41:58.005 1740 2183 D CompatibilityChangeReporter: Compat change id reported: 161145287; UID 10169; state: DISABLED
11-14 02:41:58.011 1740 2183 D CompatibilityChangeReporter: Compat change id reported: 194532703; UID 10169; state: ENABLED
11-14 02:41:58.040 1740 3302 I ActivityManager: Killing 23269:com.android.chrome/u0a151 (adj 985): empty for 2323s
11-14 02:42:01.543 2182 10049 D PowerUI : can't show warning due to - plugged: true status unknown: false
11-14 02:42:10.537 1740 1740 D ActivityManager: sync unfroze 20242 com.google.android.apps.messaging
11-14 02:44:01.546 2182 10106 D PowerUI : can't show warning due to - plugged: true status unknown: false
11-14 02:45:01.536 2182 10114 D PowerUI : can't show warning due to - plugged: true status unknown: false
11-14 02:46:01.534 2182 10179 D PowerUI : can't show warning due to - plugged: true status unknown: false
11-14 02:46:05.962 1740 1955 D ActivityManager: freezing 7491 com.google.android.apps.safetyhub
11-14 02:46:29.104 1740 1844 I UsageStatsService: User[0] Flushing usage stats to disk
11-14 02:47:01.544 2182 2602 D PowerUI : can't show warning due to - plugged: true status unknown: false
11-14 02:47:01.581 2182 6843 D PowerUI : can't show warning due to - plugged: true status unknown: false
11-14 02:48:01.538 2182 7765 D PowerUI : can't show warning due to - plugged: true status unknown: false
11-14 02:48:54.036 1740 2183 D CompatibilityChangeReporter: Compat change id reported: 171306433; UID 10139; state: ENABLED
11-14 02:49:01.536 2182 7975 D PowerUI : can't show warning due to - plugged: true status unknown: false
11-14 02:50:01.540 2182 10049 D PowerUI : can't show warning due to - plugged: true status unknown: false
11-14 02:51:01.536 2182 10106 D PowerUI : can't show warning due to - plugged: true status unknown: false
11-14 02:51:58.128 1740 1955 D ActivityManager: freezing 23644 com.google.android.apps.work.clouddpc
11-14 02:51:58.137 1740 1955 D ActivityManager: freezing 22243 com.google.process.gservices
11-14 02:52:10.625 1740 1955 D ActivityManager: freezing 20242 com.google.android.apps.messaging
11-14 02:52:44.428 1740 1740 D ActivityManager: sync unfroze 7491 com.google.android.apps.safetyhub
11-14 02:53:01.546 2182 10114 D PowerUI : can't show warning due to - plugged: true status unknown: false
11-14 02:55:01.533 2182 10179 D PowerUI : can't show warning due to - plugged: true status unknown: false
11-14 02:57:01.547 2182 2602 D PowerUI : can't show warning due to - plugged: true status unknown: false
11-14 02:58:01.541 2182 6843 D PowerUI : can't show warning due to - plugged: true status unknown: false
11-14 02:59:01.546 2182 7765 D PowerUI : can't show warning due to - plugged: true status unknown: false
11-14 02:59:11.545 1740 1740 D ActivityManager: sync unfroze 20242 com.google.android.apps.messaging
11-14 03:00:00.016 1740 1845 D CompatibilityChangeReporter: Compat change id reported: 135634846; UID 10113; state: DISABLED
11-14 03:00:00.016 1740 1845 D CompatibilityChangeReporter: Compat change id reported: 177438394; UID 10113; state: DISABLED
11-14 03:00:00.016 1740 1845 D CompatibilityChangeReporter: Compat change id reported: 135772972; UID 10113; state: DISABLED
11-14 03:00:00.017 1740 1845 D CompatibilityChangeReporter: Compat change id reported: 135754954; UID 10113; state: ENABLED
11-14 03:00:00.018 1740 1846 D CompatibilityChangeReporter: Compat change id reported: 143937733; UID 10113; state: ENABLED
11-14 03:00:00.043 1740 1846 I ActivityManager: Start proc 23789:com.google.android.settings.intelligence/u0a113 for broadcast {com.google.android.settings.intelligence/com.google.android.settings.intelligence.modules.battery.impl.usage.PeriodicJobReceiver}
11-14 03:00:00.074 1740 2255 D CompatibilityChangeReporter: Compat change id reported: 168419799; UID 10113; state: DISABLED
11-14 03:00:00.127 1740 10524 D ActivityManager: sync unfroze 22243 com.google.process.gservices
11-14 03:00:00.140 1740 10524 D CompatibilityChangeReporter: Compat change id reported: 194532703; UID 10113; state: ENABLED
11-14 03:00:00.149 1740 10524 D CompatibilityChangeReporter: Compat change id reported: 161145287; UID 10113; state: DISABLED
11-14 03:00:00.151 1740 10524 D CompatibilityChangeReporter: Compat change id reported: 161252188; UID 1000; state: ENABLED
11-14 03:00:00.153 1740 2255 D CompatibilityChangeReporter: Compat change id reported: 171306433; UID 10113; state: ENABLED
11-14 03:00:00.153 1740 2255 D CompatibilityChangeReporter: Compat change id reported: 226439802; UID 10113; state: DISABLED
11-14 03:00:00.154 1740 2255 D CompatibilityChangeReporter: Compat change id reported: 218533173; UID 10113; state: ENABLED
11-14 03:00:00.156 1740 2255 D CompatibilityChangeReporter: Compat change id reported: 135634846; UID 1000; state: DISABLED
11-14 03:00:00.156 1740 2255 D CompatibilityChangeReporter: Compat change id reported: 177438394; UID 1000; state: DISABLED
11-14 03:00:00.157 1740 2255 D CompatibilityChangeReporter: Compat change id reported: 135772972; UID 1000; state: DISABLED
11-14 03:00:00.157 1740 2255 D CompatibilityChangeReporter: Compat change id reported: 135754954; UID 1000; state: ENABLED
11-14 03:00:00.173 1740 1846 I ActivityManager: Start proc 23814:com.android.settings/1000 for broadcast {com.android.settings/com.google.android.settings.fuelgauge.BatteryBroadcastReceiver}
11-14 03:00:00.185 1740 2255 I ActivityManager: Killing 23331:com.google.android.gms.unstable/u0a139 (adj 975): empty for 2820s
11-14 03:00:00.263 1740 2183 I ActivityManager: Killing 23437:com.android.providers.calendar/u0a64 (adj 985): empty for 2301s
11-14 03:00:00.475 23814 23830 W PowerProfile: ambient.on is deprecated! Use ambient.on.display0 instead.
11-14 03:00:00.476 23814 23830 W PowerProfile: screen.on is deprecated! Use screen.on.display0 instead.
11-14 03:00:00.476 23814 23830 W PowerProfile: screen.full is deprecated! Use screen.full.display0 instead.
11-14 03:00:00.476 23814 23830 W ModemPowerProfile: getAverageBatteryDrainMaH called with unexpected key: 0x0, drain:0,RAT:DEFAULT
11-14 03:00:00.476 23814 23830 W ModemPowerProfile: getAverageBatteryDrainMaH called with unexpected key: 0x10000000, drain:IDLE,RAT:DEFAULT
11-14 03:00:00.476 23814 23830 W ModemPowerProfile: getAverageBatteryDrainMaH called with unexpected key: 0x20000000, drain:RX,RAT:DEFAULT
11-14 03:00:00.476 23814 23830 W ModemPowerProfile: getAverageBatteryDrainMaH called with unexpected key: 0x30000000, drain:TX,level:UNKNOWN(0x0)RAT:DEFAULT
11-14 03:00:00.476 23814 23830 W ModemPowerProfile: getAverageBatteryDrainMaH called with unexpected key: 0x31000000, drain:TX,level:UNKNOWN(0x1000000)RAT:DEFAULT
11-14 03:00:00.476 23814 23830 W ModemPowerProfile: getAverageBatteryDrainMaH called with unexpected key: 0x32000000, drain:TX,level:UNKNOWN(0x2000000)RAT:DEFAULT
11-14 03:00:00.476 23814 23830 W ModemPowerProfile: getAverageBatteryDrainMaH called with unexpected key: 0x33000000, drain:TX,level:UNKNOWN(0x3000000)RAT:DEFAULT
11-14 03:00:00.476 23814 23830 W ModemPowerProfile: getAverageBatteryDrainMaH called with unexpected key: 0x34000000, drain:TX,level:UNKNOWN(0x4000000)RAT:DEFAULT
11-14 03:00:00.895 1740 2183 D CompatibilityChangeReporter: Compat change id reported: 161145287; UID 1000; state: DISABLED
11-14 03:00:01.539 2182 7975 D PowerUI : can't show warning due to - plugged: true status unknown: false
11-14 03:00:52.881 1740 2525 D CompatibilityChangeReporter: Compat change id reported: 171306433; UID 1000; state: ENABLED
11-14 03:00:52.881 1740 2525 D CompatibilityChangeReporter: Compat change id reported: 218533173; UID 1000; state: ENABLED
11-14 03:02:01.544 2182 10049 D PowerUI : can't show warning due to - plugged: true status unknown: false
11-14 03:02:44.519 1740 1955 D ActivityManager: freezing 7491 com.google.android.apps.safetyhub
11-14 03:03:01.553 2182 10106 D PowerUI : can't show warning due to - plugged: true status unknown: false
11-14 03:03:47.072 1740 1740 D CompatibilityChangeReporter: Compat change id reported: 135634846; UID 10096; state: DISABLED
11-14 03:03:47.072 1740 1740 D CompatibilityChangeReporter: Compat change id reported: 177438394; UID 10096; state: DISABLED
11-14 03:03:47.072 1740 1740 D CompatibilityChangeReporter: Compat change id reported: 135772972; UID 10096; state: DISABLED
11-14 03:03:47.073 1740 1740 D CompatibilityChangeReporter: Compat change id reported: 135754954; UID 10096; state: ENABLED
11-14 03:03:47.073 1740 1846 D CompatibilityChangeReporter: Compat change id reported: 143937733; UID 10096; state: ENABLED
11-14 03:03:47.079 1740 1740 D CompatibilityChangeReporter: Compat change id reported: 135634846; UID 10143; state: DISABLED
11-14 03:03:47.079 1740 1740 D CompatibilityChangeReporter: Compat change id reported: 177438394; UID 10143; state: DISABLED
11-14 03:03:47.079 1740 1740 D CompatibilityChangeReporter: Compat change id reported: 135772972; UID 10143; state: DISABLED
11-14 03:03:47.079 1740 1740 D CompatibilityChangeReporter: Compat change id reported: 135754954; UID 10143; state: ENABLED
11-14 03:03:47.090 1740 1846 I ActivityManager: Start proc 23852:com.google.android.partnersetup/u0a96 for service {com.google.android.partnersetup/com.google.android.partnersetup.InstalledAppJobService}
11-14 03:03:47.090 1740 1846 D CompatibilityChangeReporter: Compat change id reported: 143937733; UID 10143; state: ENABLED
11-14 03:03:47.099 1740 1846 I ActivityManager: Start proc 23853:com.google.android.apps.turbo:aab/u0a143 for service {com.google.android.apps.turbo/com.google.android.libraries.smartbattery.appusage.library.InferAppBucketsJob}
11-14 03:03:47.116 1740 2183 D CompatibilityChangeReporter: Compat change id reported: 168419799; UID 10096; state: DISABLED
11-14 03:03:47.142 1740 2525 D CompatibilityChangeReporter: Compat change id reported: 194532703; UID 10096; state: ENABLED
11-14 03:03:47.164 1740 2525 W JobScheduler: Job didn't exist in JobStore: 1e7d0c1 #u0a96/4096 com.google.android.partnersetup/.InstalledAppJobService
11-14 03:03:47.166 1740 2183 I ActivityManager: Killing 23453:com.google.android.gm/u0a166 (adj 965): empty for 2528s
11-14 03:03:47.302 1740 2519 D CompatibilityChangeReporter: Compat change id reported: 161252188; UID 10198; state: ENABLED
11-14 03:03:47.304 1740 2519 D CompatibilityChangeReporter: Compat change id reported: 135634846; UID 10198; state: DISABLED
11-14 03:03:47.304 1740 2519 D CompatibilityChangeReporter: Compat change id reported: 177438394; UID 10198; state: DISABLED
11-14 03:03:47.304 1740 2519 D CompatibilityChangeReporter: Compat change id reported: 135772972; UID 10198; state: DISABLED
11-14 03:03:47.305 1740 2519 D CompatibilityChangeReporter: Compat change id reported: 135754954; UID 10198; state: ENABLED
11-14 03:03:47.305 1740 1846 D CompatibilityChangeReporter: Compat change id reported: 143937733; UID 10198; state: ENABLED
11-14 03:03:47.322 1740 1846 I ActivityManager: Start proc 23891:com.android.remoteprovisioner/u0a198 for service {com.android.remoteprovisioner/com.android.remoteprovisioner.service.GenerateRkpKeyService}
11-14 03:03:47.352 1740 2519 D CompatibilityChangeReporter: Compat change id reported: 168419799; UID 10198; state: DISABLED
11-14 03:03:47.391 571 24195 E keystore2: keystore2::error: In generate_key_pair: Failed to get device for security level SecurityLevel(2)
11-14 03:03:47.391 571 24195 E keystore2:
11-14 03:03:47.391 571 24195 E keystore2: Caused by:
11-14 03:03:47.391 571 24195 E keystore2: 0: In get_dev_by_sec_level: Remote instance for requested security level not found.
11-14 03:03:47.391 571 24195 E keystore2: 1: Error::Rc(ResponseCode(4))
11-14 03:03:47.442 1740 3979 D CompatibilityChangeReporter: Compat change id reported: 194532703; UID 10143; state: ENABLED
11-14 03:03:47.447 1740 3979 I ActivityManager: Killing 23560:com.google.android.apps.gcs/u0a109 (adj 965): empty for 2394s
11-14 03:03:47.448 1740 3979 I ActivityManager: Killing 23531:android.process.acore/u0a68 (adj 985): empty for 2527s
11-14 03:03:47.535 1740 3288 D CompatibilityChangeReporter: Compat change id reported: 135634846; UID 10139; state: DISABLED
11-14 03:03:47.535 1740 3288 D CompatibilityChangeReporter: Compat change id reported: 177438394; UID 10139; state: DISABLED
11-14 03:03:47.535 1740 3288 D CompatibilityChangeReporter: Compat change id reported: 135772972; UID 10139; state: DISABLED
11-14 03:03:47.535 1740 3288 D CompatibilityChangeReporter: Compat change id reported: 135754954; UID 10139; state: ENABLED
11-14 03:03:47.536 1740 1846 D CompatibilityChangeReporter: Compat change id reported: 143937733; UID 10139; state: ENABLED
11-14 03:03:47.553 1740 1846 I ActivityManager: Start proc 23913:com.google.process.gapps/u0a139 for content provider {com.google.android.gsf/com.google.android.gsf.settings.GoogleSettingsProvider}
11-14 03:03:47.657 1740 3288 D CompatibilityChangeReporter: Compat change id reported: 201794303; UID 10139; state: ENABLED
11-14 03:03:47.690 1740 1845 D CompatibilityChangeReporter: Compat change id reported: 135634846; UID 10151; state: DISABLED
11-14 03:03:47.691 1740 1846 D CompatibilityChangeReporter: Compat change id reported: 143937733; UID 10151; state: ENABLED
11-14 03:03:47.707 1740 1846 I ActivityManager: Start proc 23926:com.android.chrome/u0a151 for broadcast {com.android.chrome/com.google.android.apps.chrome.rlz.RevenueStatsConfigurationUpdateReceiver}
11-14 03:03:47.739 1740 3288 D CompatibilityChangeReporter: Compat change id reported: 168419799; UID 10151; state: DISABLED
11-14 03:03:47.808 1740 2535 D CompatibilityChangeReporter: Compat change id reported: 161145287; UID 10151; state: DISABLED
11-14 03:03:54.163 1740 3288 D CompatibilityChangeReporter: Compat change id reported: 161145287; UID 10096; state: DISABLED
11-14 03:03:57.392 571 23876 I keystore2: keystore2::watchdog: Watchdog thread idle -> terminating. Have a great day.
11-14 03:04:01.540 2182 10114 D PowerUI : can't show warning due to - plugged: true status unknown: false
11-14 03:05:01.536 2182 10179 D PowerUI : can't show warning due to - plugged: true status unknown: false
11-14 03:06:01.538 2182 2602 D PowerUI : can't show warning due to - plugged: true status unknown: false
11-14 03:06:29.266 1740 1844 I UsageStatsService: User[0] Flushing usage stats to disk
11-14 03:07:01.538 2182 6843 D PowerUI : can't show warning due to - plugged: true status unknown: false
11-14 03:07:08.770 1740 1845 D CompatibilityChangeReporter: Compat change id reported: 168419799; UID 10139; state: DISABLED
11-14 03:07:08.781 1740 1740 D CompatibilityChangeReporter: Compat change id reported: 168419799; UID 1000; state: DISABLED
11-14 03:07:08.799 1740 1740 I ActivityManager: com.android.vending is exempt from freezer
11-14 03:07:08.799 1740 1740 D CompatibilityChangeReporter: Compat change id reported: 135634846; UID 10114; state: DISABLED
11-14 03:07:08.800 1740 1740 D CompatibilityChangeReporter: Compat change id reported: 177438394; UID 10114; state: DISABLED
11-14 03:07:08.800 1740 1740 D CompatibilityChangeReporter: Compat change id reported: 135772972; UID 10114; state: DISABLED
11-14 03:07:08.801 1740 1740 D CompatibilityChangeReporter: Compat change id reported: 135754954; UID 10114; state: ENABLED
11-14 03:07:08.802 1740 1846 D CompatibilityChangeReporter: Compat change id reported: 143937733; UID 10114; state: ENABLED
11-14 03:07:08.823 1740 1846 I ActivityManager: Start proc 23968:com.android.vending:background/u0a114 for service {com.android.vending/com.google.android.finsky.scheduler.process.backgroundimpl.PhoneskyJobServiceBackground}
11-14 03:07:08.857 1740 3304 D CompatibilityChangeReporter: Compat change id reported: 168419799; UID 10114; state: DISABLED
11-14 03:07:08.955 1740 3304 D CompatibilityChangeReporter: Compat change id reported: 161145287; UID 10114; state: DISABLED
11-14 03:07:08.976 1740 3294 W JobScheduler: Job didn't exist in JobStore: 9cd2138 #u0a114/10587 com.android.vending/com.google.android.finsky.scheduler.process.backgroundimpl.PhoneskyJobServiceBackground
11-14 03:07:08.980 1740 3294 D CompatibilityChangeReporter: Compat change id reported: 194532703; UID 10114; state: ENABLED
11-14 03:08:01.547 2182 7765 D PowerUI : can't show warning due to - plugged: true status unknown: false
11-14 03:08:11.272 1740 1740 D ActivityManager: sync unfroze 7491 com.google.android.apps.safetyhub
11-14 03:09:01.545 2182 7975 D PowerUI : can't show warning due to - plugged: true status unknown: false
11-14 03:09:08.976 1740 2321 D CompatibilityChangeReporter: Compat change id reported: 161252188; UID 10139; state: ENABLED
11-14 03:09:11.675 1740 1955 D ActivityManager: freezing 20242 com.google.android.apps.messaging
11-14 03:10:00.364 1740 1955 D ActivityManager: freezing 23814 com.android.settings
11-14 03:10:01.542 2182 10049 D PowerUI : can't show warning due to - plugged: true status unknown: false
11-14 03:10:10.119 1740 1955 D ActivityManager: freezing 23789 com.google.android.settings.intelligence
11-14 03:11:01.537 2182 10106 D PowerUI : can't show warning due to - plugged: true status unknown: false
11-14 03:12:00.618 1740 2535 I ActivityManager: Killing 23644:com.google.android.apps.work.clouddpc/u0a169 (adj 925): empty for 1802s
11-14 03:12:01.535 2182 10114 D PowerUI : can't show warning due to - plugged: true status unknown: false
11-14 03:13:47.479 1740 1955 D ActivityManager: freezing 23891 com.android.remoteprovisioner
11-14 03:13:47.487 1740 1955 D ActivityManager: freezing 23853 com.google.android.apps.turbo:aab
11-14 03:13:47.710 1740 1955 D ActivityManager: freezing 23852 com.google.android.partnersetup
11-14 03:13:47.714 1740 1955 D ActivityManager: freezing 23913 com.google.process.gapps
11-14 03:13:47.813 1740 1955 D ActivityManager: freezing 23926 com.android.chrome
11-14 03:14:01.527 2182 10179 D PowerUI : can't show warning due to - plugged: true status unknown: false
11-14 03:15:01.544 2182 2602 D PowerUI : can't show warning due to - plugged: true status unknown: false
11-14 03:16:01.542 2182 6843 D PowerUI : can't show warning due to - plugged: true status unknown: false
11-14 03:16:17.446 1740 2519 D CompatibilityChangeReporter: Compat change id reported: 161252188; UID 10211; state: ENABLED
11-14 03:16:17.455 1740 2519 D CompatibilityChangeReporter: Compat change id reported: 135634846; UID 10211; state: DISABLED
11-14 03:16:17.456 1740 2519 D CompatibilityChangeReporter: Compat change id reported: 177438394; UID 10211; state: DISABLED
11-14 03:16:17.456 1740 2519 D CompatibilityChangeReporter: Compat change id reported: 135772972; UID 10211; state: DISABLED
11-14 03:16:17.457 1740 2519 D CompatibilityChangeReporter: Compat change id reported: 135754954; UID 10211; state: ENABLED
11-14 03:16:17.460 1740 1846 D CompatibilityChangeReporter: Compat change id reported: 143937733; UID 10211; state: ENABLED
11-14 03:16:17.489 1740 1846 I ActivityManager: Start proc 24077:com.google.android.permissioncontroller/u0a211 for service {com.google.android.permissioncontroller/com.android.permissioncontroller.permission.service.v33.SafetyCenterQsTileService}
11-14 03:16:17.525 1740 2519 D CompatibilityChangeReporter: Compat change id reported: 168419799; UID 10211; state: DISABLED
11-14 03:18:01.536 2182 7765 D PowerUI : can't show warning due to - plugged: true status unknown: false
11-14 03:18:11.417 1740 1955 D ActivityManager: freezing 7491 com.google.android.apps.safetyhub
11-14 03:19:01.548 2182 7975 D PowerUI : can't show warning due to - plugged: true status unknown: false
11-14 03:19:21.170 1740 1740 D CompatibilityChangeReporter: Compat change id reported: 168419799; UID 10143; state: DISABLED
11-14 03:20:01.541 2182 10049 D PowerUI : can't show warning due to - plugged: true status unknown: false
11-14 03:21:01.544 2182 10106 D PowerUI : can't show warning due to - plugged: true status unknown: false
11-14 03:22:00.800 1740 1955 D ActivityManager: freezing 22243 com.google.process.gservices
11-14 03:22:01.510 2182 10114 D PowerUI : can't show warning due to - plugged: true status unknown: false
11-14 03:22:33.620 1740 2183 D CompatibilityChangeReporter: Compat change id reported: 135634846; UID 10064; state: DISABLED
11-14 03:22:33.620 1740 2183 D CompatibilityChangeReporter: Compat change id reported: 177438394; UID 10064; state: DISABLED
11-14 03:22:33.620 1740 2183 D CompatibilityChangeReporter: Compat change id reported: 135772972; UID 10064; state: DISABLED
11-14 03:22:33.620 1740 2183 D CompatibilityChangeReporter: Compat change id reported: 135754954; UID 10064; state: ENABLED
11-14 03:22:33.621 1740 1846 D CompatibilityChangeReporter: Compat change id reported: 143937733; UID 10064; state: ENABLED
11-14 03:22:33.636 1740 1846 I ActivityManager: Start proc 24108:com.android.providers.calendar/u0a64 for content provider {com.android.providers.calendar/com.android.providers.calendar.CalendarProvider2}
11-14 03:22:33.664 1740 2321 D CompatibilityChangeReporter: Compat change id reported: 168419799; UID 10064; state: DISABLED
11-14 03:22:33.688 1740 2519 D CompatibilityChangeReporter: Compat change id reported: 161145287; UID 10064; state: DISABLED
11-14 03:22:33.694 1740 2519 D CompatibilityChangeReporter: Compat change id reported: 143231523; UID 10064; state: DISABLED
11-14 03:22:34.648 1740 2183 I ContentCaptureManagerService: Data share request accepted by Content Capture service
11-14 03:23:01.548 2182 10179 D PowerUI : can't show warning due to - plugged: true status unknown: false
11-14 03:23:12.966 1740 1740 D ActivityManager: sync unfroze 7491 com.google.android.apps.safetyhub
11-14 03:24:01.542 2182 2602 D PowerUI : can't show warning due to - plugged: true status unknown: false
11-14 03:24:54.015 1740 2519 D CompatibilityChangeReporter: Compat change id reported: 171306433; UID 10139; state: ENABLED
11-14 03:24:54.015 1740 2519 D CompatibilityChangeReporter: Compat change id reported: 218533173; UID 10139; state: ENABLED
11-14 03:25:01.545 2182 6843 D PowerUI : can't show warning due to - plugged: true status unknown: false
11-14 03:25:57.316 1740 2321 D CompatibilityChangeReporter: Compat change id reported: 161252188; UID 10200; state: ENABLED
11-14 03:25:57.317 1740 2321 D CompatibilityChangeReporter: Compat change id reported: 135634846; UID 10200; state: DISABLED
11-14 03:25:57.317 1740 2321 D CompatibilityChangeReporter: Compat change id reported: 177438394; UID 10200; state: DISABLED
11-14 03:25:57.317 1740 2321 D CompatibilityChangeReporter: Compat change id reported: 135772972; UID 10200; state: DISABLED
11-14 03:25:57.317 1740 2321 D CompatibilityChangeReporter: Compat change id reported: 135754954; UID 10200; state: ENABLED
11-14 03:25:57.318 1740 1846 D CompatibilityChangeReporter: Compat change id reported: 143937733; UID 10200; state: ENABLED
11-14 03:25:57.319 2182 7765 D PowerUI : can't show warning due to - plugged: true status unknown: false
11-14 03:25:57.331 1740 1846 I ActivityManager: Start proc 24140:com.google.android.turboadapter/u0a200 for service {com.google.android.turboadapter/com.google.android.turboadapter.GoogleBatteryService}
11-14 03:25:57.348 1740 3288 D CompatibilityChangeReporter: Compat change id reported: 168419799; UID 10200; state: DISABLED
11-14 03:26:01.548 2182 7975 D PowerUI : can't show warning due to - plugged: true status unknown: false
11-14 03:26:29.400 1740 1844 I UsageStatsService: User[0] Flushing usage stats to disk
11-14 03:26:47.600 1740 1955 D ActivityManager: freezing 24077 com.google.android.permissioncontroller
11-14 03:27:01.541 2182 10049 D PowerUI : can't show warning due to - plugged: true status unknown: false
11-14 03:27:34.651 1740 1740 I ContentCaptureManagerService: Content capture data sharing session terminated successfully for package 'com.google.android.googlequicksearchbox'
11-14 03:28:01.575 2182 10106 D PowerUI : can't show warning due to - plugged: true status unknown: false
11-14 03:29:22.714 1740 3288 I ActivityManager: Killing 20242:com.google.android.apps.messaging/u0a138 (adj 915): empty for 1811s
11-14 03:30:00.578 1740 3288 I ActivityManager: Killing 23814:com.android.settings/1000 (adj 965): empty for 1800s
11-14 03:30:01.543 2182 10114 D PowerUI : can't show warning due to - plugged: true status unknown: false
11-14 03:30:09.278 1740 3976 I ActivityManager: Killing 23789:com.google.android.settings.intelligence/u0a113 (adj 955): empty for 1806s
11-14 03:30:35.946 1740 3288 W JobScheduler: Job didn't exist in JobStore: eb15f31 #u0a135/37542 com.google.android.apps.wellbeing/androidx.work.impl.background.systemjob.SystemJobService
11-14 03:31:01.549 2182 10179 D PowerUI : can't show warning due to - plugged: true status unknown: false
11-14 03:31:42.221 1740 3288 D CompatibilityChangeReporter: Compat change id reported: 135634846; UID 10138; state: DISABLED
11-14 03:31:42.221 1740 3288 D CompatibilityChangeReporter: Compat change id reported: 177438394; UID 10138; state: DISABLED
11-14 03:31:42.221 1740 3288 D CompatibilityChangeReporter: Compat change id reported: 135772972; UID 10138; state: DISABLED
11-14 03:31:42.221 1740 3288 D CompatibilityChangeReporter: Compat change id reported: 135754954; UID 10138; state: ENABLED
11-14 03:31:42.222 1740 1846 D CompatibilityChangeReporter: Compat change id reported: 143937733; UID 10138; state: ENABLED
11-14 03:31:42.234 1740 1846 I ActivityManager: Start proc 24192:com.google.android.apps.messaging/u0a138 for broadcast {com.google.android.apps.messaging/com.google.android.apps.messaging.shared.experiments.receiver.BuglePhenotypeBroadcastReceiver}
11-14 03:31:42.399 1740 3474 D CompatibilityChangeReporter: Compat change id reported: 172251878; UID 10139; state: ENABLED
11-14 03:31:42.419 1740 3474 D CompatibilityChangeReporter: Compat change id reported: 161145287; UID 10138; state: DISABLED
11-14 03:31:42.444 1740 3474 D ActivityManager: sync unfroze 22243 com.google.process.gservices
11-14 03:31:42.632 1740 3474 D CompatibilityChangeReporter: Compat change id reported: 194532703; UID 10138; state: ENABLED
11-14 03:31:43.245 1740 2065 D CompatibilityChangeReporter: Compat change id reported: 135634846; UID 10068; state: DISABLED
11-14 03:31:43.245 1740 2065 D CompatibilityChangeReporter: Compat change id reported: 177438394; UID 10068; state: DISABLED
11-14 03:31:43.246 1740 2065 D CompatibilityChangeReporter: Compat change id reported: 135772972; UID 10068; state: DISABLED
11-14 03:31:43.246 1740 2065 D CompatibilityChangeReporter: Compat change id reported: 135754954; UID 10068; state: ENABLED
11-14 03:31:43.248 1740 1846 D CompatibilityChangeReporter: Compat change id reported: 143937733; UID 10068; state: ENABLED
11-14 03:31:43.283 1740 1846 I ActivityManager: Start proc 24237:android.process.acore/u0a68 for content provider {com.android.providers.contacts/com.android.providers.contacts.ContactsProvider2}
11-14 03:31:43.317 1740 3288 D CompatibilityChangeReporter: Compat change id reported: 168419799; UID 10068; state: DISABLED
11-14 03:31:43.357 1740 3288 D CompatibilityChangeReporter: Compat change id reported: 161145287; UID 10068; state: DISABLED
11-14 03:31:43.435 1740 3288 D CompatibilityChangeReporter: Compat change id reported: 201794303; UID 10068; state: ENABLED
11-14 03:32:03.567 1740 1845 W BroadcastQueue: Exported Denial: sending Intent { act=android.net.conn.CONNECTIVITY_CHANGE flg=0x4200010 (has extras) }, action: android.net.conn.CONNECTIVITY_CHANGE from null (uid=-1) due to receiver ProcessRecord{36e3d86 24192:com.google.android.apps.messaging/u0a138} (uid 10138) not specifying RECEIVER_EXPORTED
11-14 03:33:01.542 2182 2602 D PowerUI : can't show warning due to - plugged: true status unknown: false
11-14 03:33:01.547 1740 10519 D CompatibilityChangeReporter: Compat change id reported: 161145287; UID 10139; state: DISABLED
11-14 03:33:01.554 1740 3288 D CompatibilityChangeReporter: Compat change id reported: 161145287; UID 10143; state: DISABLED
11-14 03:33:13.101 1740 1955 D ActivityManager: freezing 7491 com.google.android.apps.safetyhub
11-14 03:33:57.571 1740 3288 I ActivityManager: Killing 23853:com.google.android.apps.turbo:aab/u0a143 (adj 915): empty for 1810s
11-14 03:33:57.573 1740 3288 I ActivityManager: Killing 23891:com.android.remoteprovisioner/u0a198 (adj 955): empty for 1810s
11-14 03:33:57.637 1740 3288 I ActivityManager: Killing 23913:com.google.process.gapps/u0a139 (adj 995): empty for 1809s
11-14 03:33:57.753 1740 3304 I ActivityManager: Killing 23852:com.google.android.partnersetup/u0a96 (adj 935): empty for 1810s
11-14 03:34:55.483 1740 3304 W JobScheduler: Job didn't exist in JobStore: 4ff8992 #u0a138/1714 com.google.android.apps.messaging/androidx.work.impl.background.systemjob.SystemJobService
11-14 03:35:01.540 2182 6843 D PowerUI : can't show warning due to - plugged: true status unknown: false
11-14 03:35:01.572 2182 7765 D PowerUI : can't show warning due to - plugged: true status unknown: false
11-14 03:35:57.444 1740 1955 D ActivityManager: freezing 24140 com.google.android.turboadapter
11-14 03:36:01.538 2182 7975 D PowerUI : can't show warning due to - plugged: true status unknown: false
11-14 03:37:01.544 2182 10049 D PowerUI : can't show warning due to - plugged: true status unknown: false
11-14 03:38:01.537 2182 10106 D PowerUI : can't show warning due to - plugged: true status unknown: false
11-14 03:39:01.545 2182 10114 D PowerUI : can't show warning due to - plugged: true status unknown: false
11-14 03:39:22.971 1740 1955 D ActivityManager: freezing 24108 com.android.providers.calendar
11-14 03:40:01.542 2182 10179 D PowerUI : can't show warning due to - plugged: true status unknown: false
11-14 03:40:41.212 1740 1740 D ActivityManager: sync unfroze 7491 com.google.android.apps.safetyhub
11-14 03:41:01.542 2182 2602 D PowerUI : can't show warning due to - plugged: true status unknown: false
11-14 03:42:01.538 2182 6843 D PowerUI : can't show warning due to - plugged: true status unknown: false
11-14 03:42:03.665 1740 1955 D ActivityManager: freezing 22243 com.google.process.gservices
11-14 03:42:55.169 1740 1740 D CompatibilityChangeReporter: Compat change id reported: 135634846; UID 10169; state: DISABLED
11-14 03:42:55.171 1740 1740 D CompatibilityChangeReporter: Compat change id reported: 177438394; UID 10169; state: DISABLED
11-14 03:42:55.172 1740 1740 D CompatibilityChangeReporter: Compat change id reported: 135772972; UID 10169; state: DISABLED
11-14 03:42:55.173 1740 1740 D CompatibilityChangeReporter: Compat change id reported: 135754954; UID 10169; state: ENABLED
11-14 03:42:55.176 1740 1846 D CompatibilityChangeReporter: Compat change id reported: 143937733; UID 10169; state: ENABLED
11-14 03:42:55.225 1740 1846 W ActivityManager: Slow operation: 59ms so far, now at startProcess: returned from zygote!
11-14 03:42:55.226 1740 1846 W ActivityManager: Slow operation: 59ms so far, now at startProcess: done updating battery stats
11-14 03:42:55.226 1740 1846 W ActivityManager: Slow operation: 60ms so far, now at startProcess: building log message
11-14 03:42:55.226 1740 1846 I ActivityManager: Start proc 24314:com.google.android.apps.work.clouddpc/u0a169 for service {com.google.android.apps.work.clouddpc/com.google.android.apps.work.clouddpc.base.services.HealthCheckJobService}
11-14 03:42:55.226 1740 1846 W ActivityManager: Slow operation: 60ms so far, now at startProcess: starting to update pids map
11-14 03:42:55.227 1740 1846 W ActivityManager: Slow operation: 60ms so far, now at startProcess: done updating pids map
11-14 03:42:55.262 1740 2321 D CompatibilityChangeReporter: Compat change id reported: 168419799; UID 10169; state: DISABLED
11-14 03:42:55.429 1740 2321 D CompatibilityChangeReporter: Compat change id reported: 194532703; UID 10169; state: ENABLED
11-14 03:42:55.435 1740 3297 D CompatibilityChangeReporter: Compat change id reported: 161145287; UID 10169; state: DISABLED
11-14 03:42:55.444 1740 2321 I ActivityManager: Killing 23926:com.android.chrome/u0a151 (adj 985): empty for 2347s
11-14 03:42:55.466 24314 24327 I ActivityThread: Removing dead content provider:android.content.ContentProviderProxy@2eacfad
11-14 03:42:55.466 1740 2525 I ActivityManager: Process com.google.process.gservices (pid 22243) early provider death
11-14 03:42:55.467 1740 2525 I ActivityManager: Process com.google.process.gservices (pid 22243) has died: cch+15 CEM
11-14 03:42:55.477 1740 2049 D CompatibilityChangeReporter: Compat change id reported: 218533173; UID 10151; state: ENABLED
11-14 03:42:55.494 1740 2525 V ActivityManager: Got obituary of 22243:com.google.process.gservices
11-14 03:43:02.446 1740 2525 D CompatibilityChangeReporter: Compat change id reported: 135634846; UID 10139; state: DISABLED
11-14 03:43:02.446 1740 2525 D CompatibilityChangeReporter: Compat change id reported: 177438394; UID 10139; state: DISABLED
11-14 03:43:02.446 1740 2525 D CompatibilityChangeReporter: Compat change id reported: 135772972; UID 10139; state: DISABLED
11-14 03:43:02.446 1740 2525 D CompatibilityChangeReporter: Compat change id reported: 135754954; UID 10139; state: ENABLED
11-14 03:43:02.447 1740 1846 D CompatibilityChangeReporter: Compat change id reported: 143937733; UID 10139; state: ENABLED
11-14 03:43:02.482 1740 1846 I ActivityManager: Start proc 24394:com.google.process.gservices/u0a139 for content provider {com.google.android.gsf/com.google.android.gsf.gservices.GservicesProvider}
11-14 03:43:02.578 1740 2525 W ActivityManager: Unable to start service Intent { act=com.google.android.gms.gservices.START pkg=com.google.android.gms } U=0: not found
11-14 03:43:02.578 1740 2525 W ActivityManager: Unbind failed: could not find connection for android.os.BinderProxy@2bb73f2
11-14 03:43:57.853 1740 1955 D ActivityManager: freezing 24237 android.process.acore
11-14 03:44:01.538 2182 7765 D PowerUI : can't show warning due to - plugged: true status unknown: false
11-14 03:44:55.583 1740 1955 D ActivityManager: freezing 24192 com.google.android.apps.messaging
11-14 03:45:01.540 2182 7975 D PowerUI : can't show warning due to - plugged: true status unknown: false
11-14 03:46:01.541 2182 10049 D PowerUI : can't show warning due to - plugged: true status unknown: false
11-14 03:46:29.581 1740 1844 I UsageStatsService: User[0] Flushing usage stats to disk
11-14 03:47:01.533 2182 10106 D PowerUI : can't show warning due to - plugged: true status unknown: false
11-14 03:48:01.545 2182 10114 D PowerUI : can't show warning due to - plugged: true status unknown: false
11-14 03:49:01.539 2182 10179 D PowerUI : can't show warning due to - plugged: true status unknown: false
11-14 03:49:09.469 1740 3304 D CompatibilityChangeReporter: Compat change id reported: 161252188; UID 10139; state: ENABLED
11-14 03:49:52.816 1740 3304 D CompatibilityChangeReporter: Compat change id reported: 171306433; UID 10139; state: ENABLED
11-14 03:49:52.816 1740 3304 D CompatibilityChangeReporter: Compat change id reported: 218533173; UID 10139; state: ENABLED
11-14 03:49:58.047 1740 2535 I ActivityManager: com.android.vending is exempt from freezer
11-14 03:49:58.047 1740 2535 D CompatibilityChangeReporter: Compat change id reported: 135634846; UID 10114; state: DISABLED
11-14 03:49:58.047 1740 2535 D CompatibilityChangeReporter: Compat change id reported: 177438394; UID 10114; state: DISABLED
11-14 03:49:58.047 1740 2535 D CompatibilityChangeReporter: Compat change id reported: 135772972; UID 10114; state: DISABLED
11-14 03:49:58.047 1740 2535 D CompatibilityChangeReporter: Compat change id reported: 135754954; UID 10114; state: ENABLED
11-14 03:49:58.048 1740 1846 D CompatibilityChangeReporter: Compat change id reported: 143937733; UID 10114; state: ENABLED
11-14 03:49:58.063 1740 1846 I ActivityManager: Start proc 24451:com.android.vending/u0a114 for service {com.android.vending/com.google.android.finsky.contentfilterui.ContentFiltersService}
11-14 03:49:58.081 1740 2525 D CompatibilityChangeReporter: Compat change id reported: 168419799; UID 10114; state: DISABLED
11-14 03:49:58.182 1740 2183 D CompatibilityChangeReporter: Compat change id reported: 161145287; UID 10114; state: DISABLED
11-14 03:49:58.215 1740 2535 D CompatibilityChangeReporter: Compat change id reported: 135634846; UID 10139; state: DISABLED
11-14 03:49:58.215 1740 2535 D CompatibilityChangeReporter: Compat change id reported: 177438394; UID 10139; state: DISABLED
11-14 03:49:58.215 1740 2535 D CompatibilityChangeReporter: Compat change id reported: 135772972; UID 10139; state: DISABLED
11-14 03:49:58.215 1740 2535 D CompatibilityChangeReporter: Compat change id reported: 135754954; UID 10139; state: ENABLED
11-14 03:49:58.216 1740 1846 D CompatibilityChangeReporter: Compat change id reported: 143937733; UID 10139; state: ENABLED
11-14 03:49:58.225 1740 1846 I ActivityManager: Start proc 24503:com.google.process.gapps/u0a139 for content provider {com.google.android.gsf/com.google.android.gsf.settings.GoogleSettingsProvider}
11-14 03:49:58.237 1740 3304 D CompatibilityChangeReporter: Compat change id reported: 319212206; UID 10114; state: ENABLED
11-14 03:49:58.242 1740 2535 D CompatibilityChangeReporter: Compat change id reported: 168419799; UID 10139; state: DISABLED
11-14 03:49:58.250 1740 3304 D CompatibilityChangeReporter: Compat change id reported: 161252188; UID 10139; state: ENABLED
11-14 03:49:58.264 1740 2183 D CompatibilityChangeReporter: Compat change id reported: 161252188; UID 10198; state: ENABLED
11-14 03:49:58.264 1740 2183 D CompatibilityChangeReporter: Compat change id reported: 135634846; UID 10198; state: DISABLED
11-14 03:49:58.264 1740 2183 D CompatibilityChangeReporter: Compat change id reported: 177438394; UID 10198; state: DISABLED
11-14 03:49:58.264 1740 2183 D CompatibilityChangeReporter: Compat change id reported: 135772972; UID 10198; state: DISABLED
11-14 03:49:58.265 1740 2183 D CompatibilityChangeReporter: Compat change id reported: 135754954; UID 10198; state: ENABLED
11-14 03:49:58.265 1740 1846 D CompatibilityChangeReporter: Compat change id reported: 143937733; UID 10198; state: ENABLED
11-14 03:49:58.273 1740 2525 I ActivityManager: Killing 23968:com.android.vending:background/u0a114 (adj 975): empty for 2569s
11-14 03:49:58.278 1740 1846 I ActivityManager: Start proc 24546:com.android.remoteprovisioner/u0a198 for service {com.android.remoteprovisioner/com.android.remoteprovisioner.service.GenerateRkpKeyService}
11-14 03:49:58.280 1740 2183 I ActivityManager: Killing 24077:com.google.android.permissioncontroller/u0a211 (adj 965): empty for 1990s
11-14 03:49:58.292 1740 2525 D CompatibilityChangeReporter: Compat change id reported: 168419799; UID 10198; state: DISABLED
11-14 03:49:58.306 1740 2183 D CompatibilityChangeReporter: Compat change id reported: 201794303; UID 10139; state: ENABLED
11-14 03:49:58.336 571 10243 E keystore2: keystore2::error: In generate_key_pair: Failed to get device for security level SecurityLevel(2)
11-14 03:49:58.336 571 10243 E keystore2:
11-14 03:49:58.336 571 10243 E keystore2: Caused by:
11-14 03:49:58.336 571 10243 E keystore2: 0: In get_dev_by_sec_level: Remote instance for requested security level not found.
11-14 03:49:58.336 571 10243 E keystore2: 1: Error::Rc(ResponseCode(4))
11-14 03:49:58.464 1740 3294 D CompatibilityChangeReporter: Compat change id reported: 194532703; UID 10114; state: ENABLED
11-14 03:50:08.445 1740 2684 I ActivityManager: com.android.vending is exempt from freezer
11-14 03:50:08.445 1740 2684 D CompatibilityChangeReporter: Compat change id reported: 135634846; UID 10114; state: DISABLED
11-14 03:50:08.446 1740 2684 D CompatibilityChangeReporter: Compat change id reported: 177438394; UID 10114; state: DISABLED
11-14 03:50:08.446 1740 2684 D CompatibilityChangeReporter: Compat change id reported: 135772972; UID 10114; state: DISABLED
11-14 03:50:08.446 1740 2684 D CompatibilityChangeReporter: Compat change id reported: 135754954; UID 10114; state: ENABLED
11-14 03:50:08.446 1740 1846 D CompatibilityChangeReporter: Compat change id reported: 143937733; UID 10114; state: ENABLED
11-14 03:50:08.463 1740 1846 I ActivityManager: Start proc 24607:com.android.vending:background/u0a114 for service {com.android.vending/com.google.frameworks.client.data.android.server.play.BackgroundProcessEndpointService}
11-14 03:50:08.838 571 24464 I keystore2: keystore2::watchdog: Watchdog thread idle -> terminating. Have a great day.
11-14 03:50:41.357 1740 1955 D ActivityManager: freezing 7491 com.google.android.apps.safetyhub
11-14 03:51:01.540 2182 2602 D PowerUI : can't show warning due to - plugged: true status unknown: false
11-14 03:52:01.548 2182 6843 D PowerUI : can't show warning due to - plugged: true status unknown: false
11-14 03:52:45.551 1740 3474 I ActivityManager: Killing 24108:com.android.providers.calendar/u0a64 (adj 975): empty for 1811s
11-14 03:52:55.494 1740 1955 D ActivityManager: freezing 24314 com.google.android.apps.work.clouddpc
11-14 03:53:01.534 2182 7765 D PowerUI : can't show warning due to - plugged: true status unknown: false
11-14 03:54:01.539 2182 7975 D PowerUI : can't show warning due to - plugged: true status unknown: false
11-14 03:55:01.543 2182 10049 D PowerUI : can't show warning due to - plugged: true status unknown: false
11-14 03:56:00.588 1740 3474 I ActivityManager: Killing 24140:com.google.android.turboadapter/u0a200 (adj 995): empty for 1803s
11-14 03:57:01.536 2182 10106 D PowerUI : can't show warning due to - plugged: true status unknown: false
11-14 03:57:47.778 1740 1740 D ActivityManager: sync unfroze 7491 com.google.android.apps.safetyhub
