11-13 21:00:00.181 1740 1846 I ActivityManager: Start proc 17828:com.android.settings/1000 for broadcast {com.android.settings/com.google.android.settings.fuelgauge.BatteryBroadcastReceiver}
11-13 21:00:00.474 17828 17842 W PowerProfile: ambient.on is deprecated! Use ambient.on.display0 instead.
11-13 21:00:00.475 17828 17842 W PowerProfile: screen.on is deprecated! Use screen.on.display0 instead.
11-13 21:00:00.475 17828 17842 W PowerProfile: screen.full is deprecated! Use screen.full.display0 instead.
11-13 21:00:00.475 17828 17842 W ModemPowerProfile: getAverageBatteryDrainMaH called with unexpected key: 0x0, drain:0,RAT:DEFAULT
11-13 21:00:00.475 17828 17842 W ModemPowerProfile: getAverageBatteryDrainMaH called with unexpected key: 0x10000000, drain:IDLE,RAT:DEFAULT
11-13 21:00:00.475 17828 17842 W ModemPowerProfile: getAverageBatteryDrainMaH called with unexpected key: 0x20000000, drain:RX,RAT:DEFAULT
11-13 21:00:00.475 17828 17842 W ModemPowerProfile: getAverageBatteryDrainMaH called with unexpected key: 0x30000000, drain:TX,level:UNKNOWN(0x0)RAT:DEFAULT
11-13 21:00:00.475 17828 17842 W ModemPowerProfile: getAverageBatteryDrainMaH called with unexpected key: 0x31000000, drain:TX,level:UNKNOWN(0x1000000)RAT:DEFAULT
11-13 21:00:00.475 17828 17842 W ModemPowerProfile: getAverageBatteryDrainMaH called with unexpected key: 0x32000000, drain:TX,level:UNKNOWN(0x2000000)RAT:DEFAULT
11-13 21:00:00.475 17828 17842 W ModemPowerProfile: getAverageBatteryDrainMaH called with unexpected key: 0x33000000, drain:TX,level:UNKNOWN(0x3000000)RAT:DEFAULT
11-13 21:00:00.475 17828 17842 W ModemPowerProfile: getAverageBatteryDrainMaH called with unexpected key: 0x34000000, drain:TX,level:UNKNOWN(0x4000000)RAT:DEFAULT
11-13 21:00:00.867 1740 4237 D CompatibilityChangeReporter: Compat change id reported: 161145287; UID 1000; state: DISABLED
11-13 21:00:01.555 2182 10049 D PowerUI : can't show warning due to - plugged: true status unknown: false
11-13 21:01:01.563 2182 10106 D PowerUI : can't show warning due to - plugged: true status unknown: false
11-13 21:01:16.133 1740 4237 D CompatibilityChangeReporter: Compat change id reported: 161252188; UID 10211; state: ENABLED
11-13 21:01:16.142 1740 4237 D CompatibilityChangeReporter: Compat change id reported: 135634846; UID 10211; state: DISABLED
11-13 21:01:16.143 1740 4237 D CompatibilityChangeReporter: Compat change id reported: 177438394; UID 10211; state: DISABLED
11-13 21:01:16.143 1740 4237 D CompatibilityChangeReporter: Compat change id reported: 135772972; UID 10211; state: DISABLED
11-13 21:01:16.143 1740 4237 D CompatibilityChangeReporter: Compat change id reported: 135754954; UID 10211; state: ENABLED
11-13 21:01:16.145 1740 1846 D CompatibilityChangeReporter: Compat change id reported: 143937733; UID 10211; state: ENABLED
11-13 21:01:16.186 1740 1846 I ActivityManager: Start proc 17857:com.google.android.permissioncontroller/u0a211 for service {com.google.android.permissioncontroller/com.android.permissioncontroller.permission.service.v33.SafetyCenterQsTileService}
11-13 21:01:16.225 1740 4237 D CompatibilityChangeReporter: Compat change id reported: 168419799; UID 10211; state: DISABLED
11-13 21:03:01.547 2182 10114 D PowerUI : can't show warning due to - plugged: true status unknown: false
11-13 21:03:01.587 2182 10179 D PowerUI : can't show warning due to - plugged: true status unknown: false
11-13 21:03:09.706 1740 1955 D ActivityManager: freezing 7491 com.google.android.apps.safetyhub
11-13 21:03:09.946 1740 1955 D ActivityManager: freezing 17700 com.android.remoteprovisioner
11-13 21:03:10.017 1740 1955 D ActivityManager: freezing 17662 com.google.android.apps.turbo:aab
11-13 21:03:10.299 1740 1955 D ActivityManager: freezing 17660 com.google.android.partnersetup
11-13 21:03:10.309 1740 1955 D ActivityManager: freezing 17721 com.google.process.gapps
11-13 21:03:10.416 1740 1955 D ActivityManager: freezing 17734 com.android.chrome
11-13 21:05:01.541 2182 2602 D PowerUI : can't show warning due to - plugged: true status unknown: false
11-13 21:06:01.540 2182 6843 D PowerUI : can't show warning due to - plugged: true status unknown: false
11-13 21:06:27.192 1740 1844 I UsageStatsService: User[0] Flushing usage stats to disk
11-13 21:06:31.484 1740 1740 I ActivityManager: com.android.vending is exempt from freezer
11-13 21:06:31.485 1740 1740 D CompatibilityChangeReporter: Compat change id reported: 135634846; UID 10114; state: DISABLED
11-13 21:06:31.485 1740 1740 D CompatibilityChangeReporter: Compat change id reported: 177438394; UID 10114; state: DISABLED
11-13 21:06:31.485 1740 1740 D CompatibilityChangeReporter: Compat change id reported: 135772972; UID 10114; state: DISABLED
11-13 21:06:31.485 1740 1740 D CompatibilityChangeReporter: Compat change id reported: 135754954; UID 10114; state: ENABLED
11-13 21:06:31.486 1740 1846 D CompatibilityChangeReporter: Compat change id reported: 143937733; UID 10114; state: ENABLED
11-13 21:06:31.488 1740 1740 D CompatibilityChangeReporter: Compat change id reported: 168419799; UID 10143; state: DISABLED
11-13 21:06:31.491 1740 1740 D CompatibilityChangeReporter: Compat change id reported: 168419799; UID 1000; state: DISABLED
11-13 21:06:31.494 1740 1740 I ActivityManager: com.android.vending is exempt from freezer
11-13 21:06:31.497 1740 1846 I ActivityManager: Start proc 17887:com.android.vending/u0a114 for service {com.android.vending/com.google.android.finsky.scheduler.process.mainimpl.PhoneskyJobServiceMain}
11-13 21:06:31.514 1740 2525 D CompatibilityChangeReporter: Compat change id reported: 168419799; UID 10114; state: DISABLED
11-13 21:06:31.516 1740 1846 I ActivityManager: Start proc 17900:com.android.vending:background/u0a114 for service {com.android.vending/com.google.android.finsky.scheduler.process.backgroundimpl.PhoneskyJobServiceBackground}
11-13 21:06:31.599 1740 2525 D CompatibilityChangeReporter: Compat change id reported: 161145287; UID 10114; state: DISABLED
11-13 21:06:31.623 1740 2525 D ActivityManager: sync unfroze 17721 com.google.process.gapps
11-13 21:06:31.678 1740 3297 D CompatibilityChangeReporter: Compat change id reported: 319212206; UID 10114; state: ENABLED
11-13 21:06:31.678 1740 2525 W JobScheduler: Job didn't exist in JobStore: 9e332ea #u0a114/10580 com.android.vending/com.google.android.finsky.scheduler.process.backgroundimpl.PhoneskyJobServiceBackground
11-13 21:06:31.681 1740 3302 D CompatibilityChangeReporter: Compat change id reported: 194532703; UID 10114; state: ENABLED
11-13 21:06:31.688 1740 4237 D IntervalStats: Unable to parse usage stats packages: [519]
11-13 21:06:31.783 1740 2525 W JobScheduler: Job didn't exist in JobStore: 12961e2 #u0a114/9082 com.android.vending/com.google.android.finsky.scheduler.process.mainimpl.PhoneskyJobServiceMain
11-13 21:06:34.471 1740 3976 I ActivityManager: com.android.vending is exempt from freezer
11-13 21:06:34.471 1740 3976 D CompatibilityChangeReporter: Compat change id reported: 135634846; UID 10114; state: DISABLED
11-13 21:06:34.471 1740 3976 D CompatibilityChangeReporter: Compat change id reported: 177438394; UID 10114; state: DISABLED
11-13 21:06:34.471 1740 3976 D CompatibilityChangeReporter: Compat change id reported: 135772972; UID 10114; state: DISABLED
11-13 21:06:34.471 1740 3976 D CompatibilityChangeReporter: Compat change id reported: 135754954; UID 10114; state: ENABLED
11-13 21:06:34.472 1740 1846 D CompatibilityChangeReporter: Compat change id reported: 143937733; UID 10114; state: ENABLED
11-13 21:06:34.486 1740 1846 I ActivityManager: Start proc 18046:com.android.vending:quick_launch/u0a114 for service {com.android.vending/com.google.frameworks.client.data.android.server.play.QuickLaunchProcessEndpointService}
11-13 21:06:35.004 1740 3302 I ActivityManager: com.android.vending is exempt from freezer
11-13 21:06:35.004 1740 3302 D CompatibilityChangeReporter: Compat change id reported: 135634846; UID 10114; state: DISABLED
11-13 21:06:35.005 1740 3302 D CompatibilityChangeReporter: Compat change id reported: 177438394; UID 10114; state: DISABLED
11-13 21:06:35.005 1740 3302 D CompatibilityChangeReporter: Compat change id reported: 135772972; UID 10114; state: DISABLED
11-13 21:06:35.005 1740 3302 D CompatibilityChangeReporter: Compat change id reported: 135754954; UID 10114; state: ENABLED
11-13 21:06:35.007 1740 1846 D CompatibilityChangeReporter: Compat change id reported: 143937733; UID 10114; state: ENABLED
11-13 21:06:35.023 1740 1846 I ActivityManager: Start proc 18097:com.android.vending:instant_app_installer/u0a114 for service {com.android.vending/com.google.android.finsky.instantapps.statussync.EnabledStatusSyncService}
11-13 21:06:35.289 1740 2183 D CompatibilityChangeReporter: Compat change id reported: 177438394; UID 10131; state: DISABLED
11-13 21:06:35.289 1740 2183 D CompatibilityChangeReporter: Compat change id reported: 135772972; UID 10131; state: DISABLED
11-13 21:06:35.289 1740 2183 D CompatibilityChangeReporter: Compat change id reported: 135754954; UID 10131; state: ENABLED
11-13 21:06:35.290 1740 1846 D CompatibilityChangeReporter: Compat change id reported: 143937733; UID 10131; state: ENABLED
11-13 21:06:35.305 1740 1846 I ActivityManager: Start proc 18140:com.google.android.projection.gearhead:provider/u0a131 for content provider {com.google.android.projection.gearhead/com.google.android.apps.auto.components.projectionstate.ProjectionStateProvider}
11-13 21:06:35.322 1740 4237 D CompatibilityChangeReporter: Compat change id reported: 168419799; UID 10131; state: DISABLED
11-13 21:06:35.488 1740 2183 D CompatibilityChangeReporter: Compat change id reported: 161145287; UID 10131; state: DISABLED
11-13 21:06:36.614 18097 18203 E ActivityThread: Failed to find provider info for com.google.android.instantapps.supervisor.SupervisorArchiveProvider
11-13 21:06:37.313 1740 3302 D BiometricService: canAuthenticate: User=0, Caller=0, Authenticators=15
11-13 21:06:37.315 1740 3302 D BiometricService/PreAuthInfo: Package: com.android.vending Sensor ID: 0 Modality: 2 Status: 7
11-13 21:06:37.315 1740 3302 D BiometricService/PreAuthInfo: getCanAuthenticateInternal Modality: 2 AuthenticatorStatus: 7
11-13 21:06:37.315 1740 3302 D AuthService: canAuthenticate, userId: 0, callingUserId: 0, authenticators: 15, result: 11
11-13 21:06:37.315 1740 4237 D BiometricService: canAuthenticate: User=0, Caller=0, Authenticators=15
11-13 21:06:37.316 1740 4237 D BiometricService/PreAuthInfo: Package: com.android.vending Sensor ID: 0 Modality: 2 Status: 7
11-13 21:06:37.316 1740 4237 D BiometricService/PreAuthInfo: getCanAuthenticateInternal Modality: 2 AuthenticatorStatus: 7
11-13 21:06:37.316 1740 4237 D AuthService: canAuthenticate, userId: 0, callingUserId: 0, authenticators: 15, result: 11
11-13 21:06:37.350 1740 10527 D BiometricService: canAuthenticate: User=0, Caller=0, Authenticators=15
11-13 21:06:37.351 1740 10527 D BiometricService/PreAuthInfo: Package: com.android.vending Sensor ID: 0 Modality: 2 Status: 7
11-13 21:06:37.351 1740 10527 D BiometricService/PreAuthInfo: getCanAuthenticateInternal Modality: 2 AuthenticatorStatus: 7
11-13 21:06:37.351 1740 10527 D AuthService: canAuthenticate, userId: 0, callingUserId: 0, authenticators: 15, result: 11
11-13 21:06:37.354 1740 10527 D BiometricService: canAuthenticate: User=0, Caller=0, Authenticators=15
11-13 21:06:37.354 1740 10527 D BiometricService/PreAuthInfo: Package: com.android.vending Sensor ID: 0 Modality: 2 Status: 7
11-13 21:06:37.354 1740 10527 D BiometricService/PreAuthInfo: getCanAuthenticateInternal Modality: 2 AuthenticatorStatus: 7
11-13 21:06:37.354 1740 10527 D AuthService: canAuthenticate, userId: 0, callingUserId: 0, authenticators: 15, result: 11
11-13 21:06:37.980 1740 1845 D ActivityManager: sync unfroze 22823 com.google.android.ims
11-13 21:06:37.982 1740 1845 D ActivityManager: sync unfroze 16146 com.google.android.apps.messaging
11-13 21:06:37.983 1740 3297 W BroadcastQueue: Permission Denial: receiving Intent { act=com.google.gservices.intent.action.GSERVICES_OVERRIDE flg=0x1000010 (has extras) } to com.google.android.ims/.receivers.RcsAutoStartReceiver requires com.google.android.providers.gsf.permission.WRITE_GSERVICES due to sender com.android.vending (uid 10114)
11-13 21:06:37.985 1740 1845 D CompatibilityChangeReporter: Compat change id reported: 135634846; UID 1001; state: DISABLED
11-13 21:06:37.986 1740 1845 D CompatibilityChangeReporter: Compat change id reported: 177438394; UID 1001; state: DISABLED
11-13 21:06:37.986 1740 1845 D CompatibilityChangeReporter: Compat change id reported: 135772972; UID 1001; state: DISABLED
11-13 21:06:37.986 1740 1845 D CompatibilityChangeReporter: Compat change id reported: 135754954; UID 1001; state: ENABLED
11-13 21:06:38.001 1740 1846 I ActivityManager: Start proc 18224:com.google.RilConfigService/1001 for broadcast {com.google.RilConfigService/com.google.RilConfigService.GservicesChangeReceiver}
11-13 21:06:38.067 1740 3297 D CompatibilityChangeReporter: Compat change id reported: 135634846; UID 10140; state: DISABLED
11-13 21:06:38.067 1740 3297 D CompatibilityChangeReporter: Compat change id reported: 177438394; UID 10140; state: DISABLED
11-13 21:06:38.068 1740 3297 D CompatibilityChangeReporter: Compat change id reported: 135772972; UID 10140; state: DISABLED
11-13 21:06:38.068 1740 3297 D CompatibilityChangeReporter: Compat change id reported: 135754954; UID 10140; state: ENABLED
11-13 21:06:38.068 1740 1846 D CompatibilityChangeReporter: Compat change id reported: 143937733; UID 10140; state: ENABLED
11-13 21:06:38.077 1740 1846 I ActivityManager: Start proc 18241:com.google.android.apps.carrier.log/u0a140 for broadcast {com.google.android.apps.carrier.log/com.google.android.apps.carrier.log.connectivitymetrics.SnapshotSchedulingReceiver}
11-13 21:06:38.099 1740 4237 D CompatibilityChangeReporter: Compat change id reported: 168419799; UID 10140; state: DISABLED
11-13 21:06:38.162 1740 4237 D CompatibilityChangeReporter: Compat change id reported: 135634846; UID 10109; state: DISABLED
11-13 21:06:38.162 1740 4237 D CompatibilityChangeReporter: Compat change id reported: 177438394; UID 10109; state: DISABLED
11-13 21:06:38.162 1740 4237 D CompatibilityChangeReporter: Compat change id reported: 135772972; UID 10109; state: DISABLED
11-13 21:06:38.162 1740 4237 D CompatibilityChangeReporter: Compat change id reported: 135754954; UID 10109; state: ENABLED
11-13 21:06:38.162 1740 1846 D CompatibilityChangeReporter: Compat change id reported: 143937733; UID 10109; state: ENABLED
11-13 21:06:38.173 1740 1846 I ActivityManager: Start proc 18258:com.google.android.apps.gcs/u0a109 for broadcast {com.google.android.apps.gcs/com.google.android.libraries.vpn.gcs.core.receiver.PhenotypeConfigChangedReceiver}
11-13 21:06:38.191 1740 4237 D CompatibilityChangeReporter: Compat change id reported: 168419799; UID 10109; state: DISABLED
11-13 21:06:38.273 1740 10527 D CompatibilityChangeReporter: Compat change id reported: 161145287; UID 10109; state: DISABLED
11-13 21:06:38.279 1740 10527 D ActivityManager: sync unfroze 17588 com.google.android.gms.unstable
11-13 21:06:38.338 1740 3302 D CompatibilityChangeReporter: Compat change id reported: 194532703; UID 10109; state: ENABLED
11-13 21:06:38.436 1740 3302 D CompatibilityChangeReporter: Compat change id reported: 161252188; UID 10138; state: ENABLED
11-13 21:06:38.453 1740 3976 D ActivityManager: sync unfroze 17660 com.google.android.partnersetup
11-13 21:06:38.453 1740 3976 D CompatibilityChangeReporter: Compat change id reported: 168419799; UID 10096; state: DISABLED
11-13 21:06:38.458 14440 18209 W PackageParser: Unknown element under : queries at /data/user_de/0/com.google.android.gms/app_chimera/m/00000592/dl-AdsFdrDynamite.integ_243220703100000.apk Binary XML file line #15
11-13 21:06:38.462 14440 18209 W PackageParser: Unknown element under : queries at /data/user_de/0/com.google.android.gms/app_chimera/m/0000062a/dl-AdsFdrDynamite.integ_243799204100000.apk Binary XML file line #15
11-13 21:06:38.563 1740 2050 D CompatibilityChangeReporter: Compat change id reported: 74210811; UID 1000; state: DISABLED
11-13 21:06:38.578 1740 2108 D CompatibilityChangeReporter: Compat change id reported: 194532703; UID 1000; state: ENABLED
11-13 21:06:38.786 14440 14485 W PackageParser: Unknown element under : queries at /data/user_de/0/com.google.android.gms/app_chimera/m/s/DynamiteModulesC.apk Binary XML file line #15
11-13 21:06:38.927 14440 14485 W PackageParser: Unknown element under : queries at /data/user_de/0/com.google.android.gms/app_chimera/m/00000592/dl-AdsFdrDynamite.integ_243220703100000.apk Binary XML file line #15
11-13 21:06:38.930 14440 14485 W PackageParser: Unknown element under : queries at /data/user_de/0/com.google.android.gms/app_chimera/m/0000062a/dl-AdsFdrDynamite.integ_243799204100000.apk Binary XML file line #15
11-13 21:06:38.962 1740 1845 D ActivityManager: sync unfroze 17734 com.android.chrome
11-13 21:06:38.963 1740 1845 D CompatibilityChangeReporter: Compat change id reported: 168419799; UID 10151; state: DISABLED
11-13 21:06:39.056 1740 3302 D CompatibilityChangeReporter: Compat change id reported: 319212206; UID 10139; state: DISABLED
11-13 21:06:39.184 1740 3302 D IntervalStats: Unable to parse usage stats packages: [455, 460]
11-13 21:06:39.189 1740 3302 D IntervalStats: Unable to parse usage stats packages: [479]
11-13 21:06:39.192 1740 3302 D IntervalStats: Unable to parse usage stats packages: [497]
11-13 21:06:39.193 1740 3302 D IntervalStats: Unable to parse usage stats packages: [504, 510]
11-13 21:06:39.215 1740 3297 D IntervalStats: Unable to parse usage stats packages: [519]
11-13 21:06:39.215 1740 3297 D IntervalStats: Unable to parse event packages: [519]
11-13 21:06:39.216 1740 3297 D IntervalStats: Unable to parse usage stats packages: [519]
11-13 21:06:39.216 1740 3297 D IntervalStats: Unable to parse event packages: [519]
11-13 21:06:39.218 1740 3297 D IntervalStats: Unable to parse usage stats packages: [519]
11-13 21:06:39.281 1740 3297 D CompatibilityChangeReporter: Compat change id reported: 161252188; UID 10198; state: ENABLED
11-13 21:06:39.283 1740 3297 D ActivityManager: sync unfroze 17700 com.android.remoteprovisioner
11-13 21:06:39.285 1740 3297 D CompatibilityChangeReporter: Compat change id reported: 168419799; UID 10198; state: DISABLED
11-13 21:06:42.304 1740 4237 D CompatibilityChangeReporter: Compat change id reported: 194532703; UID 10114; state: ENABLED
11-13 21:06:42.408 1740 4237 D IntervalStats: Unable to parse usage stats packages: [371, 418, 421, 422, 423, 424, 425, 426, 427, 428, 429, 430, 431, 432, 433, 434, 435, 436, 437, 438, 439, 440, 441, 442, 443, 444, 445, 447, 448, 450, 451, 452, 453, 454, 455, 456, 459, 460, 461, 462, 463, 464, 465, 466, 467, 468, 470, 471, 472, 473, 474, 476, 477, 478, 479, 481, 482, 483, 484, 485, 486, 487, 488, 489, 490, 491, 493, 494, 495, 496, 497, 498, 499, 500, 501, 502, 503, 504, 505, 506, 507, 508, 509, 510, 511, 512, 513, 514, 515, 517, 519]
11-13 21:06:42.665 1740 4237 D CompatibilityChangeReporter: Compat change id reported: 168419799; UID 10114; state: DISABLED
11-13 21:06:42.708 1740 1949 W RollbackManager: Delete rollback id=1747544338 for failed session id=172946764
11-13 21:06:47.997 1740 1740 D CompatibilityChangeReporter: Compat change id reported: 135634846; UID 10104; state: DISABLED
11-13 21:06:47.997 1740 1740 D CompatibilityChangeReporter: Compat change id reported: 177438394; UID 10104; state: DISABLED
11-13 21:06:47.997 1740 1740 D CompatibilityChangeReporter: Compat change id reported: 135772972; UID 10104; state: DISABLED
11-13 21:06:47.997 1740 1740 D CompatibilityChangeReporter: Compat change id reported: 135754954; UID 10104; state: ENABLED
11-13 21:06:47.999 1740 1846 D CompatibilityChangeReporter: Compat change id reported: 143937733; UID 10104; state: ENABLED
11-13 21:06:48.005 1740 1740 D CompatibilityChangeReporter: Compat change id reported: 135634846; UID 10121; state: DISABLED
11-13 21:06:48.006 1740 1740 D CompatibilityChangeReporter: Compat change id reported: 177438394; UID 10121; state: DISABLED
11-13 21:06:48.006 1740 1740 D CompatibilityChangeReporter: Compat change id reported: 135772972; UID 10121; state: DISABLED
11-13 21:06:48.006 1740 1740 D CompatibilityChangeReporter: Compat change id reported: 135754954; UID 10121; state: ENABLED
11-13 21:06:48.027 1740 1846 I ActivityManager: Start proc 18536:com.google.android.configupdater/u0a104 for service {com.google.android.configupdater/com.google.android.configupdater.MainJobService}
11-13 21:06:48.028 1740 1846 D CompatibilityChangeReporter: Compat change id reported: 143937733; UID 10121; state: ENABLED
11-13 21:06:48.043 1740 1846 I ActivityManager: Start proc 18537:com.google.android.apps.work.oobconfig/u0a121 for service {com.google.android.apps.work.oobconfig/com.google.android.apps.work.oobconfig.gservices.GservicesChangedObserverService}
11-13 21:06:48.152 1740 3294 D CompatibilityChangeReporter: Compat change id reported: 194532703; UID 10104; state: ENABLED
11-13 21:06:48.155 1740 2470 W JobScheduler: Job didn't exist in JobStore: 61bbddb #u0a104/1 com.google.android.configupdater/.MainJobService
11-13 21:06:48.157 1740 3294 D CompatibilityChangeReporter: Compat change id reported: 194532703; UID 10121; state: ENABLED
11-13 21:06:48.162 1740 3294 W JobScheduler: Job didn't exist in JobStore: e8e5cb7 #u0a121/5 com.google.android.apps.work.oobconfig/.gservices.GservicesChangedObserverService
11-13 21:06:48.172 1740 4237 D CompatibilityChangeReporter: Compat change id reported: 161145287; UID 10121; state: DISABLED
11-13 21:06:49.975 571 18447 I keystore2: keystore2::watchdog: Watchdog thread idle -> terminating. Have a great day.
11-13 21:07:01.563 2182 7765 D PowerUI : can't show warning due to - plugged: true status unknown: false
11-13 21:07:01.575 1740 3302 D CompatibilityChangeReporter: Compat change id reported: 161145287; UID 10143; state: DISABLED
11-13 21:08:01.543 2182 7975 D PowerUI : can't show warning due to - plugged: true status unknown: false
11-13 21:08:33.527 1740 1740 D ActivityManager: sync unfroze 7491 com.google.android.apps.safetyhub
11-13 21:09:01.553 2182 10049 D PowerUI : can't show warning due to - plugged: true status unknown: false
11-13 21:09:01.582 2182 10106 D PowerUI : can't show warning due to - plugged: true status unknown: false
11-13 21:09:31.527 1740 1845 D CompatibilityChangeReporter: Compat change id reported: 135634846; UID 10157; state: DISABLED
11-13 21:09:31.528 1740 1845 D CompatibilityChangeReporter: Compat change id reported: 177438394; UID 10157; state: DISABLED
11-13 21:09:31.528 1740 1845 D CompatibilityChangeReporter: Compat change id reported: 135772972; UID 10157; state: DISABLED
11-13 21:09:31.528 1740 1845 D CompatibilityChangeReporter: Compat change id reported: 135754954; UID 10157; state: ENABLED
11-13 21:09:31.530 1740 1846 D CompatibilityChangeReporter: Compat change id reported: 143937733; UID 10157; state: ENABLED
11-13 21:09:31.558 1740 1846 I ActivityManager: Start proc 18683:com.alphainventor.filemanager/u0a157 for broadcast {com.alphainventor.filemanager/com.alphainventor.filemanager.receiver.StorageCheckReceiver}
11-13 21:09:31.598 1740 2108 D CompatibilityChangeReporter: Compat change id reported: 177438394; UID 10174; state: DISABLED
11-13 21:09:31.598 1740 2108 D CompatibilityChangeReporter: Compat change id reported: 135772972; UID 10174; state: DISABLED
11-13 21:09:31.598 1740 2108 D CompatibilityChangeReporter: Compat change id reported: 135754954; UID 10174; state: ENABLED
11-13 21:09:31.598 1740 1846 D CompatibilityChangeReporter: Compat change id reported: 143937733; UID 10174; state: ENABLED
11-13 21:09:31.601 1740 4237 D CompatibilityChangeReporter: Compat change id reported: 168419799; UID 10157; state: DISABLED
11-13 21:09:31.610 1740 1846 I ActivityManager: Start proc 18699:com.google.android.calendar/u0a174 for service {com.google.android.calendar/com.google.android.syncadapters.calendar.CalendarSyncAdapterService}
11-13 21:09:31.625 1740 4237 D CompatibilityChangeReporter: Compat change id reported: 168419799; UID 10174; state: DISABLED
11-13 21:09:31.671 1740 4237 D CompatibilityChangeReporter: Compat change id reported: 161145287; UID 10174; state: DISABLED
11-13 21:09:31.695 1740 2183 D CompatibilityChangeReporter: Compat change id reported: 135634846; UID 10064; state: DISABLED
11-13 21:09:31.695 1740 2183 D CompatibilityChangeReporter: Compat change id reported: 177438394; UID 10064; state: DISABLED
11-13 21:09:31.695 1740 2183 D CompatibilityChangeReporter: Compat change id reported: 135772972; UID 10064; state: DISABLED
11-13 21:09:31.695 1740 2183 D CompatibilityChangeReporter: Compat change id reported: 135754954; UID 10064; state: ENABLED
11-13 21:09:31.696 1740 1846 D CompatibilityChangeReporter: Compat change id reported: 143937733; UID 10064; state: ENABLED
11-13 21:09:31.710 1740 1846 I ActivityManager: Start proc 18764:com.android.providers.calendar/u0a64 for content provider {com.android.providers.calendar/com.android.providers.calendar.CalendarProvider2}
11-13 21:09:31.724 1740 2183 D CompatibilityChangeReporter: Compat change id reported: 168419799; UID 10064; state: DISABLED
11-13 21:09:31.760 1740 2470 D CompatibilityChangeReporter: Compat change id reported: 161145287; UID 10064; state: DISABLED
11-13 21:09:31.763 1740 4237 D CompatibilityChangeReporter: Compat change id reported: 194532703; UID 10174; state: ENABLED
11-13 21:09:31.767 1740 3294 D CompatibilityChangeReporter: Compat change id reported: 201794303; UID 10174; state: ENABLED
11-13 21:09:31.767 1740 4237 D CompatibilityChangeReporter: Compat change id reported: 143231523; UID 10174; state: DISABLED
11-13 21:09:31.768 1740 2525 D CompatibilityChangeReporter: Compat change id reported: 143231523; UID 10064; state: DISABLED
11-13 21:09:31.784 1740 4237 D CompatibilityChangeReporter: Compat change id reported: 74210811; UID 10174; state: ENABLED
11-13 21:09:31.853 1740 3302 D CompatibilityChangeReporter: Compat change id reported: 161145287; UID 10157; state: DISABLED
11-13 21:09:32.058 1740 2525 E AppOps : Bad call made by uid 10139. Package "com.google.android.gms" does not belong to uid 10174.
11-13 21:09:32.310 1740 3294 D CompatibilityChangeReporter: Compat change id reported: 319212206; UID 10174; state: ENABLED
11-13 21:09:33.636 1740 1740 W JobScheduler: Job didn't exist in JobStore: b0b040 #1000/100763 com.android.calendar/com.google/extron.qa.automation@gmail.com:android
11-13 21:09:36.083 1740 2066 D CompatibilityChangeReporter: Compat change id reported: 143231523; UID 1000; state: DISABLED
11-13 21:09:36.111 1740 2066 D CompatibilityChangeReporter: Compat change id reported: 171306433; UID 1000; state: ENABLED
11-13 21:09:36.111 1740 2066 D CompatibilityChangeReporter: Compat change id reported: 218533173; UID 1000; state: ENABLED
11-13 21:09:39.124 1740 2183 W JobScheduler: Job didn't exist in JobStore: b2fdbbd #u0a174/1 com.google.android.calendar/.jobservices.CalendarProviderObserverJobService
11-13 21:09:42.148 1740 2183 E AppOps : Bad call made by uid 10139. Package "com.google.android.gms" does not belong to uid 10174.
11-13 21:09:44.349 1740 3302 I ContentCaptureManagerService: Data share request accepted by Content Capture service
11-13 21:09:47.041 1740 3302 D CompatibilityChangeReporter: Compat change id reported: 161145287; UID 10139; state: DISABLED
11-13 21:09:49.116 1740 3302 W JobScheduler: Job didn't exist in JobStore: f0376b9 #u0a174/10 com.google.android.calendar/.jobservices.CalendarProviderObserverForNotificationsJobService
11-13 21:09:49.227 1740 3297 D CompatibilityChangeReporter: Compat change id reported: 171306433; UID 10174; state: ENABLED
11-13 21:09:49.227 1740 3297 D CompatibilityChangeReporter: Compat change id reported: 218533173; UID 10174; state: ENABLED
11-13 21:10:00.311 1740 1955 D ActivityManager: freezing 17828 com.android.settings
11-13 21:10:01.549 2182 10114 D PowerUI : can't show warning due to - plugged: true status unknown: false
11-13 21:10:01.584 2182 10179 D PowerUI : can't show warning due to - plugged: true status unknown: false
11-13 21:10:10.072 1740 1955 D ActivityManager: freezing 17802 com.google.android.settings.intelligence
11-13 21:10:31.706 1740 2470 I ActivityManager: Killing 17411:com.google.android.apps.wallpaper/u0a186 (adj 975): empty for 1825s
11-13 21:11:46.268 1740 1955 D ActivityManager: freezing 17857 com.google.android.permissioncontroller
11-13 21:12:01.536 2182 2602 D PowerUI : can't show warning due to - plugged: true status unknown: false
11-13 21:13:01.555 2182 6843 D PowerUI : can't show warning due to - plugged: true status unknown: false
11-13 21:13:05.099 1740 1740 D CompatibilityChangeReporter: Compat change id reported: 177438394; UID 10170; state: DISABLED
11-13 21:13:05.100 1740 1740 D CompatibilityChangeReporter: Compat change id reported: 135772972; UID 10170; state: DISABLED
11-13 21:13:05.100 1740 1740 D CompatibilityChangeReporter: Compat change id reported: 135754954; UID 10170; state: ENABLED
11-13 21:13:05.102 1740 1846 D CompatibilityChangeReporter: Compat change id reported: 143937733; UID 10170; state: ENABLED
11-13 21:13:05.115 1740 1740 D CompatibilityChangeReporter: Compat change id reported: 177438394; UID 10118; state: DISABLED
11-13 21:13:05.116 1740 1740 D CompatibilityChangeReporter: Compat change id reported: 135772972; UID 10118; state: DISABLED
11-13 21:13:05.116 1740 1740 D CompatibilityChangeReporter: Compat change id reported: 135754954; UID 10118; state: ENABLED
11-13 21:13:05.134 1740 1846 I ActivityManager: Start proc 18952:com.google.android.apps.magazines/u0a170 for service {com.google.android.apps.magazines/com.google.android.libraries.notifications.entrypoints.scheduled.ScheduledTaskService}
11-13 21:13:05.134 1740 1846 D CompatibilityChangeReporter: Compat change id reported: 143937733; UID 10118; state: ENABLED
11-13 21:13:05.147 1740 1846 I ActivityManager: Start proc 18953:com.google.android.apps.nbu.files/u0a118 for service {com.google.android.apps.nbu.files/androidx.work.impl.background.systemjob.SystemJobService}
11-13 21:13:05.179 1740 3302 D CompatibilityChangeReporter: Compat change id reported: 168419799; UID 10118; state: DISABLED
11-13 21:13:05.256 1740 3294 D CompatibilityChangeReporter: Compat change id reported: 161145287; UID 10170; state: DISABLED
11-13 21:13:05.260 1740 3294 D CompatibilityChangeReporter: Compat change id reported: 161145287; UID 10118; state: DISABLED
11-13 21:13:05.287 1740 1845 W BroadcastQueue: Exported Denial: sending Intent { act=android.intent.action.BATTERY_CHANGED flg=0x60000010 (has extras) }, action: android.intent.action.BATTERY_CHANGED from null (uid=-1) due to receiver ProcessRecord{3a0118b 18952:com.google.android.apps.magazines/u0a170} (uid 10170) not specifying RECEIVER_EXPORTED
11-13 21:13:05.432 1740 2183 D CompatibilityChangeReporter: Compat change id reported: 194532703; UID 10118; state: ENABLED
11-13 21:13:05.470 1740 2470 W JobScheduler: Job didn't exist in JobStore: 9c0e680 #u0a118/6596 com.google.android.apps.nbu.files/androidx.work.impl.background.systemjob.SystemJobService
11-13 21:13:05.481 1740 2470 W JobScheduler: Job didn't exist in JobStore: 58deaac #u0a118/6597 com.google.android.apps.nbu.files/androidx.work.impl.background.systemjob.SystemJobService
11-13 21:13:05.493 1740 3297 W JobScheduler: Job didn't exist in JobStore: 3b8d1d6 #u0a118/6585 com.google.android.apps.nbu.files/androidx.work.impl.background.systemjob.SystemJobService
11-13 21:13:05.507 1740 3297 W JobScheduler: Job didn't exist in JobStore: 724bc57 #u0a118/6586 com.google.android.apps.nbu.files/androidx.work.impl.background.systemjob.SystemJobService
11-13 21:13:05.512 1740 3297 W JobScheduler: Job didn't exist in JobStore: e50e344 #u0a118/6587 com.google.android.apps.nbu.files/androidx.work.impl.background.systemjob.SystemJobService
11-13 21:13:05.542 1740 3302 D CompatibilityChangeReporter: Compat change id reported: 194532703; UID 10170; state: ENABLED
11-13 21:13:05.550 1740 3302 W JobScheduler: Job didn't exist in JobStore: 8b76bf1 #u0a170/273 com.google.android.apps.magazines/androidx.work.impl.background.systemjob.SystemJobService
11-13 21:13:05.566 1740 3302 D IntervalStats: Unable to parse usage stats packages: [371, 418, 421, 422, 423, 424, 425, 426, 427, 428, 429, 430, 431, 432, 433, 434, 435, 436, 437, 438, 439, 440, 441, 442, 443, 444, 445, 447, 448, 450, 451, 452, 453, 454, 455, 456, 459, 460, 461, 462, 463, 464, 465, 466, 467, 468, 470, 471, 472, 473, 474, 476, 477, 478, 479, 481, 482, 483, 484, 485, 486, 487, 488, 489, 490, 491, 493, 494, 495, 496, 497, 498, 499, 500, 501, 502, 503, 504, 505, 506, 507, 508, 509, 510, 511, 512, 513, 514, 515, 517, 519]
11-13 21:13:05.618 1740 2183 E AppOps : Bad call made by uid 10139. Package "com.google.android.gms" does not belong to uid 10170.
11-13 21:13:05.689 1740 3297 D CompatibilityChangeReporter: Compat change id reported: 319212206; UID 10170; state: ENABLED
11-13 21:13:05.706 1740 3302 W PackageConfigPersister: App-specific configuration not found for packageName: com.google.android.apps.nbu.files and userId: 0
11-13 21:13:05.715 1740 2183 W PackageConfigPersister: App-specific configuration not found for packageName: com.google.android.apps.nbu.files and userId: 0
11-13 21:13:05.715 1740 3294 W PackageConfigPersister: App-specific configuration not found for packageName: com.google.android.apps.nbu.files and userId: 0
11-13 21:13:05.720 1740 3297 W PackageConfigPersister: App-specific configuration not found for packageName: com.google.android.apps.nbu.files and userId: 0
11-13 21:13:05.739 1740 3297 W PackageConfigPersister: App-specific configuration not found for packageName: com.google.android.apps.nbu.files and userId: 0
11-13 21:13:05.926 1740 3294 D CompatibilityChangeReporter: Compat change id reported: 161252188; UID 10100; state: ENABLED
11-13 21:13:05.927 1740 3294 D CompatibilityChangeReporter: Compat change id reported: 135634846; UID 10100; state: DISABLED
11-13 21:13:05.927 1740 3294 D CompatibilityChangeReporter: Compat change id reported: 177438394; UID 10100; state: DISABLED
11-13 21:13:05.928 1740 3294 D CompatibilityChangeReporter: Compat change id reported: 135772972; UID 10100; state: DISABLED
11-13 21:13:05.928 1740 3294 D CompatibilityChangeReporter: Compat change id reported: 135754954; UID 10100; state: ENABLED
11-13 21:13:05.928 1740 1846 D CompatibilityChangeReporter: Compat change id reported: 143937733; UID 10100; state: ENABLED
11-13 21:13:05.937 1740 10527 W PackageConfigPersister: App-specific configuration not found for packageName: com.google.android.apps.nbu.files and userId: 0
11-13 21:13:05.944 1740 1846 I ActivityManager: Start proc 19131:com.google.android.apps.restore/u0a100 for service {com.google.android.apps.restore/com.google.android.apps.restore.backup.photos.apiservice.PhotosBackupApiEndpointService}
11-13 21:13:05.975 1740 2470 D CompatibilityChangeReporter: Compat change id reported: 168419799; UID 10100; state: DISABLED
11-13 21:13:05.978 1740 2131 D CompatibilityChangeReporter: Compat change id reported: 135634846; UID 10183; state: DISABLED
11-13 21:13:05.978 1740 2131 D CompatibilityChangeReporter: Compat change id reported: 177438394; UID 10183; state: DISABLED
11-13 21:13:05.978 1740 2131 D CompatibilityChangeReporter: Compat change id reported: 135772972; UID 10183; state: DISABLED
11-13 21:13:05.978 1740 2131 D CompatibilityChangeReporter: Compat change id reported: 135754954; UID 10183; state: ENABLED
11-13 21:13:05.979 1740 1846 D CompatibilityChangeReporter: Compat change id reported: 143937733; UID 10183; state: ENABLED
11-13 21:13:05.987 1740 1846 I ActivityManager: Start proc 19143:com.google.android.apps.photos/u0a183 for service {com.google.android.apps.photos/com.google.android.apps.photos.backup.apiservice.grpc.PhotosBackupGrpcService}
11-13 21:13:06.013 1740 3302 D CompatibilityChangeReporter: Compat change id reported: 168419799; UID 10183; state: DISABLED
11-13 21:13:06.031 1740 1740 D CompatibilityChangeReporter: Compat change id reported: 135634846; UID 10101; state: DISABLED
11-13 21:13:06.031 1740 1740 D CompatibilityChangeReporter: Compat change id reported: 177438394; UID 10101; state: DISABLED
11-13 21:13:06.031 1740 1740 D CompatibilityChangeReporter: Compat change id reported: 135772972; UID 10101; state: DISABLED
11-13 21:13:06.032 1740 1740 D CompatibilityChangeReporter: Compat change id reported: 135754954; UID 10101; state: ENABLED
11-13 21:13:06.032 1740 1846 D CompatibilityChangeReporter: Compat change id reported: 143937733; UID 10101; state: ENABLED
11-13 21:13:06.041 1740 1846 I ActivityManager: Start proc 19177:com.google.android.apps.tips/u0a101 for service {com.google.android.apps.tips/com.google.android.apps.tips.notifications.NotificationJobService}
11-13 21:13:06.058 1740 2470 D CompatibilityChangeReporter: Compat change id reported: 161145287; UID 10100; state: DISABLED
11-13 21:13:06.061 1740 2108 E SyncManager: SYNC_OP_STATE_INVALID: disallowed by settings/network
11-13 21:13:06.062 1740 1845 I DropBoxManagerService: add tag=system_server_wtf isTagEnabled=true flags=0x2
11-13 21:13:06.074 1740 3297 D CompatibilityChangeReporter: Compat change id reported: 168419799; UID 10101; state: DISABLED
11-13 21:13:06.087 1740 2131 W PackageConfigPersister: App-specific configuration not found for packageName: com.google.android.apps.nbu.files and userId: 0
11-13 21:13:06.089 1740 2108 E SyncManager: SYNC_OP_STATE_INVALID: disallowed by settings/network
11-13 21:13:06.090 1740 1845 I DropBoxManagerService: add tag=system_server_wtf isTagEnabled=true flags=0x2
11-13 21:13:06.098 1740 1740 D CompatibilityChangeReporter: Compat change id reported: 218533173; UID 10170; state: ENABLED
11-13 21:13:06.107 1740 3302 W PackageConfigPersister: App-specific configuration not found for packageName: com.google.android.apps.nbu.files and userId: 0
11-13 21:13:06.113 1740 10527 W PackageConfigPersister: App-specific configuration not found for packageName: com.google.android.apps.nbu.files and userId: 0
11-13 21:13:06.121 1740 3302 W PackageConfigPersister: App-specific configuration not found for packageName: com.google.android.apps.nbu.files and userId: 0
11-13 21:13:06.124 1740 3302 W PackageConfigPersister: App-specific configuration not found for packageName: com.google.android.apps.nbu.files and userId: 0
11-13 21:13:06.126 1740 2183 W PackageConfigPersister: App-specific configuration not found for packageName: com.google.android.apps.nbu.files and userId: 0
11-13 21:13:06.127 1740 2183 W PackageConfigPersister: App-specific configuration not found for packageName: com.google.android.apps.nbu.files and userId: 0
11-13 21:13:06.129 1740 10527 W PackageConfigPersister: App-specific configuration not found for packageName: com.google.android.apps.nbu.files and userId: 0
11-13 21:13:06.135 1740 10527 W PackageConfigPersister: App-specific configuration not found for packageName: com.google.android.apps.nbu.files and userId: 0
11-13 21:13:06.137 1740 2183 W PackageConfigPersister: App-specific configuration not found for packageName: com.google.android.apps.nbu.files and userId: 0
11-13 21:13:06.139 1740 2183 W PackageConfigPersister: App-specific configuration not found for packageName: com.google.android.apps.nbu.files and userId: 0
11-13 21:13:06.142 1740 2131 W PackageConfigPersister: App-specific configuration not found for packageName: com.google.android.apps.nbu.files and userId: 0
11-13 21:13:06.143 1740 2183 W PackageConfigPersister: App-specific configuration not found for packageName: com.google.android.apps.nbu.files and userId: 0
11-13 21:13:06.145 1740 10527 W PackageConfigPersister: App-specific configuration not found for packageName: com.google.android.apps.nbu.files and userId: 0
11-13 21:13:06.148 1740 2183 W PackageConfigPersister: App-specific configuration not found for packageName: com.google.android.apps.nbu.files and userId: 0
11-13 21:13:06.149 1740 2183 W PackageConfigPersister: App-specific configuration not found for packageName: com.google.android.apps.nbu.files and userId: 0
11-13 21:13:06.150 1740 2183 W PackageConfigPersister: App-specific configuration not found for packageName: com.google.android.apps.nbu.files and userId: 0
11-13 21:13:06.152 1740 2131 W PackageConfigPersister: App-specific configuration not found for packageName: com.google.android.apps.nbu.files and userId: 0
11-13 21:13:06.156 1740 2183 W PackageConfigPersister: App-specific configuration not found for packageName: com.google.android.apps.nbu.files and userId: 0
11-13 21:13:06.157 1740 2183 W PackageConfigPersister: App-specific configuration not found for packageName: com.google.android.apps.nbu.files and userId: 0
11-13 21:13:06.157 1740 2183 W PackageConfigPersister: App-specific configuration not found for packageName: com.google.android.apps.nbu.files and userId: 0
11-13 21:13:06.158 1740 2183 W PackageConfigPersister: App-specific configuration not found for packageName: com.google.android.apps.nbu.files and userId: 0
11-13 21:13:06.159 1740 2183 W PackageConfigPersister: App-specific configuration not found for packageName: com.google.android.apps.nbu.files and userId: 0
11-13 21:13:06.161 1740 2183 W PackageConfigPersister: App-specific configuration not found for packageName: com.google.android.apps.nbu.files and userId: 0
11-13 21:13:06.164 1740 2183 W PackageConfigPersister: App-specific configuration not found for packageName: com.google.android.apps.nbu.files and userId: 0
11-13 21:13:06.165 1740 2183 W PackageConfigPersister: App-specific configuration not found for packageName: com.google.android.apps.nbu.files and userId: 0
11-13 21:13:06.166 1740 2183 W PackageConfigPersister: App-specific configuration not found for packageName: com.google.android.apps.nbu.files and userId: 0
11-13 21:13:06.166 1740 2183 W PackageConfigPersister: App-specific configuration not found for packageName: com.google.android.apps.nbu.files and userId: 0
11-13 21:13:06.166 1740 2183 W PackageConfigPersister: App-specific configuration not found for packageName: com.google.android.apps.nbu.files and userId: 0
11-13 21:13:06.207 1740 2183 D CompatibilityChangeReporter: Compat change id reported: 161145287; UID 10183; state: DISABLED
11-13 21:13:06.240 1740 2470 D CompatibilityChangeReporter: Compat change id reported: 194532703; UID 10183; state: ENABLED
11-13 21:13:06.254 1740 2470 W JobScheduler: Job didn't exist in JobStore: 73a509 #u0a183/555006229 com.google.android.apps.photos/androidx.work.impl.background.systemjob.SystemJobService
11-13 21:13:06.258 1740 10527 W JobScheduler: Job didn't exist in JobStore: b7c330e #u0a183/555006230 com.google.android.apps.photos/androidx.work.impl.background.systemjob.SystemJobService
11-13 21:13:06.349 1740 2131 W UriGrantsManagerService: No permission grants found for com.google.android.apps.photos
11-13 21:13:06.349 1740 2183 W UriGrantsManagerService: No permission grants found for com.google.android.apps.photos
11-13 21:13:06.352 1740 3297 D CompatibilityChangeReporter: Compat change id reported: 182734110; UID 10183; state: ENABLED
11-13 21:13:06.354 1740 3297 D CompatibilityChangeReporter: Compat change id reported: 149924527; UID 10183; state: ENABLED
11-13 21:13:06.354 1740 3297 D CompatibilityChangeReporter: Compat change id reported: 132649864; UID 10183; state: DISABLED
11-13 21:13:06.406 1740 3979 W UriGrantsManagerService: No permission grants found for com.google.android.apps.photos
11-13 21:13:06.406 1740 3979 W UriGrantsManagerService: No permission grants found for com.google.android.apps.photos
11-13 21:13:06.418 1740 3979 W UriGrantsManagerService: No permission grants found for com.google.android.apps.photos
11-13 21:13:06.418 1740 3979 W UriGrantsManagerService: No permission grants found for com.google.android.apps.photos
11-13 21:13:06.804 1740 3979 D CompatibilityChangeReporter: Compat change id reported: 135634846; UID 10117; state: DISABLED
11-13 21:13:06.805 1740 3979 D CompatibilityChangeReporter: Compat change id reported: 177438394; UID 10117; state: DISABLED
11-13 21:13:06.805 1740 3979 D CompatibilityChangeReporter: Compat change id reported: 135772972; UID 10117; state: DISABLED
11-13 21:13:06.805 1740 3979 D CompatibilityChangeReporter: Compat change id reported: 135754954; UID 10117; state: ENABLED
11-13 21:13:06.806 1740 1846 D CompatibilityChangeReporter: Compat change id reported: 143937733; UID 10117; state: ENABLED
11-13 21:13:06.820 1740 1846 I ActivityManager: Start proc 19273:com.google.android.dialer/u0a117 for content provider {com.google.android.dialer/com.android.incallui.atlas.ui.impl.pixeltipsintegration.AtlasPixelTipsContentProvider}
11-13 21:13:07.015 1740 3979 D CompatibilityChangeReporter: Compat change id reported: 161145287; UID 10117; state: DISABLED
11-13 21:13:07.265 1740 3979 D CompatibilityChangeReporter: Compat change id reported: 161145287; UID 10101; state: DISABLED
11-13 21:13:08.066 1740 1845 W BroadcastQueue: Background execution not allowed: receiving Intent { act=android.intent.action.DROPBOX_ENTRY_ADDED flg=0x10 (has extras) } to com.google.android.gms/.stats.service.DropBoxEntryAddedReceiver
11-13 21:13:10.101 1740 10527 D CompatibilityChangeReporter: Compat change id reported: 194532703; UID 10101; state: ENABLED
11-13 21:13:15.609 1740 3979 E AppOps : Bad call made by uid 10139. Package "com.google.android.gms" does not belong to uid 10170.
11-13 21:13:21.874 1740 3979 I ActivityManager: Killing 17450:com.google.android.apps.work.clouddpc/u0a169 (adj 945): empty for 1800s
11-13 21:13:23.587 1740 3976 I ActivityManager: Killing 17528:android.process.acore/u0a68 (adj 995): empty for 1801s
11-13 21:14:01.556 2182 7765 D PowerUI : can't show warning due to - plugged: true status unknown: false
11-13 21:14:44.352 1740 1740 I ContentCaptureManagerService: Content capture data sharing session terminated successfully for package 'com.google.android.googlequicksearchbox'
11-13 21:15:01.541 2182 7975 D PowerUI : can't show warning due to - plugged: true status unknown: false
11-13 21:16:01.537 2182 10049 D PowerUI : can't show warning due to - plugged: true status unknown: false
11-13 21:16:25.018 1740 4237 I ContentCaptureManagerService: Data share request accepted by Content Capture service
11-13 21:16:38.071 1740 1955 D ActivityManager: freezing 18224 com.google.RilConfigService
11-13 21:16:38.166 1740 1955 D ActivityManager: freezing 18241 com.google.android.apps.carrier.log
11-13 21:16:38.688 1740 1955 D ActivityManager: freezing 18258 com.google.android.apps.gcs
11-13 21:16:38.968 1740 1955 D ActivityManager: freezing 17734 com.android.chrome
11-13 21:16:39.060 1740 1955 D ActivityManager: freezing 17660 com.google.android.partnersetup
11-13 21:16:39.291 1740 1955 D ActivityManager: freezing 17700 com.android.remoteprovisioner
11-13 21:16:48.207 1740 1955 D ActivityManager: freezing 18537 com.google.android.apps.work.oobconfig
11-13 21:16:48.218 1740 1955 D ActivityManager: freezing 18536 com.google.android.configupdater
11-13 21:17:01.549 2182 10106 D PowerUI : can't show warning due to - plugged: true status unknown: false
11-13 21:17:01.577 2182 10114 D PowerUI : can't show warning due to - plugged: true status unknown: false
11-13 21:18:01.538 2182 10179 D PowerUI : can't show warning due to - plugged: true status unknown: false
11-13 21:19:01.543 2182 2602 D PowerUI : can't show warning due to - plugged: true status unknown: false
11-13 21:19:33.031 1740 1955 D ActivityManager: freezing 18683 com.alphainventor.filemanager
11-13 21:19:49.215 1740 1955 D ActivityManager: freezing 18699 com.google.android.calendar
11-13 21:20:01.551 2182 6843 D PowerUI : can't show warning due to - plugged: true status unknown: false
11-13 21:20:02.350 1740 1955 D ActivityManager: freezing 16146 com.google.android.apps.messaging
11-13 21:21:01.536 2182 7765 D PowerUI : can't show warning due to - plugged: true status unknown: false
11-13 21:21:25.022 1740 1740 I ContentCaptureManagerService: Content capture data sharing session terminated successfully for package 'com.google.android.googlequicksearchbox'
11-13 21:22:16.001 1740 1955 D ActivityManager: freezing 17721 com.google.process.gapps
11-13 21:22:16.016 1740 1955 D ActivityManager: freezing 17588 com.google.android.gms.unstable
11-13 21:23:06.039 1740 1955 D ActivityManager: freezing 18953 com.google.android.apps.nbu.files
11-13 21:23:06.107 1740 1946 D CompatibilityChangeReporter: Compat change id reported: 218533173; UID 10183; state: ENABLED
11-13 21:23:10.109 1740 1955 D ActivityManager: freezing 19177 com.google.android.apps.tips
11-13 21:23:10.120 1740 1955 D ActivityManager: freezing 7491 com.google.android.apps.safetyhub
11-13 21:23:10.129 1740 1955 D ActivityManager: freezing 19273 com.google.android.dialer
11-13 21:23:10.132 1740 1955 D ActivityManager: freezing 18140 com.google.android.projection.gearhead:provider
11-13 21:23:45.562 1740 3303 I ActivityManager: Killing 17734:com.android.chrome/u0a151 (adj 995): empty for 1835s
11-13 21:23:45.564 1740 3303 I ActivityManager: Killing 17662:com.google.android.apps.turbo:aab/u0a143 (adj 945): empty for 1835s
11-13 21:23:45.651 1740 2049 D CompatibilityChangeReporter: Compat change id reported: 218533173; UID 10151; state: ENABLED
11-13 21:24:01.541 2182 7975 D PowerUI : can't show warning due to - plugged: true status unknown: false
11-13 21:24:01.559 2182 10049 D PowerUI : can't show warning due to - plugged: true status unknown: false
11-13 21:24:11.382 1740 1955 D ActivityManager: freezing 19143 com.google.android.apps.photos
11-13 21:24:11.393 1740 1955 D ActivityManager: freezing 19131 com.google.android.apps.restore
11-13 21:25:01.537 2182 10106 D PowerUI : can't show warning due to - plugged: true status unknown: false
