11-14 11:12:00.488 11381 8654 W Turbo.EstimatedTimeRemainingProvider: queryTimeToDischarge: 87305448
11-14 11:12:00.498 1130 1212 I bthal.activitywatcher: getStateResidency: ActivityStat{0 : totalTimeMs 161875542 totalEntryCount 428745 lastEntryMs 4329717}
11-14 11:12:00.498 1130 1212 I bthal.activitywatcher: getStateResidency: ActivityStat{1 : totalTimeMs 61742085 totalEntryCount 431148 lastEntryMs 4329814}
11-14 11:12:00.498 1130 1212 I bthal.activitywatcher: getStateResidency: ActivityStat{2 : totalTimeMs 40597239 totalEntryCount 1917893 lastEntryMs 4330341}
11-14 11:12:00.498 1130 1212 I bthal.activitywatcher: getStateResidency: ActivityStat{3 : totalTimeMs 10528123 totalEntryCount 4093811 lastEntryMs 4329211}
11-14 11:12:00.498 1130 1212 I bthal.activitywatcher: send_hci_activities_vsc: Sent VSC <[4]{89, 253, 1, 1}>
11-14 11:12:00.498 2182 2224 D BatteryInfoBroadcast: onReceive: android.intent.action.BATTERY_CHANGED isPowerSaveMode: false remainingTimeMillis: 87305448
11-14 11:12:00.499 1389 1389 D AOC : A3:MSG: controller.cc, 273: CNTRL: cmd ID: 0x000a, tag: 0xdd [cntr = 40927]
11-14 11:12:00.499 1389 1389 D AOC : A3:MSG: controller.cc, 811: CNTRL: ipc: control, cmd ID: 0x000a, tag: 0xdd, rc: 0
11-14 11:12:00.499 1130 2732 I bthal.activitywatcher: filter_hci_activities_vse: Filtered <[103]{14, 101, 1, 89, 253, 0, 1, 0, 0, 0, 0, 0, 0, 0, 0, 195, 4, 18, 0, 0, 0, 0, 0, 206, 4, 18, 0, 0, 0, 0, 0, 1, 0, 0, 0, 0, 0, 0, 0, 206, 4, 18, 0, 0, 0, 0, 0, 195, 4, 18, 0, 0, 0, 0, 0, 0, 0, 0, 0, 0, 0, 0, 0, 26, 4, 18, 0, 0, 0, 0, 0, 26, 4, 18, 0, 0, 0, 0, 0, 0, 0, 0, 0, 0, 0, 0, 0, 121, 4, 18, 0, 0, 0, 0, 0, 132, 4, 18, 0, 0, 0, 0, 0}>
11-14 11:12:00.499 1130 2732 I bthal.flowcontrol: HciEventPreProcess: HCI Event 0xe Opcode 0xfd59 Length 103 handled by ControllerActivityWatcher
11-14 11:12:00.500 1389 1389 D AOC : A3:MSG: controller.cc, 273: CNTRL: cmd ID: 0x000a, tag: 0xde [cntr = 40928]
11-14 11:12:00.500 1389 1389 D AOC : A3:MSG: controller.cc, 811: CNTRL: ipc: control, cmd ID: 0x000a, tag: 0xde, rc: 0
11-14 11:12:00.501 1389 1389 D AOC : A3:MSG: controller.cc, 273: CNTRL: cmd ID: 0x000a, tag: 0xdf [cntr = 40929]
11-14 11:12:00.501 1389 1389 D AOC : A3:MSG: controller.cc, 811: CNTRL: ipc: control, cmd ID: 0x000a, tag: 0xdf, rc: 0
11-14 11:12:00.501 1389 1389 D AOC : A3:MSG: controller.cc, 273: CNTRL: cmd ID: 0x000a, tag: 0xe0 [cntr = 40930]
11-14 11:12:00.504 1389 1389 D AOC : A3:MSG: controller.cc, 811: CNTRL: ipc: control, cmd ID: 0x000a, tag: 0xe0, rc: 0
11-14 11:12:00.504 1389 1389 D AOC : A3:MSG: controller.cc, 273: CNTRL: cmd ID: 0x000a, tag: 0xe1 [cntr = 40931]
11-14 11:12:00.505 1389 1389 D AOC : A3:MSG: controller.cc, 811: CNTRL: ipc: control, cmd ID: 0x000a, tag: 0xe1, rc: 0
11-14 11:12:00.505 1389 1389 D AOC : A3:MSG: controller.cc, 273: CNTRL: cmd ID: 0x000a, tag: 0xe2 [cntr = 40932]
11-14 11:12:00.505 1389 1389 D AOC : A3:MSG: controller.cc, 811: CNTRL: ipc: control, cmd ID: 0x000a, tag: 0xe2, rc: 0
11-14 11:12:00.506 1389 1389 D AOC : A3:MSG: controller.cc, 273: CNTRL: cmd ID: 0x000a, tag: 0xe3 [cntr = 40933]
11-14 11:12:00.506 1389 1389 D AOC : A3:MSG: controller.cc, 811: CNTRL: ipc: control, cmd ID: 0x000a, tag: 0xe3, rc: 0
11-14 11:12:00.507 1389 1389 D AOC : A3:MSG: controller.cc, 273: CNTRL: cmd ID: 0x000a, tag: 0xe4 [cntr = 40934]
11-14 11:12:00.507 1389 1389 D AOC : A3:MSG: controller.cc, 811: CNTRL: ipc: control, cmd ID: 0x000a, tag: 0xe4, rc: 0
11-14 11:12:00.508 1389 1389 D AOC : A3:MSG: controller.cc, 273: CNTRL: cmd ID: 0x000a, tag: 0xe5 [cntr = 40935]
11-14 11:12:00.508 1389 1389 D AOC : A3:MSG: controller.cc, 811: CNTRL: ipc: control, cmd ID: 0x000a, tag: 0xe5, rc: 0
11-14 11:12:00.509 1389 1389 D AOC : A3:MSG: controller.cc, 273: CNTRL: cmd ID: 0x000a, tag: 0xe6 [cntr = 40936]
11-14 11:12:00.509 1389 1389 D AOC : A3:MSG: controller.cc, 811: CNTRL: ipc: control, cmd ID: 0x000a, tag: 0xe6, rc: 0
11-14 11:12:00.509 11381 11398 W Turbo.OnDeviceBatteryHistory: addEvents: loaded 0 battery events.
11-14 11:12:00.510 11381 11398 W Turbo.OnDeviceBatteryHistory: addEvents: loaded battery events completed.
11-14 11:12:00.510 1389 1389 D AOC : A3:MSG: controller.cc, 273: CNTRL: cmd ID: 0x000a, tag: 0xe7 [cntr = 40937]
11-14 11:12:00.510 1389 1389 D AOC : A3:MSG: controller.cc, 811: CNTRL: ipc: control, cmd ID: 0x000a, tag: 0xe7, rc: 0
11-14 11:12:00.510 1389 1389 D AOC : A3:MSG: controller.cc, 273: CNTRL: cmd ID: 0x000a, tag: 0xe8 [cntr = 40938]
11-14 11:12:00.511 1389 1389 D AOC : A3:MSG: controller.cc, 811: CNTRL: ipc: control, cmd ID: 0x000a, tag: 0xe8, rc: 0
11-14 11:12:00.511 1389 1389 D AOC : A3:MSG: controller.cc, 273: CNTRL: cmd ID: 0x000a, tag: 0xe9 [cntr = 40939]
11-14 11:12:00.512 1389 1389 D AOC : A3:MSG: controller.cc, 811: CNTRL: ipc: control, cmd ID: 0x000a, tag: 0xe9, rc: 0
11-14 11:12:00.512 1389 1389 D AOC : A3:MSG: controller.cc, 273: CNTRL: cmd ID: 0x000a, tag: 0xea [cntr = 40940]
11-14 11:12:00.512 1389 1389 D AOC : A3:MSG: controller.cc, 811: CNTRL: ipc: control, cmd ID: 0x000a, tag: 0xea, rc: 0
11-14 11:12:00.513 1389 1389 D AOC : A3:MSG: controller.cc, 273: CNTRL: cmd ID: 0x000a, tag: 0xeb [cntr = 40941]
11-14 11:12:00.515 1389 1389 D AOC : A3:MSG: controller.cc, 811: CNTRL: ipc: control, cmd ID: 0x000a, tag: 0xeb, rc: 0
11-14 11:12:00.515 1389 1389 D AOC : A3:MSG: controller.cc, 273: CNTRL: cmd ID: 0x000a, tag: 0xec [cntr = 40942]
11-14 11:12:00.515 1389 1389 D AOC : A3:MSG: controller.cc, 811: CNTRL: ipc: control, cmd ID: 0x000a, tag: 0xec, rc: 0
11-14 11:12:00.516 1389 1389 D AOC : A3:MSG: controller.cc, 273: CNTRL: cmd ID: 0x000a, tag: 0xed [cntr = 40943]
11-14 11:12:00.516 1389 1389 D AOC : A3:MSG: controller.cc, 811: CNTRL: ipc: control, cmd ID: 0x000a, tag: 0xed, rc: 0
11-14 11:12:00.549 11381 11398 W Turbo.EstimatedTimeRemainingProvider: queryTimeToDischarge: 87305414
11-14 11:12:00.583 2182 2182 D PowerNotificationWarningsGoogleImpl: onReceive: android.os.action.POWER_SAVE_MODE_CHANGED
11-14 11:12:00.583 3225 3225 I AiAiAdaptiveAudio: (REDACTED) updateAdaptiveAudioRunningState: shouldRun=%b
11-14 11:12:00.583 3225 3225 I AiAiCaptions: (REDACTED) onReceive(): Battery saver mode turned %s.
11-14 11:12:00.585 14339 14339 I PersonalSafety: Settings changed. [CONTEXT service_id=310 ]
11-14 11:12:00.588 11381 17997 W Turbo.EstimatedTimeRemainingProvider: queryTimeToDischarge: 87305375
11-14 11:12:00.589 1036 1036 V PowerSaveModeChangedBR: Received: Intent { act=android.os.action.POWER_SAVE_MODE_CHANGED flg=0x11000010 pkg=com.google.android.flipendo cmp=com.google.android.flipendo/.receiver.PowerSaveModeChangedBroadcastReceiver }
11-14 11:12:00.589 3225 3225 I AiAiAdaptiveAudio: (REDACTED) updateAdaptiveAudioRunningState: shouldRun=%b
11-14 11:12:00.589 1036 1036 V SettingsInjector: Feature flag is set to true
11-14 11:12:00.589 3225 3225 I AiAiCaptions: (REDACTED) onReceive(): Battery saver mode turned %s.
11-14 11:12:00.589 14339 14339 I PersonalSafety: Settings changed. [CONTEXT service_id=310 ]
11-14 11:12:00.589 1036 1036 V SettingsInjector: Component {com.google.android.flipendo/com.google.android.flipendo.settings.ExtremeBatterySaverSettingsFragmentActivity}: is explicitly enabled = false, has default state = true
11-14 11:12:00.589 1036 1036 V SettingsInjector: Settings injection is up to date
11-14 11:12:00.590 1036 1036 I WorkProfileManager: isWorkProfile: false
11-14 11:12:00.590 1036 1036 V PowerSaveModeChangedBR: Device is in direct boot mode: false
11-14 11:12:00.590 1036 1036 V BatterySaverManager: Update state called from PowerSaveModeChangedBR, force enable flipendo: false
11-14 11:12:00.590 1036 1036 I WorkProfileManager: isWorkProfile: false
11-14 11:12:00.590 1036 1036 V SettingsInjector: Component {com.google.android.flipendo/com.google.android.flipendo.settings.ExtremeBatterySaverSettingsFragmentActivity}: is explicitly enabled = false, has default state = true
11-14 11:12:00.591 2182 2224 D BatteryInfoBroadcast: onReceive: android.os.action.POWER_SAVE_MODE_CHANGED isPowerSaveMode: false remainingTimeMillis: 87305375
11-14 11:12:00.591 2182 2182 D PowerNotificationWarningsGoogleImpl: onReceive: android.os.action.POWER_SAVE_MODE_CHANGED
11-14 11:12:00.591 1036 1072 V SettingsInjector: Component {com.google.android.flipendo/com.google.android.flipendo.settings.ExtremeBatterySaverSettingsFragmentActivity}: is explicitly enabled = false, has default state = true
11-14 11:12:00.591 1036 1072 V BatterySaverManager: Power save mode enabled = false
11-14 11:12:00.591 1036 1072 V BatterySaverManager: Settings mode = MILD
11-14 11:12:00.592 1036 1072 V BatterySaverManager: Disable called from PowerSaveModeChangedBR
11-14 11:12:00.592 1036 1072 V BatterySaverManager: Flipendo is disabled no action needed
11-14 11:12:00.592 1036 1072 D ReceiverDelegate: Future succeeded in receiver
11-14 11:12:00.595 11381 17997 W Turbo.EstimatedTimeRemainingProvider: queryTimeToDischarge: 87305368
11-14 11:12:00.595 1036 1036 V PowerSaveModeChangedBR: Received: Intent { act=android.os.action.POWER_SAVE_MODE_CHANGED flg=0x11000010 pkg=com.google.android.flipendo cmp=com.google.android.flipendo/.receiver.PowerSaveModeChangedBroadcastReceiver }
11-14 11:12:00.595 1036 1036 V SettingsInjector: Feature flag is set to true
11-14 11:12:00.596 1036 1036 V SettingsInjector: Component {com.google.android.flipendo/com.google.android.flipendo.settings.ExtremeBatterySaverSettingsFragmentActivity}: is explicitly enabled = false, has default state = true
11-14 11:12:00.596 1036 1036 V SettingsInjector: Settings injection is up to date
11-14 11:12:00.596 1036 1036 I WorkProfileManager: isWorkProfile: false
11-14 11:12:00.596 1036 1036 V PowerSaveModeChangedBR: Device is in direct boot mode: false
11-14 11:12:00.596 1036 1036 V BatterySaverManager: Update state called from PowerSaveModeChangedBR, force enable flipendo: false
11-14 11:12:00.596 1036 1036 I WorkProfileManager: isWorkProfile: false
11-14 11:12:00.596 1036 1036 V SettingsInjector: Component {com.google.android.flipendo/com.google.android.flipendo.settings.ExtremeBatterySaverSettingsFragmentActivity}: is explicitly enabled = false, has default state = true
11-14 11:12:00.597 1036 1072 V SettingsInjector: Component {com.google.android.flipendo/com.google.android.flipendo.settings.ExtremeBatterySaverSettingsFragmentActivity}: is explicitly enabled = false, has default state = true
11-14 11:12:00.597 1036 1072 V BatterySaverManager: Power save mode enabled = false
11-14 11:12:00.597 1036 1072 V BatterySaverManager: Settings mode = MILD
11-14 11:12:00.597 1036 1072 V BatterySaverManager: Disable called from PowerSaveModeChangedBR
11-14 11:12:00.597 1036 1072 V BatterySaverManager: Flipendo is disabled no action needed
11-14 11:12:00.597 1036 1072 D ReceiverDelegate: Future succeeded in receiver
11-14 11:12:00.598 2182 2224 D BatteryInfoBroadcast: onReceive: android.os.action.POWER_SAVE_MODE_CHANGED isPowerSaveMode: false remainingTimeMillis: 87305368
11-14 11:12:01.019 4285 4285 I .sharelinkpro1k: Explicit concurrent mark compact GC freed 760KB AllocSpace bytes, 2(40KB) LOS objects, 75% free, 14MB/56MB, paused 178us,981us total 25.470ms
11-14 11:12:01.196 1163 1163 I WifiHAL : Creating message to get link statistics; iface = 47
11-14 11:12:01.248 1163 1163 I WifiHAL : In GetLinkStatsCommand::handleResponse
11-14 11:12:01.279 1740 2058 D ConnectivityService: NetReassign [no changes] [c 0] [a 0] [i 2]
11-14 11:12:01.383 14339 4511 I NearbyMediums: Found Fast Ble Advertisements :
11-14 11:12:01.383 14339 4511 I NearbyMediums: BleAdvertisement { version=2, socketVersion=2, isFast=true, serviceIdHash=null, data=[ 0x23 0x56 0x46 0x53 0x5a 0x11 0x32 0x5c 0xec 0x05 0xee 0x3f 0x22 0x6f 0x3d 0xea 0x63 0x99 0xa4 0xee 0x6a 0x9d 0xcf ], deviceToken=[ 0xd9 0x7f ], rxAdvertisement=null } : 4 times.
11-14 11:12:01.383 14339 4511 I NearbyMediums: BleAdvertisement { version=2, socketVersion=2, isFast=true, serviceIdHash=null, data=[ 0x23 0x49 0x57 0x47 0x34 0x11 0x32 0x60 0xa5 0xa7 0xab 0xc8 0x31 0xa3 0x08 0x22 0xd3 0xd6 0xdb 0xe1 0x85 0x4a 0xc9 ], deviceToken=[ 0x70 0xc1 ], rxAdvertisement=null } : 1 times.
11-14 11:12:01.383 14339 4511 I NearbyMediums: BleAdvertisement { version=2, socketVersion=2, isFast=true, serviceIdHash=null, data=[ 0x23 0x31 0x49 0x47 0x35 0x11 0x16 0xb3 0x77 0x0a 0x00 0x8f 0xf1 0x4c 0xc1 0x25 0xce 0xb3 0xa8 0x70 0xc6 0x60 0x38 ], deviceToken=[ 0x7e 0x1c ], rxAdvertisement=null } : 1 times.
11-14 11:12:01.383 14339 4511 I NearbyMediums: BleAdvertisement { version=2, socketVersion=2, isFast=true, serviceIdHash=null, data=[ 0x23 0x34 0x58 0x46 0x43 0x11 0x32 0x12 0xce 0xf5 0x92 0x08 0x18 0x78 0x13 0x9e 0x07 0xf2 0xca 0x53 0x25 0x93 0x9a ], deviceToken=[ 0x27 0x94 ], rxAdvertisement=null } : 1 times.
11-14 11:12:01.383 14339 4511 I NearbyMediums: BleAdvertisement { version=2, socketVersion=2, isFast=true, serviceIdHash=null, data=[ 0x23 0x42 0x53 0x36 0x59 0x11 0x34 0xff 0x1e 0x52 0x02 0x1a 0x65 0xc5 0xe8 0x10 0x1d 0xe4 0xd9 0xeb 0x6a 0x2e 0x24 ], deviceToken=[ 0x18 0x70 ], rxAdvertisement=null } : 3 times.
11-14 11:12:01.383 14339 4511 I NearbyMediums: Total 10 fast advertisements from 5 unique advertisers.
11-14 11:12:01.708 4285 4285 I .sharelinkpro1k: Explicit concurrent mark compact GC freed 676KB AllocSpace bytes, 23(3036KB) LOS objects, 75% free, 14MB/56MB, paused 175us,895us total 25.538ms
11-14 11:12:01.838 4285 4285 I Choreographer: Skipped 212 frames! The application may be doing too much work on its main thread.
11-14 11:12:01.861 4285 4297 I OpenGLRenderer: Davey! duration=3563ms; Flags=0, FrameTimelineVsyncId=164032918, IntendedVsync=1444883335960750, Vsync=1444886878508734, InputEventId=0, HandleInputStart=1444886890245423, AnimationStart=1444886890246196, PerformTraversalsStart=1444886890408427, DrawStart=1444886892139628, FrameDeadline=1444883352560750, FrameInterval=1444886890200501, FrameStartTime=16710132, SyncQueued=1444886892605652, SyncStart=1444886892672140, IssueDrawCommandsStart=1444886893517029, SwapBuffers=1444886898827820, FrameCompleted=1444886899540019, DequeueBufferDuration=25879, QueueBufferDuration=545369, GpuCompleted=1444886899540019, SwapBuffersCompleted=1444886899523133, DisplayPresentTime=1444821728961984, CommandSubmissionCompleted=1444886898827820,
11-14 11:12:03.418 4285 4285 I .sharelinkpro1k: Explicit concurrent mark compact GC freed 872KB AllocSpace bytes, 27(1212KB) LOS objects, 75% free, 14MB/56MB, paused 175us,994us total 25.545ms
11-14 11:12:03.781 4285 4300 F libc : Fatal signal 11 (SIGSEGV), code 1 (SEGV_MAPERR), fault addr 0xf2f3e8a3b0 in tid 4300 (SGen worker), pid 4285 (.sharelinkpro1k)
11-14 11:12:04.119 5179 5179 I crash_dump64: obtaining output fd from tombstoned, type: kDebuggerdTombstoneProto
11-14 11:12:04.124 733 733 I tombstoned: received crash request for pid 4300
11-14 11:12:04.125 5179 5179 I crash_dump64: performing dump of process 4285 (target tid = 4300)
11-14 11:12:04.279 1163 1163 I WifiHAL : Creating message to get link statistics; iface = 47
11-14 11:12:04.328 1163 1163 I WifiHAL : In GetLinkStatsCommand::handleResponse
11-14 11:12:04.355 1740 2058 D ConnectivityService: NetReassign [no changes] [c 0] [a 0] [i 3]
11-14 11:12:04.866 5179 5179 F DEBUG : *** *** *** *** *** *** *** *** *** *** *** *** *** *** *** ***
11-14 11:12:04.866 5179 5179 F DEBUG : Build fingerprint: 'google/bluejay/bluejay:13/TQ2A.230305.008.E1/9677224:user/release-keys'
11-14 11:12:04.866 5179 5179 F DEBUG : Revision: 'MP1.0'
11-14 11:12:04.866 5179 5179 F DEBUG : ABI: 'arm64'
11-14 11:12:04.866 5179 5179 F DEBUG : Timestamp: 2024-11-14 11:12:04.169787920-0800
11-14 11:12:04.866 5179 5179 F DEBUG : Process uptime: 441s
11-14 11:12:04.866 5179 5179 F DEBUG : Cmdline: com.extron.sharelinkpro1k
11-14 11:12:04.866 5179 5179 F DEBUG : pid: 4285, tid: 4300, name: SGen worker >>> com.extron.sharelinkpro1k <<<
11-14 11:12:04.866 5179 5179 F DEBUG : uid: 10542
11-14 11:12:04.866 5179 5179 F DEBUG : tagged_addr_ctrl: 0000000000000001 (PR_TAGGED_ADDR_ENABLE)
11-14 11:12:04.866 5179 5179 F DEBUG : signal 11 (SIGSEGV), code 1 (SEGV_MAPERR), fault addr 0x000000f2f3e8a3b0
11-14 11:12:04.866 5179 5179 F DEBUG : x0 b4000075d3976468 x1 0000007702680010 x2 000000733d3ade3c x3 0000000000000000
11-14 11:12:04.866 5179 5179 F DEBUG : x4 0000007426ad1b08 x5 0000000000000000 x6 00000000ffffffff x7 0001010000000000
11-14 11:12:04.866 5179 5179 F DEBUG : x8 000000f2f3c00000 x9 ffffffffffc00000 x10 00000073c0800000 x11 0000000000000001
11-14 11:12:04.866 5179 5179 F DEBUG : x12 0000000000000000 x13 0000000040000000 x14 00000000403b8003 x15 0000000000000001
11-14 11:12:04.866 5179 5179 F DEBUG : x16 000000733d3d6ab8 x17 00000076ef03d890 x18 0000007333f82000 x19 00000072c3b6ab70
11-14 11:12:04.866 5179 5179 F DEBUG : x20 0000000000000f68 x21 000000f2f3e8a3b0 x22 00000072c3b680f0 x23 000000733d3f4e00
11-14 11:12:04.866 5179 5179 F DEBUG : x24 0000007702680008 x25 0000000000000000 x26 00000072c3b67188 x27 000000733d3f2510
11-14 11:12:04.866 5179 5179 F DEBUG : x28 ffffffffffffffff x29 000000744b996b20
11-14 11:12:04.866 5179 5179 F DEBUG : lr 000000733d3cc408 sp 000000744b996ad0 pc 000000733d3ae834 pst 0000000020001000
11-14 11:12:04.866 5179 5179 F DEBUG : backtrace:
11-14 11:12:04.866 5179 5179 F DEBUG : #00 pc 00000000002de834 /data/app/~~NFHayG60wmhckweiHAq_Jw==/com.extron.sharelinkpro1k-Nv9KK-nl6BQ0AjaCh9Jx2Q==/lib/arm64/libmonosgen-2.0.so (BuildId: b429a6405c79e0852cf3694861f0a6c5234a833a)
11-14 11:12:04.866 5179 5179 F DEBUG : #01 pc 00000000002fc404 /data/app/~~NFHayG60wmhckweiHAq_Jw==/com.extron.sharelinkpro1k-Nv9KK-nl6BQ0AjaCh9Jx2Q==/lib/arm64/libmonosgen-2.0.so (BuildId: b429a6405c79e0852cf3694861f0a6c5234a833a)
11-14 11:12:04.866 5179 5179 F DEBUG : #02 pc 00000000002fb490 /data/app/~~NFHayG60wmhckweiHAq_Jw==/com.extron.sharelinkpro1k-Nv9KK-nl6BQ0AjaCh9Jx2Q==/lib/arm64/libmonosgen-2.0.so (BuildId: b429a6405c79e0852cf3694861f0a6c5234a833a)
11-14 11:12:04.866 5179 5179 F DEBUG : #03 pc 00000000000c226c /apex/com.android.runtime/lib64/bionic/libc.so (__pthread_start(void*)+204) (BuildId: dc4001c2ef2dfc23467040797a96840c)
11-14 11:12:04.866 5179 5179 F DEBUG : #04 pc 0000000000054a30 /apex/com.android.runtime/lib64/bionic/libc.so (__start_thread+64) (BuildId: dc4001c2ef2dfc23467040797a96840c)
11-14 11:12:04.907 733 733 E tombstoned: Tombstone written to: tombstone_19
11-14 11:12:04.911 1740 1950 W NativeTombstoneManager: failed to open /data/tombstones/tombstone_19.pb
11-14 11:12:04.911 1740 1950 W NativeTombstoneManager: java.io.FileNotFoundException: open failed: ENOENT (No such file or directory)
11-14 11:12:04.911 1740 1950 W NativeTombstoneManager: at android.os.ParcelFileDescriptor.openInternal(ParcelFileDescriptor.java:342)
11-14 11:12:04.911 1740 1950 W NativeTombstoneManager: at android.os.ParcelFileDescriptor.open(ParcelFileDescriptor.java:229)
11-14 11:12:04.911 1740 1950 W NativeTombstoneManager: at com.android.server.os.NativeTombstoneManager.handleProtoTombstone(NativeTombstoneManager.java:151)
11-14 11:12:04.911 1740 1950 W NativeTombstoneManager: at com.android.server.os.NativeTombstoneManager.handleTombstone(NativeTombstoneManager.java:120)
11-14 11:12:04.911 1740 1950 W NativeTombstoneManager: at com.android.server.os.NativeTombstoneManager.-$$Nest$mhandleTombstone(Unknown Source:0)
11-14 11:12:04.911 1740 1950 W NativeTombstoneManager: at com.android.server.os.NativeTombstoneManager$TombstoneWatcher.lambda$onEvent$0(NativeTombstoneManager.java:564)
11-14 11:12:04.911 1740 1950 W NativeTombstoneManager: at com.android.server.os.NativeTombstoneManager$TombstoneWatcher.$r8$lambda$brzM_6e7cyhhJeR_ISUCuvFg3_s(Unknown Source:0)
11-14 11:12:04.911 1740 1950 W NativeTombstoneManager: at com.android.server.os.NativeTombstoneManager$TombstoneWatcher$$ExternalSyntheticLambda0.run(Unknown Source:4)
11-14 11:12:04.911 1740 1950 W NativeTombstoneManager: at android.os.Handler.handleCallback(Handler.java:942)
11-14 11:12:04.911 1740 1950 W NativeTombstoneManager: at android.os.Handler.dispatchMessage(Handler.java:99)
11-14 11:12:04.911 1740 1950 W NativeTombstoneManager: at android.os.Looper.loopOnce(Looper.java:201)
11-14 11:12:04.911 1740 1950 W NativeTombstoneManager: at android.os.Looper.loop(Looper.java:288)
11-14 11:12:04.911 1740 1950 W NativeTombstoneManager: at android.os.HandlerThread.run(HandlerThread.java:67)
11-14 11:12:04.911 1740 1950 W NativeTombstoneManager: at com.android.server.ServiceThread.run(ServiceThread.java:44)
11-14 11:12:04.913 1740 5186 I DropBoxManagerService: add tag=data_app_native_crash isTagEnabled=true flags=0x2
11-14 11:12:04.914 1740 5185 W ActivityTaskManager: Force finishing activity com.extron.sharelinkpro1k/crc6498f27dbb9b7396c3.MainActivity
11-14 11:12:04.926 1740 1950 I BootReceiver: Copying /data/tombstones/tombstone_19 to DropBox (SYSTEM_TOMBSTONE)
11-14 11:12:04.926 1740 1950 I DropBoxManagerService: add tag=SYSTEM_TOMBSTONE isTagEnabled=true flags=0x6
11-14 11:12:04.928 725 731 W powerhal-libperfmgr: sched_setattr failed for thread 4335, err=3
11-14 11:12:04.928 725 731 W powerhal-libperfmgr: sched_setattr failed for thread 4336, err=3
11-14 11:12:04.928 725 731 W powerhal-libperfmgr: sched_setattr failed for thread 4308, err=3
11-14 11:12:04.934 1740 1845 W BroadcastQueue: Background execution not allowed: receiving Intent { act=android.intent.action.DROPBOX_ENTRY_ADDED flg=0x10 (has extras) } to com.google.android.gms/.stats.service.DropBoxEntryAddedReceiver
11-14 11:12:04.935 1740 1845 W BroadcastQueue: Background execution not allowed: receiving Intent { act=android.intent.action.DROPBOX_ENTRY_ADDED flg=0x10 (has extras) } to com.google.android.gms/.stats.service.DropBoxEntryAddedReceiver
11-14 11:12:04.948 1740 1950 I DropBoxManagerService: add tag=SYSTEM_TOMBSTONE_PROTO isTagEnabled=true flags=0x4
11-14 11:12:05.000 1740 1845 W BroadcastQueue: Background execution not allowed: receiving Intent { act=android.intent.action.DROPBOX_ENTRY_ADDED flg=0x10 (has extras) } to com.google.android.gms/.stats.service.DropBoxEntryAddedReceiver
11-14 11:12:05.125 1740 10527 I ActivityManager: Process com.extron.sharelinkpro1k (pid 4285) has died: fg TOP
11-14 11:12:05.125 725 731 W powerhal-libperfmgr: sched_setattr failed for thread 4335, err=3
11-14 11:12:05.125 725 731 W powerhal-libperfmgr: sched_setattr failed for thread 4336, err=3
11-14 11:12:05.125 725 731 W powerhal-libperfmgr: sched_setattr failed for thread 4308, err=3
11-14 11:12:05.125 1740 10501 D AutofillSession: handling death of Token{202b6e4 ActivityRecord{739874d u0 com.extron.sharelinkpro1k/crc6498f27dbb9b7396c3.MainActivity} t284 f}}} when saving=false
11-14 11:12:05.126 1151 1151 D usf_sensor_hal: accelerometer: Enter Batch. period = 200000000, latency = 2000000000.
11-14 11:12:05.126 725 725 W libprocessgroup: Failed to apply NoResetUclampGrp task profile: No such process
11-14 11:12:05.126 725 725 W powerhal-libperfmgr: Failed to set NoResetUclampGrp task profile for tid:4335
11-14 11:12:05.126 725 725 W libprocessgroup: Failed to apply NoResetUclampGrp task profile: No such process
11-14 11:12:05.126 725 725 W powerhal-libperfmgr: Failed to set NoResetUclampGrp task profile for tid:4336
11-14 11:12:05.126 725 725 W libprocessgroup: Failed to apply NoResetUclampGrp task profile: No such process
11-14 11:12:05.126 725 725 W powerhal-libperfmgr: Failed to set NoResetUclampGrp task profile for tid:4285
11-14 11:12:05.126 725 725 W libprocessgroup: Failed to apply NoResetUclampGrp task profile: No such process
11-14 11:12:05.126 725 725 W powerhal-libperfmgr: Failed to set NoResetUclampGrp task profile for tid:4308
11-14 11:12:05.126 725 725 W powerhal-libperfmgr: sched_setattr failed for thread 4335, err=3
11-14 11:12:05.126 725 725 W powerhal-libperfmgr: sched_setattr failed for thread 4336, err=3
11-14 11:12:05.126 1115 1115 I Zygote : Process 4285 exited due to signal 11 (Segmentation fault)
11-14 11:12:05.126 725 725 W powerhal-libperfmgr: sched_setattr failed for thread 4285, err=3
11-14 11:12:05.126 725 725 W powerhal-libperfmgr: sched_setattr failed for thread 4308, err=3
11-14 11:12:05.126 1740 1849 I libprocessgroup: Successfully killed process cgroup uid 10542 pid 4285 in 0ms
11-14 11:12:05.126 1740 2183 I WindowManager: WIN DEATH: Window{bf06adc u0 com.extron.sharelinkpro1k/crc6498f27dbb9b7396c3.MainActivity}
11-14 11:12:05.126 1740 2183 W InputManager-JNI: Input channel object 'bf06adc com.extron.sharelinkpro1k/crc6498f27dbb9b7396c3.MainActivity (client)' was disposed without first being removed with the input manager!
11-14 11:12:05.128 1389 1389 D AOC : A3:MSG: usf_sensor.cc, 1883: USF: Received reconfig sampling request for LSM6DSR Accelerometer.
11-14 11:12:05.128 1389 1389 D AOC : A3:MSG: lsm6dsr_device.cc, 755: USF: Lsm6dsrDevice: Sensor 0: Enabled 1, odr_index 3.
11-14 11:12:05.128 1389 1389 D AOC : A3:MSG: lsm6dsr_fifo.cc, 747: USF: Lsm6dsrFifo: ODR: XL/G/T/TS: 52/52/13/6 WM: 4 Intr: 31.
11-14 11:12:05.129 1389 1389 D AOC : A3:MSG: lsm6dsr_device.cc, 663: USF: Lsm6dsrDevice: Fifo was disabled for 1047852ns.
11-14 11:12:05.129 1151 1151 D usf_sensor_hal: IMU temperature: Enter Batch. period = 615385000, latency = 2000000000.
11-14 11:12:05.131 1389 1389 D AOC : A3:MSG: usf_sensor.cc, 1883: USF: Received reconfig sampling request for LSM6DSR Temperature.
11-14 11:12:05.132 1389 1389 D AOC : A3:MSG: lsm6dsr_device.cc, 755: USF: Lsm6dsrDevice: Sensor 2: Enabled 1, odr_index 1.
11-14 11:12:05.132 1389 1389 D AOC : A3:MSG: lsm6dsr_fifo.cc, 747: USF: Lsm6dsrFifo: ODR: XL/G/T/TS: 52/52/13/6 WM: 4 Intr: 31.
11-14 11:12:05.139 1740 10527 D ActivityManager: sync unfroze 22823 com.google.android.ims
11-14 11:12:05.140 1389 1389 D AOC : A3:MSG: lsm6dsr_device.cc, 663: USF: Lsm6dsrDevice: Fifo was disabled for 883056ns.
11-14 11:12:05.142 1740 10527 D ActivityManager: sync unfroze 3805 com.android.settings
11-14 11:12:05.145 2563 3438 D OneSearchSuggestProvider: Convert suggest response to search results for query= time=1448793940 mResponse list size=28
11-14 11:12:05.148 3225 3225 I AiAi : (REDACTED) onTrimMemory() with level %d
11-14 11:12:05.150 3225 3821 I AiAiEcho: (REDACTED) Predicting[%d]: %s
11-14 11:12:05.152 3225 3821 I AiAiEcho: (REDACTED) EchoTargets: %s
11-14 11:12:05.152 3225 3821 I AiAiEcho: Filtered by AiAi flag check: %s
11-14 11:12:05.153 3225 3821 I AiAiEcho: (REDACTED) Ranked targets strategy: %s, count: %d, ranking metadata: %s
11-14 11:12:05.153 3225 3821 I AiAiEcho: (REDACTED) #weatherTwiddler: Weather removes SubtitleSupplementalItem in surface: %s
11-14 11:12:05.153 3225 3821 I AiAiEcho: #remoteViewsTwiddler: feature disabled.
11-14 11:12:05.157 1740 2684 W WindowManager: Failed to deliver inset state change to w=Window{bf06adc u0 com.extron.sharelinkpro1k/crc6498f27dbb9b7396c3.MainActivity EXITING}
11-14 11:12:05.157 1740 2684 W WindowManager: android.os.DeadObjectException
11-14 11:12:05.157 1740 2684 W WindowManager: at android.os.BinderProxy.transactNative(Native Method)
11-14 11:12:05.157 1740 2684 W WindowManager: at android.os.BinderProxy.transact(BinderProxy.java:584)
11-14 11:12:05.157 1740 2684 W WindowManager: at android.view.IWindow$Stub$Proxy.insetsControlChanged(IWindow.java:473)
11-14 11:12:05.157 1740 2684 W WindowManager: at com.android.server.wm.WindowState.notifyInsetsControlChanged(WindowState.java:4017)
11-14 11:12:05.157 1740 2684 W WindowManager: at com.android.server.wm.InsetsStateController.lambda$notifyPendingInsetsControlChanged$4(InsetsStateController.java:351)
11-14 11:12:05.157 1740 2684 W WindowManager: at com.android.server.wm.InsetsStateController.$r8$lambda$An2IoiA3BeA5IWc6QwBOjKArM80(Unknown Source:0)
11-14 11:12:05.157 1740 2684 W WindowManager: at com.android.server.wm.InsetsStateController$$ExternalSyntheticLambda3.run(Unknown Source:2)
11-14 11:12:05.157 1740 2684 W WindowManager: at com.android.server.wm.WindowAnimator.executeAfterPrepareSurfacesRunnables(WindowAnimator.java:345)
11-14 11:12:05.157 1740 2684 W WindowManager: at com.android.server.wm.RootWindowContainer.performSurfacePlacementNoTrace(RootWindowContainer.java:832)
11-14 11:12:05.157 1740 2684 W WindowManager: at com.android.server.wm.RootWindowContainer.performSurfacePlacement(RootWindowContainer.java:777)
11-14 11:12:05.157 1740 2684 W WindowManager: at com.android.server.wm.WindowSurfacePlacer.performSurfacePlacementLoop(WindowSurfacePlacer.java:177)
11-14 11:12:05.157 1740 2684 W WindowManager: at com.android.server.wm.WindowSurfacePlacer.performSurfacePlacement(WindowSurfacePlacer.java:126)
11-14 11:12:05.157 1740 2684 W WindowManager: at com.android.server.wm.WindowManagerService.relayoutWindow(WindowManagerService.java:2470)
11-14 11:12:05.157 1740 2684 W WindowManager: at com.android.server.wm.Session.relayout(Session.java:253)
11-14 11:12:05.157 1740 2684 W WindowManager: at android.view.IWindowSession$Stub.onTransact(IWindowSession.java:727)
11-14 11:12:05.157 1740 2684 W WindowManager: at com.android.server.wm.Session.onTransact(Session.java:178)
11-14 11:12:05.157 1740 2684 W WindowManager: at android.os.Binder.execTransactInternal(Binder.java:1280)
11-14 11:12:05.157 1740 2684 W WindowManager: at android.os.Binder.execTransact(Binder.java:1244)
11-14 11:12:05.163 14339 14339 I Dtdi : (REDACTED) [LifecycleService] onTrimMemory called with level %s
11-14 11:12:05.164 3225 3821 I AiAiEcho: (REDACTED) #postPredictionTargets: Sending updates to UISurface %s with targets# %s (types=[%s])
11-14 11:12:05.175 2563 2639 D QuickstepModelDelegate: notifyAppTargetEvent action=1 launchLocation=workspace/0/[-1,-1]/[1,1]
11-14 11:12:05.177 2563 2563 D SsBaseTemplateCard: No text view can be set up
11-14 11:12:05.177 2563 2563 D SsBaseTemplateCard: Passed-in item info is null
11-14 11:12:05.177 2563 2563 D SsBaseTemplateCard: Passed-in item info is null
11-14 11:12:05.177 2563 2563 I SsBaseTemplateCard: Secondary card pane is null
11-14 11:12:05.177 2865 2865 I AppBase : AppBase.onTrimMemory():437 onTrimMemory(): 15
11-14 11:12:05.178 18277 18277 W cnqs : (REDACTED) onTrimMemory(%d)
11-14 11:12:05.178 18277 18277 W cnqs : (REDACTED) maybeEnableSuspendModeOnMemoryPressure: level=%d, suspendModeKillSwitch=%b, suspendedForTrimMemory=%b, shouldSuspend=%b
11-14 11:12:05.182 1530 1530 I Finsky : [2] xqe.onTrimMemory(11): Memory trim requested to level 60
11-14 11:12:05.185 22823 22933 I PhenotypeProcessReaper: Memory state is: 300
11-14 11:12:05.187 18277 18277 I cnnw : onStart
11-14 11:12:05.188 2865 2865 I KeyboardDefCache: MemoryFileCache$1.onTrimMemory():126 clearMemory() for trim memory: 15
11-14 11:12:05.189 1740 1838 W WindowManager: Exception thrown during dispatchAppVisibility Window{bf06adc u0 com.extron.sharelinkpro1k/crc6498f27dbb9b7396c3.MainActivity EXITING}
11-14 11:12:05.189 1740 1838 W WindowManager: android.os.DeadObjectException
11-14 11:12:05.189 1740 1838 W WindowManager: at android.os.BinderProxy.transactNative(Native Method)
11-14 11:12:05.189 1740 1838 W WindowManager: at android.os.BinderProxy.transact(BinderProxy.java:584)
11-14 11:12:05.189 1740 1838 W WindowManager: at android.view.IWindow$Stub$Proxy.dispatchAppVisibility(IWindow.java:536)
11-14 11:12:05.189 1740 1838 W WindowManager: at com.android.server.wm.WindowState.sendAppVisibilityToClients(WindowState.java:3484)
11-14 11:12:05.189 1740 1838 W WindowManager: at com.android.server.wm.WindowContainer.sendAppVisibilityToClients(WindowContainer.java:1231)
11-14 11:12:05.189 1740 1838 W WindowManager: at com.android.server.wm.WindowToken.setClientVisible(WindowToken.java:392)
11-14 11:12:05.189 1740 1838 W WindowManager: at com.android.server.wm.ActivityRecord.setClientVisible(ActivityRecord.java:6770)
11-14 11:12:05.189 1740 1838 W WindowManager: at com.android.server.wm.ActivityRecord.onAnimationFinished(ActivityRecord.java:7592)
11-14 11:12:05.189 1740 1838 W WindowManager: at com.android.server.wm.ActivityRecord.postApplyAnimation(ActivityRecord.java:5454)
11-14 11:12:05.189 1740 1838 W WindowManager: at com.android.server.wm.ActivityRecord.commitVisibility(ActivityRecord.java:5414)
11-14 11:12:05.189 1740 1838 W WindowManager: at com.android.server.wm.ActivityRecord.commitVisibility(ActivityRecord.java:5418)
11-14 11:12:05.189 1740 1838 W WindowManager: at com.android.server.wm.AppTransitionController.handleClosingApps(AppTransitionController.java:1158)
11-14 11:12:05.189 1740 1838 W WindowManager: at com.android.server.wm.AppTransitionController.handleAppTransitionReady(AppTransitionController.java:268)
11-14 11:12:05.189 1740 1838 W WindowManager: at com.android.server.wm.RootWindowContainer.checkAppTransitionReady(RootWindowContainer.java:970)
11-14 11:12:05.189 1740 1838 W WindowManager: at com.android.server.wm.RootWindowContainer.performSurfacePlacementNoTrace(RootWindowContainer.java:834)
11-14 11:12:05.189 1740 1838 W WindowManager: at com.android.server.wm.RootWindowContainer.performSurfacePlacement(RootWindowContainer.java:777)
11-14 11:12:05.189 1740 1838 W WindowManager: at com.android.server.wm.WindowSurfacePlacer.performSurfacePlacementLoop(WindowSurfacePlacer.java:177)
11-14 11:12:05.189 1740 1838 W WindowManager: at com.android.server.wm.WindowSurfacePlacer.performSurfacePlacement(WindowSurfacePlacer.java:126)
11-14 11:12:05.189 1740 1838 W WindowManager: at com.android.server.wm.WindowSurfacePlacer.performSurfacePlacement(WindowSurfacePlacer.java:115)
11-14 11:12:05.189 1740 1838 W WindowManager: at com.android.server.wm.WindowSurfacePlacer$Traverser.run(WindowSurfacePlacer.java:57)
11-14 11:12:05.189 1740 1838 W WindowManager: at android.os.Handler.handleCallback(Handler.java:942)
11-14 11:12:05.189 1740 1838 W WindowManager: at android.os.Handler.dispatchMessage(Handler.java:99)
11-14 11:12:05.189 1740 1838 W WindowManager: at android.os.Looper.loopOnce(Looper.java:201)
11-14 11:12:05.189 1740 1838 W WindowManager: at android.os.Looper.loop(Looper.java:288)
11-14 11:12:05.189 1740 1838 W WindowManager: at android.os.HandlerThread.run(HandlerThread.java:67)
11-14 11:12:05.189 1740 1838 W WindowManager: at com.android.server.ServiceThread.run(ServiceThread.java:44)
11-14 11:12:05.189 1740 1838 I Process : Sending signal. PID: 4285 SIG: 9
11-14 11:12:05.189 22823 22943 I CarrierServices: [545] fau.handleMessage:39 RcsEngineImpl[DUAL_REG]:[fd2b24da-52ae]>Handler: handleMessage processing message:[NOTIFY_UPTIME_IGNORE_STATE_CHANGED] with [non-null]:RcsEngineImpl reference
11-14 11:12:05.191 22823 22945 I CarrierServices: [546] eqy.c:51 Connected state: [1], networkType: [WIFI]
11-14 11:12:05.191 2865 2865 I KeyboardDefCache: MemoryFileCache.clearMemory():410 evictAll()
11-14 11:12:05.191 2865 2865 I GoogleInputMethodService: GoogleInputMethodService.onTrimMemory():4220 onTrimMemory(): 15
11-14 11:12:05.191 22823 22945 I CarrierServices: [546] eqy.c:51 Connected state: [1], networkType: [WIFI]
11-14 11:12:05.193 1740 1837 W ActivityManager: setHasOverlayUi called on unknown pid: 4285
11-14 11:12:05.193 22823 22945 I CarrierServices: [546] eqy.c:51 Connected state: [1], networkType: [WIFI]
11-14 11:12:05.193 22823 22945 I CarrierServices: [546] eqy.c:51 Connected state: [1], networkType: [WIFI]
11-14 11:12:05.194 2475 2897 E PhoneInterfaceManager: [PhoneIntfMgr] getCarrierPrivilegeStatusForUid: Invalid subId
11-14 11:12:05.194 22823 22945 I CarrierServices: [546] eqy.c:51 Connected state: [1], networkType: [WIFI]
11-14 11:12:05.195 22823 22945 I CarrierServices: [546] eqy.c:51 Connected state: [1], networkType: [WIFI]
11-14 11:12:05.196 583 583 E ClientCache: failed to get buffer, invalid process token
11-14 11:12:05.197 583 583 E BpTransactionCompletedListener: Failed to transact (-32)
11-14 11:12:05.198 22823 22945 I CarrierServices: [546] eqy.c:51 Connected state: [1], networkType: [WIFI]
11-14 11:12:05.199 18277 18277 I cnnw : onResume
11-14 11:12:05.202 22823 22945 I CarrierServices: [546] eqy.c:51 Connected state: [1], networkType: [WIFI]
11-14 11:12:05.205 14440 14440 D BoundBrokerSvc: onBind: Intent { act=com.google.android.gms.inappreach.service.START dat=chimera-action:/... cmp=com.google.android.gms/.chimera.GmsApiService }
11-14 11:12:05.205 14440 14440 D BoundBrokerSvc: Loading bound service for intent: Intent { act=com.google.android.gms.inappreach.service.START dat=chimera-action:/... cmp=com.google.android.gms/.chimera.GmsApiService }
11-14 11:12:05.209 22823 22945 I CarrierServices: [546] eqy.c:51 Connected state: [1], networkType: [WIFI]
11-14 11:12:05.213 22823 22945 I CarrierServices: [546] eqy.c:51 Connected state: [1], networkType: [WIFI]
11-14 11:12:05.217 22823 22945 I CarrierServices: [546] eqy.c:51 Connected state: [1], networkType: [WIFI]
11-14 11:12:05.221 22823 22945 I CarrierServices: [546] eqy.c:51 Connected state: [1], networkType: [WIFI]
11-14 11:12:05.223 22823 22945 I CarrierServices: [546] eqy.c:51 Connected state: [1], networkType: [WIFI]
11-14 11:12:05.225 22823 22945 I CarrierServices: [546] eqy.c:51 Connected state: [1], networkType: [WIFI]
11-14 11:12:05.225 2865 2865 I GoogleInputMethodService: GoogleInputMethodService.onFinishInput():3086
11-14 11:12:05.227 2865 2865 I GoogleInputMethodService: GoogleInputMethodService.updateDeviceLockedStatus():2155 repeatCheckTimes = 0, locked = false
11-14 11:12:05.227 2865 2865 I GoogleInputMethodService: GoogleInputMethodService.onStartInput():1899 onStartInput(EditorInfo{EditorInfo{packageName=com.google.android.apps.nexuslauncher, inputType=0, inputTypeString=NULL, enableLearning=false, autoCorrection=false, autoComplete=false, imeOptions=0, privateImeOptions=null, actionName=UNSPECIFIED, actionLabel=null, initialSelStart=-1, initialSelEnd=-1, initialCapsMode=0, label=null, fieldId=2131361921, fieldName=null, extras=null, hintText=null, hintLocales=[]}}, false)
11-14 11:12:05.228 22823 22945 I CarrierServices: [546] eqy.c:51 Connected state: [1], networkType: [WIFI]
11-14 11:12:05.231 2865 2865 I GoogleInputMethodService: GoogleInputMethodService.updateDeviceLockedStatus():2155 repeatCheckTimes = 1, locked = false
11-14 11:12:05.231 2865 2865 I AndroidIME: InputBundleManager.loadActiveInputBundleId():450 loadActiveInputBundleId: und-Latn-x-password, password
11-14 11:12:05.233 22823 22945 I CarrierServices: [546] eqy.c:51 Connected state: [1], networkType: [WIFI]
11-14 11:12:05.233 2865 2865 I AndroidIME: KeyboardViewManager.updateKeyboardBodyViewHolderPaddingBottom():477 Set finalPaddingBottom = 16 while holderPaddingBottom = 16; navigationHeight = 126
11-14 11:12:05.237 22823 22945 I CarrierServices: [546] eqy.c:51 Connected state: [1], networkType: [WIFI]
11-14 11:12:05.237 1530 1530 I Finsky : [2] abym.accept(139): Flushing in-memory image cache
11-14 11:12:05.240 22823 22945 I CarrierServices: [546] eqy.c:51 Connected state: [1], networkType: [WIFI]
11-14 11:12:05.241 22823 22943 I CarrierServices: [545] ezm.b:53 ProvisioningEngineDataRetriever: No RCS Configuration was found in Bugle for simID: redacted-pii:sim_id[chars:0,last3:]
11-14 11:12:05.242 22823 22945 I CarrierServices: [546] eqy.c:51 Connected state: [1], networkType: [WIFI]
11-14 11:12:05.242 22823 22943 I CarrierServices: [545] fau.handleMessage:39 RcsEngineImpl[DUAL_REG]:[fd2b24da-52ae]>Handler: handleMessage processing message:[NOTIFY_UPTIME_IGNORE_STATE_CHANGED] with [non-null]:RcsEngineImpl reference
11-14 11:12:05.242 2475 2897 E PhoneInterfaceManager: [PhoneIntfMgr] getCarrierPrivilegeStatusForUid: Invalid subId
11-14 11:12:05.244 22823 22945 I CarrierServices: [546] eqy.c:51 Connected state: [1], networkType: [WIFI]
11-14 11:12:05.246 22823 22945 I CarrierServices: [546] eqy.c:51 Connected state: [1], networkType: [WIFI]
11-14 11:12:05.246 22823 22943 I CarrierServices: [545] ezm.b:53 ProvisioningEngineDataRetriever: No RCS Configuration was found in Bugle for simID: redacted-pii:sim_id[chars:0,last3:]
11-14 11:12:05.247 22823 22943 I CarrierServices: [545] fau.handleMessage:39 RcsEngineImpl[DUAL_REG]:[fd2b24da-52ae]>Handler: handleMessage processing message:[NOTIFY_UPTIME_IGNORE_STATE_CHANGED] with [non-null]:RcsEngineImpl reference
11-14 11:12:05.247 2475 2886 E PhoneInterfaceManager: [PhoneIntfMgr] getCarrierPrivilegeStatusForUid: Invalid subId
11-14 11:12:05.247 22823 22945 I CarrierServices: [546] eqy.c:51 Connected state: [1], networkType: [WIFI]
11-14 11:12:05.250 22823 22943 I CarrierServices: [545] ezm.b:53 ProvisioningEngineDataRetriever: No RCS Configuration was found in Bugle for simID: redacted-pii:sim_id[chars:0,last3:]
11-14 11:12:05.250 22823 22943 I CarrierServices: [545] fau.handleMessage:39 RcsEngineImpl[DUAL_REG]:[fd2b24da-52ae]>Handler: handleMessage processing message:[NOTIFY_UPTIME_IGNORE_STATE_CHANGED] with [non-null]:RcsEngineImpl reference
11-14 11:12:05.250 4107 4107 W BaseNSApplication: Trimming memory to level 80
11-14 11:12:05.250 22823 22945 I CarrierServices: [546] eqy.c:51 Connected state: [1], networkType: [WIFI]
11-14 11:12:05.250 2475 2886 E PhoneInterfaceManager: [PhoneIntfMgr] getCarrierPrivilegeStatusForUid: Invalid subId
11-14 11:12:05.252 22823 22943 I CarrierServices: [545] ezm.b:53 ProvisioningEngineDataRetriever: No RCS Configuration was found in Bugle for simID: redacted-pii:sim_id[chars:0,last3:]
11-14 11:12:05.252 22823 22943 I CarrierServices: [545] fau.handleMessage:39 RcsEngineImpl[DUAL_REG]:[fd2b24da-52ae]>Handler: handleMessage processing message:[NOTIFY_UPTIME_IGNORE_STATE_CHANGED] with [non-null]:RcsEngineImpl reference
11-14 11:12:05.252 2475 2886 E PhoneInterfaceManager: [PhoneIntfMgr] getCarrierPrivilegeStatusForUid: Invalid subId
11-14 11:12:05.253 22823 22945 I CarrierServices: [546] eqy.c:51 Connected state: [1], networkType: [WIFI]
11-14 11:12:05.253 22823 22945 I CarrierServices: [546] eqy.c:51 Connected state: [1], networkType: [WIFI]
11-14 11:12:05.254 22823 22945 I CarrierServices: [546] eqy.c:51 Connected state: [1], networkType: [WIFI]
11-14 11:12:05.254 22823 22945 I CarrierServices: [546] eqy.c:51 Connected state: [1], networkType: [WIFI]
11-14 11:12:05.255 22823 22945 I CarrierServices: [546] eqy.c:51 Connected state: [1], networkType: [WIFI]
11-14 11:12:05.257 22823 22943 I CarrierServices: [545] ezm.b:53 ProvisioningEngineDataRetriever: No RCS Configuration was found in Bugle for simID: redacted-pii:sim_id[chars:0,last3:]
11-14 11:12:05.257 22823 22943 I CarrierServices: [545] fau.handleMessage:39 RcsEngineImpl[DUAL_REG]:[fd2b24da-52ae]>Handler: handleMessage processing message:[NOTIFY_UPTIME_IGNORE_STATE_CHANGED] with [non-null]:RcsEngineImpl reference
11-14 11:12:05.257 2475 2886 E PhoneInterfaceManager: [PhoneIntfMgr] getCarrierPrivilegeStatusForUid: Invalid subId
11-14 11:12:05.259 22823 22943 I CarrierServices: [545] ezm.b:53 ProvisioningEngineDataRetriever: No RCS Configuration was found in Bugle for simID: redacted-pii:sim_id[chars:0,last3:]
11-14 11:12:05.259 22823 22943 I CarrierServices: [545] fau.handleMessage:39 RcsEngineImpl[DUAL_REG]:[fd2b24da-52ae]>Handler: handleMessage processing message:[NOTIFY_UPTIME_IGNORE_STATE_CHANGED] with [non-null]:RcsEngineImpl reference
11-14 11:12:05.259 2475 2886 E PhoneInterfaceManager: [PhoneIntfMgr] getCarrierPrivilegeStatusForUid: Invalid subId
11-14 11:12:05.261 22823 22943 I CarrierServices: [545] ezm.b:53 ProvisioningEngineDataRetriever: No RCS Configuration was found in Bugle for simID: redacted-pii:sim_id[chars:0,last3:]
11-14 11:12:05.261 22823 22943 I CarrierServices: [545] fau.handleMessage:39 RcsEngineImpl[DUAL_REG]:[fd2b24da-52ae]>Handler: handleMessage processing message:[NOTIFY_UPTIME_IGNORE_STATE_CHANGED] with [non-null]:RcsEngineImpl reference
11-14 11:12:05.261 2475 2886 E PhoneInterfaceManager: [PhoneIntfMgr] getCarrierPrivilegeStatusForUid: Invalid subId
11-14 11:12:05.263 22823 22943 I CarrierServices: [545] ezm.b:53 ProvisioningEngineDataRetriever: No RCS Configuration was found in Bugle for simID: redacted-pii:sim_id[chars:0,last3:]
11-14 11:12:05.263 22823 22943 I CarrierServices: [545] fau.handleMessage:39 RcsEngineImpl[DUAL_REG]:[fd2b24da-52ae]>Handler: handleMessage processing message:[NOTIFY_UPTIME_IGNORE_STATE_CHANGED] with [non-null]:RcsEngineImpl reference
11-14 11:12:05.263 2475 2886 E PhoneInterfaceManager: [PhoneIntfMgr] getCarrierPrivilegeStatusForUid: Invalid subId
11-14 11:12:05.264 32439 32472 I ForwardSyncCache: reclaimMemory: Clearing caches
11-14 11:12:05.266 22823 22943 I CarrierServices: [545] ezm.b:53 ProvisioningEngineDataRetriever: No RCS Configuration was found in Bugle for simID: redacted-pii:sim_id[chars:0,last3:]
11-14 11:12:05.266 22823 22943 I CarrierServices: [545] fau.handleMessage:39 RcsEngineImpl[DUAL_REG]:[fd2b24da-52ae]>Handler: handleMessage processing message:[NOTIFY_UPTIME_IGNORE_STATE_CHANGED] with [non-null]:RcsEngineImpl reference
11-14 11:12:05.267 2475 2886 E PhoneInterfaceManager: [PhoneIntfMgr] getCarrierPrivilegeStatusForUid: Invalid subId
11-14 11:12:05.269 22823 22943 I CarrierServices: [545] ezm.b:53 ProvisioningEngineDataRetriever: No RCS Configuration was found in Bugle for simID: redacted-pii:sim_id[chars:0,last3:]
11-14 11:12:05.269 22823 22943 I CarrierServices: [545] fau.handleMessage:39 RcsEngineImpl[DUAL_REG]:[fd2b24da-52ae]>Handler: handleMessage processing message:[NOTIFY_UPTIME_IGNORE_STATE_CHANGED] with [non-null]:RcsEngineImpl reference
11-14 11:12:05.269 2475 2886 E PhoneInterfaceManager: [PhoneIntfMgr] getCarrierPrivilegeStatusForUid: Invalid subId
11-14 11:12:05.270 22823 22943 I CarrierServices: [545] ezm.b:53 ProvisioningEngineDataRetriever: No RCS Configuration was found in Bugle for simID: redacted-pii:sim_id[chars:0,last3:]
11-14 11:12:05.270 22823 22943 I CarrierServices: [545] fau.handleMessage:39 RcsEngineImpl[DUAL_REG]:[fd2b24da-52ae]>Handler: handleMessage processing message:[NOTIFY_UPTIME_IGNORE_STATE_CHANGED] with [non-null]:RcsEngineImpl reference
11-14 11:12:05.271 2475 2886 E PhoneInterfaceManager: [PhoneIntfMgr] getCarrierPrivilegeStatusForUid: Invalid subId
11-14 11:12:05.273 22823 22943 I CarrierServices: [545] ezm.b:53 ProvisioningEngineDataRetriever: No RCS Configuration was found in Bugle for simID: redacted-pii:sim_id[chars:0,last3:]
11-14 11:12:05.273 22823 22943 I CarrierServices: [545] fau.handleMessage:39 RcsEngineImpl[DUAL_REG]:[fd2b24da-52ae]>Handler: handleMessage processing message:[NOTIFY_UPTIME_IGNORE_STATE_CHANGED] with [non-null]:RcsEngineImpl reference
11-14 11:12:05.273 2475 2886 E PhoneInterfaceManager: [PhoneIntfMgr] getCarrierPrivilegeStatusForUid: Invalid subId
11-14 11:12:05.275 22823 22943 I CarrierServices: [545] ezm.b:53 ProvisioningEngineDataRetriever: No RCS Configuration was found in Bugle for simID: redacted-pii:sim_id[chars:0,last3:]
11-14 11:12:05.275 22823 22943 I CarrierServices: [545] fau.handleMessage:39 RcsEngineImpl[DUAL_REG]:[fd2b24da-52ae]>Handler: handleMessage processing message:[NOTIFY_UPTIME_IGNORE_STATE_CHANGED] with [non-null]:RcsEngineImpl reference
11-14 11:12:05.276 2475 2886 E PhoneInterfaceManager: [PhoneIntfMgr] getCarrierPrivilegeStatusForUid: Invalid subId
11-14 11:12:05.276 32439 32472 W Bugle : TextClassifierLibManagerImpl: Reclaiming memory at level: 80
11-14 11:12:05.278 22823 22943 I CarrierServices: [545] ezm.b:53 ProvisioningEngineDataRetriever: No RCS Configuration was found in Bugle for simID: redacted-pii:sim_id[chars:0,last3:]
11-14 11:12:05.278 22823 22943 I CarrierServices: [545] fau.handleMessage:39 RcsEngineImpl[DUAL_REG]:[fd2b24da-52ae]>Handler: handleMessage processing message:[NOTIFY_UPTIME_IGNORE_STATE_CHANGED] with [non-null]:RcsEngineImpl reference
11-14 11:12:05.278 2475 2886 E PhoneInterfaceManager: [PhoneIntfMgr] getCarrierPrivilegeStatusForUid: Invalid subId
11-14 11:12:05.279 22823 22943 I CarrierServices: [545] ezm.b:53 ProvisioningEngineDataRetriever: No RCS Configuration was found in Bugle for simID: redacted-pii:sim_id[chars:0,last3:]
11-14 11:12:05.279 22823 22943 I CarrierServices: [545] fau.handleMessage:39 RcsEngineImpl[DUAL_REG]:[fd2b24da-52ae]>Handler: handleMessage processing message:[NOTIFY_UPTIME_IGNORE_STATE_CHANGED] with [non-null]:RcsEngineImpl reference
11-14 11:12:05.280 2475 2886 E PhoneInterfaceManager: [PhoneIntfMgr] getCarrierPrivilegeStatusForUid: Invalid subId
11-14 11:12:05.282 22823 22943 I CarrierServices: [545] ezm.b:53 ProvisioningEngineDataRetriever: No RCS Configuration was found in Bugle for simID: redacted-pii:sim_id[chars:0,last3:]
11-14 11:12:05.282 22823 22943 I CarrierServices: [545] fau.handleMessage:39 RcsEngineImpl[DUAL_REG]:[fd2b24da-52ae]>Handler: handleMessage processing message:[NOTIFY_UPTIME_IGNORE_STATE_CHANGED] with [non-null]:RcsEngineImpl reference
11-14 11:12:05.282 2475 2886 E PhoneInterfaceManager: [PhoneIntfMgr] getCarrierPrivilegeStatusForUid: Invalid subId
11-14 11:12:05.284 22823 22943 I CarrierServices: [545] ezm.b:53 ProvisioningEngineDataRetriever: No RCS Configuration was found in Bugle for simID: redacted-pii:sim_id[chars:0,last3:]
11-14 11:12:05.284 22823 22943 I CarrierServices: [545] fau.handleMessage:39 RcsEngineImpl[DUAL_REG]:[fd2b24da-52ae]>Handler: handleMessage processing message:[NOTIFY_UPTIME_IGNORE_STATE_CHANGED] with [non-null]:RcsEngineImpl reference
11-14 11:12:05.284 2475 2886 E PhoneInterfaceManager: [PhoneIntfMgr] getCarrierPrivilegeStatusForUid: Invalid subId
11-14 11:12:05.286 22823 22943 I CarrierServices: [545] ezm.b:53 ProvisioningEngineDataRetriever: No RCS Configuration was found in Bugle for simID: redacted-pii:sim_id[chars:0,last3:]
11-14 11:12:05.286 22823 22943 I CarrierServices: [545] fau.handleMessage:39 RcsEngineImpl[DUAL_REG]:[fd2b24da-52ae]>Handler: handleMessage processing message:[NOTIFY_UPTIME_IGNORE_STATE_CHANGED] with [non-null]:RcsEngineImpl reference
11-14 11:12:05.286 2475 2886 E PhoneInterfaceManager: [PhoneIntfMgr] getCarrierPrivilegeStatusForUid: Invalid subId
11-14 11:12:05.288 22823 22943 I CarrierServices: [545] ezm.b:53 ProvisioningEngineDataRetriever: No RCS Configuration was found in Bugle for simID: redacted-pii:sim_id[chars:0,last3:]
