11-14 11:08:04.603 18277 18351 I WM-WorkerWrapper: Work [ id=426a166f-3c3b-4557-85f1-95bb4532edf3, tags={ com.google.apps.tiktok.contrib.work.TikTokListenableWorker,TikTokWorker#com.google.android.apps.search.googleapp.notifications.accountsettings.LocationReportWorker } ] was cancelled
11-14 11:08:04.603 18277 18351 I WM-WorkerWrapper: krj
11-14 11:08:04.603 18277 18351 I WM-WorkerWrapper: at kpz.e(PG:5)
11-14 11:08:04.603 18277 18351 I WM-WorkerWrapper: at kxu.k(PG:91)
11-14 11:08:04.603 18277 18351 I WM-WorkerWrapper: at kxc.run(PG:31)
11-14 11:08:04.603 18277 18351 I WM-WorkerWrapper: at jpo.v(PG:4)
11-14 11:08:04.603 18277 18351 I WM-WorkerWrapper: at kxu.l(PG:17)
11-14 11:08:04.603 18277 18351 I WM-WorkerWrapper: at kxh.b(PG:244)
11-14 11:08:04.603 18277 18351 I WM-WorkerWrapper: at kxh.a(PG:124)
11-14 11:08:04.603 18277 18351 I WM-WorkerWrapper: at kqo.a(PG:3)
11-14 11:08:04.603 18277 18351 I WM-WorkerWrapper: at kop.run(PG:21)
11-14 11:08:04.603 18277 18351 I WM-WorkerWrapper: at kxq.run(PG:3)
11-14 11:08:04.603 18277 18351 I WM-WorkerWrapper: at dokk.run(PG:3)
11-14 11:08:04.603 18277 18351 I WM-WorkerWrapper: at fqsk.run(PG:50)
11-14 11:08:04.603 18277 18351 I WM-WorkerWrapper: at dokc.run(PG:14)
11-14 11:08:04.603 18277 18351 I WM-WorkerWrapper: at java.lang.Thread.run(Thread.java:1012)
11-14 11:08:04.603 18277 18351 I WM-WorkerWrapper: at dolp.run(PG:74)
11-14 11:08:04.603 18277 18351 D WM-WorkerWrapper: Status for 426a166f-3c3b-4557-85f1-95bb4532edf3 is null ; not doing any work
11-14 11:08:04.603 18277 18277 D WM-Processor: kpz 426a166f-3c3b-4557-85f1-95bb4532edf3 executed; reschedule = false
11-14 11:08:04.603 18277 18277 D WM-GreedyScheduler: Stopping tracking for WorkGenerationalId(workSpecId=426a166f-3c3b-4557-85f1-95bb4532edf3, generation=0)
11-14 11:08:04.604 18277 18351 D WM-StopWorkRunnable: StopWorkRunnable for 426a166f-3c3b-4557-85f1-95bb4532edf3; Processor.stopWork = false
11-14 11:08:04.606 18277 18351 D WM-GreedyScheduler: Cancelling work ID 426a166f-3c3b-4557-85f1-95bb4532edf3
11-14 11:08:04.611 18277 18351 D WM-GreedyScheduler: Ignoring {WorkSpec: 82b3bccf-99c0-43aa-89b4-ecf2b30b9cd0}. Requires device idle.
11-14 11:08:04.611 18277 18351 D WM-GreedyScheduler: Ignoring {WorkSpec: 46d36295-562d-4c9b-9a41-c584b6192126}. Requires device idle.
11-14 11:08:04.611 18277 18351 D WM-GreedyScheduler: Ignoring {WorkSpec: f0cbccfa-7640-4428-837f-f8223213ab07}. Requires device idle.
11-14 11:08:04.611 18277 18351 D WM-GreedyScheduler: Ignoring {WorkSpec: 52c58b3d-f68c-4109-8bbd-d32aa7f5ecff}. Requires device idle.
11-14 11:08:04.611 18277 18351 D WM-GreedyScheduler: Ignoring {WorkSpec: 2ddefc48-fd49-43f0-9782-be4ae73b72fd}. Requires device idle.
11-14 11:08:04.611 18277 18351 D WM-GreedyScheduler: Ignoring {WorkSpec: 67df5475-1987-4f38-96fa-13916d8234e1}. Requires ContentUri triggers.
11-14 11:08:04.611 18277 18351 D WM-GreedyScheduler: Starting tracking for 0d39f924-f305-4971-98da-c36ec5ef6677,d92fe96a-1e67-4a1d-8a52-eae99229299c,5ca5790e-54f5-4663-8d1b-74c86fd0af7a,5b752478-d386-42b9-a2b6-e5248783d3eb,c53a4aec-c24c-432c-9123-37d29fefbf89
11-14 11:08:04.726 4285 4285 I .sharelinkpro1k: Explicit concurrent mark compact GC freed 588KB AllocSpace bytes, 3(60KB) LOS objects, 75% free, 11MB/46MB, paused 147us,864us total 18.960ms
11-14 11:08:05.462 14339 4505 I NearbyConnections: Found BleAdvertisement [ 0x23 0x57 0x52 0x4c 0x4d 0x11 0x32 0xd7 0x25 0x18 0xad 0x25 0xc2 0x9b 0xec 0xb8 0x99 0x1e 0x19 0xd0 0x09 0x6d 0xcb ] (with EndpointId WRLM and EndpointInfo [ 0x32 0xd7 0x25 0x18 0xad 0x25 0xc2 0x9b 0xec 0xb8 0x99 0x1e 0x19 0xd0 0x09 0x6d 0xcb ])
11-14 11:08:05.466 14339 4505 I NearbyConnections: ClientProxy(229990993) reporting onEndpointFound(WRLM)
11-14 11:08:05.466 14339 4505 I NearbyConnections: ClientProxy(229990993) reporting onEndpointDistanceChanged(WRLM, UNKNOWN)
11-14 11:08:05.466 14339 4505 I NearbyConnections: No Bluetooth Classic MAC address found in [ 0x23 0x57 0x52 0x4c 0x4d 0x11 0x32 0xd7 0x25 0x18 0xad 0x25 0xc2 0x9b 0xec 0xb8 0x99 0x1e 0x19 0xd0 0x09 0x6d 0xcb ]
11-14 11:08:05.466 14339 4418 I NearbySharing: Endpoint WRLM discovered over Nearby Connections
11-14 11:08:05.469 14339 4505 I NearbySharing: Failed to convert given advertisement (WRLM)[ 0x32 0xd7 0x25 0x18 0xad 0x25 0xc2 0x9b 0xec 0xb8 0x99 0x1e 0x19 0xd0 0x09 0x6d 0xcb ] to share target from discovered advertisement. Ignoring.
11-14 11:08:05.469 14339 4505 I NearbySharing: Report endpoint WRLM as lost, since we cannot recognize this endpoint anymore
11-14 11:08:05.470 14339 4505 I NearbySharing: Ignoring lost endpoint WRLM because we don't have an associated ShareTarget
11-14 11:08:05.494 1972 1983 I native : I0000 00:00:1731611285.494553 1983 tf_lite_classifier.cc:383] Event stream classified as kNone
11-14 11:08:05.577 1163 1163 I WifiHAL : Creating message to get link statistics; iface = 47
11-14 11:08:05.624 1163 1163 I WifiHAL : In GetLinkStatsCommand::handleResponse
11-14 11:08:05.666 1740 2058 D ConnectivityService: NetReassign [no changes] [c 1] [a 0] [i 6]
11-14 11:08:06.956 4285 4285 I .sharelinkpro1k: Explicit concurrent mark compact GC freed 1112KB AllocSpace bytes, 40(4048KB) LOS objects, 75% free, 11MB/46MB, paused 156us,920us total 19.886ms
11-14 11:08:07.103 1972 1983 I native : I0000 00:00:1731611287.103614 1983 tf_lite_classifier.cc:373] Event stream classified as kDeepPress
11-14 11:08:07.144 1740 3304 D WindowManager: perform drag: win=android.view.IWindow$Stub$Proxy@6003cae surface=Surface(name=drag surface)/@0xd2b0a4f flags=101 data=ClipData { text/plain hasLabel(0) {T(0)} }
11-14 11:08:07.144 1740 3304 D WindowManager: registering drag input channel
11-14 11:08:07.160 1740 3304 D WindowManager: broadcasting DRAG_STARTED at (269.0, 1129.0)
11-14 11:08:07.160 2182 2214 V WindowManagerShell: Drag event: action=ACTION_DRAG_STARTED x=269.000000 y=1129.000000 xOffset=0.000000 yOffset=0.000000
11-14 11:08:07.161 2182 2214 V WindowManagerShell: Clip description: handlingDrag=false itemCount=1 mimeTypes=text/plain
11-14 11:08:07.161 1740 1837 W WindowManager: Unexpected ACTION_DOWN in drag layer
11-14 11:08:07.189 1740 3304 D WindowManager: Drag into new candidate view @ android.os.BinderProxy@565c34f
11-14 11:08:07.638 1740 3304 D WindowManager: Drag from old candidate view @ android.os.BinderProxy@565c34f
11-14 11:08:07.649 1740 3304 D WindowManager: Drag into new candidate view @ android.os.BinderProxy@565c34f
11-14 11:08:07.777 1740 3304 D WindowManager: Drag from old candidate view @ android.os.BinderProxy@565c34f
11-14 11:08:07.787 1740 1837 W AccessibilityWindowsPopulator: Windows change within in 2 frames continuously over 500 ms and notify windows changed immediately
11-14 11:08:07.789 1740 3304 D WindowManager: Drag into new candidate view @ android.os.BinderProxy@565c34f
11-14 11:08:08.226 1740 1837 D WindowManager: Got UP on move channel; dropping at 491.0,1336.0
11-14 11:08:08.226 1740 1837 D WindowManager: sending DROP to Window{bf06adc u0 com.extron.sharelinkpro1k/crc6498f27dbb9b7396c3.MainActivity}
11-14 11:08:08.228 4285 4285 I VRI[MainActivity]: Reporting drop result: true
11-14 11:08:08.229 1740 3304 D WindowManager: Drop result=true reported by android.os.BinderProxy@565c34f
11-14 11:08:08.229 1740 3304 D WindowManager: unregistering drag input channel
11-14 11:08:08.229 1740 3304 D WindowManager: broadcasting DRAG_ENDED
11-14 11:08:08.229 1740 1837 D WindowManager: Drag ending; tearing down input channel
11-14 11:08:08.231 1740 1837 W InputManager-JNI: Input channel object 'drag (client)' was disposed without first being removed with the input manager!
11-14 11:08:08.663 1163 1163 I WifiHAL : Creating message to get link statistics; iface = 47
11-14 11:08:08.711 1163 1163 I WifiHAL : In GetLinkStatsCommand::handleResponse
11-14 11:08:08.754 1740 2058 D ConnectivityService: NetReassign [no changes] [c 1] [a 1] [i 10]
11-14 11:08:09.241 4285 4285 I .sharelinkpro1k: Explicit concurrent mark compact GC freed 760KB AllocSpace bytes, 59(3756KB) LOS objects, 75% free, 11MB/46MB, paused 165us,802us total 19.458ms
11-14 11:08:09.248 4285 4292 W System : A resource failed to call release.
11-14 11:08:09.602 4285 4285 I .sharelinkpro1k: Explicit concurrent mark compact GC freed 428KB AllocSpace bytes, 0(0B) LOS objects, 75% free, 11MB/46MB, paused 155us,915us total 18.803ms
11-14 11:08:09.965 4285 4285 I .sharelinkpro1k: Explicit concurrent mark compact GC freed 380KB AllocSpace bytes, 0(0B) LOS objects, 75% free, 11MB/46MB, paused 151us,902us total 18.675ms
11-14 11:08:10.040 4285 4285 I Choreographer: Skipped 71 frames! The application may be doing too much work on its main thread.
11-14 11:08:10.062 4285 4297 I OpenGLRenderer: Davey! duration=1207ms; Flags=0, FrameTimelineVsyncId=163959512, IntendedVsync=1444653895025949, Vsync=1444655080983182, InputEventId=0, HandleInputStart=1444655092164011, AnimationStart=1444655092164662, PerformTraversalsStart=1444655092284046, DrawStart=1444655095121001, FrameDeadline=1444653911625949, FrameInterval=1444655092120309, FrameStartTime=16703623, SyncQueued=1444655096032582, SyncStart=1444655096208444, IssueDrawCommandsStart=1444655096412953, SwapBuffers=1444655102084014, FrameCompleted=1444655102739165, DequeueBufferDuration=11027, QueueBufferDuration=491659, GpuCompleted=1444655102086455, SwapBuffersCompleted=1444655102739165, DisplayPresentTime=1444609606039070, CommandSubmissionCompleted=1444655102084014,
11-14 11:08:10.577 1151 1871 I suez-nanoapp-clients: Barometric peak detected: magnitude = 0.200626 hPa (bucket: 5), duration = 279.000000 ms (bucket: 24).
11-14 11:08:10.577 1135 1152 D ContextHubHal: Got message from nanoapp: ID 0x476f6f676c001022
11-14 11:08:10.578 1392 1546 I CHRE : @ 1448536.655: [ip] Peak detected: magnitude = 0.200625 hpa, duration = 279.000014 ms
11-14 11:08:10.578 1392 1546 I CHRE : @ 1448536.656: [ip] Peak detected: magnitude = 0.158942 hpa, duration = 238.999992 ms
11-14 11:08:10.578 1392 1546 I CHRE : @ 1448536.656: [ip] Peak detected: magnitude = 0.145846 hpa, duration = 200.000002 ms
11-14 11:08:10.578 1740 2087 E ContextHubClientManager: Cannot send message to unregistered client (host endpoint ID = -28638)
11-14 11:08:10.578 1135 1152 D ContextHubHal: Got message from nanoapp: ID 0x476f6f676c001022
11-14 11:08:10.578 1151 1871 I suez-nanoapp-clients: Vendor atom [id = 100047] reported.
11-14 11:08:10.578 1135 1152 D ContextHubHal: Got message from nanoapp: ID 0x476f6f676c001022
11-14 11:08:10.578 1151 1871 I suez-nanoapp-clients: Barometric peak detected: magnitude = 0.158943 hPa (bucket: 4), duration = 239.000000 ms (bucket: 21).
11-14 11:08:10.579 1740 2087 E ContextHubClientManager: Cannot send message to unregistered client (host endpoint ID = -28638)
11-14 11:08:10.579 1740 2087 E ContextHubClientManager: Cannot send message to unregistered client (host endpoint ID = -28638)
11-14 11:08:10.579 1151 1871 I suez-nanoapp-clients: Vendor atom [id = 100047] reported.
11-14 11:08:10.579 1151 1871 I suez-nanoapp-clients: Barometric peak detected: magnitude = 0.145847 hPa (bucket: 3), duration = 200.000000 ms (bucket: 18).
11-14 11:08:10.580 1151 1871 I suez-nanoapp-clients: Vendor atom [id = 100047] reported.
11-14 11:08:10.787 4285 4946 I .sharelinkpro1k: Explicit concurrent mark compact GC freed 892KB AllocSpace bytes, 19(2284KB) LOS objects, 75% free, 11MB/47MB, paused 226us,1.047ms total 21.135ms
11-14 11:08:10.855 725 725 W powerhal-libperfmgr: The actual duration is way far from the target (397601604 >> 11620000)
11-14 11:08:11.047 4285 4369 I .sharelinkpro1k: Explicit concurrent mark compact GC freed 308KB AllocSpace bytes, 4(80KB) LOS objects, 75% free, 11MB/47MB, paused 151us,832us total 19.348ms
11-14 11:08:11.287 14339 4505 I NearbyMediums: Found Fast Ble Advertisements :
11-14 11:08:11.287 14339 4505 I NearbyMediums: BleAdvertisement { version=2, socketVersion=2, isFast=true, serviceIdHash=null, data=[ 0x23 0x56 0x46 0x53 0x5a 0x11 0x32 0x5c 0xec 0x05 0xee 0x3f 0x22 0x6f 0x3d 0xea 0x63 0x99 0xa4 0xee 0x6a 0x9d 0xcf ], deviceToken=[ 0xd9 0x7f ], rxAdvertisement=null } : 4 times.
11-14 11:08:11.287 14339 4505 I NearbyMediums: BleAdvertisement { version=2, socketVersion=2, isFast=true, serviceIdHash=null, data=[ 0x23 0x34 0x58 0x46 0x43 0x11 0x32 0x12 0xce 0xf5 0x92 0x08 0x18 0x78 0x13 0x9e 0x07 0xf2 0xca 0x53 0x25 0x93 0x9a ], deviceToken=[ 0x27 0x94 ], rxAdvertisement=null } : 3 times.
11-14 11:08:11.287 14339 4505 I NearbyMediums: BleAdvertisement { version=2, socketVersion=2, isFast=true, serviceIdHash=null, data=[ 0x23 0x42 0x53 0x36 0x59 0x11 0x34 0xff 0x1e 0x52 0x02 0x1a 0x65 0xc5 0xe8 0x10 0x1d 0xe4 0xd9 0xeb 0x6a 0x2e 0x24 ], deviceToken=[ 0x18 0x70 ], rxAdvertisement=null } : 2 times.
11-14 11:08:11.287 14339 4505 I NearbyMediums: BleAdvertisement { version=2, socketVersion=2, isFast=true, serviceIdHash=null, data=[ 0x23 0x57 0x52 0x4c 0x4d 0x11 0x32 0xd7 0x25 0x18 0xad 0x25 0xc2 0x9b 0xec 0xb8 0x99 0x1e 0x19 0xd0 0x09 0x6d 0xcb ], deviceToken=[ 0xb7 0xbe ], rxAdvertisement=null } : 1 times.
11-14 11:08:11.287 14339 4505 I NearbyMediums: Total 10 fast advertisements from 4 unique advertisers.
11-14 11:08:11.744 1163 1163 I WifiHAL : Creating message to get link statistics; iface = 47
11-14 11:08:11.812 1163 1163 I WifiHAL : In GetLinkStatsCommand::handleResponse
11-14 11:08:11.874 1740 2058 D ConnectivityService: NetReassign [no changes] [c 2] [a 0] [i 13]
11-14 11:08:12.110 1328 1372 D RILClient: [OemClient]IND: (clientId = 0, msgId = 2015, dataLength = 148, channel = 0)
11-14 11:08:12.116 1170 2019 D RILClient: [OemClient]IND: (clientId = 2, msgId = 2015, dataLength = 148, channel = 0)
11-14 11:08:12.263 1972 1983 I native : I0000 00:00:1731611292.262941 1983 tf_lite_classifier.cc:373] Event stream classified as kDeepPress
11-14 11:08:12.308 1740 10527 D WindowManager: perform drag: win=android.view.IWindow$Stub$Proxy@37fc6b surface=Surface(name=drag surface)/@0xc8143c8 flags=101 data=ClipData { text/plain hasLabel(0) {T(0)} }
11-14 11:08:12.309 1740 10527 D WindowManager: registering drag input channel
11-14 11:08:12.321 1740 10527 D WindowManager: broadcasting DRAG_STARTED at (839.0, 1140.0)
11-14 11:08:12.322 1740 1837 W WindowManager: Unexpected ACTION_DOWN in drag layer
11-14 11:08:12.324 2182 2214 V WindowManagerShell: Drag event: action=ACTION_DRAG_STARTED x=839.000000 y=1140.000000 xOffset=0.000000 yOffset=0.000000
11-14 11:08:12.324 2182 2214 V WindowManagerShell: Clip description: handlingDrag=false itemCount=1 mimeTypes=text/plain
11-14 11:08:12.347 1740 10527 D WindowManager: Drag into new candidate view @ android.os.BinderProxy@565c34f
11-14 11:08:12.965 1740 10501 D WindowManager: Drag from old candidate view @ android.os.BinderProxy@565c34f
11-14 11:08:13.005 1740 10527 D WindowManager: Drag into new candidate view @ android.os.BinderProxy@565c34f
11-14 11:08:13.319 1740 1837 W AccessibilityWindowsPopulator: Windows change within in 2 frames continuously over 500 ms and notify windows changed immediately
11-14 11:08:13.529 1740 1837 D WindowManager: Got UP on move channel; dropping at 508.0,1369.0
11-14 11:08:13.529 1740 1837 D WindowManager: sending DROP to Window{bf06adc u0 com.extron.sharelinkpro1k/crc6498f27dbb9b7396c3.MainActivity}
11-14 11:08:13.532 4285 4285 I VRI[MainActivity]: Reporting drop result: true
11-14 11:08:13.532 1740 10501 D WindowManager: Drop result=true reported by android.os.BinderProxy@565c34f
11-14 11:08:13.532 1740 10501 D WindowManager: unregistering drag input channel
11-14 11:08:13.532 1740 10501 D WindowManager: broadcasting DRAG_ENDED
11-14 11:08:13.532 1740 1837 D WindowManager: Drag ending; tearing down input channel
11-14 11:08:13.535 1740 1837 W InputManager-JNI: Input channel object 'drag (client)' was disposed without first being removed with the input manager!
11-14 11:08:14.664 4285 4285 I .sharelinkpro1k: Explicit concurrent mark compact GC freed 968KB AllocSpace bytes, 72(5248KB) LOS objects, 75% free, 11MB/46MB, paused 133us,824us total 19.837ms
11-14 11:08:14.667 4285 4292 W System : A resource failed to call release.
11-14 11:08:14.857 1163 1163 I WifiHAL : Creating message to get link statistics; iface = 47
11-14 11:08:14.908 1163 1163 I WifiHAL : In GetLinkStatsCommand::handleResponse
11-14 11:08:14.938 1740 2058 D ConnectivityService: NetReassign [no changes] [c 0] [a 1] [i 2]
11-14 11:08:15.023 4285 4285 I .sharelinkpro1k: Explicit concurrent mark compact GC freed 428KB AllocSpace bytes, 0(0B) LOS objects, 75% free, 11MB/46MB, paused 135us,841us total 18.803ms
11-14 11:08:15.405 4285 4285 I .sharelinkpro1k: Explicit concurrent mark compact GC freed 412KB AllocSpace bytes, 1(20KB) LOS objects, 75% free, 11MB/46MB, paused 155us,900us total 18.750ms
11-14 11:08:15.499 4285 4285 I Choreographer: Skipped 76 frames! The application may be doing too much work on its main thread.
11-14 11:08:15.530 4285 4297 I OpenGLRenderer: Davey! duration=1288ms; Flags=0, FrameTimelineVsyncId=163961096, IntendedVsync=1444659274268927, Vsync=1444660543997887, InputEventId=0, HandleInputStart=1444660551055004, AnimationStart=1444660551055696, PerformTraversalsStart=1444660551200065, DrawStart=1444660553379305, FrameDeadline=1444659290868927, FrameInterval=1444660551012483, FrameStartTime=16706960, SyncQueued=1444660554174064, SyncStart=1444660554202832, IssueDrawCommandsStart=1444660554985099, SwapBuffers=1444660562244987, FrameCompleted=1444660563006990, DequeueBufferDuration=21688, QueueBufferDuration=552694, GpuCompleted=1444660562437858, SwapBuffersCompleted=1444660563006990, DisplayPresentTime=1444616737045746, CommandSubmissionCompleted=1444660562244987,
11-14 11:08:15.799 4285 4285 I .sharelinkpro1k: Explicit concurrent mark compact GC freed 556KB AllocSpace bytes, 0(0B) LOS objects, 75% free, 11MB/47MB, paused 158us,1.004ms total 19.162ms
11-14 11:08:16.409 1972 1983 I native : I0000 00:00:1731611296.408950 1983 tf_lite_classifier.cc:383] Event stream classified as kNone
11-14 11:08:16.687 1740 3301 D WindowManager: perform drag: win=android.view.IWindow$Stub$Proxy@f7ac3e0 surface=Surface(name=drag surface)/@0xe33d699 flags=101 data=ClipData { text/plain hasLabel(0) {T(0)} }
11-14 11:08:16.687 1740 3301 D WindowManager: registering drag input channel
11-14 11:08:16.697 1740 3301 D WindowManager: broadcasting DRAG_STARTED at (200.0, 1125.0)
11-14 11:08:16.698 2182 2214 V WindowManagerShell: Drag event: action=ACTION_DRAG_STARTED x=200.000000 y=1125.000000 xOffset=0.000000 yOffset=0.000000
11-14 11:08:16.698 1740 1837 W WindowManager: Unexpected ACTION_DOWN in drag layer
11-14 11:08:16.698 2182 2214 V WindowManagerShell: Clip description: handlingDrag=false itemCount=1 mimeTypes=text/plain
11-14 11:08:16.723 1740 3301 D WindowManager: Drag into new candidate view @ android.os.BinderProxy@565c34f
11-14 11:08:17.231 1740 3304 D WindowManager: Drag from old candidate view @ android.os.BinderProxy@565c34f
11-14 11:08:17.264 1740 3304 D WindowManager: Drag into new candidate view @ android.os.BinderProxy@565c34f
11-14 11:08:17.314 1740 3301 D WindowManager: Drag from old candidate view @ android.os.BinderProxy@565c34f
11-14 11:08:17.337 1740 3301 D WindowManager: Drag into new candidate view @ android.os.BinderProxy@565c34f
11-14 11:08:17.444 1740 1837 W AccessibilityWindowsPopulator: Windows change within in 2 frames continuously over 500 ms and notify windows changed immediately
11-14 11:08:17.938 1163 1163 I WifiHAL : Creating message to get link statistics; iface = 47
11-14 11:08:17.956 1740 1837 D WindowManager: Got UP on move channel; dropping at 506.0,1343.0
11-14 11:08:17.957 1740 1837 D WindowManager: sending DROP to Window{bf06adc u0 com.extron.sharelinkpro1k/crc6498f27dbb9b7396c3.MainActivity}
11-14 11:08:17.961 4285 4285 I VRI[MainActivity]: Reporting drop result: true
11-14 11:08:17.961 1740 10501 D WindowManager: Drop result=true reported by android.os.BinderProxy@565c34f
11-14 11:08:17.961 1740 10501 D WindowManager: unregistering drag input channel
11-14 11:08:17.961 1740 10501 D WindowManager: broadcasting DRAG_ENDED
11-14 11:08:17.962 1740 1837 D WindowManager: Drag ending; tearing down input channel
11-14 11:08:17.964 1740 1837 W InputManager-JNI: Input channel object 'drag (client)' was disposed without first being removed with the input manager!
11-14 11:08:17.993 1163 1163 I WifiHAL : In GetLinkStatsCommand::handleResponse
11-14 11:08:18.024 1740 2058 D ConnectivityService: NetReassign [no changes] [c 0] [a 1] [i 4]
11-14 11:08:18.857 4285 4285 I .sharelinkpro1k: Explicit concurrent mark compact GC freed 1052KB AllocSpace bytes, 75(5308KB) LOS objects, 75% free, 11MB/47MB, paused 135us,824us total 22.109ms
11-14 11:08:18.862 4285 4292 W System : A resource failed to call release.
11-14 11:08:19.220 4285 4285 I .sharelinkpro1k: Explicit concurrent mark compact GC freed 436KB AllocSpace bytes, 2(264KB) LOS objects, 75% free, 11MB/47MB, paused 152us,928us total 18.960ms
11-14 11:08:19.606 4285 4285 I .sharelinkpro1k: Explicit concurrent mark compact GC freed 316KB AllocSpace bytes, 0(0B) LOS objects, 75% free, 11MB/47MB, paused 155us,906us total 18.625ms
11-14 11:08:19.688 4285 4285 I Choreographer: Skipped 76 frames! The application may be doing too much work on its main thread.
11-14 11:08:19.705 4285 4294 I OpenGLRenderer: Davey! duration=1283ms; Flags=0, FrameTimelineVsyncId=163962243, IntendedVsync=1444663467610050, Vsync=1444664737562298, InputEventId=0, HandleInputStart=1444664740152500, AnimationStart=1444664740153395, PerformTraversalsStart=1444664740280999, DrawStart=1444664743043491, FrameDeadline=1444663484210050, FrameInterval=1444664740107700, FrameStartTime=16709898, SyncQueued=1444664744221266, SyncStart=1444664744396885, IssueDrawCommandsStart=1444664745189365, SwapBuffers=1444664750833652, FrameCompleted=1444664751515252, DequeueBufferDuration=26205, QueueBufferDuration=479452, GpuCompleted=1444664751515252, SwapBuffersCompleted=1444664751509027, DisplayPresentTime=1444621647617241, CommandSubmissionCompleted=1444664750833652,
11-14 11:08:20.498 1972 1983 I native : I0000 00:00:1731611300.498644 1983 tf_lite_classifier.cc:383] Event stream classified as kNone
11-14 11:08:20.577 1151 1871 I suez-nanoapp-clients: Barometric peak detected: magnitude = 0.105516 hPa (bucket: 2), duration = 80.000000 ms (bucket: 7).
11-14 11:08:20.577 1392 1546 I CHRE : @ 1448546.654: [ip] Peak detected: magnitude = 0.105515 hpa, duration = 80.000001 ms
11-14 11:08:20.577 1392 1546 I CHRE : @ 1448546.654: [ip] Peak detected: magnitude = 0.101458 hpa, duration = 40.000000 ms
11-14 11:08:20.577 1135 1152 D ContextHubHal: Got message from nanoapp: ID 0x476f6f676c001022
11-14 11:08:20.577 1740 2087 E ContextHubClientManager: Cannot send message to unregistered client (host endpoint ID = -28638)
11-14 11:08:20.577 1135 1152 D ContextHubHal: Got message from nanoapp: ID 0x476f6f676c001022
11-14 11:08:20.578 1740 2087 E ContextHubClientManager: Cannot send message to unregistered client (host endpoint ID = -28638)
11-14 11:08:20.578 1151 1871 I suez-nanoapp-clients: Vendor atom [id = 100047] reported.
11-14 11:08:20.578 1151 1871 I suez-nanoapp-clients: Barometric peak detected: magnitude = 0.101459 hPa (bucket: 2), duration = 40.000000 ms (bucket: 3).
11-14 11:08:20.579 1151 1871 I suez-nanoapp-clients: Vendor atom [id = 100047] reported.
11-14 11:08:20.755 1740 10527 D WindowManager: perform drag: win=android.view.IWindow$Stub$Proxy@4e24355 surface=Surface(name=drag surface)/@0xd98c16a flags=101 data=ClipData { text/plain hasLabel(0) {T(0)} }
11-14 11:08:20.756 1740 10527 D WindowManager: registering drag input channel
11-14 11:08:20.775 1740 10527 D WindowManager: broadcasting DRAG_STARTED at (807.0, 1128.0)
11-14 11:08:20.776 1740 1837 W WindowManager: Unexpected ACTION_DOWN in drag layer
11-14 11:08:20.776 2182 2214 V WindowManagerShell: Drag event: action=ACTION_DRAG_STARTED x=807.000000 y=1128.000000 xOffset=0.000000 yOffset=0.000000
11-14 11:08:20.776 2182 2214 V WindowManagerShell: Clip description: handlingDrag=false itemCount=1 mimeTypes=text/plain
11-14 11:08:20.818 1740 3301 D WindowManager: Drag into new candidate view @ android.os.BinderProxy@565c34f
11-14 11:08:21.021 1163 1163 I WifiHAL : Creating message to get link statistics; iface = 47
11-14 11:08:21.071 1163 1163 I WifiHAL : In GetLinkStatsCommand::handleResponse
11-14 11:08:21.101 1740 2058 D ConnectivityService: NetReassign [no changes] [c 0] [a 1] [i 3]
11-14 11:08:21.202 1740 3301 D WindowManager: Drag from old candidate view @ android.os.BinderProxy@565c34f
11-14 11:08:21.253 1740 3301 D WindowManager: Drag into new candidate view @ android.os.BinderProxy@565c34f
11-14 11:08:21.290 14339 4505 I NearbyMediums: Found Fast Ble Advertisements :
11-14 11:08:21.290 14339 4505 I NearbyMediums: BleAdvertisement { version=2, socketVersion=2, isFast=true, serviceIdHash=null, data=[ 0x23 0x56 0x46 0x53 0x5a 0x11 0x32 0x5c 0xec 0x05 0xee 0x3f 0x22 0x6f 0x3d 0xea 0x63 0x99 0xa4 0xee 0x6a 0x9d 0xcf ], deviceToken=[ 0xd9 0x7f ], rxAdvertisement=null } : 5 times.
11-14 11:08:21.290 14339 4505 I NearbyMediums: BleAdvertisement { version=2, socketVersion=2, isFast=true, serviceIdHash=null, data=[ 0x23 0x34 0x58 0x46 0x43 0x11 0x32 0x12 0xce 0xf5 0x92 0x08 0x18 0x78 0x13 0x9e 0x07 0xf2 0xca 0x53 0x25 0x93 0x9a ], deviceToken=[ 0x27 0x94 ], rxAdvertisement=null } : 1 times.
11-14 11:08:21.290 14339 4505 I NearbyMediums: BleAdvertisement { version=2, socketVersion=2, isFast=true, serviceIdHash=null, data=[ 0x23 0x42 0x53 0x36 0x59 0x11 0x34 0xff 0x1e 0x52 0x02 0x1a 0x65 0xc5 0xe8 0x10 0x1d 0xe4 0xd9 0xeb 0x6a 0x2e 0x24 ], deviceToken=[ 0x18 0x70 ], rxAdvertisement=null } : 4 times.
11-14 11:08:21.290 14339 4505 I NearbyMediums: Total 10 fast advertisements from 3 unique advertisers.
11-14 11:08:21.292 14339 4418 I NearbyConnections: Processing lost BlePeripheral BlePeripheral{advertisement=BleAdvertisement { version=2, socketVersion=2, isFast=true, serviceIdHash=null, data=[ 0x23 0x57 0x52 0x4c 0x4d 0x11 0x32 0xd7 0x25 0x18 0xad 0x25 0xc2 0x9b 0xec 0xb8 0x99 0x1e 0x19 0xd0 0x09 0x6d 0xcb ], deviceToken=[ 0xb7 0xbe ], rxAdvertisement=null }, address=null, psm=0, deviceToken=, isSecondProfile=false, rxInstantConnectionAdv=null}.
11-14 11:08:21.292 14339 4418 I NearbyConnections: Lost BleEndpoint for BlePeripheral BlePeripheral{advertisement=BleAdvertisement { version=2, socketVersion=2, isFast=true, serviceIdHash=null, data=[ 0x23 0x57 0x52 0x4c 0x4d 0x11 0x32 0xd7 0x25 0x18 0xad 0x25 0xc2 0x9b 0xec 0xb8 0x99 0x1e 0x19 0xd0 0x09 0x6d 0xcb ], deviceToken=[ 0xb7 0xbe ], rxAdvertisement=null }, address=null, psm=0, deviceToken=, isSecondProfile=false, rxInstantConnectionAdv=null} (with EndpointId WRLM and EndpointInfo [ 0x32 0xd7 0x25 0x18 0xad 0x25 0xc2 0x9b 0xec 0xb8 0x99 0x1e 0x19 0xd0 0x09 0x6d 0xcb ]).
11-14 11:08:21.293 14339 4418 I NearbyConnections: ClientProxy(229990993) reporting onEndpointLost(WRLM)
11-14 11:08:21.296 14339 4505 I NearbySharing: Endpoint WRLM lost over Nearby Connections
11-14 11:08:21.297 14339 4418 I NearbySharing: Ignoring lost endpoint WRLM because we don't have an associated ShareTarget
11-14 11:08:21.503 1740 1837 W AccessibilityWindowsPopulator: Windows change within in 2 frames continuously over 500 ms and notify windows changed immediately
11-14 11:08:21.646 1740 1837 D WindowManager: Got UP on move channel; dropping at 556.0,1365.0
11-14 11:08:21.647 1740 1837 D WindowManager: sending DROP to Window{bf06adc u0 com.extron.sharelinkpro1k/crc6498f27dbb9b7396c3.MainActivity}
11-14 11:08:21.649 4285 4285 I VRI[MainActivity]: Reporting drop result: true
11-14 11:08:21.649 1740 10527 D WindowManager: Drop result=true reported by android.os.BinderProxy@565c34f
11-14 11:08:21.649 1740 10527 D WindowManager: unregistering drag input channel
11-14 11:08:21.649 1740 10527 D WindowManager: broadcasting DRAG_ENDED
11-14 11:08:21.649 1740 1837 D WindowManager: Drag ending; tearing down input channel
11-14 11:08:21.651 1740 1837 W InputManager-JNI: Input channel object 'drag (client)' was disposed without first being removed with the input manager!
11-14 11:08:22.692 25379 25412 I bcoj : (REDACTED) getHotwordActive::active query: %s, watch: %s, devices connected: %s
11-14 11:08:22.829 4285 4944 I .sharelinkpro1k: Explicit concurrent mark compact GC freed 1080KB AllocSpace bytes, 45(2916KB) LOS objects, 75% free, 11MB/47MB, paused 140us,839us total 19.795ms
11-14 11:08:22.840 4285 4292 W System : A resource failed to call release.
11-14 11:08:23.443 4285 4285 I .sharelinkpro1k: Explicit concurrent mark compact GC freed 548KB AllocSpace bytes, 41(2612KB) LOS objects, 75% free, 11MB/47MB, paused 135us,841us total 21.343ms
11-14 11:08:23.834 4285 4285 I .sharelinkpro1k: Explicit concurrent mark compact GC freed 388KB AllocSpace bytes, 0(0B) LOS objects, 75% free, 11MB/47MB, paused 154us,913us total 19.741ms
11-14 11:08:24.100 1163 1163 I WifiHAL : Creating message to get link statistics; iface = 47
11-14 11:08:24.146 1163 1163 I WifiHAL : In GetLinkStatsCommand::handleResponse
11-14 11:08:24.177 1740 2058 D ConnectivityService: NetReassign [no changes] [c 0] [a 1] [i 2]
11-14 11:08:24.229 4285 4285 I .sharelinkpro1k: Explicit concurrent mark compact GC freed 508KB AllocSpace bytes, 1(20KB) LOS objects, 75% free, 11MB/47MB, paused 157us,895us total 19.376ms
11-14 11:08:24.318 4285 4285 I Choreographer: Skipped 73 frames! The application may be doing too much work on its main thread.
11-14 11:08:24.331 4285 4395 I OpenGLRenderer: Davey! duration=1234ms; Flags=0, FrameTimelineVsyncId=163963533, IntendedVsync=1444668144926177, Vsync=1444669364450964, InputEventId=0, HandleInputStart=1444669369782222, AnimationStart=1444669369782792, PerformTraversalsStart=1444669369886592, DrawStart=1444669371974320, FrameDeadline=1444668161526177, FrameInterval=1444669369739131, FrameStartTime=16705819, SyncQueued=1444669372756343, SyncStart=1444669372935990, IssueDrawCommandsStart=1444669374049394, SwapBuffers=1444669378575191, FrameCompleted=1444669379278601, DequeueBufferDuration=25797, QueueBufferDuration=513754, GpuCompleted=1444669378658362, SwapBuffersCompleted=1444669379278601, DisplayPresentTime=1444626876432063, CommandSubmissionCompleted=1444669378575191,
11-14 11:08:25.447 1972 1983 I native : I0000 00:00:1731611305.447295 1983 tf_lite_classifier.cc:383] Event stream classified as kNone
11-14 11:08:25.729 2182 2182 D DLObserver: onReceive(); android.intent.action.BATTERY_CHANGED
11-14 11:08:25.730 2182 2182 D DLObserver: plugged=0
11-14 11:08:25.731 2182 2182 D PowerNotificationWarningsGoogleImpl: onReceive: android.intent.action.BATTERY_CHANGED
11-14 11:08:25.731 2182 2182 D BatteryDefenderNotification: isPlugged: false | isOverheated: false | defenderEnabled: false | isCharged: false | isPluggedInDock: false
11-14 11:08:25.743 11381 17997 W Turbo.OnDeviceBatteryHistory: addEvents: loaded 0 battery events.
11-14 11:08:25.743 11381 17997 W Turbo.OnDeviceBatteryHistory: addEvents: loaded battery events completed.
11-14 11:08:25.743 11381 17997 W Turbo.EstimatedTimeRemainingProvider: queryTimeToDischarge: 89828704
11-14 11:08:25.748 11381 17997 W Turbo.EstimatedTimeRemainingProvider: queryTimeToDischarge: 89828698
11-14 11:08:25.756 2182 2224 D BatteryInfoBroadcast: onReceive: android.intent.action.BATTERY_CHANGED isPowerSaveMode: false remainingTimeMillis: 89828698
11-14 11:08:26.231 1972 1983 I native : I0000 00:00:1731611306.230861 1983 tf_lite_classifier.cc:383] Event stream classified as kNone
11-14 11:08:26.513 1740 3301 D WindowManager: perform drag: win=android.view.IWindow$Stub$Proxy@250880d surface=Surface(name=drag surface)/@0xccc13c2 flags=101 data=ClipData { text/plain hasLabel(0) {T(0)} }
11-14 11:08:26.513 1740 3301 D WindowManager: registering drag input channel
11-14 11:08:26.521 1740 3301 D WindowManager: broadcasting DRAG_STARTED at (334.0, 1146.0)
11-14 11:08:26.522 2182 2214 V WindowManagerShell: Drag event: action=ACTION_DRAG_STARTED x=334.000000 y=1146.000000 xOffset=0.000000 yOffset=0.000000
11-14 11:08:26.522 2182 2214 V WindowManagerShell: Clip description: handlingDrag=false itemCount=1 mimeTypes=text/plain
11-14 11:08:26.522 1740 1837 W WindowManager: Unexpected ACTION_DOWN in drag layer
11-14 11:08:26.900 4285 4285 I .sharelinkpro1k: Explicit concurrent mark compact GC freed 1280KB AllocSpace bytes, 49(4900KB) LOS objects, 75% free, 12MB/48MB, paused 179us,948us total 20.897ms
11-14 11:08:26.901 4285 4292 W System : A resource failed to call release.
11-14 11:08:26.967 1740 3301 D WindowManager: Drag into new candidate view @ android.os.BinderProxy@565c34f
11-14 11:08:27.178 1163 1163 I WifiHAL : Creating message to get link statistics; iface = 47
11-14 11:08:27.228 1163 1163 I WifiHAL : In GetLinkStatsCommand::handleResponse
11-14 11:08:27.247 1740 1837 W AccessibilityWindowsPopulator: Windows change within in 2 frames continuously over 500 ms and notify windows changed immediately
11-14 11:08:27.259 1740 2058 D ConnectivityService: NetReassign [no changes] [c 1] [a 0] [i 4]
11-14 11:08:27.723 1740 1837 D WindowManager: Got UP on move channel; dropping at 798.0,1071.0
11-14 11:08:27.726 1740 1837 D WindowManager: sending DROP to Window{bf06adc u0 com.extron.sharelinkpro1k/crc6498f27dbb9b7396c3.MainActivity}
11-14 11:08:27.742 4285 4285 I VRI[MainActivity]: Reporting drop result: true
11-14 11:08:27.744 1740 3301 D WindowManager: Drop result=true reported by android.os.BinderProxy@565c34f
11-14 11:08:27.745 1740 3301 D WindowManager: unregistering drag input channel
11-14 11:08:27.745 1740 3301 D WindowManager: broadcasting DRAG_ENDED
11-14 11:08:27.745 1740 1837 D WindowManager: Drag ending; tearing down input channel
11-14 11:08:27.748 1740 1837 W InputManager-JNI: Input channel object 'drag (client)' was disposed without first being removed with the input manager!
11-14 11:08:28.881 4285 4338 I .sharelinkpro1k: Explicit concurrent mark compact GC freed 556KB AllocSpace bytes, 25(1956KB) LOS objects, 75% free, 12MB/48MB, paused 175us,943us total 21.601ms
11-14 11:08:29.065 4285 4338 I .sharelinkpro1k: Explicit concurrent mark compact GC freed 440KB AllocSpace bytes, 10(648KB) LOS objects, 75% free, 12MB/48MB, paused 152us,914us total 19.930ms
11-14 11:08:29.526 4285 4285 I .sharelinkpro1k: Explicit concurrent mark compact GC freed 320KB AllocSpace bytes, 7(140KB) LOS objects, 75% free, 12MB/48MB, paused 138us,831us total 19.894ms
11-14 11:08:29.942 4285 4285 I .sharelinkpro1k: Explicit concurrent mark compact GC freed 320KB AllocSpace bytes, 0(0B) LOS objects, 75% free, 12MB/48MB, paused 161us,871us total 21.729ms
11-14 11:08:30.258 1163 1163 I WifiHAL : Creating message to get link statistics; iface = 47
11-14 11:08:30.304 1163 1163 I WifiHAL : In GetLinkStatsCommand::handleResponse
11-14 11:08:30.332 1740 2058 D ConnectivityService: NetReassign [no changes] [c 1] [a 0] [i 2]
11-14 11:08:30.358 4285 4285 I .sharelinkpro1k: Explicit concurrent mark compact GC freed 316KB AllocSpace bytes, 0(0B) LOS objects, 75% free, 12MB/48MB, paused 159us,922us total 20.058ms
11-14 11:08:30.446 4285 4285 I Choreographer: Skipped 77 frames! The application may be doing too much work on its main thread.
11-14 11:08:30.461 4285 4297 I OpenGLRenderer: Davey! duration=1298ms; Flags=0, FrameTimelineVsyncId=163965225, IntendedVsync=1444674208210619, Vsync=1444675494334843, InputEventId=0, HandleInputStart=1444675498173135, AnimationStart=1444675498173705, PerformTraversalsStart=1444675498309284, DrawStart=1444675500256591, FrameDeadline=1444674224810619, FrameInterval=1444675498126626, FrameStartTime=16702912, SyncQueued=1444675501033324, SyncStart=1444675501079589, IssueDrawCommandsStart=1444675501956175, SwapBuffers=1444675505774901, FrameCompleted=1444675506500284, DequeueBufferDuration=24211, QueueBufferDuration=399617, GpuCompleted=1444675506500284, SwapBuffersCompleted=1444675506309610, DisplayPresentTime=1444633024526101, CommandSubmissionCompleted=1444675505774901,
11-14 11:08:30.576 1151 1871 I suez-nanoapp-clients: Barometric peak detected: magnitude = 0.124998 hPa (bucket: 3), duration = 120.000000 ms (bucket: 11).
11-14 11:08:30.576 1392 1546 I CHRE : @ 1448556.654: [ip] Peak detected: magnitude = 0.124997 hpa, duration = 119.999997 ms
11-14 11:08:30.576 1135 1152 D ContextHubHal: Got message from nanoapp: ID 0x476f6f676c001022
11-14 11:08:30.577 1392 1546 I CHRE : @ 1448556.654: [ip] Peak detected: magnitude = 0.111694 hpa, duration = 80.000001 ms
11-14 11:08:30.577 1151 1871 I suez-nanoapp-clients: Vendor atom [id = 100047] reported.
11-14 11:08:30.577 1151 1871 I suez-nanoapp-clients: Barometric peak detected: magnitude = 0.111694 hPa (bucket: 2), duration = 80.000000 ms (bucket: 7).
11-14 11:08:30.577 1740 2087 E ContextHubClientManager: Cannot send message to unregistered client (host endpoint ID = -28638)
11-14 11:08:30.577 1135 1152 D ContextHubHal: Got message from nanoapp: ID 0x476f6f676c001022
11-14 11:08:30.578 1151 1871 I suez-nanoapp-clients: Vendor atom [id = 100047] reported.
11-14 11:08:30.578 1740 2087 E ContextHubClientManager: Cannot send message to unregistered client (host endpoint ID = -28638)
11-14 11:08:31.294 14339 4418 I NearbyMediums: Found Fast Ble Advertisements :
11-14 11:08:31.294 14339 4418 I NearbyMediums: BleAdvertisement { version=2, socketVersion=2, isFast=true, serviceIdHash=null, data=[ 0x23 0x56 0x46 0x53 0x5a 0x11 0x32 0x5c 0xec 0x05 0xee 0x3f 0x22 0x6f 0x3d 0xea 0x63 0x99 0xa4 0xee 0x6a 0x9d 0xcf ], deviceToken=[ 0xd9 0x7f ], rxAdvertisement=null } : 5 times.
11-14 11:08:31.294 14339 4418 I NearbyMediums: BleAdvertisement { version=2, socketVersion=2, isFast=true, serviceIdHash=null, data=[ 0x23 0x34 0x58 0x46 0x43 0x11 0x32 0x12 0xce 0xf5 0x92 0x08 0x18 0x78 0x13 0x9e 0x07 0xf2 0xca 0x53 0x25 0x93 0x9a ], deviceToken=[ 0x27 0x94 ], rxAdvertisement=null } : 3 times.
11-14 11:08:31.294 14339 4418 I NearbyMediums: BleAdvertisement { version=2, socketVersion=2, isFast=true, serviceIdHash=null, data=[ 0x23 0x42 0x53 0x36 0x59 0x11 0x34 0xff 0x1e 0x52 0x02 0x1a 0x65 0xc5 0xe8 0x10 0x1d 0xe4 0xd9 0xeb 0x6a 0x2e 0x24 ], deviceToken=[ 0x18 0x70 ], rxAdvertisement=null } : 4 times.
11-14 11:08:31.294 14339 4418 I NearbyMediums: Total 12 fast advertisements from 3 unique advertisers.
11-14 11:08:31.622 1972 1983 I native : I0000 00:00:1731611311.621866 1983 tf_lite_classifier.cc:383] Event stream classified as kNone
11-14 11:08:31.903 1740 3301 D WindowManager: perform drag: win=android.view.IWindow$Stub$Proxy@4baa0e surface=Surface(name=drag surface)/@0x2dbdc2f flags=101 data=ClipData { text/plain hasLabel(0) {T(0)} }
11-14 11:08:31.903 1740 3301 D WindowManager: registering drag input channel
11-14 11:08:31.918 1740 3301 D WindowManager: broadcasting DRAG_STARTED at (606.0, 1504.0)
11-14 11:08:31.919 1740 1837 W WindowManager: Unexpected ACTION_DOWN in drag layer
11-14 11:08:31.920 2182 2214 V WindowManagerShell: Drag event: action=ACTION_DRAG_STARTED x=606.000000 y=1504.000000 xOffset=0.000000 yOffset=0.000000
11-14 11:08:31.920 2182 2214 V WindowManagerShell: Clip description: handlingDrag=false itemCount=1 mimeTypes=text/plain
11-14 11:08:32.214 1740 3301 D WindowManager: Drag into new candidate view @ android.os.BinderProxy@565c34f
11-14 11:08:32.418 1740 3301 D WindowManager: Drag from old candidate view @ android.os.BinderProxy@565c34f
11-14 11:08:32.435 1740 3301 D WindowManager: Drag into new candidate view @ android.os.BinderProxy@565c34f
11-14 11:08:32.644 1740 1837 W AccessibilityWindowsPopulator: Windows change within in 2 frames continuously over 500 ms and notify windows changed immediately
11-14 11:08:32.916 1740 1837 D WindowManager: Got UP on move channel; dropping at 316.0,1066.0
11-14 11:08:32.916 1740 1837 D WindowManager: sending DROP to Window{bf06adc u0 com.extron.sharelinkpro1k/crc6498f27dbb9b7396c3.MainActivity}
11-14 11:08:32.919 4285 4285 I VRI[MainActivity]: Reporting drop result: true
11-14 11:08:32.919 1740 3304 D WindowManager: Drop result=true reported by android.os.BinderProxy@565c34f
11-14 11:08:32.919 1740 3304 D WindowManager: unregistering drag input channel
11-14 11:08:32.920 1740 3304 D WindowManager: broadcasting DRAG_ENDED
11-14 11:08:32.920 1740 1837 D WindowManager: Drag ending; tearing down input channel
11-14 11:08:32.921 1740 1837 W InputManager-JNI: Input channel object 'drag (client)' was disposed without first being removed with the input manager!
11-14 11:08:33.337 1163 1163 I WifiHAL : Creating message to get link statistics; iface = 47
11-14 11:08:33.407 1163 1163 I WifiHAL : In GetLinkStatsCommand::handleResponse
11-14 11:08:33.455 1740 2058 D ConnectivityService: NetReassign [no changes] [c 1] [a 0] [i 9]
11-14 11:08:34.743 4285 4285 I .sharelinkpro1k: Explicit concurrent mark compact GC freed 1164KB AllocSpace bytes, 82(5672KB) LOS objects, 75% free, 12MB/49MB, paused 160us,941us total 21.103ms
11-14 11:08:34.757 4285 4292 W System : A resource failed to call release.
11-14 11:08:35.178 4285 4285 I .sharelinkpro1k: Explicit concurrent mark compact GC freed 468KB AllocSpace bytes, 16(2112KB) LOS objects, 75% free, 12MB/49MB, paused 164us,894us total 20.344ms
11-14 11:08:35.600 4285 4285 I .sharelinkpro1k: Explicit concurrent mark compact GC freed 544KB AllocSpace bytes, 0(0B) LOS objects, 75% free, 12MB/49MB, paused 162us,935us total 20.013ms
11-14 11:08:36.004 4285 4285 I .sharelinkpro1k: Explicit concurrent mark compact GC freed 540KB AllocSpace bytes, 0(0B) LOS objects, 75% free, 12MB/49MB, paused 168us,960us total 20.061ms
11-14 11:08:36.056 4285 4285 I Choreographer: Skipped 107 frames! The application may be doing too much work on its main thread.
11-14 11:08:36.085 4285 4395 I OpenGLRenderer: Davey! duration=1796ms; Flags=0, FrameTimelineVsyncId=163966866, IntendedVsync=1444679320269279, Vsync=1444681107991788, InputEventId=0, HandleInputStart=1444681108220745, AnimationStart=1444681108221478, PerformTraversalsStart=1444681108346193, DrawStart=1444681111099407, FrameDeadline=1444679336869279, FrameInterval=1444681108180096, FrameStartTime=16707687, SyncQueued=1444681112079469, SyncStart=1444681112117962, IssueDrawCommandsStart=1444681112382977, SwapBuffers=1444681116598105, FrameCompleted=1444681116828411, DequeueBufferDuration=10905, QueueBufferDuration=165812, GpuCompleted=1444681116682741, SwapBuffersCompleted=1444681116828411, DisplayPresentTime=1444637384486023, CommandSubmissionCompleted=1444681116598105,
11-14 11:08:36.445 1163 1163 I WifiHAL : Creating message to get link statistics; iface = 47
11-14 11:08:36.490 1163 1163 I WifiHAL : In GetLinkStatsCommand::handleResponse
11-14 11:08:36.520 1740 2058 D ConnectivityService: NetReassign [no changes] [c 0] [a 0] [i 4]
11-14 11:08:39.523 1163 1163 I WifiHAL : Creating message to get link statistics; iface = 47
11-14 11:08:39.642 1163 1163 I WifiHAL : In GetLinkStatsCommand::handleResponse
11-14 11:08:39.702 1740 2058 D ConnectivityService: NetReassign [no changes] [c 1] [a 0] [i 12]
11-14 11:08:41.195 1972 1983 I native : I0000 00:00:1731611321.195560 1983 tf_lite_classifier.cc:383] Event stream classified as kNone
11-14 11:08:41.301 14339 4418 I NearbyMediums: Found Fast Ble Advertisements :
11-14 11:08:41.301 14339 4418 I NearbyMediums: BleAdvertisement { version=2, socketVersion=2, isFast=true, serviceIdHash=null, data=[ 0x23 0x56 0x46 0x53 0x5a 0x11 0x32 0x5c 0xec 0x05 0xee 0x3f 0x22 0x6f 0x3d 0xea 0x63 0x99 0xa4 0xee 0x6a 0x9d 0xcf ], deviceToken=[ 0xd9 0x7f ], rxAdvertisement=null } : 7 times.
11-14 11:08:41.301 14339 4418 I NearbyMediums: BleAdvertisement { version=2, socketVersion=2, isFast=true, serviceIdHash=null, data=[ 0x23 0x34 0x58 0x46 0x43 0x11 0x32 0x12 0xce 0xf5 0x92 0x08 0x18 0x78 0x13 0x9e 0x07 0xf2 0xca 0x53 0x25 0x93 0x9a ], deviceToken=[ 0x27 0x94 ], rxAdvertisement=null } : 2 times.
11-14 11:08:41.301 14339 4418 I NearbyMediums: BleAdvertisement { version=2, socketVersion=2, isFast=true, serviceIdHash=null, data=[ 0x23 0x42 0x53 0x36 0x59 0x11 0x34 0xff 0x1e 0x52 0x02 0x1a 0x65 0xc5 0xe8 0x10 0x1d 0xe4 0xd9 0xeb 0x6a 0x2e 0x24 ], deviceToken=[ 0x18 0x70 ], rxAdvertisement=null } : 4 times.
11-14 11:08:41.301 14339 4418 I NearbyMediums: Total 13 fast advertisements from 3 unique advertisers.
11-14 11:08:41.461 1740 10527 D WindowManager: perform drag: win=android.view.IWindow$Stub$Proxy@b8c9579 surface=Surface(name=drag surface)/@0x4fcb2be flags=101 data=ClipData { text/plain hasLabel(0) {T(0)} }
11-14 11:08:41.461 1740 10527 D WindowManager: registering drag input channel
11-14 11:08:41.477 1740 10527 D WindowManager: broadcasting DRAG_STARTED at (600.0, 1502.0)
11-14 11:08:41.478 1740 1837 W WindowManager: Unexpected ACTION_DOWN in drag layer
11-14 11:08:41.479 2182 2214 V WindowManagerShell: Drag event: action=ACTION_DRAG_STARTED x=600.000000 y=1502.000000 xOffset=0.000000 yOffset=0.000000
11-14 11:08:41.479 2182 2214 V WindowManagerShell: Clip description: handlingDrag=false itemCount=1 mimeTypes=text/plain
11-14 11:08:41.721 1740 3304 D WindowManager: Drag into new candidate view @ android.os.BinderProxy@565c34f
11-14 11:08:41.850 1740 3304 D WindowManager: Drag from old candidate view @ android.os.BinderProxy@565c34f
11-14 11:08:41.866 1740 3304 D WindowManager: Drag into new candidate view @ android.os.BinderProxy@565c34f
11-14 11:08:42.083 1740 1837 W AccessibilityWindowsPopulator: Windows change within in 2 frames continuously over 500 ms and notify windows changed immediately
11-14 11:08:42.303 1740 1837 D WindowManager: Got UP on move channel; dropping at 822.0,1013.0
11-14 11:08:42.303 1740 1837 D WindowManager: sending DROP to Window{bf06adc u0 com.extron.sharelinkpro1k/crc6498f27dbb9b7396c3.MainActivity}
11-14 11:08:42.307 4285 4285 I VRI[MainActivity]: Reporting drop result: true
11-14 11:08:42.308 1740 10527 D WindowManager: Drop result=true reported by android.os.BinderProxy@565c34f
11-14 11:08:42.308 1740 10527 D WindowManager: unregistering drag input channel
11-14 11:08:42.308 1740 10527 D WindowManager: broadcasting DRAG_ENDED
11-14 11:08:42.308 1740 1837 D WindowManager: Drag ending; tearing down input channel
11-14 11:08:42.310 1740 1837 W InputManager-JNI: Input channel object 'drag (client)' was disposed without first being removed with the input manager!
11-14 11:08:42.689 1163 1163 I WifiHAL : Creating message to get link statistics; iface = 47
11-14 11:08:42.748 1163 1163 I WifiHAL : In GetLinkStatsCommand::handleResponse
11-14 11:08:42.777 1740 2058 D ConnectivityService: NetReassign [no changes] [c 0] [a 0] [i 2]
11-14 11:08:43.160 4285 4353 I .sharelinkpro1k: Explicit concurrent mark compact GC freed 1764KB AllocSpace bytes, 146(10MB) LOS objects, 75% free, 12MB/48MB, paused 137us,861us total 21.623ms
11-14 11:08:43.192 4285 4292 W System : A resource failed to call release.
11-14 11:08:43.622 4285 4285 I .sharelinkpro1k: Explicit concurrent mark compact GC freed 184KB AllocSpace bytes, 0(0B) LOS objects, 75% free, 12MB/48MB, paused 139us,838us total 19.640ms
11-14 11:08:44.021 4285 4285 I .sharelinkpro1k: Explicit concurrent mark compact GC freed 320KB AllocSpace bytes, 0(0B) LOS objects, 75% free, 12MB/48MB, paused 158us,869us total 19.319ms
11-14 11:08:44.423 4285 4285 I .sharelinkpro1k: Explicit concurrent mark compact GC freed 540KB AllocSpace bytes, 0(0B) LOS objects, 75% free, 12MB/48MB, paused 159us,920us total 19.514ms
11-14 11:08:44.509 4285 4285 I Choreographer: Skipped 105 frames! The application may be doing too much work on its main thread.
11-14 11:08:44.525 4285 4294 I OpenGLRenderer: Davey! duration=1779ms; Flags=0, FrameTimelineVsyncId=163969714, IntendedVsync=1444687790845743, Vsync=1444689545666433, InputEventId=0, HandleInputStart=1444689561113653, AnimationStart=1444689561114467, PerformTraversalsStart=1444689561275478, DrawStart=1444689563421474, FrameDeadline=1444687807445743, FrameInterval=1444689561061814, FrameStartTime=16712578, SyncQueued=1444689564398118, SyncStart=1444689564617315, IssueDrawCommandsStart=1444689565577561, SwapBuffers=1444689569611334, FrameCompleted=1444689570463629, DequeueBufferDuration=24699, QueueBufferDuration=536255, GpuCompleted=1444689570463629, SwapBuffersCompleted=1444689570337856, DisplayPresentTime=1444644483628971, CommandSubmissionCompleted=1444689569611334,
11-14 11:08:45.604 1972 1983 I native : I0000 00:00:1731611325.604799 1983 tf_lite_classifier.cc:383] Event stream classified as kNone
11-14 11:08:45.612 1740 3301 D WindowManager: perform drag: win=android.view.IWindow$Stub$Proxy@c4d3cca surface=Surface(name=drag surface)/@0x3a49e3b flags=101 data=ClipData { text/plain hasLabel(0) {T(0)} }
11-14 11:08:45.613 1740 3301 D WindowManager: registering drag input channel
11-14 11:08:45.617 1740 3301 D WindowManager: broadcasting DRAG_STARTED at (839.0, 1152.0)
11-14 11:08:45.619 2182 2214 V WindowManagerShell: Drag event: action=ACTION_DRAG_STARTED x=839.000000 y=1152.000000 xOffset=0.000000 yOffset=0.000000
11-14 11:08:45.619 2182 2214 V WindowManagerShell: Clip description: handlingDrag=false itemCount=1 mimeTypes=text/plain
11-14 11:08:45.619 1740 1837 W WindowManager: Unexpected ACTION_DOWN in drag layer
11-14 11:08:45.671 1740 3301 D WindowManager: Drag into new candidate view @ android.os.BinderProxy@565c34f
11-14 11:08:45.778 1163 1163 I WifiHAL : Creating message to get link statistics; iface = 47
11-14 11:08:45.836 1163 1163 I WifiHAL : In GetLinkStatsCommand::handleResponse
11-14 11:08:45.873 1740 2058 D ConnectivityService: NetReassign [no changes] [c 0] [a 1] [i 3]
11-14 11:08:46.067 1740 3301 D WindowManager: Drag from old candidate view @ android.os.BinderProxy@565c34f
11-14 11:08:46.078 1740 3301 D WindowManager: Drag into new candidate view @ android.os.BinderProxy@565c34f
11-14 11:08:46.296 1740 1837 W AccessibilityWindowsPopulator: Windows change within in 2 frames continuously over 500 ms and notify windows changed immediately
