11-14 06:14:01.633 1740 3288 W ActivityManager: at com.android.server.am.ActivityManagerService.appDiedLocked(ActivityManagerService.java:3337)
11-14 06:14:01.633 1740 3288 W ActivityManager: at com.android.server.am.ActivityManagerService$AppDeathRecipient.binderDied(ActivityManagerService.java:1478)
11-14 06:14:01.633 1740 3288 W ActivityManager: at android.os.IBinder$DeathRecipient.binderDied(IBinder.java:317)
11-14 06:14:01.633 1740 3288 W ActivityManager: at android.os.BinderProxy.sendDeathNotice(BinderProxy.java:704)
11-14 06:15:01.538 1740 2535 I ActivityManager: Killing 28090:android.process.acore/u0a68 (adj 965): empty for 1818s
11-14 06:15:01.539 2182 7975 D PowerUI : can't show warning due to - plugged: true status unknown: false
11-14 06:15:01.541 1740 2535 I ActivityManager: Killing 29367:com.google.android.apps.work.clouddpc/u0a169 (adj 925): empty for 1819s
11-14 06:15:57.199 1740 1955 D ActivityManager: freezing 29234 com.google.android.apps.safetyhub
11-14 06:15:57.295 1740 1955 D ActivityManager: freezing 29578 com.android.remoteprovisioner
11-14 06:15:57.419 1740 1955 D ActivityManager: freezing 29841 com.google.android.apps.turbo:aab
11-14 06:15:57.633 1740 1955 D ActivityManager: freezing 29839 com.google.android.partnersetup
11-14 06:15:57.639 1740 1955 D ActivityManager: freezing 29516 com.google.process.gapps
11-14 06:15:57.645 1740 1955 D ActivityManager: freezing 29314 com.google.process.gservices
11-14 06:16:01.550 2182 10049 D PowerUI : can't show warning due to - plugged: true status unknown: false
11-14 06:17:01.535 2182 10106 D PowerUI : can't show warning due to - plugged: true status unknown: false
11-14 06:17:01.536 1740 3472 I ActivityManager: Killing 27392:com.google.android.permissioncontroller/u0a211 (adj 965): empty for 1813s
11-14 06:17:42.185 1740 1955 D ActivityManager: freezing 29694 com.google.android.apps.gcs
11-14 06:18:01.535 2182 10114 D PowerUI : can't show warning due to - plugged: true status unknown: false
11-14 06:18:01.536 1740 10519 I ActivityManager: Killing 29468:com.android.vending/u0a114 (adj 955): empty for 1807s
11-14 06:19:01.536 2182 10179 D PowerUI : can't show warning due to - plugged: true status unknown: false
11-14 06:19:01.568 2182 2602 D PowerUI : can't show warning due to - plugged: true status unknown: false
11-14 06:19:11.430 1740 3471 I ActivityManager: Killing 29620:com.android.vending:background/u0a114 (adj 955): empty for 1801s
11-14 06:19:37.746 1740 1740 D CompatibilityChangeReporter: Compat change id reported: 168419799; UID 10143; state: DISABLED
11-14 06:20:01.541 2182 6843 D PowerUI : can't show warning due to - plugged: true status unknown: false
11-14 06:21:56.649 1740 1740 D ActivityManager: sync unfroze 29234 com.google.android.apps.safetyhub
11-14 06:22:01.537 2182 7765 D PowerUI : can't show warning due to - plugged: true status unknown: false
11-14 06:23:01.537 2182 7975 D PowerUI : can't show warning due to - plugged: true status unknown: false
11-14 06:24:01.534 2182 10049 D PowerUI : can't show warning due to - plugged: true status unknown: false
11-14 06:25:01.545 2182 10106 D PowerUI : can't show warning due to - plugged: true status unknown: false
11-14 06:26:01.535 2182 10114 D PowerUI : can't show warning due to - plugged: true status unknown: false
11-14 06:26:30.506 1740 1844 I UsageStatsService: User[0] Flushing usage stats to disk
11-14 06:26:48.891 1740 10519 D CompatibilityChangeReporter: Compat change id reported: 135634846; UID 10064; state: DISABLED
11-14 06:26:48.891 1740 10519 D CompatibilityChangeReporter: Compat change id reported: 177438394; UID 10064; state: DISABLED
11-14 06:26:48.891 1740 10519 D CompatibilityChangeReporter: Compat change id reported: 135772972; UID 10064; state: DISABLED
11-14 06:26:48.891 1740 10519 D CompatibilityChangeReporter: Compat change id reported: 135754954; UID 10064; state: ENABLED
11-14 06:26:48.892 1740 1846 D CompatibilityChangeReporter: Compat change id reported: 143937733; UID 10064; state: ENABLED
11-14 06:26:48.910 1740 1846 I ActivityManager: Start proc 29968:com.android.providers.calendar/u0a64 for content provider {com.android.providers.calendar/com.android.providers.calendar.CalendarProvider2}
11-14 06:26:48.943 1740 10519 D CompatibilityChangeReporter: Compat change id reported: 168419799; UID 10064; state: DISABLED
11-14 06:26:48.974 1740 10524 D CompatibilityChangeReporter: Compat change id reported: 161145287; UID 10064; state: DISABLED
11-14 06:26:48.982 1740 10524 D CompatibilityChangeReporter: Compat change id reported: 143231523; UID 10064; state: DISABLED
11-14 06:26:49.850 1740 4237 I ContentCaptureManagerService: Data share request accepted by Content Capture service
11-14 06:27:01.525 2182 10179 D PowerUI : can't show warning due to - plugged: true status unknown: false
11-14 06:28:01.545 2182 2602 D PowerUI : can't show warning due to - plugged: true status unknown: false
11-14 06:29:01.540 2182 6843 D PowerUI : can't show warning due to - plugged: true status unknown: false
11-14 06:30:01.540 1740 2131 I ActivityManager: Killing 29666:com.google.android.settings.intelligence/u0a113 (adj 995): empty for 1801s
11-14 06:30:01.542 2182 7765 D PowerUI : can't show warning due to - plugged: true status unknown: false
11-14 06:30:01.612 1740 2131 I ActivityManager: Killing 29785:com.android.settings/1000 (adj 995): empty for 1801s
11-14 06:31:01.540 2182 7975 D PowerUI : can't show warning due to - plugged: true status unknown: false
11-14 06:31:49.854 1740 1740 I ContentCaptureManagerService: Content capture data sharing session terminated successfully for package 'com.google.android.googlequicksearchbox'
11-14 06:31:56.773 1740 1955 D ActivityManager: freezing 29234 com.google.android.apps.safetyhub
11-14 06:32:01.547 2182 10049 D PowerUI : can't show warning due to - plugged: true status unknown: false
11-14 06:32:01.569 2182 10106 D PowerUI : can't show warning due to - plugged: true status unknown: false
11-14 06:33:01.546 2182 10114 D PowerUI : can't show warning due to - plugged: true status unknown: false
11-14 06:34:01.540 2182 10179 D PowerUI : can't show warning due to - plugged: true status unknown: false
11-14 06:35:01.536 2182 2602 D PowerUI : can't show warning due to - plugged: true status unknown: false
11-14 06:36:01.543 2182 6843 D PowerUI : can't show warning due to - plugged: true status unknown: false
11-14 06:37:01.541 2182 7765 D PowerUI : can't show warning due to - plugged: true status unknown: false
11-14 06:38:01.540 2182 7975 D PowerUI : can't show warning due to - plugged: true status unknown: false
11-14 06:40:01.543 2182 10049 D PowerUI : can't show warning due to - plugged: true status unknown: false
11-14 06:40:01.619 1740 1955 D ActivityManager: freezing 29968 com.android.providers.calendar
11-14 06:40:35.967 1740 1740 D ActivityManager: sync unfroze 29234 com.google.android.apps.safetyhub
11-14 06:42:59.096 1740 1740 D CompatibilityChangeReporter: Compat change id reported: 135634846; UID 10169; state: DISABLED
11-14 06:42:59.097 1740 1740 D CompatibilityChangeReporter: Compat change id reported: 177438394; UID 10169; state: DISABLED
11-14 06:42:59.097 1740 1740 D CompatibilityChangeReporter: Compat change id reported: 135772972; UID 10169; state: DISABLED
11-14 06:42:59.098 1740 1740 D CompatibilityChangeReporter: Compat change id reported: 135754954; UID 10169; state: ENABLED
11-14 06:42:59.100 1740 1846 D CompatibilityChangeReporter: Compat change id reported: 143937733; UID 10169; state: ENABLED
11-14 06:42:59.126 1740 1846 I ActivityManager: Start proc 30042:com.google.android.apps.work.clouddpc/u0a169 for service {com.google.android.apps.work.clouddpc/com.google.android.apps.work.clouddpc.base.services.HealthCheckJobService}
11-14 06:42:59.165 1740 3472 D CompatibilityChangeReporter: Compat change id reported: 168419799; UID 10169; state: DISABLED
11-14 06:42:59.334 1740 1788 D CompatibilityChangeReporter: Compat change id reported: 161145287; UID 10169; state: DISABLED
11-14 06:42:59.344 1740 1788 D CompatibilityChangeReporter: Compat change id reported: 194532703; UID 10169; state: ENABLED
11-14 06:42:59.360 1740 3472 I ActivityManager: Killing 25073:com.google.android.apps.messaging/u0a138 (adj 955): empty for 2435s
11-14 06:42:59.388 30042 30056 I ActivityThread: Removing dead content provider:android.content.ContentProviderProxy@60f52e2
11-14 06:42:59.388 1740 1788 I ActivityManager: Process com.google.process.gservices (pid 29314) early provider death
11-14 06:42:59.389 1740 1788 I ActivityManager: Process com.google.process.gservices (pid 29314) has died: cch+55 CEM
11-14 06:42:59.425 1740 3472 V ActivityManager: Got obituary of 29314:com.google.process.gservices
11-14 06:43:06.347 1740 10524 D CompatibilityChangeReporter: Compat change id reported: 135634846; UID 10139; state: DISABLED
11-14 06:43:06.347 1740 10524 D CompatibilityChangeReporter: Compat change id reported: 177438394; UID 10139; state: DISABLED
11-14 06:43:06.347 1740 10524 D CompatibilityChangeReporter: Compat change id reported: 135772972; UID 10139; state: DISABLED
11-14 06:43:06.347 1740 10524 D CompatibilityChangeReporter: Compat change id reported: 135754954; UID 10139; state: ENABLED
11-14 06:43:06.348 1740 1846 D CompatibilityChangeReporter: Compat change id reported: 143937733; UID 10139; state: ENABLED
11-14 06:43:06.376 1740 1846 I ActivityManager: Start proc 30119:com.google.process.gservices/u0a139 for content provider {com.google.android.gsf/com.google.android.gsf.gservices.GservicesProvider}
11-14 06:43:06.466 1740 10524 W ActivityManager: Unable to start service Intent { act=com.google.android.gms.gservices.START pkg=com.google.android.gms } U=0: not found
11-14 06:43:06.466 1740 10524 W ActivityManager: Unbind failed: could not find connection for android.os.BinderProxy@8676177
11-14 06:44:01.544 2182 10106 D PowerUI : can't show warning due to - plugged: true status unknown: false
11-14 06:45:00.043 1740 4237 W AppOps : Noting op not finished: uid 10139 pkg com.google.android.gms code 113 startTime of in progress event=1731546345190
11-14 06:45:00.064 1740 4237 W AppOps : Noting op not finished: uid 10139 pkg com.google.android.gms code 113 startTime of in progress event=1731546345190
11-14 06:45:00.075 1740 1786 W AppOps : Noting op not finished: uid 10139 pkg com.google.android.gms code 113 startTime of in progress event=1731588541604
11-14 06:45:00.104 1740 10524 W AppOps : Noting op not finished: uid 10139 pkg com.google.android.gms code 79 startTime of in progress event=1731546345240
11-14 06:45:00.112 1740 10524 D CompatibilityChangeReporter: Compat change id reported: 171306433; UID 10139; state: ENABLED
11-14 06:45:00.113 1740 10524 D CompatibilityChangeReporter: Compat change id reported: 218533173; UID 10139; state: ENABLED
11-14 06:45:01.541 2182 10114 D PowerUI : can't show warning due to - plugged: true status unknown: false
11-14 06:45:01.578 2182 10179 D PowerUI : can't show warning due to - plugged: true status unknown: false
11-14 06:46:01.540 2182 2602 D PowerUI : can't show warning due to - plugged: true status unknown: false
11-14 06:46:27.514 1740 1740 D CompatibilityChangeReporter: Compat change id reported: 135634846; UID 10138; state: DISABLED
11-14 06:46:27.514 1740 1740 D CompatibilityChangeReporter: Compat change id reported: 177438394; UID 10138; state: DISABLED
11-14 06:46:27.514 1740 1740 D CompatibilityChangeReporter: Compat change id reported: 135772972; UID 10138; state: DISABLED
11-14 06:46:27.514 1740 1740 D CompatibilityChangeReporter: Compat change id reported: 135754954; UID 10138; state: ENABLED
11-14 06:46:27.515 1740 1846 D CompatibilityChangeReporter: Compat change id reported: 143937733; UID 10138; state: ENABLED
11-14 06:46:27.538 1740 1846 I ActivityManager: Start proc 30145:com.google.android.apps.messaging/u0a138 for service {com.google.android.apps.messaging/androidx.work.impl.background.systemjob.SystemJobService}
11-14 06:46:27.680 1740 1786 D CompatibilityChangeReporter: Compat change id reported: 161145287; UID 10138; state: DISABLED
11-14 06:46:27.731 1740 4237 D CompatibilityChangeReporter: Compat change id reported: 194532703; UID 10138; state: ENABLED
11-14 06:46:27.771 1740 4237 W JobScheduler: Job didn't exist in JobStore: 954c08b #u0a138/1741 com.google.android.apps.messaging/androidx.work.impl.background.systemjob.SystemJobService
11-14 06:46:27.799 1740 3303 I ActivityManager: Killing 29578:com.android.remoteprovisioner/u0a198 (adj 975): empty for 2430s
11-14 06:46:30.573 1740 1844 I UsageStatsService: User[0] Flushing usage stats to disk
11-14 06:46:48.826 1740 1845 W BroadcastQueue: Exported Denial: sending Intent { act=android.net.conn.CONNECTIVITY_CHANGE flg=0x4200010 (has extras) }, action: android.net.conn.CONNECTIVITY_CHANGE from null (uid=-1) due to receiver ProcessRecord{ff65447 30145:com.google.android.apps.messaging/u0a138} (uid 10138) not specifying RECEIVER_EXPORTED
11-14 06:47:01.540 2182 6843 D PowerUI : can't show warning due to - plugged: true status unknown: false
11-14 06:48:01.533 2182 7765 D PowerUI : can't show warning due to - plugged: true status unknown: false
11-14 06:48:42.892 1740 3472 D CompatibilityChangeReporter: Compat change id reported: 135634846; UID 10068; state: DISABLED
11-14 06:48:42.892 1740 3472 D CompatibilityChangeReporter: Compat change id reported: 177438394; UID 10068; state: DISABLED
11-14 06:48:42.892 1740 3472 D CompatibilityChangeReporter: Compat change id reported: 135772972; UID 10068; state: DISABLED
11-14 06:48:42.893 1740 3472 D CompatibilityChangeReporter: Compat change id reported: 135754954; UID 10068; state: ENABLED
11-14 06:48:42.895 1740 1846 D CompatibilityChangeReporter: Compat change id reported: 143937733; UID 10068; state: ENABLED
11-14 06:48:42.912 1740 1846 I ActivityManager: Start proc 30223:android.process.acore/u0a68 for content provider {com.android.providers.contacts/com.android.providers.contacts.ContactsProvider2}
11-14 06:48:42.946 1740 3472 D CompatibilityChangeReporter: Compat change id reported: 168419799; UID 10068; state: DISABLED
11-14 06:48:42.998 1740 3472 D CompatibilityChangeReporter: Compat change id reported: 161145287; UID 10068; state: DISABLED
11-14 06:48:43.098 1740 3472 D CompatibilityChangeReporter: Compat change id reported: 201794303; UID 10068; state: ENABLED
11-14 06:48:43.114 1740 4237 I ActivityManager: Killing 29841:com.google.android.apps.turbo:aab/u0a143 (adj 965): empty for 2565s
11-14 06:49:11.710 1740 2470 D CompatibilityChangeReporter: Compat change id reported: 161252188; UID 10139; state: ENABLED
11-14 06:50:01.535 2182 7975 D PowerUI : can't show warning due to - plugged: true status unknown: false
11-14 06:50:36.110 1740 1955 D ActivityManager: freezing 29234 com.google.android.apps.safetyhub
11-14 06:51:01.541 2182 10049 D PowerUI : can't show warning due to - plugged: true status unknown: false
11-14 06:52:01.543 2182 10106 D PowerUI : can't show warning due to - plugged: true status unknown: false
11-14 06:52:01.571 2182 10114 D PowerUI : can't show warning due to - plugged: true status unknown: false
11-14 06:52:59.435 1740 1955 D ActivityManager: freezing 30042 com.google.android.apps.work.clouddpc
11-14 06:53:01.561 2182 10179 D PowerUI : can't show warning due to - plugged: true status unknown: false
11-14 06:55:01.555 2182 2602 D PowerUI : can't show warning due to - plugged: true status unknown: false
11-14 06:56:01.534 2182 6843 D PowerUI : can't show warning due to - plugged: true status unknown: false
11-14 06:56:48.965 1740 1955 D ActivityManager: freezing 30119 com.google.process.gservices
11-14 06:57:01.536 2182 7765 D PowerUI : can't show warning due to - plugged: true status unknown: false
11-14 06:58:01.544 2182 7975 D PowerUI : can't show warning due to - plugged: true status unknown: false
11-14 06:58:43.214 1740 1955 D ActivityManager: freezing 30145 com.google.android.apps.messaging
11-14 06:58:43.222 1740 1955 D ActivityManager: freezing 30223 android.process.acore
11-14 06:59:01.547 2182 10049 D PowerUI : can't show warning due to - plugged: true status unknown: false
11-14 07:00:00.013 1740 1845 D CompatibilityChangeReporter: Compat change id reported: 135634846; UID 10113; state: DISABLED
11-14 07:00:00.013 1740 1845 D CompatibilityChangeReporter: Compat change id reported: 177438394; UID 10113; state: DISABLED
11-14 07:00:00.013 1740 1845 D CompatibilityChangeReporter: Compat change id reported: 135772972; UID 10113; state: DISABLED
11-14 07:00:00.014 1740 1845 D CompatibilityChangeReporter: Compat change id reported: 135754954; UID 10113; state: ENABLED
11-14 07:00:00.016 1740 1846 D CompatibilityChangeReporter: Compat change id reported: 143937733; UID 10113; state: ENABLED
11-14 07:00:00.028 1740 1740 D ConditionProviders.SCP: onReceive ScheduleConditionProvider.EVALUATE
11-14 07:00:00.029 1740 1740 D ConditionProviders.SCP: evaluateSubscriptionLocked cal=ScheduleCalendar[mDays={1, 2, 3, 4, 5, 6, 7}, mSchedule=ScheduleInfo{days=[1, 2, 3, 4, 5, 6, 7], startHour=22, startMinute=0, endHour=7, endMinute=0, exitAtAlarm=true, nextAlarm=Wed Dec 31 16:00:00 PST 1969 (0)}], now=Thu Nov 14 07:00:00 PST 2024 (1731596400028), nextUserAlarmTime=Wed Dec 31 16:00:00 PST 1969 (0)
11-14 07:00:00.029 1740 1740 D ConditionProviders.SCP: notifyCondition condition://android/schedule?days=1.2.3.4.5.6.7&start=22.0&end=7.0&exitAtAlarm=true STATE_FALSE reason=!meetsSchedule
11-14 07:00:00.030 1740 1740 D ConditionProviders.SCP: Scheduling evaluate for Thu Nov 14 22:00:00 PST 2024 (1731650400000), in +14h59m59s972ms, now=Thu Nov 14 07:00:00 PST 2024 (1731596400028)
11-14 07:00:00.040 1740 1846 I ActivityManager: Start proc 30271:com.google.android.settings.intelligence/u0a113 for broadcast {com.google.android.settings.intelligence/com.google.android.settings.intelligence.modules.battery.impl.usage.PeriodicJobReceiver}
11-14 07:00:00.121 1740 3294 D ActivityManager: sync unfroze 30119 com.google.process.gservices
11-14 07:00:00.138 1740 3294 D CompatibilityChangeReporter: Compat change id reported: 194532703; UID 10113; state: ENABLED
11-14 07:00:00.143 1740 4237 D CompatibilityChangeReporter: Compat change id reported: 161145287; UID 10113; state: DISABLED
11-14 07:00:00.145 1740 4237 D CompatibilityChangeReporter: Compat change id reported: 161252188; UID 1000; state: ENABLED
11-14 07:00:00.147 1740 4237 D CompatibilityChangeReporter: Compat change id reported: 171306433; UID 10113; state: ENABLED
11-14 07:00:00.147 1740 4237 D CompatibilityChangeReporter: Compat change id reported: 226439802; UID 10113; state: DISABLED
11-14 07:00:00.148 1740 4237 D CompatibilityChangeReporter: Compat change id reported: 218533173; UID 10113; state: ENABLED
11-14 07:00:00.150 1740 4237 D CompatibilityChangeReporter: Compat change id reported: 135634846; UID 1000; state: DISABLED
11-14 07:00:00.150 1740 4237 D CompatibilityChangeReporter: Compat change id reported: 177438394; UID 1000; state: DISABLED
11-14 07:00:00.150 1740 4237 D CompatibilityChangeReporter: Compat change id reported: 135772972; UID 1000; state: DISABLED
11-14 07:00:00.150 1740 4237 D CompatibilityChangeReporter: Compat change id reported: 135754954; UID 1000; state: ENABLED
11-14 07:00:00.166 1740 1846 I ActivityManager: Start proc 30299:com.android.settings/1000 for broadcast {com.android.settings/com.google.android.settings.fuelgauge.BatteryBroadcastReceiver}
11-14 07:00:00.177 1740 4237 I ActivityManager: Killing 29516:com.google.process.gapps/u0a139 (adj 985): empty for 3242s
11-14 07:00:00.250 1740 4237 I ActivityManager: Killing 29839:com.google.android.partnersetup/u0a96 (adj 965): empty for 3242s
11-14 07:00:00.435 30299 30313 W PowerProfile: ambient.on is deprecated! Use ambient.on.display0 instead.
11-14 07:00:00.435 30299 30313 W PowerProfile: screen.on is deprecated! Use screen.on.display0 instead.
11-14 07:00:00.435 30299 30313 W PowerProfile: screen.full is deprecated! Use screen.full.display0 instead.
11-14 07:00:00.436 30299 30313 W ModemPowerProfile: getAverageBatteryDrainMaH called with unexpected key: 0x0, drain:0,RAT:DEFAULT
11-14 07:00:00.436 30299 30313 W ModemPowerProfile: getAverageBatteryDrainMaH called with unexpected key: 0x10000000, drain:IDLE,RAT:DEFAULT
11-14 07:00:00.436 30299 30313 W ModemPowerProfile: getAverageBatteryDrainMaH called with unexpected key: 0x20000000, drain:RX,RAT:DEFAULT
11-14 07:00:00.436 30299 30313 W ModemPowerProfile: getAverageBatteryDrainMaH called with unexpected key: 0x30000000, drain:TX,level:UNKNOWN(0x0)RAT:DEFAULT
11-14 07:00:00.436 30299 30313 W ModemPowerProfile: getAverageBatteryDrainMaH called with unexpected key: 0x31000000, drain:TX,level:UNKNOWN(0x1000000)RAT:DEFAULT
11-14 07:00:00.436 30299 30313 W ModemPowerProfile: getAverageBatteryDrainMaH called with unexpected key: 0x32000000, drain:TX,level:UNKNOWN(0x2000000)RAT:DEFAULT
11-14 07:00:00.436 30299 30313 W ModemPowerProfile: getAverageBatteryDrainMaH called with unexpected key: 0x33000000, drain:TX,level:UNKNOWN(0x3000000)RAT:DEFAULT
11-14 07:00:00.436 30299 30313 W ModemPowerProfile: getAverageBatteryDrainMaH called with unexpected key: 0x34000000, drain:TX,level:UNKNOWN(0x4000000)RAT:DEFAULT
11-14 07:00:00.828 1740 4237 D CompatibilityChangeReporter: Compat change id reported: 161145287; UID 1000; state: DISABLED
11-14 07:00:54.300 1740 4237 D CompatibilityChangeReporter: Compat change id reported: 161145287; UID 10139; state: DISABLED
11-14 07:01:01.546 2182 10106 D PowerUI : can't show warning due to - plugged: true status unknown: false
11-14 07:01:18.167 1740 3294 D CompatibilityChangeReporter: Compat change id reported: 135634846; UID 10211; state: DISABLED
11-14 07:01:18.167 1740 3294 D CompatibilityChangeReporter: Compat change id reported: 177438394; UID 10211; state: DISABLED
11-14 07:01:18.167 1740 3294 D CompatibilityChangeReporter: Compat change id reported: 135772972; UID 10211; state: DISABLED
11-14 07:01:18.168 1740 3294 D CompatibilityChangeReporter: Compat change id reported: 135754954; UID 10211; state: ENABLED
11-14 07:01:18.169 1740 1846 D CompatibilityChangeReporter: Compat change id reported: 143937733; UID 10211; state: ENABLED
11-14 07:01:18.206 1740 1846 I ActivityManager: Start proc 30333:com.google.android.permissioncontroller/u0a211 for service {com.google.android.permissioncontroller/com.android.permissioncontroller.permission.service.v33.SafetyCenterQsTileService}
11-14 07:01:18.355 1740 3294 I ActivityManager: Killing 29694:com.google.android.apps.gcs/u0a109 (adj 945): empty for 3216s
11-14 07:01:41.610 1740 1740 D CompatibilityChangeReporter: Compat change id reported: 135634846; UID 10109; state: DISABLED
11-14 07:01:41.611 1740 1740 D CompatibilityChangeReporter: Compat change id reported: 177438394; UID 10109; state: DISABLED
11-14 07:01:41.611 1740 1740 D CompatibilityChangeReporter: Compat change id reported: 135772972; UID 10109; state: DISABLED
11-14 07:01:41.611 1740 1740 D CompatibilityChangeReporter: Compat change id reported: 135754954; UID 10109; state: ENABLED
11-14 07:01:41.613 1740 1846 D CompatibilityChangeReporter: Compat change id reported: 143937733; UID 10109; state: ENABLED
11-14 07:01:41.622 1740 1740 D ActivityManager: sync unfroze 29234 com.google.android.apps.safetyhub
11-14 07:01:41.647 1740 1846 I ActivityManager: Start proc 30347:com.google.android.apps.gcs/u0a109 for service {com.google.android.apps.gcs/androidx.work.impl.background.systemjob.SystemJobService}
11-14 07:01:41.720 1740 10543 D CompatibilityChangeReporter: Compat change id reported: 161145287; UID 10109; state: DISABLED
11-14 07:01:41.742 1740 10543 D CompatibilityChangeReporter: Compat change id reported: 194532703; UID 10109; state: ENABLED
11-14 07:01:41.750 1740 10543 W JobScheduler: Job didn't exist in JobStore: 8cce07b #u0a109/58520 com.google.android.apps.gcs/androidx.work.impl.background.systemjob.SystemJobService
11-14 07:01:41.836 1740 10543 W JobScheduler: Job didn't exist in JobStore: 5aba543 #u0a109/58525 com.google.android.apps.gcs/androidx.work.impl.background.systemjob.SystemJobService
11-14 07:01:41.897 1740 3474 I ActivityManager: Killing 29968:com.android.providers.calendar/u0a64 (adj 985): empty for 2092s
11-14 07:03:01.547 2182 10114 D PowerUI : can't show warning due to - plugged: true status unknown: false
11-14 07:04:01.539 2182 10179 D PowerUI : can't show warning due to - plugged: true status unknown: false
11-14 07:05:01.529 2182 2602 D PowerUI : can't show warning due to - plugged: true status unknown: false
11-14 07:05:01.561 2182 6843 D PowerUI : can't show warning due to - plugged: true status unknown: false
11-14 07:06:01.538 2182 7765 D PowerUI : can't show warning due to - plugged: true status unknown: false
11-14 07:06:30.711 1740 1844 I UsageStatsService: User[0] Flushing usage stats to disk
11-14 07:07:01.540 2182 7975 D PowerUI : can't show warning due to - plugged: true status unknown: false
11-14 07:08:01.539 2182 10049 D PowerUI : can't show warning due to - plugged: true status unknown: false
11-14 07:08:03.617 1740 1740 D CompatibilityChangeReporter: Compat change id reported: 135634846; UID 10096; state: DISABLED
11-14 07:08:03.617 1740 1740 D CompatibilityChangeReporter: Compat change id reported: 177438394; UID 10096; state: DISABLED
11-14 07:08:03.617 1740 1740 D CompatibilityChangeReporter: Compat change id reported: 135772972; UID 10096; state: DISABLED
11-14 07:08:03.617 1740 1740 D CompatibilityChangeReporter: Compat change id reported: 135754954; UID 10096; state: ENABLED
11-14 07:08:03.618 1740 1846 D CompatibilityChangeReporter: Compat change id reported: 143937733; UID 10096; state: ENABLED
11-14 07:08:03.619 1740 1740 D CompatibilityChangeReporter: Compat change id reported: 135634846; UID 10143; state: DISABLED
11-14 07:08:03.619 1740 1740 D CompatibilityChangeReporter: Compat change id reported: 177438394; UID 10143; state: DISABLED
11-14 07:08:03.619 1740 1740 D CompatibilityChangeReporter: Compat change id reported: 135772972; UID 10143; state: DISABLED
11-14 07:08:03.619 1740 1740 D CompatibilityChangeReporter: Compat change id reported: 135754954; UID 10143; state: ENABLED
11-14 07:08:03.620 1740 1740 D CompatibilityChangeReporter: Compat change id reported: 168419799; UID 1000; state: DISABLED
11-14 07:08:03.635 1740 1846 I ActivityManager: Start proc 30430:com.google.android.partnersetup/u0a96 for service {com.google.android.partnersetup/com.google.android.partnersetup.InstalledAppJobService}
11-14 07:08:03.635 1740 1846 D CompatibilityChangeReporter: Compat change id reported: 143937733; UID 10143; state: ENABLED
11-14 07:08:03.644 1740 1846 I ActivityManager: Start proc 30431:com.google.android.apps.turbo:aab/u0a143 for service {com.google.android.apps.turbo/com.google.android.libraries.smartbattery.appusage.library.InferAppBucketsJob}
11-14 07:08:03.664 1740 10543 D CompatibilityChangeReporter: Compat change id reported: 168419799; UID 10096; state: DISABLED
11-14 07:08:03.696 1740 10543 D CompatibilityChangeReporter: Compat change id reported: 194532703; UID 10096; state: ENABLED
11-14 07:08:03.717 1740 3288 W JobScheduler: Job didn't exist in JobStore: 4221d58 #u0a96/4096 com.google.android.partnersetup/.InstalledAppJobService
11-14 07:08:03.924 1740 3288 D CompatibilityChangeReporter: Compat change id reported: 218533173; UID 10211; state: ENABLED
11-14 07:08:03.964 1740 2535 D CompatibilityChangeReporter: Compat change id reported: 194532703; UID 10143; state: ENABLED
11-14 07:08:04.035 1740 10543 D CompatibilityChangeReporter: Compat change id reported: 135634846; UID 10198; state: DISABLED
11-14 07:08:04.035 1740 10543 D CompatibilityChangeReporter: Compat change id reported: 177438394; UID 10198; state: DISABLED
11-14 07:08:04.035 1740 10543 D CompatibilityChangeReporter: Compat change id reported: 135772972; UID 10198; state: DISABLED
11-14 07:08:04.035 1740 10543 D CompatibilityChangeReporter: Compat change id reported: 135754954; UID 10198; state: ENABLED
11-14 07:08:04.036 1740 1846 D CompatibilityChangeReporter: Compat change id reported: 143937733; UID 10198; state: ENABLED
11-14 07:08:04.052 1740 1846 I ActivityManager: Start proc 30476:com.android.remoteprovisioner/u0a198 for service {com.android.remoteprovisioner/com.android.remoteprovisioner.service.GenerateRkpKeyService}
11-14 07:08:04.089 1740 10543 D CompatibilityChangeReporter: Compat change id reported: 135634846; UID 10139; state: DISABLED
11-14 07:08:04.089 1740 10543 D CompatibilityChangeReporter: Compat change id reported: 177438394; UID 10139; state: DISABLED
11-14 07:08:04.089 1740 10543 D CompatibilityChangeReporter: Compat change id reported: 135772972; UID 10139; state: DISABLED
11-14 07:08:04.089 1740 10543 D CompatibilityChangeReporter: Compat change id reported: 135754954; UID 10139; state: ENABLED
11-14 07:08:04.089 1740 1846 D CompatibilityChangeReporter: Compat change id reported: 143937733; UID 10139; state: ENABLED
11-14 07:08:04.105 1740 1846 I ActivityManager: Start proc 30491:com.google.process.gapps/u0a139 for content provider {com.google.android.gsf/com.google.android.gsf.settings.GoogleSettingsProvider}
11-14 07:08:04.118 571 10243 E keystore2: keystore2::error: In generate_key_pair: Failed to get device for security level SecurityLevel(2)
11-14 07:08:04.118 571 10243 E keystore2:
11-14 07:08:04.118 571 10243 E keystore2: Caused by:
11-14 07:08:04.118 571 10243 E keystore2: 0: In get_dev_by_sec_level: Remote instance for requested security level not found.
11-14 07:08:04.118 571 10243 E keystore2: 1: Error::Rc(ResponseCode(4))
11-14 07:08:04.131 1740 3288 D CompatibilityChangeReporter: Compat change id reported: 168419799; UID 10139; state: DISABLED
11-14 07:08:04.194 1740 3288 D CompatibilityChangeReporter: Compat change id reported: 201794303; UID 10139; state: ENABLED
11-14 07:08:04.226 1740 1845 D CompatibilityChangeReporter: Compat change id reported: 135634846; UID 10151; state: DISABLED
11-14 07:08:04.226 1740 1846 D CompatibilityChangeReporter: Compat change id reported: 143937733; UID 10151; state: ENABLED
11-14 07:08:04.244 1740 1846 I ActivityManager: Start proc 30507:com.android.chrome/u0a151 for broadcast {com.android.chrome/com.google.android.apps.chrome.rlz.RevenueStatsConfigurationUpdateReceiver}
11-14 07:08:04.341 1740 3288 D CompatibilityChangeReporter: Compat change id reported: 161145287; UID 10151; state: DISABLED
11-14 07:08:04.357 1740 2050 D CompatibilityChangeReporter: Compat change id reported: 74210811; UID 1000; state: DISABLED
11-14 07:08:10.720 1740 3288 D CompatibilityChangeReporter: Compat change id reported: 161145287; UID 10096; state: DISABLED
11-14 07:08:14.119 571 30471 I keystore2: keystore2::watchdog: Watchdog thread idle -> terminating. Have a great day.
11-14 07:09:01.540 2182 10106 D PowerUI : can't show warning due to - plugged: true status unknown: false
11-14 07:09:09.136 1740 1787 D CompatibilityChangeReporter: Compat change id reported: 171306433; UID 10139; state: ENABLED
11-14 07:09:09.136 1740 1787 D CompatibilityChangeReporter: Compat change id reported: 218533173; UID 10139; state: ENABLED
11-14 07:09:12.004 1740 1787 D CompatibilityChangeReporter: Compat change id reported: 161252188; UID 10139; state: ENABLED
11-14 07:09:12.012 1740 1787 D CompatibilityChangeReporter: Compat change id reported: 168419799; UID 10139; state: DISABLED
11-14 07:10:01.545 2182 10114 D PowerUI : can't show warning due to - plugged: true status unknown: false
11-14 07:10:10.165 1740 1955 D ActivityManager: freezing 30271 com.google.android.settings.intelligence
11-14 07:10:10.173 1740 1955 D ActivityManager: freezing 30299 com.android.settings
11-14 07:10:52.878 1740 2535 D CompatibilityChangeReporter: Compat change id reported: 171306433; UID 1000; state: ENABLED
11-14 07:10:52.878 1740 2535 D CompatibilityChangeReporter: Compat change id reported: 218533173; UID 1000; state: ENABLED
11-14 07:11:01.546 2182 10179 D PowerUI : can't show warning due to - plugged: true status unknown: false
11-14 07:11:41.655 1740 1955 D ActivityManager: freezing 29234 com.google.android.apps.safetyhub
11-14 07:11:41.899 1740 1955 D ActivityManager: freezing 30347 com.google.android.apps.gcs
11-14 07:11:48.240 1740 1955 D ActivityManager: freezing 30333 com.google.android.permissioncontroller
11-14 07:12:01.539 2182 2602 D PowerUI : can't show warning due to - plugged: true status unknown: false
11-14 07:12:01.573 2182 6843 D PowerUI : can't show warning due to - plugged: true status unknown: false
11-14 07:13:01.573 1740 2535 I ActivityManager: Killing 30042:com.google.android.apps.work.clouddpc/u0a169 (adj 925): empty for 1802s
11-14 07:14:01.536 2182 7765 D PowerUI : can't show warning due to - plugged: true status unknown: false
11-14 07:14:44.484 1740 1740 I ActivityManager: com.android.vending is exempt from freezer
11-14 07:14:44.485 1740 1740 D CompatibilityChangeReporter: Compat change id reported: 135634846; UID 10114; state: DISABLED
11-14 07:14:44.485 1740 1740 D CompatibilityChangeReporter: Compat change id reported: 177438394; UID 10114; state: DISABLED
11-14 07:14:44.486 1740 1740 D CompatibilityChangeReporter: Compat change id reported: 135772972; UID 10114; state: DISABLED
11-14 07:14:44.487 1740 1740 D CompatibilityChangeReporter: Compat change id reported: 135754954; UID 10114; state: ENABLED
11-14 07:14:44.490 1740 1846 D CompatibilityChangeReporter: Compat change id reported: 143937733; UID 10114; state: ENABLED
11-14 07:14:44.507 1740 1740 D ActivityManager: sync unfroze 30145 com.google.android.apps.messaging
11-14 07:14:44.511 1740 1740 D CompatibilityChangeReporter: Compat change id reported: 168419799; UID 10138; state: DISABLED
11-14 07:14:44.519 1740 1846 I ActivityManager: Start proc 30557:com.android.vending/u0a114 for service {com.android.vending/com.google.android.finsky.scheduler.process.mainimpl.PhoneskyJobServiceMain}
11-14 07:14:44.536 1740 2535 D CompatibilityChangeReporter: Compat change id reported: 168419799; UID 10114; state: DISABLED
11-14 07:14:44.617 1740 2131 D CompatibilityChangeReporter: Compat change id reported: 161145287; UID 10114; state: DISABLED
11-14 07:14:44.707 1740 2535 D CompatibilityChangeReporter: Compat change id reported: 319212206; UID 10114; state: ENABLED
11-14 07:14:44.762 1740 2535 W JobScheduler: Job didn't exist in JobStore: d8f86e6 #u0a114/9856 com.android.vending/com.google.android.finsky.scheduler.process.mainimpl.PhoneskyJobServiceMain
11-14 07:14:44.767 1740 1787 D CompatibilityChangeReporter: Compat change id reported: 194532703; UID 10114; state: ENABLED
11-14 07:14:45.690 1740 2065 D ActivityManager: sync unfroze 30223 android.process.acore
11-14 07:14:54.902 1740 4237 I ActivityManager: com.android.vending is exempt from freezer
11-14 07:14:54.903 1740 4237 D CompatibilityChangeReporter: Compat change id reported: 135634846; UID 10114; state: DISABLED
11-14 07:14:54.904 1740 4237 D CompatibilityChangeReporter: Compat change id reported: 177438394; UID 10114; state: DISABLED
11-14 07:14:54.904 1740 4237 D CompatibilityChangeReporter: Compat change id reported: 135772972; UID 10114; state: DISABLED
11-14 07:14:54.904 1740 4237 D CompatibilityChangeReporter: Compat change id reported: 135754954; UID 10114; state: ENABLED
11-14 07:14:54.905 1740 1846 D CompatibilityChangeReporter: Compat change id reported: 143937733; UID 10114; state: ENABLED
11-14 07:14:54.917 1740 1846 I ActivityManager: Start proc 30683:com.android.vending:background/u0a114 for service {com.android.vending/com.google.frameworks.client.data.android.server.play.BackgroundProcessEndpointService}
11-14 07:15:01.547 2182 7975 D PowerUI : can't show warning due to - plugged: true status unknown: false
11-14 07:18:01.533 2182 10049 D PowerUI : can't show warning due to - plugged: true status unknown: false
11-14 07:18:01.560 2182 10106 D PowerUI : can't show warning due to - plugged: true status unknown: false
11-14 07:18:04.074 1740 1955 D ActivityManager: freezing 30431 com.google.android.apps.turbo:aab
11-14 07:18:04.107 1740 1955 D ActivityManager: freezing 30476 com.android.remoteprovisioner
11-14 07:18:04.243 1740 1955 D ActivityManager: freezing 30430 com.google.android.partnersetup
11-14 07:18:04.348 1740 1955 D ActivityManager: freezing 30507 com.android.chrome
11-14 07:18:09.577 1740 1740 D ActivityManager: sync unfroze 29234 com.google.android.apps.safetyhub
11-14 07:18:09.587 1740 1740 D CompatibilityChangeReporter: Compat change id reported: 168419799; UID 10143; state: DISABLED
11-14 07:19:01.538 2182 10114 D PowerUI : can't show warning due to - plugged: true status unknown: false
11-14 07:21:01.537 2182 10179 D PowerUI : can't show warning due to - plugged: true status unknown: false
11-14 07:22:20.697 1740 4237 W JobScheduler: Job didn't exist in JobStore: 52235 #u0a135/37553 com.google.android.apps.wellbeing/androidx.work.impl.background.systemjob.SystemJobService
11-14 07:24:01.537 2182 2602 D PowerUI : can't show warning due to - plugged: true status unknown: false
11-14 07:24:44.657 1740 1955 D ActivityManager: freezing 30145 com.google.android.apps.messaging
11-14 07:24:45.992 1740 1955 D ActivityManager: freezing 30491 com.google.process.gapps
11-14 07:24:46.001 1740 1955 D ActivityManager: freezing 30119 com.google.process.gservices
11-14 07:25:01.534 2182 6843 D PowerUI : can't show warning due to - plugged: true status unknown: false
11-14 07:26:01.538 2182 7765 D PowerUI : can't show warning due to - plugged: true status unknown: false
11-14 07:26:30.880 1740 1844 I UsageStatsService: User[0] Flushing usage stats to disk
11-14 07:27:01.539 2182 7975 D PowerUI : can't show warning due to - plugged: true status unknown: false
11-14 07:28:01.532 2182 10049 D PowerUI : can't show warning due to - plugged: true status unknown: false
11-14 07:28:09.644 1740 1955 D ActivityManager: freezing 29234 com.google.android.apps.safetyhub
11-14 07:28:30.975 1740 2470 D CompatibilityChangeReporter: Compat change id reported: 135634846; UID 10064; state: DISABLED
11-14 07:28:30.975 1740 2470 D CompatibilityChangeReporter: Compat change id reported: 177438394; UID 10064; state: DISABLED
11-14 07:28:30.976 1740 2470 D CompatibilityChangeReporter: Compat change id reported: 135772972; UID 10064; state: DISABLED
11-14 07:28:30.976 1740 2470 D CompatibilityChangeReporter: Compat change id reported: 135754954; UID 10064; state: ENABLED
11-14 07:28:30.976 1740 1846 D CompatibilityChangeReporter: Compat change id reported: 143937733; UID 10064; state: ENABLED
11-14 07:28:30.993 1740 1846 I ActivityManager: Start proc 30770:com.android.providers.calendar/u0a64 for content provider {com.android.providers.calendar/com.android.providers.calendar.CalendarProvider2}
11-14 07:28:31.025 1740 4237 D CompatibilityChangeReporter: Compat change id reported: 168419799; UID 10064; state: DISABLED
11-14 07:28:31.046 1740 4237 D CompatibilityChangeReporter: Compat change id reported: 161145287; UID 10064; state: DISABLED
11-14 07:28:31.053 1740 3303 D CompatibilityChangeReporter: Compat change id reported: 143231523; UID 10064; state: DISABLED
11-14 07:28:31.981 1740 4237 I ContentCaptureManagerService: Data share request accepted by Content Capture service
11-14 07:29:01.539 2182 10106 D PowerUI : can't show warning due to - plugged: true status unknown: false
11-14 07:30:01.545 1740 2535 I ActivityManager: Killing 30299:com.android.settings/1000 (adj 975): empty for 1801s
11-14 07:30:01.549 2182 10114 D PowerUI : can't show warning due to - plugged: true status unknown: false
11-14 07:30:12.340 1740 2470 I ActivityManager: Killing 30271:com.google.android.settings.intelligence/u0a113 (adj 975): empty for 1809s
11-14 07:31:01.543 2182 10179 D PowerUI : can't show warning due to - plugged: true status unknown: false
11-14 07:31:54.341 1740 1740 D ActivityManager: sync unfroze 30145 com.google.android.apps.messaging
11-14 07:31:54.344 1740 1740 I ActivityManager: Killing 30333:com.google.android.permissioncontroller/u0a211 (adj 965): empty for 1806s
11-14 07:31:54.345 1740 1740 I ActivityManager: Killing 30347:com.google.android.apps.gcs/u0a109 (adj 915): empty for 1812s
11-14 07:33:01.545 2182 2602 D PowerUI : can't show warning due to - plugged: true status unknown: false
11-14 07:33:31.985 1740 1740 I ContentCaptureManagerService: Content capture data sharing session terminated successfully for package 'com.google.android.googlequicksearchbox'
11-14 07:33:39.340 1740 1740 D ActivityManager: sync unfroze 29234 com.google.android.apps.safetyhub
11-14 07:36:01.535 2182 6843 D PowerUI : can't show warning due to - plugged: true status unknown: false
11-14 07:36:54.039 1740 2470 D ActivityManager: sync unfroze 30119 com.google.process.gservices
11-14 07:36:58.229 1740 2470 D CompatibilityChangeReporter: Compat change id reported: 135634846; UID 10139; state: DISABLED
11-14 07:36:58.229 1740 2470 D CompatibilityChangeReporter: Compat change id reported: 177438394; UID 10139; state: DISABLED
11-14 07:36:58.229 1740 2470 D CompatibilityChangeReporter: Compat change id reported: 135772972; UID 10139; state: DISABLED
11-14 07:36:58.229 1740 2470 D CompatibilityChangeReporter: Compat change id reported: 135754954; UID 10139; state: ENABLED
11-14 07:36:58.230 1740 1846 D CompatibilityChangeReporter: Compat change id reported: 143937733; UID 10139; state: ENABLED
11-14 07:36:58.243 1740 1846 I ActivityManager: Start proc 30847:com.google.android.gms.unstable/u0a139 for service {com.google.android.gms/com.google.android.gms.droidguard.DroidGuardService}
11-14 07:36:58.520 1740 1787 D CompatibilityChangeReporter: Compat change id reported: 319212206; UID 10139; state: DISABLED
11-14 07:36:58.781 1740 1787 D BiometricService: Sensor ID(0), oemStrength: 15, updatedStrength: 15, modality 2, state: 0, cookie: 0, sensorId 0, hasEnrollments: false cannot participate in Keystore operations
11-14 07:36:58.816 1740 1787 D CompatibilityChangeReporter: Compat change id reported: 161252188; UID 10198; state: ENABLED
11-14 07:36:58.819 1740 1787 D ActivityManager: sync unfroze 30476 com.android.remoteprovisioner
11-14 07:36:58.822 1740 1787 D CompatibilityChangeReporter: Compat change id reported: 168419799; UID 10198; state: DISABLED
11-14 07:37:01.553 2182 7765 D PowerUI : can't show warning due to - plugged: true status unknown: false
11-14 07:37:23.386 571 30895 I keystore2: keystore2::watchdog: Watchdog thread idle -> terminating. Have a great day.
11-14 07:38:01.545 2182 7975 D PowerUI : can't show warning due to - plugged: true status unknown: false
11-14 07:38:13.815 1740 2470 I ActivityManager: Killing 30507:com.android.chrome/u0a151 (adj 945): empty for 1809s
11-14 07:38:13.819 1740 2470 I ActivityManager: Killing 30430:com.google.android.partnersetup/u0a96 (adj 915): empty for 1809s
11-14 07:38:13.820 1740 2470 I ActivityManager: Killing 30431:com.google.android.apps.turbo:aab/u0a143 (adj 925): empty for 1809s
11-14 07:38:13.861 1740 2049 D CompatibilityChangeReporter: Compat change id reported: 218533173; UID 10151; state: ENABLED
11-14 07:38:30.957 1740 1955 D ActivityManager: freezing 30223 android.process.acore
11-14 07:39:01.545 2182 10049 D PowerUI : can't show warning due to - plugged: true status unknown: false
11-14 07:39:01.565 2182 10106 D PowerUI : can't show warning due to - plugged: true status unknown: false
11-14 07:39:12.420 1740 2684 D CompatibilityChangeReporter: Compat change id reported: 161252188; UID 10139; state: ENABLED
11-14 07:40:01.534 2182 10114 D PowerUI : can't show warning due to - plugged: true status unknown: false
11-14 07:40:01.623 1740 1955 D ActivityManager: freezing 30770 com.android.providers.calendar
11-14 07:41:01.544 2182 10179 D PowerUI : can't show warning due to - plugged: true status unknown: false
11-14 07:41:54.448 1740 1955 D ActivityManager: freezing 30145 com.google.android.apps.messaging
11-14 07:42:01.545 2182 2602 D PowerUI : can't show warning due to - plugged: true status unknown: false
11-14 07:43:01.537 2182 6843 D PowerUI : can't show warning due to - plugged: true status unknown: false
11-14 07:43:39.447 1740 1955 D ActivityManager: freezing 29234 com.google.android.apps.safetyhub
11-14 07:44:01.539 2182 7765 D PowerUI : can't show warning due to - plugged: true status unknown: false
11-14 07:44:04.985 1740 1786 D CompatibilityChangeReporter: Compat change id reported: 171306433; UID 10139; state: ENABLED
11-14 07:44:04.986 1740 1786 D CompatibilityChangeReporter: Compat change id reported: 218533173; UID 10139; state: ENABLED
11-14 07:44:05.108 1740 1740 D CompatibilityChangeReporter: Compat change id reported: 135634846; UID 10169; state: DISABLED
11-14 07:44:05.108 1740 1740 D CompatibilityChangeReporter: Compat change id reported: 177438394; UID 10169; state: DISABLED
11-14 07:44:05.108 1740 1740 D CompatibilityChangeReporter: Compat change id reported: 135772972; UID 10169; state: DISABLED
11-14 07:44:05.109 1740 1740 D CompatibilityChangeReporter: Compat change id reported: 135754954; UID 10169; state: ENABLED
11-14 07:44:05.109 1740 1846 D CompatibilityChangeReporter: Compat change id reported: 143937733; UID 10169; state: ENABLED
11-14 07:44:05.122 1740 1846 I ActivityManager: Start proc 30951:com.google.android.apps.work.clouddpc/u0a169 for service {com.google.android.apps.work.clouddpc/com.google.android.apps.work.clouddpc.base.services.HealthCheckJobService}
11-14 07:44:05.138 1740 2131 D CompatibilityChangeReporter: Compat change id reported: 168419799; UID 10169; state: DISABLED
11-14 07:44:05.309 1740 1786 D CompatibilityChangeReporter: Compat change id reported: 194532703; UID 10169; state: ENABLED
11-14 07:44:05.311 1740 2684 D CompatibilityChangeReporter: Compat change id reported: 161145287; UID 10169; state: DISABLED
11-14 07:45:01.539 1740 2684 I ActivityManager: Killing 30223:android.process.acore/u0a68 (adj 985): empty for 1815s
11-14 07:45:01.539 2182 7975 D PowerUI : can't show warning due to - plugged: true status unknown: false
11-14 07:45:01.540 1740 2684 I ActivityManager: Killing 30491:com.google.process.gapps/u0a139 (adj 995): empty for 1815s
11-14 07:46:01.543 2182 10049 D PowerUI : can't show warning due to - plugged: true status unknown: false
11-14 07:46:01.573 2182 10106 D PowerUI : can't show warning due to - plugged: true status unknown: false
11-14 07:46:31.064 1740 1844 I UsageStatsService: User[0] Flushing usage stats to disk
11-14 07:46:58.832 1740 1955 D ActivityManager: freezing 30476 com.android.remoteprovisioner
11-14 07:47:00.343 1740 1955 D ActivityManager: freezing 30847 com.google.android.gms.unstable
11-14 07:47:01.540 2182 10114 D PowerUI : can't show warning due to - plugged: true status unknown: false
11-14 07:48:01.553 2182 10179 D PowerUI : can't show warning due to - plugged: true status unknown: false
11-14 07:48:13.887 1740 1955 D ActivityManager: freezing 30119 com.google.process.gservices
11-14 07:49:01.542 2182 2602 D PowerUI : can't show warning due to - plugged: true status unknown: false
11-14 07:49:32.578 1740 1740 D ActivityManager: sync unfroze 29234 com.google.android.apps.safetyhub
11-14 07:50:01.546 2182 6843 D PowerUI : can't show warning due to - plugged: true status unknown: false
11-14 07:51:01.544 2182 7765 D PowerUI : can't show warning due to - plugged: true status unknown: false
11-14 07:52:01.539 2182 7975 D PowerUI : can't show warning due to - plugged: true status unknown: false
11-14 07:54:01.542 2182 10049 D PowerUI : can't show warning due to - plugged: true status unknown: false
11-14 07:54:05.339 1740 1955 D ActivityManager: freezing 30951 com.google.android.apps.work.clouddpc
11-14 07:55:01.532 2182 10106 D PowerUI : can't show warning due to - plugged: true status unknown: false
11-14 07:56:01.555 2182 10114 D PowerUI : can't show warning due to - plugged: true status unknown: false
11-14 07:58:01.543 2182 10179 D PowerUI : can't show warning due to - plugged: true status unknown: false
11-14 07:58:25.079 1740 1845 D CompatibilityChangeReporter: Compat change id reported: 177438394; UID 10179; state: DISABLED
11-14 07:58:25.079 1740 1845 D CompatibilityChangeReporter: Compat change id reported: 135772972; UID 10179; state: DISABLED
11-14 07:58:25.079 1740 1845 D CompatibilityChangeReporter: Compat change id reported: 135754954; UID 10179; state: ENABLED
11-14 07:58:25.081 1740 1846 D CompatibilityChangeReporter: Compat change id reported: 143937733; UID 10179; state: ENABLED
11-14 07:58:25.125 1740 1846 I ActivityManager: Start proc 31066:com.google.android.apps.maps:server_recovery_process_scheduled/u0a179 for broadcast {com.google.android.apps.maps/com.google.android.apps.gmm.plugins.serverrecovery.ScheduledRecoverySignalHandlerImpl}
11-14 07:58:25.163 1740 1786 D CompatibilityChangeReporter: Compat change id reported: 168419799; UID 10179; state: DISABLED
11-14 07:58:25.291 1740 1786 D CompatibilityChangeReporter: Compat change id reported: 161145287; UID 10179; state: DISABLED
11-14 07:58:25.310 1740 3976 I ActivityManager: Killing 30557:com.android.vending/u0a114 (adj 985): empty for 2619s
11-14 07:58:25.361 1740 3976 I ActivityManager: Process com.google.android.apps.maps:server_recovery_process_scheduled (pid 31066) has died: cch+5 CEM
11-14 07:59:01.552 2182 2602 D PowerUI : can't show warning due to - plugged: true status unknown: false
11-14 07:59:12.696 1740 1844 I ProcessStatsService: Pruning old procstats: /data/system/procstats/state-2024-11-13-04-58-57.bin
11-14 07:59:32.725 1740 1955 D ActivityManager: freezing 29234 com.google.android.apps.safetyhub
11-14 08:00:00.017 1740 1845 D CompatibilityChangeReporter: Compat change id reported: 135634846; UID 10113; state: DISABLED
11-14 08:00:00.018 1740 1845 D CompatibilityChangeReporter: Compat change id reported: 177438394; UID 10113; state: DISABLED
11-14 08:00:00.018 1740 1845 D CompatibilityChangeReporter: Compat change id reported: 135772972; UID 10113; state: DISABLED
