11-14 11:10:21.161 1389 1389 D AOC : A3:MSG: controller.cc, 273: CNTRL: cmd ID: 0x000a, tag: 0xc7 [cntr = 40905]
11-14 11:10:21.161 1389 1389 D AOC : A3:MSG: controller.cc, 811: CNTRL: ipc: control, cmd ID: 0x000a, tag: 0xc7, rc: 0
11-14 11:10:21.162 1389 1389 D AOC : A3:MSG: controller.cc, 273: CNTRL: cmd ID: 0x000a, tag: 0xc8 [cntr = 40906]
11-14 11:10:21.162 1389 1389 D AOC : A3:MSG: controller.cc, 811: CNTRL: ipc: control, cmd ID: 0x000a, tag: 0xc8, rc: 0
11-14 11:10:21.163 1389 1389 D AOC : A3:MSG: controller.cc, 273: CNTRL: cmd ID: 0x000a, tag: 0xc9 [cntr = 40907]
11-14 11:10:21.163 1389 1389 D AOC : A3:MSG: controller.cc, 811: CNTRL: ipc: control, cmd ID: 0x000a, tag: 0xc9, rc: 0
11-14 11:10:21.164 1389 1389 D AOC : A3:MSG: controller.cc, 273: CNTRL: cmd ID: 0x000a, tag: 0xca [cntr = 40908]
11-14 11:10:21.164 1389 1389 D AOC : A3:MSG: controller.cc, 811: CNTRL: ipc: control, cmd ID: 0x000a, tag: 0xca, rc: 0
11-14 11:10:21.165 1389 1389 D AOC : A3:MSG: controller.cc, 273: CNTRL: cmd ID: 0x000a, tag: 0xcb [cntr = 40909]
11-14 11:10:21.166 1389 1389 D AOC : A3:MSG: controller.cc, 811: CNTRL: ipc: control, cmd ID: 0x000a, tag: 0xcb, rc: 0
11-14 11:10:21.169 1163 1163 I WifiHAL : In GetLinkStatsCommand::handleResponse
11-14 11:10:21.186 1740 3301 D TelephonyManager: requestModemActivityInfo: Sending result to app: ModemActivityInfo{ mTimestamp=1448689980 mSleepTimeMs=1414479853 mIdleTimeMs=8795677 mActivityStatsTechSpecificInfo=[{mRat=UNKNOWN,mFrequencyRange=UNKNOWN,mTxTimeMs[]=[0, 0, 0, 0, 0],mRxTimeMs=16586353}]}
11-14 11:10:21.330 1740 1854 D KernelCpuUidUserSysTimeReader: Removing uids 90006-90006
11-14 11:10:21.331 1740 1854 D KernelCpuUidUserSysTimeReader: Removing uids 90007-90007
11-14 11:10:21.331 1740 1854 D KernelCpuUidUserSysTimeReader: Removing uids 90009-90009
11-14 11:10:21.353 14339 4511 I NearbyMediums: Found Fast Ble Advertisements :
11-14 11:10:21.353 14339 4511 I NearbyMediums: BleAdvertisement { version=2, socketVersion=2, isFast=true, serviceIdHash=null, data=[ 0x23 0x56 0x46 0x53 0x5a 0x11 0x32 0x5c 0xec 0x05 0xee 0x3f 0x22 0x6f 0x3d 0xea 0x63 0x99 0xa4 0xee 0x6a 0x9d 0xcf ], deviceToken=[ 0xd9 0x7f ], rxAdvertisement=null } : 7 times.
11-14 11:10:21.353 14339 4511 I NearbyMediums: BleAdvertisement { version=2, socketVersion=2, isFast=true, serviceIdHash=null, data=[ 0x23 0x49 0x57 0x47 0x34 0x11 0x32 0x60 0xa5 0xa7 0xab 0xc8 0x31 0xa3 0x08 0x22 0xd3 0xd6 0xdb 0xe1 0x85 0x4a 0xc9 ], deviceToken=[ 0x70 0xc1 ], rxAdvertisement=null } : 6 times.
11-14 11:10:21.353 14339 4511 I NearbyMediums: BleAdvertisement { version=2, socketVersion=2, isFast=true, serviceIdHash=null, data=[ 0x23 0x31 0x49 0x47 0x35 0x11 0x16 0xb3 0x77 0x0a 0x00 0x8f 0xf1 0x4c 0xc1 0x25 0xce 0xb3 0xa8 0x70 0xc6 0x60 0x38 ], deviceToken=[ 0x7e 0x1c ], rxAdvertisement=null } : 2 times.
11-14 11:10:21.353 14339 4511 I NearbyMediums: BleAdvertisement { version=2, socketVersion=2, isFast=true, serviceIdHash=null, data=[ 0x23 0x34 0x58 0x46 0x43 0x11 0x32 0x12 0xce 0xf5 0x92 0x08 0x18 0x78 0x13 0x9e 0x07 0xf2 0xca 0x53 0x25 0x93 0x9a ], deviceToken=[ 0x27 0x94 ], rxAdvertisement=null } : 1 times.
11-14 11:10:21.353 14339 4511 I NearbyMediums: BleAdvertisement { version=2, socketVersion=2, isFast=true, serviceIdHash=null, data=[ 0x23 0x42 0x53 0x36 0x59 0x11 0x34 0xff 0x1e 0x52 0x02 0x1a 0x65 0xc5 0xe8 0x10 0x1d 0xe4 0xd9 0xeb 0x6a 0x2e 0x24 ], deviceToken=[ 0x18 0x70 ], rxAdvertisement=null } : 2 times.
11-14 11:10:21.353 14339 4511 I NearbyMediums: BleAdvertisement { version=2, socketVersion=2, isFast=true, serviceIdHash=null, data=[ 0x23 0x57 0x52 0x4c 0x4d 0x11 0x32 0xd7 0x25 0x18 0xad 0x25 0xc2 0x9b 0xec 0xb8 0x99 0x1e 0x19 0xd0 0x09 0x6d 0xcb ], deviceToken=[ 0xb7 0xbe ], rxAdvertisement=null } : 1 times.
11-14 11:10:21.353 14339 4511 I NearbyMediums: Total 19 fast advertisements from 6 unique advertisers.
11-14 11:10:22.025 1163 1163 I WifiHAL : Creating message to get link statistics; iface = 47
11-14 11:10:22.138 1163 1163 I WifiHAL : In GetLinkStatsCommand::handleResponse
11-14 11:10:22.191 1740 2058 D ConnectivityService: NetReassign [no changes] [c 1] [a 0] [i 11]
11-14 11:10:22.695 25379 25412 I bcoj : (REDACTED) getHotwordActive::active query: %s, watch: %s, devices connected: %s
11-14 11:10:25.181 1163 1163 I WifiHAL : Creating message to get link statistics; iface = 47
11-14 11:10:25.245 1163 1163 I WifiHAL : In GetLinkStatsCommand::handleResponse
11-14 11:10:25.292 1740 2058 D ConnectivityService: NetReassign [no changes] [c 1] [a 0] [i 6]
11-14 11:10:28.290 1163 1163 I WifiHAL : Creating message to get link statistics; iface = 47
11-14 11:10:28.365 1163 1163 I WifiHAL : In GetLinkStatsCommand::handleResponse
11-14 11:10:28.421 1740 2058 D ConnectivityService: NetReassign [no changes] [c 1] [a 0] [i 8]
11-14 11:10:30.491 4285 4943 I .sharelinkpro1k: Explicit concurrent mark compact GC freed 1008KB AllocSpace bytes, 40(2816KB) LOS objects, 75% free, 12MB/51MB, paused 421us,1.717ms total 54.225ms
11-14 11:10:31.357 14339 4511 I NearbyMediums: Found Fast Ble Advertisements :
11-14 11:10:31.357 14339 4511 I NearbyMediums: BleAdvertisement { version=2, socketVersion=2, isFast=true, serviceIdHash=null, data=[ 0x23 0x56 0x46 0x53 0x5a 0x11 0x32 0x5c 0xec 0x05 0xee 0x3f 0x22 0x6f 0x3d 0xea 0x63 0x99 0xa4 0xee 0x6a 0x9d 0xcf ], deviceToken=[ 0xd9 0x7f ], rxAdvertisement=null } : 6 times.
11-14 11:10:31.357 14339 4511 I NearbyMediums: BleAdvertisement { version=2, socketVersion=2, isFast=true, serviceIdHash=null, data=[ 0x23 0x49 0x57 0x47 0x34 0x11 0x32 0x60 0xa5 0xa7 0xab 0xc8 0x31 0xa3 0x08 0x22 0xd3 0xd6 0xdb 0xe1 0x85 0x4a 0xc9 ], deviceToken=[ 0x70 0xc1 ], rxAdvertisement=null } : 2 times.
11-14 11:10:31.357 14339 4511 I NearbyMediums: BleAdvertisement { version=2, socketVersion=2, isFast=true, serviceIdHash=null, data=[ 0x23 0x42 0x53 0x36 0x59 0x11 0x34 0xff 0x1e 0x52 0x02 0x1a 0x65 0xc5 0xe8 0x10 0x1d 0xe4 0xd9 0xeb 0x6a 0x2e 0x24 ], deviceToken=[ 0x18 0x70 ], rxAdvertisement=null } : 3 times.
11-14 11:10:31.357 14339 4511 I NearbyMediums: Total 11 fast advertisements from 3 unique advertisers.
11-14 11:10:31.360 14339 4506 I NearbyConnections: Processing lost BlePeripheral BlePeripheral{advertisement=BleAdvertisement { version=2, socketVersion=2, isFast=true, serviceIdHash=null, data=[ 0x23 0x31 0x49 0x47 0x35 0x11 0x16 0xb3 0x77 0x0a 0x00 0x8f 0xf1 0x4c 0xc1 0x25 0xce 0xb3 0xa8 0x70 0xc6 0x60 0x38 ], deviceToken=[ 0x7e 0x1c ], rxAdvertisement=null }, address=null, psm=0, deviceToken=, isSecondProfile=false, rxInstantConnectionAdv=null}.
11-14 11:10:31.360 14339 4506 I NearbyConnections: Lost BleEndpoint for BlePeripheral BlePeripheral{advertisement=BleAdvertisement { version=2, socketVersion=2, isFast=true, serviceIdHash=null, data=[ 0x23 0x31 0x49 0x47 0x35 0x11 0x16 0xb3 0x77 0x0a 0x00 0x8f 0xf1 0x4c 0xc1 0x25 0xce 0xb3 0xa8 0x70 0xc6 0x60 0x38 ], deviceToken=[ 0x7e 0x1c ], rxAdvertisement=null }, address=null, psm=0, deviceToken=, isSecondProfile=false, rxInstantConnectionAdv=null} (with EndpointId 1IG5 and EndpointInfo [ 0x16 0xb3 0x77 0x0a 0x00 0x8f 0xf1 0x4c 0xc1 0x25 0xce 0xb3 0xa8 0x70 0xc6 0x60 0x38 ]).
11-14 11:10:31.361 14339 4506 I NearbyConnections: ClientProxy(229990993) reporting onEndpointLost(1IG5)
11-14 11:10:31.361 14339 4506 I NearbyConnections: Processing lost BlePeripheral BlePeripheral{advertisement=BleAdvertisement { version=2, socketVersion=2, isFast=true, serviceIdHash=null, data=[ 0x23 0x34 0x58 0x46 0x43 0x11 0x32 0x12 0xce 0xf5 0x92 0x08 0x18 0x78 0x13 0x9e 0x07 0xf2 0xca 0x53 0x25 0x93 0x9a ], deviceToken=[ 0x27 0x94 ], rxAdvertisement=null }, address=null, psm=0, deviceToken=, isSecondProfile=false, rxInstantConnectionAdv=null}.
11-14 11:10:31.362 14339 4506 I NearbyConnections: Lost BleEndpoint for BlePeripheral BlePeripheral{advertisement=BleAdvertisement { version=2, socketVersion=2, isFast=true, serviceIdHash=null, data=[ 0x23 0x34 0x58 0x46 0x43 0x11 0x32 0x12 0xce 0xf5 0x92 0x08 0x18 0x78 0x13 0x9e 0x07 0xf2 0xca 0x53 0x25 0x93 0x9a ], deviceToken=[ 0x27 0x94 ], rxAdvertisement=null }, address=null, psm=0, deviceToken=, isSecondProfile=false, rxInstantConnectionAdv=null} (with EndpointId 4XFC and EndpointInfo [ 0x32 0x12 0xce 0xf5 0x92 0x08 0x18 0x78 0x13 0x9e 0x07 0xf2 0xca 0x53 0x25 0x93 0x9a ]).
11-14 11:10:31.362 14339 4506 I NearbyConnections: ClientProxy(229990993) reporting onEndpointLost(4XFC)
11-14 11:10:31.362 14339 4506 I NearbyConnections: Processing lost BlePeripheral BlePeripheral{advertisement=BleAdvertisement { version=2, socketVersion=2, isFast=true, serviceIdHash=null, data=[ 0x23 0x57 0x52 0x4c 0x4d 0x11 0x32 0xd7 0x25 0x18 0xad 0x25 0xc2 0x9b 0xec 0xb8 0x99 0x1e 0x19 0xd0 0x09 0x6d 0xcb ], deviceToken=[ 0xb7 0xbe ], rxAdvertisement=null }, address=null, psm=0, deviceToken=, isSecondProfile=false, rxInstantConnectionAdv=null}.
11-14 11:10:31.362 14339 4506 I NearbyConnections: Lost BleEndpoint for BlePeripheral BlePeripheral{advertisement=BleAdvertisement { version=2, socketVersion=2, isFast=true, serviceIdHash=null, data=[ 0x23 0x57 0x52 0x4c 0x4d 0x11 0x32 0xd7 0x25 0x18 0xad 0x25 0xc2 0x9b 0xec 0xb8 0x99 0x1e 0x19 0xd0 0x09 0x6d 0xcb ], deviceToken=[ 0xb7 0xbe ], rxAdvertisement=null }, address=null, psm=0, deviceToken=, isSecondProfile=false, rxInstantConnectionAdv=null} (with EndpointId WRLM and EndpointInfo [ 0x32 0xd7 0x25 0x18 0xad 0x25 0xc2 0x9b 0xec 0xb8 0x99 0x1e 0x19 0xd0 0x09 0x6d 0xcb ]).
11-14 11:10:31.362 14339 4506 I NearbyConnections: ClientProxy(229990993) reporting onEndpointLost(WRLM)
11-14 11:10:31.363 14339 4511 I NearbySharing: Endpoint 1IG5 lost over Nearby Connections
11-14 11:10:31.364 14339 4506 I NearbySharing: Ignoring lost endpoint 1IG5 because we don't have an associated ShareTarget
11-14 11:10:31.365 14339 4511 I NearbySharing: Endpoint 4XFC lost over Nearby Connections
11-14 11:10:31.365 14339 4511 I NearbySharing: Endpoint WRLM lost over Nearby Connections
11-14 11:10:31.365 14339 4506 I NearbySharing: Ignoring lost endpoint 4XFC because we don't have an associated ShareTarget
11-14 11:10:31.366 14339 4506 I NearbySharing: Ignoring lost endpoint WRLM because we don't have an associated ShareTarget
11-14 11:10:31.411 1163 1163 I WifiHAL : Creating message to get link statistics; iface = 47
11-14 11:10:31.479 1163 1163 I WifiHAL : In GetLinkStatsCommand::handleResponse
11-14 11:10:31.529 1740 2058 D ConnectivityService: NetReassign [no changes] [c 1] [a 0] [i 12]
11-14 11:10:34.521 1163 1163 I WifiHAL : Creating message to get link statistics; iface = 47
11-14 11:10:34.572 1163 1163 I WifiHAL : In GetLinkStatsCommand::handleResponse
11-14 11:10:34.620 1740 2058 D ConnectivityService: NetReassign [no changes] [c 1] [a 1] [i 11]
11-14 11:10:35.783 14339 4511 I NearbyConnections: Found BleAdvertisement [ 0x23 0x57 0x52 0x4c 0x4d 0x11 0x32 0xd7 0x25 0x18 0xad 0x25 0xc2 0x9b 0xec 0xb8 0x99 0x1e 0x19 0xd0 0x09 0x6d 0xcb ] (with EndpointId WRLM and EndpointInfo [ 0x32 0xd7 0x25 0x18 0xad 0x25 0xc2 0x9b 0xec 0xb8 0x99 0x1e 0x19 0xd0 0x09 0x6d 0xcb ])
11-14 11:10:35.784 14339 4511 I NearbyConnections: ClientProxy(229990993) reporting onEndpointFound(WRLM)
11-14 11:10:35.785 14339 4511 I NearbyConnections: ClientProxy(229990993) reporting onEndpointDistanceChanged(WRLM, UNKNOWN)
11-14 11:10:35.785 14339 4511 I NearbyConnections: No Bluetooth Classic MAC address found in [ 0x23 0x57 0x52 0x4c 0x4d 0x11 0x32 0xd7 0x25 0x18 0xad 0x25 0xc2 0x9b 0xec 0xb8 0x99 0x1e 0x19 0xd0 0x09 0x6d 0xcb ]
11-14 11:10:35.787 14339 4506 I NearbySharing: Endpoint WRLM discovered over Nearby Connections
11-14 11:10:35.790 14339 4511 I NearbySharing: Failed to convert given advertisement (WRLM)[ 0x32 0xd7 0x25 0x18 0xad 0x25 0xc2 0x9b 0xec 0xb8 0x99 0x1e 0x19 0xd0 0x09 0x6d 0xcb ] to share target from discovered advertisement. Ignoring.
11-14 11:10:35.791 14339 4511 I NearbySharing: Report endpoint WRLM as lost, since we cannot recognize this endpoint anymore
11-14 11:10:35.791 14339 4511 I NearbySharing: Ignoring lost endpoint WRLM because we don't have an associated ShareTarget
11-14 11:10:37.615 1163 1163 I WifiHAL : Creating message to get link statistics; iface = 47
11-14 11:10:37.670 1163 1163 I WifiHAL : In GetLinkStatsCommand::handleResponse
11-14 11:10:37.723 1740 2058 D ConnectivityService: NetReassign [no changes] [c 1] [a 1] [i 9]
11-14 11:10:39.090 4285 5039 I .sharelinkpro1k: Explicit concurrent mark compact GC freed 1836KB AllocSpace bytes, 162(15MB) LOS objects, 75% free, 12MB/51MB, paused 200us,1.071ms total 25.225ms
11-14 11:10:39.162 725 725 W powerhal-libperfmgr: The actual duration is way far from the target (524258057 >> 11620000)
11-14 11:10:39.163 4285 4285 I Choreographer: Skipped 30 frames! The application may be doing too much work on its main thread.
11-14 11:10:39.360 14339 4506 I NearbyConnections: Found BleAdvertisement [ 0x23 0x34 0x58 0x46 0x43 0x11 0x32 0x12 0xce 0xf5 0x92 0x08 0x18 0x78 0x13 0x9e 0x07 0xf2 0xca 0x53 0x25 0x93 0x9a ] (with EndpointId 4XFC and EndpointInfo [ 0x32 0x12 0xce 0xf5 0x92 0x08 0x18 0x78 0x13 0x9e 0x07 0xf2 0xca 0x53 0x25 0x93 0x9a ])
11-14 11:10:39.361 14339 4506 I NearbyConnections: ClientProxy(229990993) reporting onEndpointFound(4XFC)
11-14 11:10:39.361 14339 4506 I NearbyConnections: ClientProxy(229990993) reporting onEndpointDistanceChanged(4XFC, UNKNOWN)
11-14 11:10:39.361 14339 4506 I NearbyConnections: No Bluetooth Classic MAC address found in [ 0x23 0x34 0x58 0x46 0x43 0x11 0x32 0x12 0xce 0xf5 0x92 0x08 0x18 0x78 0x13 0x9e 0x07 0xf2 0xca 0x53 0x25 0x93 0x9a ]
11-14 11:10:39.363 14339 4511 I NearbySharing: Endpoint 4XFC discovered over Nearby Connections
11-14 11:10:39.364 14339 4506 I NearbySharing: Failed to convert given advertisement (4XFC)[ 0x32 0x12 0xce 0xf5 0x92 0x08 0x18 0x78 0x13 0x9e 0x07 0xf2 0xca 0x53 0x25 0x93 0x9a ] to share target from discovered advertisement. Ignoring.
11-14 11:10:39.365 14339 4506 I NearbySharing: Report endpoint 4XFC as lost, since we cannot recognize this endpoint anymore
11-14 11:10:39.365 14339 4506 I NearbySharing: Ignoring lost endpoint 4XFC because we don't have an associated ShareTarget
11-14 11:10:39.407 4285 4338 I .sharelinkpro1k: Explicit concurrent mark compact GC freed 444KB AllocSpace bytes, 41(820KB) LOS objects, 75% free, 12MB/49MB, paused 149us,825us total 21.569ms
11-14 11:10:39.627 1972 1983 I native : I0000 00:00:1731611439.627404 1983 tf_lite_classifier.cc:383] Event stream classified as kNone
11-14 11:10:40.667 1972 1983 I native : I0000 00:00:1731611440.666999 1983 tf_lite_classifier.cc:383] Event stream classified as kNone
11-14 11:10:40.709 1163 1163 I WifiHAL : Creating message to get link statistics; iface = 47
11-14 11:10:40.755 1163 1163 I WifiHAL : In GetLinkStatsCommand::handleResponse
11-14 11:10:40.784 1740 2058 D ConnectivityService: NetReassign [no changes] [c 1] [a 0] [i 2]
11-14 11:10:41.243 1740 3301 I ActivityTaskManager: START u0 {cmp=com.extron.sharelinkpro1k/crc64ba438d8f48cf7e75.IntermediateActivity (has extras)} from uid 10542
11-14 11:10:41.252 1740 3304 W ActivityTaskManager: Tried to set launchTime (0) < mLastActivityLaunchTime (1444603365)
11-14 11:10:41.254 1740 3301 W AutofillManagerServiceImpl: getFillEventHistory() called by UID 10133, but service UID is 10139
11-14 11:10:41.257 1740 3304 I ActivityTaskManager: START u0 {act=android.intent.action.CHOOSER cmp=android/com.android.internal.app.ChooserActivity (has extras)} from uid 10542
11-14 11:10:41.274 1740 10527 D CoreBackPreview: Window{3287657 u0 com.extron.sharelinkpro1k/crc64ba438d8f48cf7e75.IntermediateActivity}: Setting back callback OnBackInvokedCallbackInfo{mCallback=android.window.IOnBackInvokedCallback$Stub$Proxy@7b2f62d, mPriority=0}
11-14 11:10:41.276 1740 3304 W ActivityTaskManager: Tried to set launchTime (0) < mLastActivityLaunchTime (1444603389)
11-14 11:10:41.278 1740 10527 W AutofillManagerServiceImpl: getFillEventHistory() called by UID 10133, but service UID is 10139
11-14 11:10:41.283 3225 3225 I AiAiEcho: AppPredictionInputConnectorImpl#createPredictionSession
11-14 11:10:41.283 3225 3225 I AiAiEcho: SharesheetManagerImpl#onCreatePredictionSession finished.
11-14 11:10:41.284 3225 3821 I AiAiEcho: (REDACTED) shortcutManager#getShareTargets finished with %s shortcuts.
11-14 11:10:41.285 4530 4530 W ContextImpl: Failed to ensure /data/system/shared_prefs: mkdir failed: EACCES (Permission denied)
11-14 11:10:41.288 4530 4530 I ResolverListAdapter: Add DisplayResolveInfo component: ComponentInfo{com.google.android.documentsui/com.android.documentsui.picker.PickActivity}, intent component: ComponentInfo{com.google.android.documentsui/com.android.documentsui.picker.PickActivity}
11-14 11:10:41.289 1740 3304 I ActivityTaskManager: START u0 {act=android.intent.action.OPEN_DOCUMENT typ=*/* flg=0x3000000 cmp=com.google.android.documentsui/com.android.documentsui.picker.PickActivity (has extras)} from uid 10542
11-14 11:10:41.293 4530 4530 D ChooserActivity: System Time Cost is 13
11-14 11:10:41.296 1740 10527 W ActivityTaskManager: Tried to set launchTime (0) < mLastActivityLaunchTime (1444603409)
11-14 11:10:41.301 1740 3301 W AutofillManagerServiceImpl: getFillEventHistory() called by UID 10133, but service UID is 10139
11-14 11:10:41.334 4560 4560 E oid.documentsui: No package ID ff found for ID 0xffffffff.
11-14 11:10:41.336 4560 4560 W SelectionTracker: Setting gestureTooltypes is likely to result in unexpected behavior.
11-14 11:10:41.338 4560 4560 E oid.documentsui: No package ID ff found for ID 0xffffffff.
11-14 11:10:41.342 1740 10527 D CoreBackPreview: Window{30d76e0 u0 com.google.android.documentsui/com.android.documentsui.picker.PickActivity}: Setting back callback OnBackInvokedCallbackInfo{mCallback=android.window.IOnBackInvokedCallback$Stub$Proxy@7a4985e, mPriority=0}
11-14 11:10:41.343 4560 4560 E oid.documentsui: No package ID ff found for ID 0xffffffff.
11-14 11:10:41.360 14339 4506 I NearbyMediums: Found Fast Ble Advertisements :
11-14 11:10:41.360 14339 4506 I NearbyMediums: BleAdvertisement { version=2, socketVersion=2, isFast=true, serviceIdHash=null, data=[ 0x23 0x56 0x46 0x53 0x5a 0x11 0x32 0x5c 0xec 0x05 0xee 0x3f 0x22 0x6f 0x3d 0xea 0x63 0x99 0xa4 0xee 0x6a 0x9d 0xcf ], deviceToken=[ 0xd9 0x7f ], rxAdvertisement=null } : 8 times.
11-14 11:10:41.360 14339 4506 I NearbyMediums: BleAdvertisement { version=2, socketVersion=2, isFast=true, serviceIdHash=null, data=[ 0x23 0x49 0x57 0x47 0x34 0x11 0x32 0x60 0xa5 0xa7 0xab 0xc8 0x31 0xa3 0x08 0x22 0xd3 0xd6 0xdb 0xe1 0x85 0x4a 0xc9 ], deviceToken=[ 0x70 0xc1 ], rxAdvertisement=null } : 4 times.
11-14 11:10:41.360 14339 4506 I NearbyMediums: BleAdvertisement { version=2, socketVersion=2, isFast=true, serviceIdHash=null, data=[ 0x23 0x34 0x58 0x46 0x43 0x11 0x32 0x12 0xce 0xf5 0x92 0x08 0x18 0x78 0x13 0x9e 0x07 0xf2 0xca 0x53 0x25 0x93 0x9a ], deviceToken=[ 0x27 0x94 ], rxAdvertisement=null } : 1 times.
11-14 11:10:41.360 14339 4506 I NearbyMediums: BleAdvertisement { version=2, socketVersion=2, isFast=true, serviceIdHash=null, data=[ 0x23 0x42 0x53 0x36 0x59 0x11 0x34 0xff 0x1e 0x52 0x02 0x1a 0x65 0xc5 0xe8 0x10 0x1d 0xe4 0xd9 0xeb 0x6a 0x2e 0x24 ], deviceToken=[ 0x18 0x70 ], rxAdvertisement=null } : 3 times.
11-14 11:10:41.360 14339 4506 I NearbyMediums: BleAdvertisement { version=2, socketVersion=2, isFast=true, serviceIdHash=null, data=[ 0x23 0x57 0x52 0x4c 0x4d 0x11 0x32 0xd7 0x25 0x18 0xad 0x25 0xc2 0x9b 0xec 0xb8 0x99 0x1e 0x19 0xd0 0x09 0x6d 0xcb ], deviceToken=[ 0xb7 0xbe ], rxAdvertisement=null } : 1 times.
11-14 11:10:41.360 14339 4506 I NearbyMediums: Total 17 fast advertisements from 5 unique advertisers.
11-14 11:10:41.363 4589 5075 W SyncManagerImpl: Initiating sync for AccountId_40a47788 (com.google.android.apps.docs)
11-14 11:10:41.364 4589 5075 W SyncManagerImpl: Initiating sync for AccountId_40a47788 (com.google.android.apps.docs)
11-14 11:10:41.367 1740 10527 I WifiService: acquireWifiLock uid=10161 lockMode=1 packageName=com.google.android.apps.docs
11-14 11:10:41.368 4589 5075 W SyncManagerImpl: Started sync for AccountId_40a47788
11-14 11:10:41.368 4589 5075 W SyncManagerImpl: Started sync for AccountId_40a47788
11-14 11:10:41.371 4560 4560 E oid.documentsui: No package ID ff found for ID 0xffffffff.
11-14 11:10:41.373 1740 1834 I ActivityTaskManager: Displayed com.google.android.documentsui/com.android.documentsui.picker.PickActivity: +130ms
11-14 11:10:41.374 4589 4650 E Cello : [4650:NonCelloThread] item_query_handler.cc:78:CheckQueryAgainstInternalItemLocalProperty Querying on internal item local property key: pinned
11-14 11:10:41.379 1740 2108 W JobInfo : Requested flex +57m36s0ms for job 100072 is too small; raising to +5h31m57s50ms
11-14 11:10:41.381 4560 4560 E oid.documentsui: No package ID ff found for ID 0xffffffff.
11-14 11:10:41.383 4589 4681 E Cello : [4681:NonCelloThread] item_query_handler.cc:78:CheckQueryAgainstInternalItemLocalProperty Querying on internal item local property key: pinned
11-14 11:10:41.388 1740 2108 W JobInfo : Requested flex +57m36s0ms for job 100348 is too small; raising to +5h22m28s450ms
11-14 11:10:41.389 4589 4672 E Cello : [4672:NonCelloThread] item_query_handler.cc:78:CheckQueryAgainstInternalItemLocalProperty Querying on internal item local property key: pinned
11-14 11:10:41.395 1740 2108 W JobInfo : Requested flex +57m36s0ms for job 100242 is too small; raising to +5h55m35s250ms
11-14 11:10:41.414 4560 4560 D DefaultSelectionTracker: Ignoring onDataSetChange. No active selection.
11-14 11:10:41.462 4589 4690 D TrafficStats: tagSocket(5) with statsTag=0xffffffff, statsUid=-1
11-14 11:10:41.462 4589 4841 D TrafficStats: tagSocket(80) with statsTag=0xffffffff, statsUid=-1
11-14 11:10:41.469 2865 2865 I GoogleInputMethodService: GoogleInputMethodService.onFinishInput():3086
11-14 11:10:41.471 2865 2865 I GoogleInputMethodService: GoogleInputMethodService.updateDeviceLockedStatus():2155 repeatCheckTimes = 0, locked = false
11-14 11:10:41.471 2865 2865 I GoogleInputMethodService: GoogleInputMethodService.onStartInput():1899 onStartInput(EditorInfo{EditorInfo{packageName=com.google.android.documentsui, inputType=0, inputTypeString=NULL, enableLearning=false, autoCorrection=false, autoComplete=false, imeOptions=0, privateImeOptions=null, actionName=UNSPECIFIED, actionLabel=null, initialSelStart=-1, initialSelEnd=-1, initialCapsMode=0, label=null, fieldId=-1, fieldName=null, extras=null, hintText=null, hintLocales=[]}}, false)
11-14 11:10:41.472 2865 2865 I GoogleInputMethodService: GoogleInputMethodService.updateDeviceLockedStatus():2155 repeatCheckTimes = 1, locked = false
11-14 11:10:41.473 2865 2865 I AndroidIME: InputBundleManager.loadActiveInputBundleId():450 loadActiveInputBundleId: und-Latn-x-password, password
11-14 11:10:41.782 1740 1740 W AccessibilityManagerService: wait for adding window timeout: 431
11-14 11:10:41.872 1740 3301 W PresentationStatsEventLogger: Shouldn't be logging AutofillPresentationEventReported again for same event
11-14 11:10:42.469 4589 5075 W SyncManagerImpl: Sync for AccountId_40a47788 took 1076 ms
11-14 11:10:42.469 4589 5075 W SyncManagerImpl: Sync for AccountId_40a47788 took 1076 ms
11-14 11:10:42.477 4560 4699 W DocumentsContract: Failed to load thumbnail for content://com.google.android.apps.docs.storage/document/acc%3D12%3Bdoc%3Dencoded%3DAXVpAvfFKxyaMJ0DeafmQgcoQLM81oPHCZlcEw_J3R_wVvyjPhmxbWbwJJ64p-Oe-FI%3D: java.io.IOException: java.lang.NullPointerException: Attempt to invoke virtual method 'android.os.Bundle android.content.res.AssetFileDescriptor.getExtras()' on a null object reference
11-14 11:10:42.478 1740 3301 I WifiService: releaseWifiLock uid=10161
11-14 11:10:42.480 4589 5075 W SyncManagerImpl: Sync completed for AccountId_40a47788 (com.google.android.apps.docs)
11-14 11:10:42.480 4589 5075 W SyncManagerImpl: Sync completed for AccountId_40a47788 (com.google.android.apps.docs)
11-14 11:10:42.558 4560 4560 D DefaultSelectionTracker: Ignoring onDataSetChange. No active selection.
11-14 11:10:42.589 4589 4803 D TrafficStats: tagSocket(80) with statsTag=0xffffffff, statsUid=-1
11-14 11:10:42.677 1972 1983 I native : I0000 00:00:1731611442.677731 1983 tf_lite_classifier.cc:383] Event stream classified as kNone
11-14 11:10:42.680 4560 4699 W DocumentsContract: Failed to load thumbnail for content://com.google.android.apps.docs.storage/document/acc%3D12%3Bdoc%3Dencoded%3DAXVpAvfFKxyaMJ0DeafmQgcoQLM81oPHCZlcEw_J3R_wVvyjPhmxbWbwJJ64p-Oe-FI%3D: java.io.IOException: java.lang.NullPointerException: Attempt to invoke virtual method 'android.os.Bundle android.content.res.AssetFileDescriptor.getExtras()' on a null object reference
11-14 11:10:42.725 1740 2255 W AutofillManagerServiceImpl: getFillEventHistory() called by UID 10133, but service UID is 10139
11-14 11:10:42.776 1740 1781 I system_server: Background concurrent mark compact GC freed 85MB AllocSpace bytes, 26(720KB) LOS objects, 59% free, 64MB/160MB, paused 1.099ms,3.387ms total 304.352ms
11-14 11:10:42.810 1740 1783 W System : A resource failed to call HardwareBuffer.close.
11-14 11:10:42.811 1740 1783 W System : A resource failed to call release.
11-14 11:10:42.823 1740 1783 W System : A resource failed to call release.
11-14 11:10:42.823 1740 1783 W System : A resource failed to call release.
11-14 11:10:42.825 1740 1783 W System : A resource failed to call release.
11-14 11:10:42.831 1740 1783 W System : A resource failed to call HardwareBuffer.close.
11-14 11:10:42.831 1740 1783 W System : A resource failed to call HardwareBuffer.close.
11-14 11:10:42.841 1740 1783 W System : A resource failed to call HardwareBuffer.close.
11-14 11:10:42.841 1740 1783 W System : A resource failed to call HardwareBuffer.close.
11-14 11:10:42.842 1740 1783 W System : A resource failed to call HardwareBuffer.close.
11-14 11:10:42.842 1740 1783 W System : A resource failed to call HardwareBuffer.close.
11-14 11:10:42.843 1740 1783 W System : A resource failed to call HardwareBuffer.close.
11-14 11:10:42.843 1740 1783 W System : A resource failed to call HardwareBuffer.close.
11-14 11:10:42.844 1740 1783 W System : A resource failed to call HardwareBuffer.close.
11-14 11:10:42.845 1740 1783 W System : A resource failed to call HardwareBuffer.close.
11-14 11:10:42.845 1740 1783 W System : A resource failed to call HardwareBuffer.close.
11-14 11:10:42.845 1740 1783 W System : A resource failed to call HardwareBuffer.close.
11-14 11:10:42.846 1740 1783 W System : A resource failed to call HardwareBuffer.close.
11-14 11:10:42.846 1740 1783 W System : A resource failed to call HardwareBuffer.close.
11-14 11:10:42.847 1740 1783 W System : A resource failed to call HardwareBuffer.close.
11-14 11:10:42.847 1740 1783 W System : A resource failed to call HardwareBuffer.close.
11-14 11:10:42.847 1740 1783 W System : A resource failed to call HardwareBuffer.close.
11-14 11:10:42.848 1740 1783 W System : A resource failed to call HardwareBuffer.close.
11-14 11:10:42.849 1740 1783 W System : A resource failed to call HardwareBuffer.close.
11-14 11:10:42.849 1740 1783 W System : A resource failed to call HardwareBuffer.close.
11-14 11:10:42.850 1740 1783 W System : A resource failed to call HardwareBuffer.close.
11-14 11:10:42.850 1740 1783 W System : A resource failed to call HardwareBuffer.close.
11-14 11:10:42.850 1740 1783 W System : A resource failed to call HardwareBuffer.close.
11-14 11:10:42.850 1740 1783 W System : A resource failed to call HardwareBuffer.close.
11-14 11:10:42.851 1740 1783 W System : A resource failed to call release.
11-14 11:10:42.852 1740 1783 W System : A resource failed to call release.
11-14 11:10:42.853 1740 1783 W System : A resource failed to call release.
11-14 11:10:42.854 1740 1783 W System : A resource failed to call release.
11-14 11:10:42.855 1740 1783 W System : A resource failed to call release.
11-14 11:10:42.856 1740 1783 W System : A resource failed to call release.
11-14 11:10:42.857 1740 1783 W System : A resource failed to call release.
11-14 11:10:42.858 1740 1783 W System : A resource failed to call release.
11-14 11:10:42.859 1740 1783 W System : A resource failed to call release.
11-14 11:10:42.860 1740 1783 W System : A resource failed to call release.
11-14 11:10:42.861 1740 1783 W System : A resource failed to call release.
11-14 11:10:42.862 1740 1783 W System : A resource failed to call release.
11-14 11:10:42.863 1740 1783 W System : A resource failed to call release.
11-14 11:10:42.864 1740 1783 W System : A resource failed to call release.
11-14 11:10:42.865 1740 1783 W System : A resource failed to call release.
11-14 11:10:42.865 1740 1783 W System : A resource failed to call release.
11-14 11:10:42.867 1740 1783 W System : A resource failed to call HardwareBuffer.close.
11-14 11:10:42.867 1740 1783 W System : A resource failed to call HardwareBuffer.close.
11-14 11:10:43.097 1740 2255 W AutofillManagerServiceImpl: getFillEventHistory() called by UID 10133, but service UID is 10139
11-14 11:10:43.203 1328 1372 D RILClient: [OemClient]IND: (clientId = 0, msgId = 2015, dataLength = 148, channel = 0)
11-14 11:10:43.203 1170 2019 D RILClient: [OemClient]IND: (clientId = 2, msgId = 2015, dataLength = 148, channel = 0)
11-14 11:10:43.532 4285 4285 I .sharelinkpro1k: Explicit concurrent mark compact GC freed 1389KB AllocSpace bytes, 75(6316KB) LOS objects, 75% free, 12MB/50MB, paused 162us,923us total 23.299ms
11-14 11:10:43.555 4285 4292 W System : A resource failed to call AbstractCursor.close.
11-14 11:10:43.555 4285 4292 W System : A resource failed to call CursorWrapperInner.close.
11-14 11:10:43.555 4285 4292 W System : A resource failed to call AbstractCursor.close.
11-14 11:10:43.556 4285 4292 W System : A resource failed to call CursorWrapperInner.close.
11-14 11:10:43.584 1740 1740 W AccessibilityManagerService: wait for adding window timeout: 431
11-14 11:10:43.610 4285 4285 I Choreographer: Skipped 30 frames! The application may be doing too much work on its main thread.
11-14 11:10:43.649 4285 4285 W MaterialButton: MaterialButton manages its own background to control elevation, shape, color and states. Consider using backgroundTint, shapeAppearance and other attributes where available. A custom background will ignore these attributes and you should consider handling interaction states such as pressed, focused and disabled
11-14 11:10:43.650 4285 4285 W MaterialButton: MaterialButton manages its own background to control elevation, shape, color and states. Consider using backgroundTint, shapeAppearance and other attributes where available. A custom background will ignore these attributes and you should consider handling interaction states such as pressed, focused and disabled
11-14 11:10:43.768 2865 2865 I GoogleInputMethodService: GoogleInputMethodService.onFinishInput():3086
11-14 11:10:43.769 2865 2865 I GoogleInputMethodService: GoogleInputMethodService.updateDeviceLockedStatus():2155 repeatCheckTimes = 0, locked = false
11-14 11:10:43.770 2865 2865 I GoogleInputMethodService: GoogleInputMethodService.onStartInput():1899 onStartInput(EditorInfo{EditorInfo{packageName=com.extron.sharelinkpro1k, inputType=0, inputTypeString=NULL, enableLearning=false, autoCorrection=false, autoComplete=false, imeOptions=0, privateImeOptions=null, actionName=UNSPECIFIED, actionLabel=null, initialSelStart=-1, initialSelEnd=-1, initialCapsMode=0, label=null, fieldId=-1, fieldName=null, extras=null, hintText=null, hintLocales=[]}}, false)
11-14 11:10:43.771 2865 2865 I GoogleInputMethodService: GoogleInputMethodService.updateDeviceLockedStatus():2155 repeatCheckTimes = 1, locked = false
11-14 11:10:43.771 2865 2865 I AndroidIME: InputBundleManager.loadActiveInputBundleId():450 loadActiveInputBundleId: und-Latn-x-password, password
11-14 11:10:43.781 1163 1163 I WifiHAL : Creating message to get link statistics; iface = 47
11-14 11:10:43.793 1740 10527 D CoreBackPreview: Window{3287657 u0 com.extron.sharelinkpro1k/crc64ba438d8f48cf7e75.IntermediateActivity}: Setting back callback null
11-14 11:10:43.804 1740 2255 W InputManager-JNI: Input channel object '3287657 com.extron.sharelinkpro1k/crc64ba438d8f48cf7e75.IntermediateActivity (client)' was disposed without first being removed with the input manager!
11-14 11:10:43.826 1163 1163 I WifiHAL : In GetLinkStatsCommand::handleResponse
11-14 11:10:43.859 1740 2058 D ConnectivityService: NetReassign [no changes] [c 1] [a 0] [i 2]
11-14 11:10:44.117 2865 3640 I PhenotypeProcessReaper: Memory state is: 200
11-14 11:10:44.164 1740 2255 D CoreBackPreview: Window{30d76e0 u0 com.google.android.documentsui/com.android.documentsui.picker.PickActivity}: Setting back callback null
11-14 11:10:44.166 1740 2255 W InputManager-JNI: Input channel object '30d76e0 com.google.android.documentsui/com.android.documentsui.picker.PickActivity (client)' was disposed without first being removed with the input manager!
11-14 11:10:44.804 1972 1983 I native : I0000 00:00:1731611444.804495 1983 tf_lite_classifier.cc:383] Event stream classified as kNone
11-14 11:10:45.024 4285 4285 W MaterialButton: MaterialButton manages its own background to control elevation, shape, color and states. Consider using backgroundTint, shapeAppearance and other attributes where available. A custom background will ignore these attributes and you should consider handling interaction states such as pressed, focused and disabled
11-14 11:10:46.211 4285 4338 I .sharelinkpro1k: Explicit concurrent mark compact GC freed 20MB AllocSpace bytes, 58(3176KB) LOS objects, 75% free, 12MB/51MB, paused 191us,960us total 29.718ms
11-14 11:10:46.768 4285 4285 I .sharelinkpro1k: Explicit concurrent mark compact GC freed 704KB AllocSpace bytes, 6(120KB) LOS objects, 75% free, 12MB/50MB, paused 155us,894us total 21.838ms
11-14 11:10:46.854 1163 1163 I WifiHAL : Creating message to get link statistics; iface = 47
11-14 11:10:46.867 4285 5119 D TrafficStats: tagSocket(81) with statsTag=0xffffffff, statsUid=-1
11-14 11:10:46.868 4285 5120 D TrafficStats: tagSocket(83) with statsTag=0xffffffff, statsUid=-1
11-14 11:10:46.869 4285 5121 D TrafficStats: tagSocket(87) with statsTag=0xffffffff, statsUid=-1
11-14 11:10:46.907 1163 1163 I WifiHAL : In GetLinkStatsCommand::handleResponse
11-14 11:10:46.935 1740 2058 D ConnectivityService: NetReassign [no changes] [c 0] [a 0] [i 2]
11-14 11:10:47.264 4285 4285 I .sharelinkpro1k: Explicit concurrent mark compact GC freed 1125KB AllocSpace bytes, 3(60KB) LOS objects, 75% free, 12MB/51MB, paused 180us,886us total 21.713ms
11-14 11:10:47.726 4285 4285 I .sharelinkpro1k: Explicit concurrent mark compact GC freed 740KB AllocSpace bytes, 26(520KB) LOS objects, 75% free, 12MB/51MB, paused 171us,889us total 21.516ms
11-14 11:10:47.796 4285 4285 I Choreographer: Skipped 125 frames! The application may be doing too much work on its main thread.
11-14 11:10:47.811 4285 4295 I OpenGLRenderer: Davey! duration=2111ms; Flags=0, FrameTimelineVsyncId=164017285, IntendedVsync=1444810745267429, Vsync=1444812833253554, InputEventId=0, HandleInputStart=1444812847906031, AnimationStart=1444812847906682, PerformTraversalsStart=1444812849796452, DrawStart=1444812851390325, FrameDeadline=1444810761867429, FrameInterval=1444812847863917, FrameStartTime=16703889, SyncQueued=1444812852137436, SyncStart=1444812852180079, IssueDrawCommandsStart=1444812852381495, SwapBuffers=1444812856439112, FrameCompleted=1444812856851588, DequeueBufferDuration=10458, QueueBufferDuration=294921, GpuCompleted=1444812856623397, SwapBuffersCompleted=1444812856851588, DisplayPresentTime=1444785898515433, CommandSubmissionCompleted=1444812856439112,
11-14 11:10:48.214 4285 4285 I .sharelinkpro1k: Explicit concurrent mark compact GC freed 844KB AllocSpace bytes, 0(0B) LOS objects, 75% free, 12MB/51MB, paused 174us,929us total 21.796ms
11-14 11:10:48.691 4285 4285 I .sharelinkpro1k: Explicit concurrent mark compact GC freed 880KB AllocSpace bytes, 45(5604KB) LOS objects, 75% free, 12MB/51MB, paused 214us,944us total 22.903ms
11-14 11:10:49.199 4285 4285 I .sharelinkpro1k: Explicit concurrent mark compact GC freed 560KB AllocSpace bytes, 5(660KB) LOS objects, 75% free, 12MB/51MB, paused 170us,1.002ms total 21.622ms
11-14 11:10:49.658 4589 4605 W System : A resource failed to call AbstractCursor.close.
11-14 11:10:49.659 4589 4605 W ReferenceCounter: Reference is not closed, created at:
11-14 11:10:49.659 4589 4605 W ReferenceCounter: java.lang.Exception
11-14 11:10:49.659 4589 4605 W ReferenceCounter: at nju.(PG:3)
11-14 11:10:49.659 4589 4605 W ReferenceCounter: at hcf.G(PG:332)
11-14 11:10:49.659 4589 4605 W ReferenceCounter: at hau.i(PG:165)
11-14 11:10:49.659 4589 4605 W ReferenceCounter: at com.google.android.apps.docs.common.storagebackend.StorageBackendContentProvider.refresh(PG:124)
11-14 11:10:49.659 4589 4605 W ReferenceCounter: at android.content.ContentProvider$Transport.refresh(ContentProvider.java:661)
11-14 11:10:49.659 4589 4605 W ReferenceCounter: at android.content.ContentProviderNative.onTransact(ContentProviderNative.java:404)
11-14 11:10:49.659 4589 4605 W ReferenceCounter: at android.os.Binder.execTransactInternal(Binder.java:1280)
11-14 11:10:49.659 4589 4605 W ReferenceCounter: at android.os.Binder.execTransact(Binder.java:1244)
11-14 11:10:49.659 4589 4605 W ReferenceCounter: Reference is not closed, created at:
11-14 11:10:49.659 4589 4605 W ReferenceCounter: java.lang.Exception
11-14 11:10:49.659 4589 4605 W ReferenceCounter: at nju.(PG:3)
11-14 11:10:49.659 4589 4605 W ReferenceCounter: at hcf.G(PG:332)
11-14 11:10:49.659 4589 4605 W ReferenceCounter: at hau.i(PG:165)
11-14 11:10:49.659 4589 4605 W ReferenceCounter: at com.google.android.apps.docs.common.storagebackend.StorageBackendContentProvider.refresh(PG:124)
11-14 11:10:49.659 4589 4605 W ReferenceCounter: at android.content.ContentProvider$Transport.refresh(ContentProvider.java:661)
11-14 11:10:49.659 4589 4605 W ReferenceCounter: at android.content.ContentProviderNative.onTransact(ContentProviderNative.java:404)
11-14 11:10:49.659 4589 4605 W ReferenceCounter: at android.os.Binder.execTransactInternal(Binder.java:1280)
11-14 11:10:49.659 4589 4605 W ReferenceCounter: at android.os.Binder.execTransact(Binder.java:1244)
11-14 11:10:49.660 4589 4605 W System : A resource failed to call AbstractCursor.close.
11-14 11:10:49.707 4285 4285 I .sharelinkpro1k: Explicit concurrent mark compact GC freed 552KB AllocSpace bytes, 0(0B) LOS objects, 75% free, 12MB/51MB, paused 172us,883us total 22.501ms
11-14 11:10:49.933 1163 1163 I WifiHAL : Creating message to get link statistics; iface = 47
11-14 11:10:50.034 1163 1163 I WifiHAL : In GetLinkStatsCommand::handleResponse
11-14 11:10:50.065 1740 2058 D ConnectivityService: NetReassign [no changes] [c 0] [a 1] [i 2]
11-14 11:10:50.218 4285 4285 I .sharelinkpro1k: Explicit concurrent mark compact GC freed 320KB AllocSpace bytes, 0(0B) LOS objects, 75% free, 12MB/51MB, paused 171us,890us total 22.082ms
11-14 11:10:50.358 4285 4285 I Choreographer: Skipped 152 frames! The application may be doing too much work on its main thread.
11-14 11:10:50.371 4285 4395 I OpenGLRenderer: Davey! duration=2559ms; Flags=0, FrameTimelineVsyncId=164017293, IntendedVsync=1444812861778566, Vsync=1444815395111950, InputEventId=0, HandleInputStart=1444815410096828, AnimationStart=1444815410097316, PerformTraversalsStart=1444815410218492, DrawStart=1444815414440497, FrameDeadline=1444812883261332, FrameInterval=1444815410051499, FrameStartTime=16666667, SyncQueued=1444815416001857, SyncStart=1444815416093492, IssueDrawCommandsStart=1444815416357733, SwapBuffers=1444815420671901, FrameCompleted=1444815421356634, DequeueBufferDuration=10335, QueueBufferDuration=158121, GpuCompleted=1444815421356634, SwapBuffersCompleted=1444815420895046, DisplayPresentTime=1444787719365288, CommandSubmissionCompleted=1444815420671901,
11-14 11:10:50.774 4285 4285 I .sharelinkpro1k: Explicit concurrent mark compact GC freed 596KB AllocSpace bytes, 9(852KB) LOS objects, 75% free, 13MB/53MB, paused 237us,901us total 22.613ms
11-14 11:10:51.266 4285 4285 I .sharelinkpro1k: Explicit concurrent mark compact GC freed 484KB AllocSpace bytes, 17(2244KB) LOS objects, 75% free, 13MB/52MB, paused 218us,937us total 22.782ms
11-14 11:10:51.361 14339 4506 I NearbyMediums: Found Fast Ble Advertisements :
11-14 11:10:51.361 14339 4506 I NearbyMediums: BleAdvertisement { version=2, socketVersion=2, isFast=true, serviceIdHash=null, data=[ 0x23 0x56 0x46 0x53 0x5a 0x11 0x32 0x5c 0xec 0x05 0xee 0x3f 0x22 0x6f 0x3d 0xea 0x63 0x99 0xa4 0xee 0x6a 0x9d 0xcf ], deviceToken=[ 0xd9 0x7f ], rxAdvertisement=null } : 4 times.
11-14 11:10:51.361 14339 4506 I NearbyMediums: BleAdvertisement { version=2, socketVersion=2, isFast=true, serviceIdHash=null, data=[ 0x23 0x49 0x57 0x47 0x34 0x11 0x32 0x60 0xa5 0xa7 0xab 0xc8 0x31 0xa3 0x08 0x22 0xd3 0xd6 0xdb 0xe1 0x85 0x4a 0xc9 ], deviceToken=[ 0x70 0xc1 ], rxAdvertisement=null } : 2 times.
11-14 11:10:51.361 14339 4506 I NearbyMediums: BleAdvertisement { version=2, socketVersion=2, isFast=true, serviceIdHash=null, data=[ 0x23 0x34 0x58 0x46 0x43 0x11 0x32 0x12 0xce 0xf5 0x92 0x08 0x18 0x78 0x13 0x9e 0x07 0xf2 0xca 0x53 0x25 0x93 0x9a ], deviceToken=[ 0x27 0x94 ], rxAdvertisement=null } : 2 times.
11-14 11:10:51.361 14339 4506 I NearbyMediums: BleAdvertisement { version=2, socketVersion=2, isFast=true, serviceIdHash=null, data=[ 0x23 0x42 0x53 0x36 0x59 0x11 0x34 0xff 0x1e 0x52 0x02 0x1a 0x65 0xc5 0xe8 0x10 0x1d 0xe4 0xd9 0xeb 0x6a 0x2e 0x24 ], deviceToken=[ 0x18 0x70 ], rxAdvertisement=null } : 2 times.
11-14 11:10:51.361 14339 4506 I NearbyMediums: Total 10 fast advertisements from 4 unique advertisers.
11-14 11:10:51.362 14339 4511 I NearbyConnections: Processing lost BlePeripheral BlePeripheral{advertisement=BleAdvertisement { version=2, socketVersion=2, isFast=true, serviceIdHash=null, data=[ 0x23 0x57 0x52 0x4c 0x4d 0x11 0x32 0xd7 0x25 0x18 0xad 0x25 0xc2 0x9b 0xec 0xb8 0x99 0x1e 0x19 0xd0 0x09 0x6d 0xcb ], deviceToken=[ 0xb7 0xbe ], rxAdvertisement=null }, address=null, psm=0, deviceToken=, isSecondProfile=false, rxInstantConnectionAdv=null}.
11-14 11:10:51.362 14339 4511 I NearbyConnections: Lost BleEndpoint for BlePeripheral BlePeripheral{advertisement=BleAdvertisement { version=2, socketVersion=2, isFast=true, serviceIdHash=null, data=[ 0x23 0x57 0x52 0x4c 0x4d 0x11 0x32 0xd7 0x25 0x18 0xad 0x25 0xc2 0x9b 0xec 0xb8 0x99 0x1e 0x19 0xd0 0x09 0x6d 0xcb ], deviceToken=[ 0xb7 0xbe ], rxAdvertisement=null }, address=null, psm=0, deviceToken=, isSecondProfile=false, rxInstantConnectionAdv=null} (with EndpointId WRLM and EndpointInfo [ 0x32 0xd7 0x25 0x18 0xad 0x25 0xc2 0x9b 0xec 0xb8 0x99 0x1e 0x19 0xd0 0x09 0x6d 0xcb ]).
11-14 11:10:51.363 14339 4511 I NearbyConnections: ClientProxy(229990993) reporting onEndpointLost(WRLM)
11-14 11:10:51.363 14339 4506 I NearbySharing: Endpoint WRLM lost over Nearby Connections
11-14 11:10:51.363 14339 4511 I NearbySharing: Ignoring lost endpoint WRLM because we don't have an associated ShareTarget
11-14 11:10:51.786 4285 4285 I .sharelinkpro1k: Explicit concurrent mark compact GC freed 572KB AllocSpace bytes, 0(0B) LOS objects, 75% free, 13MB/52MB, paused 180us,848us total 22.439ms
11-14 11:10:52.312 4285 4285 I .sharelinkpro1k: Explicit concurrent mark compact GC freed 448KB AllocSpace bytes, 0(0B) LOS objects, 75% free, 13MB/52MB, paused 174us,849us total 22.158ms
11-14 11:10:52.839 4285 4285 I .sharelinkpro1k: Explicit concurrent mark compact GC freed 448KB AllocSpace bytes, 0(0B) LOS objects, 75% free, 13MB/52MB, paused 177us,850us total 21.976ms
11-14 11:10:52.925 4285 4285 I Choreographer: Skipped 153 frames! The application may be doing too much work on its main thread.
11-14 11:10:52.939 4285 4395 I OpenGLRenderer: Davey! duration=2569ms; Flags=0, FrameTimelineVsyncId=164017300, IntendedVsync=1444815416382050, Vsync=1444817966382101, InputEventId=0, HandleInputStart=1444817977422757, AnimationStart=1444817977423367, PerformTraversalsStart=1444817977551216, DrawStart=1444817979310371, FrameDeadline=1444815445045284, FrameInterval=1444817977376248, FrameStartTime=16666667, SyncQueued=1444817980183214, SyncStart=1444817980344591, IssueDrawCommandsStart=1444817980581937, SwapBuffers=1444817984897570, FrameCompleted=1444817985545072, DequeueBufferDuration=11231, QueueBufferDuration=494547, GpuCompleted=1444817985324002, SwapBuffersCompleted=1444817985545072, DisplayPresentTime=1444787736110039, CommandSubmissionCompleted=1444817984897570,
11-14 11:10:53.066 1163 1163 I WifiHAL : Creating message to get link statistics; iface = 47
11-14 11:10:53.110 1163 1163 I WifiHAL : In GetLinkStatsCommand::handleResponse
11-14 11:10:53.140 1740 2058 D ConnectivityService: NetReassign [no changes] [c 0] [a 0] [i 4]
11-14 11:10:53.299 14339 4506 I NearbyConnections: Found BleAdvertisement [ 0x23 0x31 0x49 0x47 0x35 0x11 0x16 0xb3 0x77 0x0a 0x00 0x8f 0xf1 0x4c 0xc1 0x25 0xce 0xb3 0xa8 0x70 0xc6 0x60 0x38 ] (with EndpointId 1IG5 and EndpointInfo [ 0x16 0xb3 0x77 0x0a 0x00 0x8f 0xf1 0x4c 0xc1 0x25 0xce 0xb3 0xa8 0x70 0xc6 0x60 0x38 ])
11-14 11:10:53.301 14339 4506 I NearbyConnections: ClientProxy(229990993) reporting onEndpointFound(1IG5)
11-14 11:10:53.301 14339 4506 I NearbyConnections: ClientProxy(229990993) reporting onEndpointDistanceChanged(1IG5, UNKNOWN)
11-14 11:10:53.301 14339 4506 I NearbyConnections: No Bluetooth Classic MAC address found in [ 0x23 0x31 0x49 0x47 0x35 0x11 0x16 0xb3 0x77 0x0a 0x00 0x8f 0xf1 0x4c 0xc1 0x25 0xce 0xb3 0xa8 0x70 0xc6 0x60 0x38 ]
11-14 11:10:53.302 14339 4511 I NearbySharing: Endpoint 1IG5 discovered over Nearby Connections
11-14 11:10:53.307 14339 4506 I NearbySharing: Failed to convert given advertisement (1IG5)[ 0x16 0xb3 0x77 0x0a 0x00 0x8f 0xf1 0x4c 0xc1 0x25 0xce 0xb3 0xa8 0x70 0xc6 0x60 0x38 ] to share target from discovered advertisement. Ignoring.
11-14 11:10:53.307 14339 4506 I NearbySharing: Report endpoint 1IG5 as lost, since we cannot recognize this endpoint anymore
11-14 11:10:53.307 14339 4506 I NearbySharing: Ignoring lost endpoint 1IG5 because we don't have an associated ShareTarget
11-14 11:10:53.387 1328 1372 D RILClient: [OemClient]IND: (clientId = 0, msgId = 2015, dataLength = 148, channel = 0)
11-14 11:10:53.394 1170 2019 D RILClient: [OemClient]IND: (clientId = 2, msgId = 2015, dataLength = 148, channel = 0)
11-14 11:10:54.657 1151 1227 D USF : AP/AOC clock synced: AOC: 1448700736573730 ns (5933878217006 tk), AP: 1448723451773275 ns, diff = -22715199545 ns
11-14 11:10:56.142 1163 1163 I WifiHAL : Creating message to get link statistics; iface = 47
11-14 11:10:56.264 1163 1163 I WifiHAL : In GetLinkStatsCommand::handleResponse
11-14 11:10:56.313 1740 2058 D ConnectivityService: NetReassign [no changes] [c 1] [a 0] [i 6]
11-14 11:10:56.762 4285 4943 I .sharelinkpro1k: Explicit concurrent mark compact GC freed 1688KB AllocSpace bytes, 135(11MB) LOS objects, 75% free, 13MB/53MB, paused 526us,2.362ms total 54.588ms
11-14 11:10:59.005 4285 4944 I .sharelinkpro1k: Explicit concurrent mark compact GC freed 472KB AllocSpace bytes, 15(412KB) LOS objects, 75% free, 13MB/52MB, paused 192us,941us total 25.205ms
11-14 11:10:59.308 1163 1163 I WifiHAL : Creating message to get link statistics; iface = 47
11-14 11:10:59.362 1163 1163 I WifiHAL : In GetLinkStatsCommand::handleResponse
11-14 11:10:59.395 1740 2058 D ConnectivityService: NetReassign [no changes] [c 0] [a 0] [i 3]
11-14 11:11:00.008 3225 3821 I AiAiEcho: (REDACTED) Predicting[%d]: %s
11-14 11:11:00.009 3225 3821 I AiAiEcho: (REDACTED) EchoTargets: %s
11-14 11:11:00.009 3225 3821 I AiAiEcho: Filtered by AiAi flag check: %s
11-14 11:11:00.010 3225 3821 I AiAiEcho: (REDACTED) Ranked targets strategy: %s, count: %d, ranking metadata: %s
11-14 11:11:00.010 3225 3821 I AiAiEcho: (REDACTED) #weatherTwiddler: Weather removes SubtitleSupplementalItem in surface: %s
11-14 11:11:00.011 3225 3821 I AiAiEcho: #remoteViewsTwiddler: feature disabled.
11-14 11:11:00.011 3225 3821 I AiAiEcho: (REDACTED) Predicting[%d]: %s
11-14 11:11:00.012 3225 3821 I AiAiEcho: (REDACTED) EchoTargets: %s
11-14 11:11:00.012 3225 3821 I AiAiEcho: Filtered by AiAi flag check: %s
11-14 11:11:00.013 3225 3821 I AiAiEcho: (REDACTED) Ranked targets strategy: %s, count: %d, ranking metadata: %s
11-14 11:11:00.013 3225 3821 I AiAiEcho: (REDACTED) #weatherTwiddler: Weather removes SubtitleSupplementalItem in surface: %s
11-14 11:11:00.013 3225 3821 I AiAiEcho: #remoteViewsTwiddler: feature disabled.
11-14 11:11:00.020 3225 3821 I AiAiEcho: (REDACTED) #postPredictionTargets: Sending updates to UISurface %s with targets# %s (types=[%s])
11-14 11:11:00.027 3225 3821 I AiAiEcho: (REDACTED) #postPredictionTargets: Sending updates to UISurface %s with targets# %s (types=[%s])
11-14 11:11:00.028 2563 2563 D SsBaseTemplateCard: No text view can be set up
11-14 11:11:00.029 2563 2563 D SsBaseTemplateCard: Passed-in item info is null
11-14 11:11:00.029 2563 2563 D SsBaseTemplateCard: Passed-in item info is null
11-14 11:11:00.029 2563 2563 I SsBaseTemplateCard: Secondary card pane is null
11-14 11:11:00.031 2182 2182 D SsBaseTemplateCard: No text view can be set up
11-14 11:11:00.031 2182 2182 D SsBaseTemplateCard: Passed-in item info is null
11-14 11:11:00.031 2182 2182 D SsBaseTemplateCard: Passed-in item info is null
11-14 11:11:00.032 2182 2182 I SsBaseTemplateCard: Secondary card pane is null
11-14 11:11:01.365 14339 4506 I NearbyMediums: Found Fast Ble Advertisements :
11-14 11:11:01.365 14339 4506 I NearbyMediums: BleAdvertisement { version=2, socketVersion=2, isFast=true, serviceIdHash=null, data=[ 0x23 0x56 0x46 0x53 0x5a 0x11 0x32 0x5c 0xec 0x05 0xee 0x3f 0x22 0x6f 0x3d 0xea 0x63 0x99 0xa4 0xee 0x6a 0x9d 0xcf ], deviceToken=[ 0xd9 0x7f ], rxAdvertisement=null } : 8 times.
