11-14 11:05:17.777 1740 1844 E system_server: No package ID 7f found for ID 0x7f140713.
11-14 11:05:17.777 1740 1844 W ShortcutService: Invalid tag 'capability' found at depth 2
11-14 11:05:17.777 1740 1844 E ShortcutService: Ignoring excessive intent tag.
11-14 11:05:17.777 1740 1844 W ShortcutService: Invalid tag 'parameter' found at depth 4
11-14 11:05:17.777 1740 1844 W ShortcutService: Invalid tag 'capability' found at depth 2
11-14 11:05:17.777 1740 1844 W ShortcutService: Invalid tag 'slice' found at depth 3
11-14 11:05:17.777 1740 1844 W ShortcutService: Invalid tag 'url-template' found at depth 4
11-14 11:05:17.777 1740 1846 D CompatibilityChangeReporter: Compat change id reported: 143937733; UID 10211; state: ENABLED
11-14 11:05:17.781 1740 1966 I InputReader: Reconfiguring input devices, changes=KEYBOARD_LAYOUTS |
11-14 11:05:17.786 4560 4560 E oid.documentsui: No package ID ff found for ID 0xffffffff.
11-14 11:05:17.788 1115 1115 D Zygote : Forked child process 4778
11-14 11:05:17.791 1740 1846 I ActivityManager: Start proc 4778:com.google.android.permissioncontroller/u0a211 for service {com.google.android.permissioncontroller/com.android.permissioncontroller.permission.service.PermissionControllerServiceImpl}
11-14 11:05:17.800 2475 2475 D CarrierSvcBindHelper: onPackageModified: com.google.android.apps.docs
11-14 11:05:17.801 2475 2475 D CarrierSvcBindHelper: No carrier app for: 0
11-14 11:05:17.807 4778 4778 I ssioncontroller: Using CollectorTypeCMC GC.
11-14 11:05:17.808 2475 2475 D ImsResolver: maybeAddedImsService, packageName: com.google.android.apps.docs
11-14 11:05:17.809 1740 2525 D CompatibilityChangeReporter: Compat change id reported: 161252188; UID 10142; state: ENABLED
11-14 11:05:17.809 1740 2525 D CompatibilityChangeReporter: Compat change id reported: 135634846; UID 10142; state: DISABLED
11-14 11:05:17.809 1740 2525 D CompatibilityChangeReporter: Compat change id reported: 177438394; UID 10142; state: DISABLED
11-14 11:05:17.809 1740 2525 D CompatibilityChangeReporter: Compat change id reported: 135772972; UID 10142; state: DISABLED
11-14 11:05:17.809 1740 2525 D CompatibilityChangeReporter: Compat change id reported: 135754954; UID 10142; state: ENABLED
11-14 11:05:17.810 1740 1846 D CompatibilityChangeReporter: Compat change id reported: 143937733; UID 10142; state: ENABLED
11-14 11:05:17.810 4778 4778 E ssioncontroller: Not starting debugger since process cannot load the jdwp agent.
11-14 11:05:17.812 4778 4778 D nativeloader: Load libframework-connectivity-tiramisu-jni.so using APEX ns com_android_tethering for caller /apex/com.android.tethering/javalib/framework-connectivity-t.jar: ok
11-14 11:05:17.814 32439 32481 I Bugle : BroadcastReceiverAsyncWorkTracker: Acknowledging broadcast of cfkr@a20e82a
11-14 11:05:17.814 3259 3259 D RegisteredNfcFServicesCache: Service unchanged, not updating
11-14 11:05:17.815 2440 6872 D SecureElementService: getReaders() for com.android.nfc
11-14 11:05:17.815 1740 2525 D CompatibilityChangeReporter: Compat change id reported: 168419799; UID 10211; state: DISABLED
11-14 11:05:17.817 4778 4778 D CompatibilityChangeReporter: Compat change id reported: 171979766; UID 10211; state: ENABLED
11-14 11:05:17.824 4778 4778 D nativeloader: Configuring clns-shared-4 for other apk /system/framework/org.apache.http.legacy.jar. target_sdk_version=35, uses_libraries=ALL, library_path=/apex/com.android.permission/priv-app/GooglePermissionController@350910090/lib/arm64:/system/lib64:/system_ext/lib64, permitted_path=/data:/mnt/expand:/data/user_de/0/com.google.android.permissioncontroller:/apex/com.android.permission/priv-app/GooglePermissionController@350910090:/system/lib64:/system_ext/lib64
11-14 11:05:17.824 1115 1115 D Zygote : Forked child process 4793
11-14 11:05:17.825 1740 1846 I ActivityManager: Start proc 4793:com.google.android.euicc/u0a142 for service {com.google.android.euicc/com.android.euicc.service.EuiccServiceImpl}
11-14 11:05:17.825 4778 4778 W ziparchive: Unable to open '/apex/com.android.permission/priv-app/GooglePermissionController@350910090/GooglePermissionController.dm': No such file or directory
11-14 11:05:17.825 4778 4778 W ziparchive: Unable to open '/apex/com.android.permission/priv-app/GooglePermissionController@350910090/GooglePermissionController.dm': No such file or directory
11-14 11:05:17.840 4793 4793 I e.android.euicc: Using CollectorTypeCMC GC.
11-14 11:05:17.844 4793 4793 E e.android.euicc: Not starting debugger since process cannot load the jdwp agent.
11-14 11:05:17.847 4793 4793 D nativeloader: Load libframework-connectivity-tiramisu-jni.so using APEX ns com_android_tethering for caller /apex/com.android.tethering/javalib/framework-connectivity-t.jar: ok
11-14 11:05:17.853 1740 2525 D CompatibilityChangeReporter: Compat change id reported: 168419799; UID 10142; state: DISABLED
11-14 11:05:17.856 4793 4793 D CompatibilityChangeReporter: Compat change id reported: 171979766; UID 10142; state: ENABLED
11-14 11:05:17.871 4778 4778 D nativeloader: Configuring clns-shared-5 for other apk /apex/com.android.permission/priv-app/GooglePermissionController@350910090/GooglePermissionController.apk. target_sdk_version=35, uses_libraries=, library_path=/apex/com.android.permission/priv-app/GooglePermissionController@350910090/lib/arm64:/system/lib64:/system_ext/lib64, permitted_path=/data:/mnt/expand:/data/user_de/0/com.google.android.permissioncontroller:/apex/com.android.permission/priv-app/GooglePermissionController@350910090:/system/lib64:/system_ext/lib64
11-14 11:05:17.872 4778 4778 D nativeloader: InitApexLibraries:
11-14 11:05:17.872 4778 4778 D nativeloader: com_android_adservices: libhpke_jni.so:libtflite_support_classifiers_native.so
11-14 11:05:17.872 4778 4778 D nativeloader: com_android_appsearch: libicing.so
11-14 11:05:17.872 4778 4778 D nativeloader: com_android_art: libartservice.so
11-14 11:05:17.872 4778 4778 D nativeloader: com_android_btservices: libbluetooth_jni.so
11-14 11:05:17.872 4778 4778 D nativeloader: com_android_conscrypt: libjavacrypto.so
11-14 11:05:17.872 4778 4778 D nativeloader: com_android_mediaprovider: libpdfclient.so
11-14 11:05:17.872 4778 4778 D nativeloader: com_android_ondevicepersonalization: libfcp_cpp_dep_jni.so:libfcp_hpke_jni.so
11-14 11:05:17.872 4778 4778 D nativeloader: com_android_os_statsd: libstats_jni.so
11-14 11:05:17.872 4778 4778 D nativeloader: com_android_tethering: libandroid_net_connectivity_com_android_net_module_util_jni.so:libcrypto.so:libframework-connectivity-jni.so:libframework-connectivity-tiramisu-jni.so:libmainlinecronet.126.0.6423.0.so:libservice-connectivity.so:libservice-thread-jni.so:libssl.so
11-14 11:05:17.872 4778 4778 D nativeloader: com_android_uwb: libuwb_uci_jni_rust.so
11-14 11:05:17.872 4778 4778 D nativeloader: com_android_virt: libvirtualmachine_jni.so
11-14 11:05:17.878 4778 4778 D nativeloader: Load libframework-connectivity-jni.so using APEX ns com_android_tethering for caller /apex/com.android.tethering/javalib/framework-connectivity.jar: ok
11-14 11:05:17.880 4778 4778 V GraphicsEnvironment: ANGLE Developer option for 'com.google.android.permissioncontroller' set to: 'default'
11-14 11:05:17.880 4778 4778 V GraphicsEnvironment: ANGLE GameManagerService for com.google.android.permissioncontroller: false
11-14 11:05:17.880 4778 4778 V GraphicsEnvironment: Neither updatable production driver nor prerelease driver is supported.
11-14 11:05:17.881 4778 4778 D NetworkSecurityConfig: No Network Security Config specified, using platform default
11-14 11:05:17.881 1740 1844 D AppWidgetServiceImpl: Provider info from ComponentInfo{com.google.android.apps.docs/com.google.android.apps.docs.drive.widget.suggestion.SuggestionAppWidgetProvider} won't be persisted.
11-14 11:05:17.881 4778 4778 D NetworkSecurityConfig: No Network Security Config specified, using platform default
11-14 11:05:17.881 1740 1844 D AppWidgetServiceImpl: Provider info from ComponentInfo{com.google.android.apps.docs/com.google.android.apps.docs.drive.widget.CakemixAppWidgetProvider} won't be persisted.
11-14 11:05:17.889 4793 4793 D nativeloader: Configuring clns-4 for other apk /data/app/~~aFTAivRhZ06kUEF0-hReVw==/com.google.android.euicc-t7tRnS9Z14d9Vt6YG0g93Q==/base.apk. target_sdk_version=34, uses_libraries=, library_path=/data/app/~~aFTAivRhZ06kUEF0-hReVw==/com.google.android.euicc-t7tRnS9Z14d9Vt6YG0g93Q==/lib/arm64:/data/app/~~aFTAivRhZ06kUEF0-hReVw==/com.google.android.euicc-t7tRnS9Z14d9Vt6YG0g93Q==/base.apk!/lib/arm64-v8a, permitted_path=/data:/mnt/expand:/data/user_de/0/com.google.android.euicc
11-14 11:05:17.897 4793 4793 D nativeloader: Load libframework-connectivity-jni.so using APEX ns com_android_tethering for caller /apex/com.android.tethering/javalib/framework-connectivity.jar: ok
11-14 11:05:17.899 4793 4793 V GraphicsEnvironment: ANGLE Developer option for 'com.google.android.euicc' set to: 'default'
11-14 11:05:17.899 4793 4793 V GraphicsEnvironment: ANGLE GameManagerService for com.google.android.euicc: false
11-14 11:05:17.899 4793 4793 V GraphicsEnvironment: Neither updatable production driver nor prerelease driver is supported.
11-14 11:05:17.901 4793 4793 D NetworkSecurityConfig: No Network Security Config specified, using platform default
11-14 11:05:17.901 4793 4793 D NetworkSecurityConfig: No Network Security Config specified, using platform default
11-14 11:05:17.906 3225 3225 I AiAiEcho: (REDACTED) AppFetcherImpl onPackageChanged %s.
11-14 11:05:17.906 3225 4808 I AiAiEcho: (REDACTED) AppIndexer Package:[%s] UserProfile:[%d] Enabled:[%s].
11-14 11:05:17.906 3225 4808 I AiAiEcho: (REDACTED) AppFetcherImplV2 updateApps package:[%s], userId:[%d], reason:[%s].
11-14 11:05:17.907 4793 4793 D CompatibilityChangeReporter: Compat change id reported: 183155436; UID 10142; state: ENABLED
11-14 11:05:17.913 4793 4793 D WM-PackageManagerHelper: Skipping component enablement for androidx.work.impl.background.systemjob.SystemJobService
11-14 11:05:17.913 4793 4793 D WM-Schedulers: Created SystemJobScheduler and enabled SystemJobService
11-14 11:05:17.915 4793 4811 D WM-ForceStopRunnable: The default process name was not specified.
11-14 11:05:17.915 4793 4811 D WM-ForceStopRunnable: Performing cleanup operations.
11-14 11:05:17.919 4778 4792 I PermissionControllerServiceImpl: Updating user sensitive for uid 10161
11-14 11:05:17.933 4793 4811 D CompatibilityChangeReporter: Compat change id reported: 160794467; UID 10142; state: ENABLED
11-14 11:05:17.941 4793 4793 D EuiccGoogle: Sync and register phenotype flags
11-14 11:05:17.941 4793 4793 D EuiccPhenotypeUtil: PhenotypeFlag is available at application start, commit the current configuration.
11-14 11:05:17.942 4793 4817 D WM-PackageManagerHelper: Skipping component enablement for androidx.work.impl.background.systemalarm.RescheduleReceiver
11-14 11:05:17.950 4793 4793 I EuiccGoogle: [2] Partner.get$ar$ds$88282154_0: EuiccPartner
11-14 11:05:17.950 14440 14440 D BoundBrokerSvc: onUnbind: Intent { act=com.google.firebase.dynamiclinks.service.START pkg=com.google.android.gms }
11-14 11:05:17.951 4793 4793 I EuiccGoogle: [2] Partner.getResourceEntry$ar$ds$ar$class_merging$ar$class_merging: Partner app=com.google.android.euiccoverlay, Resource name=esim_supported_countries, type=string, partnerResId = 0
11-14 11:05:17.951 4793 4793 I EuiccGoogle: [2] Partner.getResourceEntry$ar$ds$ar$class_merging$ar$class_merging: Partner app=com.google.android.euiccoverlay, Resource name=esim_unsupported_countries, type=string, partnerResId = 2130903040
11-14 11:05:17.951 4793 4793 I EuiccGoogle: [2] PhenotypeUpdatedReceiver.updateGlobalCountryCache: Setting EUICC_SUPPORTED_COUNTRIES to
11-14 11:05:17.951 4793 4793 I EuiccGoogle: [2] PhenotypeUpdatedReceiver.updateGlobalCountryCache: Setting EUICC_UNSUPPORTED_COUNTRIES to
11-14 11:05:17.952 4793 4793 I EuiccGoogle: [2] Partner.getResourceEntry$ar$ds$ar$class_merging$ar$class_merging: Partner app=com.google.android.euiccoverlay, Resource name=esim_supported_countries, type=string, partnerResId = 0
11-14 11:05:17.952 4793 4793 I EuiccGoogle: [2] Partner.getResourceEntry$ar$ds$ar$class_merging$ar$class_merging: Partner app=com.google.android.euiccoverlay, Resource name=esim_unsupported_countries, type=string, partnerResId = 2130903040
11-14 11:05:17.954 4793 4793 I EuiccGoogle: Firebase initialization
11-14 11:05:17.957 4793 4793 I FirebaseApp: Device unlocked: initializing all Firebase APIs for app [DEFAULT]
11-14 11:05:17.963 14440 14440 D BoundBrokerSvc: onUnbind: Intent { act=com.google.android.mdd.service.START dat=chimera-action:/... cmp=com.google.android.gms/.chimera.GmsBoundBrokerService }
11-14 11:05:17.969 1740 2525 D CompatibilityChangeReporter: Compat change id reported: 161145287; UID 10142; state: DISABLED
11-14 11:05:17.971 4793 4793 I EuiccGoogle: [2] EuiccServiceImpl.onCreate: onCreate Single-SIM mode: simCardState is 1
11-14 11:05:17.971 4793 4793 I EuiccGoogle: [2] Partner.getResourceEntry$ar$ds$ar$class_merging$ar$class_merging: Partner app=com.google.android.euiccoverlay, Resource name=esim_supported_countries, type=string, partnerResId = 0
11-14 11:05:17.971 4793 4793 I EuiccGoogle: [2] Partner.getResourceEntry$ar$ds$ar$class_merging$ar$class_merging: Partner app=com.google.android.euiccoverlay, Resource name=esim_unsupported_countries, type=string, partnerResId = 2130903040
11-14 11:05:17.974 4793 4832 I EuiccGoogle: [793] EuiccServiceImpl.onGetEuiccProfileInfoList: onGetEuiccProfileInfoList: slotId = -1
11-14 11:05:17.975 1740 3474 D CompatibilityChangeReporter: Compat change id reported: 202110963; UID 10142; state: ENABLED
11-14 11:05:17.976 4793 4832 I EuiccGoogle: [793] Partner.getResourceEntry$ar$ds$ar$class_merging$ar$class_merging: Partner app=com.google.android.euiccoverlay, Resource name=sim_slot_mappings_json, type=string, partnerResId = 2130903044
11-14 11:05:17.978 4793 4832 W EuiccGoogle: [793] EuiccServiceImpl.onGetEuiccProfileInfoList: slotId=-1. No eUICC is active. Return null.
11-14 11:05:17.978 1740 3474 D CompatibilityChangeReporter: Compat change id reported: 161145287; UID 10211; state: DISABLED
11-14 11:05:17.980 4793 4804 D CompatibilityChangeReporter: Compat change id reported: 150939131; UID 10142; state: ENABLED
11-14 11:05:18.156 4589 4726 W SyncManagerImpl: Sync for AccountId_40a47788 took 1077 ms
11-14 11:05:18.157 4589 4726 W SyncManagerImpl: Sync for AccountId_40a47788 took 1078 ms
11-14 11:05:18.161 4589 4681 E Cello : [4681:NonCelloThread] item_query_handler.cc:78:CheckQueryAgainstInternalItemLocalProperty Querying on internal item local property key: pinned
11-14 11:05:18.176 4589 4607 D CompatibilityChangeReporter: Compat change id reported: 150939131; UID 10161; state: ENABLED
11-14 11:05:18.176 1740 3474 I WifiService: releaseWifiLock uid=10161
11-14 11:05:18.177 4589 4726 W SyncManagerImpl: Sync completed for AccountId_40a47788 (com.google.android.apps.docs)
11-14 11:05:18.178 4589 4726 W SyncManagerImpl: Sync completed for AccountId_40a47788 (com.google.android.apps.docs)
11-14 11:05:18.182 4560 4699 W DocumentsContract: Failed to load thumbnail for content://com.google.android.apps.docs.storage/document/acc%3D12%3Bdoc%3Dencoded%3D2zLPEqAUQRP7bQaQBTD-vwz6UKhF5kG9qzGHknXMBDELAaeQLPEKzzWol4kozhIrGek%3D: java.io.IOException: java.lang.NullPointerException: Attempt to invoke virtual method 'android.os.Bundle android.content.res.AssetFileDescriptor.getExtras()' on a null object reference
11-14 11:05:18.259 4560 4560 D DefaultSelectionTracker: Ignoring onDataSetChange. No active selection.
11-14 11:05:18.287 4589 4841 D TrafficStats: tagSocket(152) with statsTag=0xffffffff, statsUid=-1
11-14 11:05:18.491 1163 1163 I WifiHAL : Creating message to get link statistics; iface = 47
11-14 11:05:18.541 1163 1163 I WifiHAL : In GetLinkStatsCommand::handleResponse
11-14 11:05:18.587 1740 2058 D ConnectivityService: NetReassign [no changes] [c 1] [a 0] [i 8]
11-14 11:05:18.824 1972 1983 I native : I0000 00:00:1731611118.824154 1983 tf_lite_classifier.cc:383] Event stream classified as kNone
11-14 11:05:18.826 4560 4699 W DocumentsContract: Failed to load thumbnail for content://com.google.android.apps.docs.storage/document/acc%3D12%3Bdoc%3Dencoded%3DAXVpAvfFKxyaMJ0DeafmQgcoQLM81oPHCZlcEw_J3R_wVvyjPhmxbWbwJJ64p-Oe-FI%3D: java.io.IOException: java.lang.NullPointerException: Attempt to invoke virtual method 'android.os.Bundle android.content.res.AssetFileDescriptor.getExtras()' on a null object reference
11-14 11:05:18.853 1740 2525 D CompatibilityChangeReporter: Compat change id reported: 181136395; UID 10542; state: DISABLED
11-14 11:05:18.853 1740 2525 D CompatibilityChangeReporter: Compat change id reported: 174042936; UID 10542; state: DISABLED
11-14 11:05:18.854 4285 4285 D CompatibilityChangeReporter: Compat change id reported: 78294732; UID 10542; state: ENABLED
11-14 11:05:18.868 1740 3474 W AutofillManagerServiceImpl: getFillEventHistory() called by UID 10133, but service UID is 10139
11-14 11:05:18.927 4560 4565 W oid.documentsui: Cleared Reference was only reachable from finalizer (only reported once)
11-14 11:05:18.934 4589 4605 W System : A resource failed to call close.
11-14 11:05:18.935 4589 4605 W System : A resource failed to call close.
11-14 11:05:18.935 4589 4605 W System : A resource failed to call close.
11-14 11:05:18.935 4589 4605 W ReferenceCounter: Reference is not closed, created at:
11-14 11:05:18.935 4589 4605 W ReferenceCounter: java.lang.Exception
11-14 11:05:18.935 4589 4605 W ReferenceCounter: at nju.(PG:3)
11-14 11:05:18.935 4589 4605 W ReferenceCounter: at hcf.G(PG:332)
11-14 11:05:18.935 4589 4605 W ReferenceCounter: at hau.i(PG:165)
11-14 11:05:18.935 4589 4605 W ReferenceCounter: at com.google.android.apps.docs.common.storagebackend.StorageBackendContentProvider.refresh(PG:124)
11-14 11:05:18.935 4589 4605 W ReferenceCounter: at android.content.ContentProvider$Transport.refresh(ContentProvider.java:661)
11-14 11:05:18.935 4589 4605 W ReferenceCounter: at android.content.ContentProviderNative.onTransact(ContentProviderNative.java:404)
11-14 11:05:18.935 4589 4605 W ReferenceCounter: at android.os.Binder.execTransactInternal(Binder.java:1280)
11-14 11:05:18.935 4589 4605 W ReferenceCounter: at android.os.Binder.execTransact(Binder.java:1244)
11-14 11:05:18.935 4589 4605 W ReferenceCounter: Reference is not closed, created at:
11-14 11:05:18.935 4589 4605 W ReferenceCounter: java.lang.Exception
11-14 11:05:18.935 4589 4605 W ReferenceCounter: at nju.(PG:3)
11-14 11:05:18.935 4589 4605 W ReferenceCounter: at hcf.G(PG:332)
11-14 11:05:18.935 4589 4605 W ReferenceCounter: at hau.i(PG:165)
11-14 11:05:18.935 4589 4605 W ReferenceCounter: at com.google.android.apps.docs.common.storagebackend.StorageBackendContentProvider.refresh(PG:124)
11-14 11:05:18.935 4589 4605 W ReferenceCounter: at android.content.ContentProvider$Transport.refresh(ContentProvider.java:661)
11-14 11:05:18.935 4589 4605 W ReferenceCounter: at android.content.ContentProviderNative.onTransact(ContentProviderNative.java:404)
11-14 11:05:18.935 4589 4605 W ReferenceCounter: at android.os.Binder.execTransactInternal(Binder.java:1280)
11-14 11:05:18.935 4589 4605 W ReferenceCounter: at android.os.Binder.execTransact(Binder.java:1244)
11-14 11:05:19.366 1740 3474 W AutofillManagerServiceImpl: getFillEventHistory() called by UID 10133, but service UID is 10139
11-14 11:05:19.449 1740 3474 D CoreBackPreview: Window{fdb2745 u0 com.extron.sharelinkpro1k/crc64ba438d8f48cf7e75.IntermediateActivity}: Setting back callback null
11-14 11:05:19.451 1740 3474 W InputManager-JNI: Input channel object 'fdb2745 com.extron.sharelinkpro1k/crc64ba438d8f48cf7e75.IntermediateActivity (client)' was disposed without first being removed with the input manager!
11-14 11:05:19.513 2865 2865 I GoogleInputMethodService: GoogleInputMethodService.onFinishInput():3086
11-14 11:05:19.514 2865 2865 I GoogleInputMethodService: GoogleInputMethodService.updateDeviceLockedStatus():2155 repeatCheckTimes = 0, locked = false
11-14 11:05:19.514 2865 2865 I GoogleInputMethodService: GoogleInputMethodService.onStartInput():1899 onStartInput(EditorInfo{EditorInfo{packageName=com.extron.sharelinkpro1k, inputType=0, inputTypeString=NULL, enableLearning=false, autoCorrection=false, autoComplete=false, imeOptions=0, privateImeOptions=null, actionName=UNSPECIFIED, actionLabel=null, initialSelStart=-1, initialSelEnd=-1, initialCapsMode=0, label=null, fieldId=-1, fieldName=null, extras=null, hintText=null, hintLocales=[]}}, false)
11-14 11:05:19.516 2865 2865 I GoogleInputMethodService: GoogleInputMethodService.updateDeviceLockedStatus():2155 repeatCheckTimes = 1, locked = false
11-14 11:05:19.517 2865 2865 I AndroidIME: InputBundleManager.loadActiveInputBundleId():450 loadActiveInputBundleId: und-Latn-x-password, password
11-14 11:05:19.849 1740 1740 W AccessibilityManagerService: wait for adding window timeout: 422
11-14 11:05:19.905 4285 4285 W MaterialButton: MaterialButton manages its own background to control elevation, shape, color and states. Consider using backgroundTint, shapeAppearance and other attributes where available. A custom background will ignore these attributes and you should consider handling interaction states such as pressed, focused and disabled
11-14 11:05:19.908 4285 4285 W MaterialButton: MaterialButton manages its own background to control elevation, shape, color and states. Consider using backgroundTint, shapeAppearance and other attributes where available. A custom background will ignore these attributes and you should consider handling interaction states such as pressed, focused and disabled
11-14 11:05:19.973 1740 3474 D CoreBackPreview: Window{987e77c u0 com.google.android.documentsui/com.android.documentsui.picker.PickActivity}: Setting back callback null
11-14 11:05:19.976 1740 3474 W InputManager-JNI: Input channel object '987e77c com.google.android.documentsui/com.android.documentsui.picker.PickActivity (client)' was disposed without first being removed with the input manager!
11-14 11:05:21.025 1972 1983 I native : I0000 00:00:1731611121.025268 1983 tf_lite_classifier.cc:383] Event stream classified as kNone
11-14 11:05:21.109 1130 1212 I bthal.activitywatcher: getStateResidency: ActivityStat{0 : totalTimeMs 161802807 totalEntryCount 428325 lastEntryMs 4329717}
11-14 11:05:21.109 1130 1212 I bthal.activitywatcher: getStateResidency: ActivityStat{1 : totalTimeMs 61602554 totalEntryCount 430724 lastEntryMs 4329814}
11-14 11:05:21.109 1130 1212 I bthal.activitywatcher: getStateResidency: ActivityStat{2 : totalTimeMs 40538842 totalEntryCount 1912255 lastEntryMs 4330341}
11-14 11:05:21.109 1130 1212 I bthal.activitywatcher: getStateResidency: ActivityStat{3 : totalTimeMs 10484755 totalEntryCount 4070782 lastEntryMs 4329211}
11-14 11:05:21.110 2182 2182 D DLObserver: onReceive(); android.intent.action.BATTERY_CHANGED
11-14 11:05:21.110 2182 2182 D DLObserver: plugged=0
11-14 11:05:21.114 2182 2182 D PowerNotificationWarningsGoogleImpl: onReceive: android.intent.action.BATTERY_CHANGED
11-14 11:05:21.114 2182 2182 D BatteryDefenderNotification: isPlugged: false | isOverheated: false | defenderEnabled: false | isCharged: false | isPluggedInDock: false
11-14 11:05:21.117 1740 2525 D CompatibilityChangeReporter: Compat change id reported: 161145287; UID 10139; state: DISABLED
11-14 11:05:21.121 1130 1212 I bthal.activitywatcher: send_hci_activities_vsc: Sent VSC <[4]{89, 253, 1, 1}>
11-14 11:05:21.121 1148 1148 W android.hardware.power.stats-service.pixel: getStateResidency latency for Bluetooth exceeded time allowed: 13039us
11-14 11:05:21.122 1130 2732 I bthal.activitywatcher: filter_hci_activities_vse: Filtered <[103]{14, 101, 1, 89, 253, 0, 1, 108, 1, 0, 0, 128, 250, 0, 0, 27, 235, 11, 0, 0, 0, 0, 0, 46, 235, 11, 0, 0, 0, 0, 0, 109, 1, 0, 0, 145, 247, 1, 0, 46, 235, 11, 0, 0, 0, 0, 0, 27, 235, 11, 0, 0, 0, 0, 0, 118, 20, 0, 0, 110, 227, 0, 0, 40, 236, 11, 0, 0, 0, 0, 0, 40, 236, 11, 0, 0, 0, 0, 0, 60, 81, 0, 0, 39, 153, 0, 0, 121, 236, 11, 0, 0, 0, 0, 0, 132, 236, 11, 0, 0, 0, 0, 0}>
11-14 11:05:21.122 1130 2732 I bthal.flowcontrol: HciEventPreProcess: HCI Event 0xe Opcode 0xfd59 Length 103 handled by ControllerActivityWatcher
11-14 11:05:21.123 1389 1389 D AOC : A3:MSG: controller.cc, 273: CNTRL: cmd ID: 0x000a, tag: 0x99 [cntr = 40859]
11-14 11:05:21.124 1389 1389 D AOC : A3:MSG: controller.cc, 811: CNTRL: ipc: control, cmd ID: 0x000a, tag: 0x99, rc: 0
11-14 11:05:21.125 1389 1389 D AOC : A3:MSG: controller.cc, 273: CNTRL: cmd ID: 0x000a, tag: 0x9a [cntr = 40860]
11-14 11:05:21.125 1389 1389 D AOC : A3:MSG: controller.cc, 811: CNTRL: ipc: control, cmd ID: 0x000a, tag: 0x9a, rc: 0
11-14 11:05:21.126 1389 1389 D AOC : A3:MSG: controller.cc, 273: CNTRL: cmd ID: 0x000a, tag: 0x9b [cntr = 40861]
11-14 11:05:21.126 1389 1389 D AOC : A3:MSG: controller.cc, 811: CNTRL: ipc: control, cmd ID: 0x000a, tag: 0x9b, rc: 0
11-14 11:05:21.127 11381 14356 W Turbo.OnDeviceBatteryHistory: addEvents: loaded 0 battery events.
11-14 11:05:21.127 11381 14356 W Turbo.OnDeviceBatteryHistory: addEvents: loaded battery events completed.
11-14 11:05:21.127 1389 1389 D AOC : A3:MSG: controller.cc, 273: CNTRL: cmd ID: 0x000a, tag: 0x9c [cntr = 40862]
11-14 11:05:21.127 1389 1389 D AOC : A3:MSG: controller.cc, 811: CNTRL: ipc: control, cmd ID: 0x000a, tag: 0x9c, rc: 0
11-14 11:05:21.128 1389 1389 D AOC : A3:MSG: controller.cc, 273: CNTRL: cmd ID: 0x000a, tag: 0x9d [cntr = 40863]
11-14 11:05:21.128 1389 1389 D AOC : A3:MSG: controller.cc, 811: CNTRL: ipc: control, cmd ID: 0x000a, tag: 0x9d, rc: 0
11-14 11:05:21.131 1389 1389 D AOC : A3:MSG: controller.cc, 273: CNTRL: cmd ID: 0x000a, tag: 0x9e [cntr = 40864]
11-14 11:05:21.131 1389 1389 D AOC : A3:MSG: controller.cc, 811: CNTRL: ipc: control, cmd ID: 0x000a, tag: 0x9e, rc: 0
11-14 11:05:21.131 1389 1389 D AOC : A3:MSG: controller.cc, 273: CNTRL: cmd ID: 0x000a, tag: 0x9f [cntr = 40865]
11-14 11:05:21.132 1389 1389 D AOC : A3:MSG: controller.cc, 811: CNTRL: ipc: control, cmd ID: 0x000a, tag: 0x9f, rc: 0
11-14 11:05:21.132 1389 1389 D AOC : A3:MSG: controller.cc, 273: CNTRL: cmd ID: 0x000a, tag: 0xa0 [cntr = 40866]
11-14 11:05:21.132 1389 1389 D AOC : A3:MSG: controller.cc, 811: CNTRL: ipc: control, cmd ID: 0x000a, tag: 0xa0, rc: 0
11-14 11:05:21.132 1389 1389 D AOC : A3:MSG: controller.cc, 273: CNTRL: cmd ID: 0x000a, tag: 0xa1 [cntr = 40867]
11-14 11:05:21.132 1389 1389 D AOC : A3:MSG: controller.cc, 811: CNTRL: ipc: control, cmd ID: 0x000a, tag: 0xa1, rc: 0
11-14 11:05:21.133 11381 14356 W Turbo.EstimatedTimeRemainingProvider: queryTimeToDischarge: 90013272
11-14 11:05:21.133 1389 1389 D AOC : A3:MSG: controller.cc, 273: CNTRL: cmd ID: 0x000a, tag: 0xa2 [cntr = 40868]
11-14 11:05:21.133 1389 1389 D AOC : A3:MSG: controller.cc, 811: CNTRL: ipc: control, cmd ID: 0x000a, tag: 0xa2, rc: 0
11-14 11:05:21.134 1389 1389 D AOC : A3:MSG: controller.cc, 273: CNTRL: cmd ID: 0x000a, tag: 0xa3 [cntr = 40869]
11-14 11:05:21.134 1389 1389 D AOC : A3:MSG: controller.cc, 811: CNTRL: ipc: control, cmd ID: 0x000a, tag: 0xa3, rc: 0
11-14 11:05:21.135 1389 1389 D AOC : A3:MSG: controller.cc, 273: CNTRL: cmd ID: 0x000a, tag: 0xa4 [cntr = 40870]
11-14 11:05:21.135 1389 1389 D AOC : A3:MSG: controller.cc, 811: CNTRL: ipc: control, cmd ID: 0x000a, tag: 0xa4, rc: 0
11-14 11:05:21.136 1389 1389 D AOC : A3:MSG: controller.cc, 273: CNTRL: cmd ID: 0x000a, tag: 0xa5 [cntr = 40871]
11-14 11:05:21.136 1389 1389 D AOC : A3:MSG: controller.cc, 811: CNTRL: ipc: control, cmd ID: 0x000a, tag: 0xa5, rc: 0
11-14 11:05:21.137 1389 1389 D AOC : A3:MSG: controller.cc, 273: CNTRL: cmd ID: 0x000a, tag: 0xa6 [cntr = 40872]
11-14 11:05:21.137 1389 1389 D AOC : A3:MSG: controller.cc, 811: CNTRL: ipc: control, cmd ID: 0x000a, tag: 0xa6, rc: 0
11-14 11:05:21.138 1389 1389 D AOC : A3:MSG: controller.cc, 273: CNTRL: cmd ID: 0x000a, tag: 0xa7 [cntr = 40873]
11-14 11:05:21.138 1389 1389 D AOC : A3:MSG: controller.cc, 811: CNTRL: ipc: control, cmd ID: 0x000a, tag: 0xa7, rc: 0
11-14 11:05:21.139 1389 1389 D AOC : A3:MSG: controller.cc, 273: CNTRL: cmd ID: 0x000a, tag: 0xa8 [cntr = 40874]
11-14 11:05:21.139 1389 1389 D AOC : A3:MSG: controller.cc, 811: CNTRL: ipc: control, cmd ID: 0x000a, tag: 0xa8, rc: 0
11-14 11:05:21.140 1389 1389 D AOC : A3:MSG: controller.cc, 273: CNTRL: cmd ID: 0x000a, tag: 0xa9 [cntr = 40875]
11-14 11:05:21.140 1389 1389 D AOC : A3:MSG: controller.cc, 811: CNTRL: ipc: control, cmd ID: 0x000a, tag: 0xa9, rc: 0
11-14 11:05:21.146 14339 14342 W .gms.persistent: Missing inline cache for void com.google.android.gms.contextmanager.ContextData.k(java.lang.String, java.lang.String)
11-14 11:05:21.146 14339 14342 W .gms.persistent: Missing inline cache for void com.google.android.gms.contextmanager.ContextData.k(java.lang.String, java.lang.String)
11-14 11:05:21.154 1740 3303 D ActivityManager: sync unfroze 952 com.google.android.turboadapter
11-14 11:05:21.156 1130 1212 I bthal.activitywatcher: getStateResidency: ActivityStat{0 : totalTimeMs 161866935 totalEntryCount 428689 lastEntryMs 4329717}
11-14 11:05:21.157 1130 1212 I bthal.activitywatcher: getStateResidency: ActivityStat{1 : totalTimeMs 61731467 totalEntryCount 431089 lastEntryMs 4329814}
11-14 11:05:21.157 1130 1212 I bthal.activitywatcher: getStateResidency: ActivityStat{2 : totalTimeMs 40597064 totalEntryCount 1917493 lastEntryMs 4330341}
11-14 11:05:21.157 1130 1212 I bthal.activitywatcher: getStateResidency: ActivityStat{3 : totalTimeMs 10523962 totalEntryCount 4091578 lastEntryMs 4329211}
11-14 11:05:21.157 1130 1212 I bthal.activitywatcher: send_hci_activities_vsc: Sent VSC <[4]{89, 253, 1, 1}>
11-14 11:05:21.157 527 527 I servicemanager: Found vendor.google.google_battery.IGoogleBattery/default in device VINTF manifest.
11-14 11:05:21.157 1130 2732 I bthal.activitywatcher: filter_hci_activities_vse: Filtered <[103]{14, 101, 1, 89, 253, 0, 1, 0, 0, 0, 0, 0, 0, 0, 0, 27, 235, 11, 0, 0, 0, 0, 0, 46, 235, 11, 0, 0, 0, 0, 0, 1, 0, 0, 0, 0, 0, 0, 0, 46, 235, 11, 0, 0, 0, 0, 0, 27, 235, 11, 0, 0, 0, 0, 0, 0, 0, 0, 0, 0, 0, 0, 0, 40, 236, 11, 0, 0, 0, 0, 0, 40, 236, 11, 0, 0, 0, 0, 0, 0, 0, 0, 0, 0, 0, 0, 0, 121, 236, 11, 0, 0, 0, 0, 0, 132, 236, 11, 0, 0, 0, 0, 0}>
11-14 11:05:21.158 1130 2732 I bthal.flowcontrol: HciEventPreProcess: HCI Event 0xe Opcode 0xfd59 Length 103 handled by ControllerActivityWatcher
11-14 11:05:21.158 1389 1389 D AOC : A3:MSG: controller.cc, 273: CNTRL: cmd ID: 0x000a, tag: 0xaa [cntr = 40876]
11-14 11:05:21.158 1389 1389 D AOC : A3:MSG: controller.cc, 811: CNTRL: ipc: control, cmd ID: 0x000a, tag: 0xaa, rc: 0
11-14 11:05:21.158 1389 1389 D AOC : A3:MSG: controller.cc, 273: CNTRL: cmd ID: 0x000a, tag: 0xab [cntr = 40877]
11-14 11:05:21.158 1389 1389 D AOC : A3:MSG: controller.cc, 811: CNTRL: ipc: control, cmd ID: 0x000a, tag: 0xab, rc: 0
11-14 11:05:21.162 1389 1389 D AOC : A3:MSG: controller.cc, 273: CNTRL: cmd ID: 0x000a, tag: 0xac [cntr = 40878]
11-14 11:05:21.162 1389 1389 D AOC : A3:MSG: controller.cc, 811: CNTRL: ipc: control, cmd ID: 0x000a, tag: 0xac, rc: 0
11-14 11:05:21.162 1389 1389 D AOC : A3:MSG: controller.cc, 273: CNTRL: cmd ID: 0x000a, tag: 0xad [cntr = 40879]
11-14 11:05:21.162 1389 1389 D AOC : A3:MSG: controller.cc, 811: CNTRL: ipc: control, cmd ID: 0x000a, tag: 0xad, rc: 0
11-14 11:05:21.162 1389 1389 D AOC : A3:MSG: controller.cc, 273: CNTRL: cmd ID: 0x000a, tag: 0xae [cntr = 40880]
11-14 11:05:21.162 1389 1389 D AOC : A3:MSG: controller.cc, 811: CNTRL: ipc: control, cmd ID: 0x000a, tag: 0xae, rc: 0
11-14 11:05:21.162 1389 1389 D AOC : A3:MSG: controller.cc, 273: CNTRL: cmd ID: 0x000a, tag: 0xaf [cntr = 40881]
11-14 11:05:21.162 1389 1389 D AOC : A3:MSG: controller.cc, 811: CNTRL: ipc: control, cmd ID: 0x000a, tag: 0xaf, rc: 0
11-14 11:05:21.163 1389 1389 D AOC : A3:MSG: controller.cc, 273: CNTRL: cmd ID: 0x000a, tag: 0xb0 [cntr = 40882]
11-14 11:05:21.163 1389 1389 D AOC : A3:MSG: controller.cc, 811: CNTRL: ipc: control, cmd ID: 0x000a, tag: 0xb0, rc: 0
11-14 11:05:21.163 11381 12522 W Turbo.EstimatedTimeRemainingProvider: queryTimeToDischarge: 90013272
11-14 11:05:21.164 1389 1389 D AOC : A3:MSG: controller.cc, 273: CNTRL: cmd ID: 0x000a, tag: 0xb1 [cntr = 40883]
11-14 11:05:21.164 1389 1389 D AOC : A3:MSG: controller.cc, 811: CNTRL: ipc: control, cmd ID: 0x000a, tag: 0xb1, rc: 0
11-14 11:05:21.164 1389 1389 D AOC : A3:MSG: controller.cc, 273: CNTRL: cmd ID: 0x000a, tag: 0xb2 [cntr = 40884]
11-14 11:05:21.165 1389 1389 D AOC : A3:MSG: controller.cc, 811: CNTRL: ipc: control, cmd ID: 0x000a, tag: 0xb2, rc: 0
11-14 11:05:21.165 1389 1389 D AOC : A3:MSG: controller.cc, 273: CNTRL: cmd ID: 0x000a, tag: 0xb3 [cntr = 40885]
11-14 11:05:21.166 1389 1389 D AOC : A3:MSG: controller.cc, 811: CNTRL: ipc: control, cmd ID: 0x000a, tag: 0xb3, rc: 0
11-14 11:05:21.166 1389 1389 D AOC : A3:MSG: controller.cc, 273: CNTRL: cmd ID: 0x000a, tag: 0xb4 [cntr = 40886]
11-14 11:05:21.166 1389 1389 D AOC : A3:MSG: controller.cc, 811: CNTRL: ipc: control, cmd ID: 0x000a, tag: 0xb4, rc: 0
11-14 11:05:21.168 1389 1389 D AOC : A3:MSG: controller.cc, 273: CNTRL: cmd ID: 0x000a, tag: 0xb5 [cntr = 40887]
11-14 11:05:21.168 1389 1389 D AOC : A3:MSG: controller.cc, 811: CNTRL: ipc: control, cmd ID: 0x000a, tag: 0xb5, rc: 0
11-14 11:05:21.168 1389 1389 D AOC : A3:MSG: controller.cc, 273: CNTRL: cmd ID: 0x000a, tag: 0xb6 [cntr = 40888]
11-14 11:05:21.170 1389 1389 D AOC : A3:MSG: controller.cc, 811: CNTRL: ipc: control, cmd ID: 0x000a, tag: 0xb6, rc: 0
11-14 11:05:21.170 1389 1389 D AOC : A3:MSG: controller.cc, 273: CNTRL: cmd ID: 0x000a, tag: 0xb7 [cntr = 40889]
11-14 11:05:21.170 1389 1389 D AOC : A3:MSG: controller.cc, 811: CNTRL: ipc: control, cmd ID: 0x000a, tag: 0xb7, rc: 0
11-14 11:05:21.170 1389 1389 D AOC : A3:MSG: controller.cc, 273: CNTRL: cmd ID: 0x000a, tag: 0xb8 [cntr = 40890]
11-14 11:05:21.170 1389 1389 D AOC : A3:MSG: controller.cc, 811: CNTRL: ipc: control, cmd ID: 0x000a, tag: 0xb8, rc: 0
11-14 11:05:21.171 1389 1389 D AOC : A3:MSG: controller.cc, 273: CNTRL: cmd ID: 0x000a, tag: 0xb9 [cntr = 40891]
11-14 11:05:21.171 1389 1389 D AOC : A3:MSG: controller.cc, 811: CNTRL: ipc: control, cmd ID: 0x000a, tag: 0xb9, rc: 0
11-14 11:05:21.172 1389 1389 D AOC : A3:MSG: controller.cc, 273: CNTRL: cmd ID: 0x000a, tag: 0xba [cntr = 40892]
11-14 11:05:21.172 1389 1389 D AOC : A3:MSG: controller.cc, 811: CNTRL: ipc: control, cmd ID: 0x000a, tag: 0xba, rc: 0
11-14 11:05:21.172 11381 11398 W Turbo.OnDeviceBatteryHistory: addEvents: loaded 0 battery events.
11-14 11:05:21.172 11381 11398 W Turbo.OnDeviceBatteryHistory: addEvents: loaded battery events completed.
11-14 11:05:21.174 11381 23318 W Turbo.EstimatedTimeRemainingProvider: queryTimeToDischarge: 90013272
11-14 11:05:21.180 2182 2224 D BatteryInfoBroadcast: onReceive: android.intent.action.BATTERY_CHANGED isPowerSaveMode: false remainingTimeMillis: 90013272
11-14 11:05:21.195 11381 11398 W Turbo.EstimatedTimeRemainingProvider: queryTimeToDischarge: 90013251
11-14 11:05:21.200 14339 14339 I PersonalSafety: Settings changed. [CONTEXT service_id=310 ]
11-14 11:05:21.202 3225 3225 I AiAiAdaptiveAudio: (REDACTED) updateAdaptiveAudioRunningState: shouldRun=%b
11-14 11:05:21.202 3225 3225 I AiAiCaptions: (REDACTED) onReceive(): Battery saver mode turned %s.
11-14 11:05:21.202 2182 2182 D PowerNotificationWarningsGoogleImpl: onReceive: android.os.action.POWER_SAVE_MODE_CHANGED
11-14 11:05:21.203 1740 1845 D ActivityManager: sync unfroze 1036 com.google.android.flipendo
11-14 11:05:21.206 11381 23318 W Turbo.EstimatedTimeRemainingProvider: queryTimeToDischarge: 90013241
11-14 11:05:21.207 3225 3225 I AiAiAdaptiveAudio: (REDACTED) updateAdaptiveAudioRunningState: shouldRun=%b
11-14 11:05:21.207 3225 3225 I AiAiCaptions: (REDACTED) onReceive(): Battery saver mode turned %s.
11-14 11:05:21.208 14339 14339 I PersonalSafety: Settings changed. [CONTEXT service_id=310 ]
11-14 11:05:21.210 2182 2224 D BatteryInfoBroadcast: onReceive: android.os.action.POWER_SAVE_MODE_CHANGED isPowerSaveMode: false remainingTimeMillis: 90013241
11-14 11:05:21.214 1036 1036 V PowerSaveModeChangedBR: Received: Intent { act=android.os.action.POWER_SAVE_MODE_CHANGED flg=0x11000010 pkg=com.google.android.flipendo cmp=com.google.android.flipendo/.receiver.PowerSaveModeChangedBroadcastReceiver }
11-14 11:05:21.215 1036 1036 V SettingsInjector: Feature flag is set to true
11-14 11:05:21.215 1036 1036 V SettingsInjector: Component {com.google.android.flipendo/com.google.android.flipendo.settings.ExtremeBatterySaverSettingsFragmentActivity}: is explicitly enabled = false, has default state = true
11-14 11:05:21.215 1036 1036 V SettingsInjector: Settings injection is up to date
11-14 11:05:21.215 1036 1036 I WorkProfileManager: isWorkProfile: false
11-14 11:05:21.215 1036 1036 V PowerSaveModeChangedBR: Device is in direct boot mode: false
11-14 11:05:21.215 1036 1036 V BatterySaverManager: Update state called from PowerSaveModeChangedBR, force enable flipendo: false
11-14 11:05:21.215 1036 1036 I WorkProfileManager: isWorkProfile: false
11-14 11:05:21.215 1036 1036 V SettingsInjector: Component {com.google.android.flipendo/com.google.android.flipendo.settings.ExtremeBatterySaverSettingsFragmentActivity}: is explicitly enabled = false, has default state = true
11-14 11:05:21.215 14339 4505 I NearbyMediums: Found Fast Ble Advertisements :
11-14 11:05:21.215 14339 4505 I NearbyMediums: BleAdvertisement { version=2, socketVersion=2, isFast=true, serviceIdHash=null, data=[ 0x23 0x56 0x46 0x53 0x5a 0x11 0x32 0x5c 0xec 0x05 0xee 0x3f 0x22 0x6f 0x3d 0xea 0x63 0x99 0xa4 0xee 0x6a 0x9d 0xcf ], deviceToken=[ 0xd9 0x7f ], rxAdvertisement=null } : 9 times.
11-14 11:05:21.215 14339 4505 I NearbyMediums: BleAdvertisement { version=2, socketVersion=2, isFast=true, serviceIdHash=null, data=[ 0x23 0x31 0x49 0x47 0x35 0x11 0x16 0xb3 0x77 0x0a 0x00 0x8f 0xf1 0x4c 0xc1 0x25 0xce 0xb3 0xa8 0x70 0xc6 0x60 0x38 ], deviceToken=[ 0x7e 0x1c ], rxAdvertisement=null } : 1 times.
11-14 11:05:21.215 14339 4505 I NearbyMediums: BleAdvertisement { version=2, socketVersion=2, isFast=true, serviceIdHash=null, data=[ 0x23 0x34 0x58 0x46 0x43 0x11 0x32 0x12 0xce 0xf5 0x92 0x08 0x18 0x78 0x13 0x9e 0x07 0xf2 0xca 0x53 0x25 0x93 0x9a ], deviceToken=[ 0x27 0x94 ], rxAdvertisement=null } : 2 times.
11-14 11:05:21.215 14339 4505 I NearbyMediums: BleAdvertisement { version=2, socketVersion=2, isFast=true, serviceIdHash=null, data=[ 0x23 0x42 0x53 0x36 0x59 0x11 0x34 0xff 0x1e 0x52 0x02 0x1a 0x65 0xc5 0xe8 0x10 0x1d 0xe4 0xd9 0xeb 0x6a 0x2e 0x24 ], deviceToken=[ 0x18 0x70 ], rxAdvertisement=null } : 4 times.
11-14 11:05:21.215 14339 4505 I NearbyMediums: Total 16 fast advertisements from 4 unique advertisers.
11-14 11:05:21.216 14339 4511 I NearbyConnections: Processing lost BlePeripheral BlePeripheral{advertisement=BleAdvertisement { version=2, socketVersion=2, isFast=true, serviceIdHash=null, data=[ 0x23 0x58 0x58 0x53 0x44 0x11 0x32 0x92 0xec 0xdb 0xa7 0x45 0x2c 0x10 0x52 0xa5 0xa3 0x8c 0x38 0xb4 0x73 0xc3 0x84 ], deviceToken=[ 0xa5 0x93 ], rxAdvertisement=null }, address=null, psm=0, deviceToken=, isSecondProfile=false, rxInstantConnectionAdv=null}.
11-14 11:05:21.216 14339 4511 I NearbyConnections: Lost BleEndpoint for BlePeripheral BlePeripheral{advertisement=BleAdvertisement { version=2, socketVersion=2, isFast=true, serviceIdHash=null, data=[ 0x23 0x58 0x58 0x53 0x44 0x11 0x32 0x92 0xec 0xdb 0xa7 0x45 0x2c 0x10 0x52 0xa5 0xa3 0x8c 0x38 0xb4 0x73 0xc3 0x84 ], deviceToken=[ 0xa5 0x93 ], rxAdvertisement=null }, address=null, psm=0, deviceToken=, isSecondProfile=false, rxInstantConnectionAdv=null} (with EndpointId XXSD and EndpointInfo [ 0x32 0x92 0xec 0xdb 0xa7 0x45 0x2c 0x10 0x52 0xa5 0xa3 0x8c 0x38 0xb4 0x73 0xc3 0x84 ]).
11-14 11:05:21.216 1036 1072 V SettingsInjector: Component {com.google.android.flipendo/com.google.android.flipendo.settings.ExtremeBatterySaverSettingsFragmentActivity}: is explicitly enabled = false, has default state = true
11-14 11:05:21.216 1036 1072 V BatterySaverManager: Power save mode enabled = false
11-14 11:05:21.216 1036 1072 V BatterySaverManager: Settings mode = MILD
11-14 11:05:21.216 1036 1072 V BatterySaverManager: Disable called from PowerSaveModeChangedBR
11-14 11:05:21.216 1036 1072 V BatterySaverManager: Flipendo is disabled no action needed
11-14 11:05:21.216 14339 4511 I NearbyConnections: ClientProxy(229990993) reporting onEndpointLost(XXSD)
11-14 11:05:21.216 1036 1072 D ReceiverDelegate: Future succeeded in receiver
11-14 11:05:21.217 14339 4505 I NearbySharing: Endpoint XXSD lost over Nearby Connections
11-14 11:05:21.217 14339 4418 I NearbySharing: Ignoring lost endpoint XXSD because we don't have an associated ShareTarget
11-14 11:05:21.218 14339 4511 I NearbyConnections: Processing lost BlePeripheral BlePeripheral{advertisement=BleAdvertisement { version=2, socketVersion=2, isFast=true, serviceIdHash=null, data=[ 0x23 0x57 0x52 0x4c 0x4d 0x11 0x32 0xd7 0x25 0x18 0xad 0x25 0xc2 0x9b 0xec 0xb8 0x99 0x1e 0x19 0xd0 0x09 0x6d 0xcb ], deviceToken=[ 0xb7 0xbe ], rxAdvertisement=null }, address=null, psm=0, deviceToken=, isSecondProfile=false, rxInstantConnectionAdv=null}.
11-14 11:05:21.218 14339 4511 I NearbyConnections: Lost BleEndpoint for BlePeripheral BlePeripheral{advertisement=BleAdvertisement { version=2, socketVersion=2, isFast=true, serviceIdHash=null, data=[ 0x23 0x57 0x52 0x4c 0x4d 0x11 0x32 0xd7 0x25 0x18 0xad 0x25 0xc2 0x9b 0xec 0xb8 0x99 0x1e 0x19 0xd0 0x09 0x6d 0xcb ], deviceToken=[ 0xb7 0xbe ], rxAdvertisement=null }, address=null, psm=0, deviceToken=, isSecondProfile=false, rxInstantConnectionAdv=null} (with EndpointId WRLM and EndpointInfo [ 0x32 0xd7 0x25 0x18 0xad 0x25 0xc2 0x9b 0xec 0xb8 0x99 0x1e 0x19 0xd0 0x09 0x6d 0xcb ]).
11-14 11:05:21.218 14339 4511 I NearbyConnections: ClientProxy(229990993) reporting onEndpointLost(WRLM)
11-14 11:05:21.218 14339 4418 I NearbySharing: Endpoint WRLM lost over Nearby Connections
11-14 11:05:21.218 14339 4511 I NearbySharing: Ignoring lost endpoint WRLM because we don't have an associated ShareTarget
11-14 11:05:21.219 1036 1036 V PowerSaveModeChangedBR: Received: Intent { act=android.os.action.POWER_SAVE_MODE_CHANGED flg=0x11000010 pkg=com.google.android.flipendo cmp=com.google.android.flipendo/.receiver.PowerSaveModeChangedBroadcastReceiver }
11-14 11:05:21.220 1036 1036 V SettingsInjector: Feature flag is set to true
11-14 11:05:21.220 2182 2182 D PowerNotificationWarningsGoogleImpl: onReceive: android.os.action.POWER_SAVE_MODE_CHANGED
11-14 11:05:21.220 1036 1036 V SettingsInjector: Component {com.google.android.flipendo/com.google.android.flipendo.settings.ExtremeBatterySaverSettingsFragmentActivity}: is explicitly enabled = false, has default state = true
11-14 11:05:21.220 1036 1036 V SettingsInjector: Settings injection is up to date
11-14 11:05:21.220 1036 1036 I WorkProfileManager: isWorkProfile: false
11-14 11:05:21.220 1036 1036 V PowerSaveModeChangedBR: Device is in direct boot mode: false
11-14 11:05:21.220 1036 1036 V BatterySaverManager: Update state called from PowerSaveModeChangedBR, force enable flipendo: false
11-14 11:05:21.220 1036 1036 I WorkProfileManager: isWorkProfile: false
11-14 11:05:21.220 1036 1036 V SettingsInjector: Component {com.google.android.flipendo/com.google.android.flipendo.settings.ExtremeBatterySaverSettingsFragmentActivity}: is explicitly enabled = false, has default state = true
11-14 11:05:21.221 1036 1072 V SettingsInjector: Component {com.google.android.flipendo/com.google.android.flipendo.settings.ExtremeBatterySaverSettingsFragmentActivity}: is explicitly enabled = false, has default state = true
11-14 11:05:21.221 1036 1072 V BatterySaverManager: Power save mode enabled = false
11-14 11:05:21.221 1036 1072 V BatterySaverManager: Settings mode = MILD
11-14 11:05:21.221 1036 1072 V BatterySaverManager: Disable called from PowerSaveModeChangedBR
11-14 11:05:21.221 1036 1072 V BatterySaverManager: Flipendo is disabled no action needed
11-14 11:05:21.221 1036 1072 D ReceiverDelegate: Future succeeded in receiver
11-14 11:05:21.223 11381 14356 W Turbo.EstimatedTimeRemainingProvider: queryTimeToDischarge: 90013223
11-14 11:05:21.226 2182 2224 D BatteryInfoBroadcast: onReceive: android.os.action.POWER_SAVE_MODE_CHANGED isPowerSaveMode: false remainingTimeMillis: 90013223
11-14 11:05:21.346 4285 4285 W .sharelinkpro1k: Cleared Reference was only reachable from finalizer (only reported once)
11-14 11:05:21.360 4285 4285 I .sharelinkpro1k: Explicit concurrent mark compact GC freed 1097KB AllocSpace bytes, 124(15MB) LOS objects, 75% free, 8736KB/34MB, paused 296us,1.364ms total 31.740ms
11-14 11:05:21.422 4285 4292 W System : A resource failed to call AbstractCursor.close.
11-14 11:05:21.422 4285 4292 W System : A resource failed to call CursorWrapperInner.close.
11-14 11:05:21.422 4285 4292 W System : A resource failed to call AbstractCursor.close.
11-14 11:05:21.423 4285 4292 W System : A resource failed to call CursorWrapperInner.close.
11-14 11:05:21.426 4285 4285 W MaterialButton: MaterialButton manages its own background to control elevation, shape, color and states. Consider using backgroundTint, shapeAppearance and other attributes where available. A custom background will ignore these attributes and you should consider handling interaction states such as pressed, focused and disabled
11-14 11:05:21.488 725 725 W powerhal-libperfmgr: The actual duration is way far from the target (236884603 >> 11620000)
11-14 11:05:21.571 1163 1163 I WifiHAL : Creating message to get link statistics; iface = 47
11-14 11:05:21.617 1163 1163 I WifiHAL : In GetLinkStatsCommand::handleResponse
11-14 11:05:21.649 1740 2058 D ConnectivityService: NetReassign [no changes] [c 1] [a 0] [i 5]
11-14 11:05:21.796 4285 4344 I .sharelinkpro1k: Explicit concurrent mark compact GC freed 296KB AllocSpace bytes, 1(20KB) LOS objects, 75% free, 8748KB/34MB, paused 350us,1.472ms total 26.704ms
11-14 11:05:21.883 4285 4344 I .sharelinkpro1k: Explicit concurrent mark compact GC freed 445KB AllocSpace bytes, 1(20KB) LOS objects, 75% free, 8474KB/33MB, paused 256us,1.127ms total 20.576ms
11-14 11:05:22.692 25379 25398 I bcoj : (REDACTED) getHotwordActive::active query: %s, watch: %s, devices connected: %s
11-14 11:05:23.149 4285 4344 I .sharelinkpro1k: Explicit concurrent mark compact GC freed 10MB AllocSpace bytes, 5(100KB) LOS objects, 75% free, 8706KB/34MB, paused 279us,1.295ms total 25.533ms
11-14 11:05:23.199 4285 4344 I .sharelinkpro1k: Explicit concurrent mark compact GC freed 244KB AllocSpace bytes, 4(80KB) LOS objects, 75% free, 8446KB/32MB, paused 215us,868us total 14.918ms
11-14 11:05:23.752 1740 3292 I ActivityManager: Killing 3298:com.android.remoteprovisioner/u0a198 (adj 985): empty for 1800s
11-14 11:05:23.759 1740 1849 I libprocessgroup: Successfully killed process cgroup uid 10198 pid 3298 in 5ms
11-14 11:05:23.812 1115 1115 I Zygote : Process 3298 exited due to signal 9 (Killed)
11-14 11:05:23.985 14339 14343 I .gms.persistent: Background concurrent mark compact GC freed 64MB AllocSpace bytes, 47(1200KB) LOS objects, 75% free, 24MB/98MB, paused 596us,6.733ms total 213.279ms
11-14 11:05:24.012 14339 14345 W System : A resource failed to call close.
11-14 11:05:24.532 1328 1372 D RILClient: [OemClient]IND: (clientId = 0, msgId = 2015, dataLength = 148, channel = 0)
11-14 11:05:24.533 1170 2019 D RILClient: [OemClient]IND: (clientId = 2, msgId = 2015, dataLength = 148, channel = 0)
11-14 11:05:24.645 1163 1163 I WifiHAL : Creating message to get link statistics; iface = 47
11-14 11:05:24.692 1163 1163 I WifiHAL : In GetLinkStatsCommand::handleResponse
11-14 11:05:24.718 2729 2795 D IwlanDataService: onCapabilitiesChanged: 134 [ Transports: WIFI Capabilities: INTERNET&NOT_RESTRICTED&TRUSTED&NOT_VPN&VALIDATED&NOT_ROAMING&FOREGROUND&NOT_CONGESTED&NOT_SUSPENDED&NOT_VCN_MANAGED LinkUpBandwidth>=8640Kbps LinkDnBandwidth>=14887Kbps TransportInfo: , BSSID: 02:00:00:00:00:00, MAC: 02:00:00:00:00:00, IP: /192.168.196.140, Security type: 2, Supplicant state: COMPLETED, Wi-Fi standard: 11n, RSSI: -14, Link speed: 173Mbps, Tx Link speed: 173Mbps, Max Supported Tx Link speed: 144Mbps, Rx Link speed: 192Mbps, Max Supported Rx Link speed: 144Mbps, Frequency: 2462MHz, Net ID: -1, Metered hint: true, score: 60, isUsable: true, CarrierMerged: false, SubscriptionId: -1, IsPrimary: 1, Trusted: true, Restricted: false, Ephemeral: false, OEM paid: false, OEM private: false, OSU AP: false, FQDN: , Provider friendly name: , Requesting package name: MLO Information: , Is TID-To-Link negotiation supported by the AP: false, AP MLD Address: , AP MLO Link Id: , AP MLO Affiliated links: , Vendor Data: > SignalStrength: -14 AdminUids: [1000] SSID: "Pixel_5100" UnderlyingNetworks: Null]
11-14 11:05:24.718 2729 2795 D IwlanDataService: Network 134 connected using transport WIFI
11-14 11:05:24.720 14339 14347 I ChimeraSrvcProxy: NullBinder for android.net.action.RECOMMEND_NETWORKS triggering remote TransactionTooLargeException due to Service without Chimera impl
11-14 11:05:24.720 14339 14347 W .gms.persistent: Large reply transaction of 1056768 bytes, interface descriptor , code 1
11-14 11:05:24.720 2729 2816 D IwlanNetworkService: onCapabilitiesChanged: 134
11-14 11:05:24.722 8283 9324 D DeviceStateHelper: Wifi freq: 2462
