11-14 04:49:01.579 1740 3304 W BroadcastQueue: Permission Denial: receiving Intent { act=android.intent.action.SERVICE_STATE flg=0x1000010 (has extras) } to com.google.android.cellbroadcastreceiver/com.android.cellbroadcastreceiver.CellBroadcastReceiver requires android.permission.READ_PHONE_STATE due to sender android (uid 1001)
11-14 04:49:01.580 1740 1845 W BroadcastQueue: Permission Denial: receiving Intent { act=android.intent.action.SERVICE_STATE flg=0x1000010 (has extras) } to com.google.android.cellbroadcastreceiver/com.android.cellbroadcastreceiver.CellBroadcastReceiver requires android.permission.ACCESS_FINE_LOCATION due to sender android (uid 1001)
11-14 04:49:01.580 1740 1845 W BroadcastQueue: Permission Denial: receiving Intent { act=android.intent.action.SERVICE_STATE flg=0x1000010 (has extras) } to com.google.android.cellbroadcastreceiver/com.android.cellbroadcastreceiver.CellBroadcastReceiver requires android.permission.READ_PHONE_STATE due to sender android (uid 1001)
11-14 04:49:01.587 1740 2058 W ContextImpl: Calling a method in the system process without a qualified user: android.app.ContextImpl.sendStickyBroadcast:1586 android.net.connectivity.com.android.server.ConnectivityService.sendStickyBroadcast:3912 android.net.connectivity.com.android.server.ConnectivityService.sendGeneralBroadcast:3882 android.net.connectivity.com.android.server.ConnectivityService.sendInetConditionBroadcast:3859 android.net.connectivity.com.android.server.ConnectivityService.updateInetCondition:11150
11-14 04:49:03.415 1740 1740 D CompatibilityChangeReporter: Compat change id reported: 135634846; UID 10105; state: DISABLED
11-14 04:49:03.415 1740 1740 D CompatibilityChangeReporter: Compat change id reported: 177438394; UID 10105; state: DISABLED
11-14 04:49:03.415 1740 1740 D CompatibilityChangeReporter: Compat change id reported: 135772972; UID 10105; state: DISABLED
11-14 04:49:03.416 1740 1740 D CompatibilityChangeReporter: Compat change id reported: 135754954; UID 10105; state: ENABLED
11-14 04:49:03.417 1740 1846 D CompatibilityChangeReporter: Compat change id reported: 143937733; UID 10105; state: ENABLED
11-14 04:49:03.447 1740 1846 I ActivityManager: Start proc 25884:com.google.android.apps.carrier.carrierwifi/u0a105 for service {com.google.android.apps.carrier.carrierwifi/androidx.work.impl.background.systemjob.SystemJobService}
11-14 04:49:03.484 1740 10527 D CompatibilityChangeReporter: Compat change id reported: 168419799; UID 10105; state: DISABLED
11-14 04:49:03.576 1740 3474 D CompatibilityChangeReporter: Compat change id reported: 194532703; UID 10105; state: ENABLED
11-14 04:49:10.166 1740 10527 D CompatibilityChangeReporter: Compat change id reported: 161252188; UID 10139; state: ENABLED
11-14 04:49:10.170 1740 10527 D CompatibilityChangeReporter: Compat change id reported: 168419799; UID 10139; state: DISABLED
11-14 04:49:10.532 1740 10527 D CompatibilityChangeReporter: Compat change id reported: 161145287; UID 10105; state: DISABLED
11-14 04:49:10.563 571 25839 I keystore2: keystore2::watchdog: Watchdog thread idle -> terminating. Have a great day.
11-14 04:49:11.635 1740 3474 W JobScheduler: Job didn't exist in JobStore: 9013dad #u0a110/201471527 com.google.android.apps.scone/.awareness.OosObserver
11-14 04:49:14.363 1740 1845 D ActivityManager: sync unfroze 25183 com.android.providers.calendar
11-14 04:49:14.372 1740 1845 D CompatibilityChangeReporter: Compat change id reported: 168419799; UID 10064; state: DISABLED
11-14 04:49:14.378 1740 3304 D CompatibilityChangeReporter: Compat change id reported: 194532703; UID 10064; state: ENABLED
11-14 04:49:14.610 14440 21396 W PackageParser: Unknown element under : queries at /data/user_de/0/com.google.android.gms/app_chimera/m/00000592/dl-AdsFdrDynamite.integ_243220703100000.apk Binary XML file line #15
11-14 04:49:14.616 14440 21396 W PackageParser: Unknown element under : queries at /data/user_de/0/com.google.android.gms/app_chimera/m/0000062a/dl-AdsFdrDynamite.integ_243799204100000.apk Binary XML file line #15
11-14 04:49:14.725 14440 21396 W PackageParser: Unknown element under : queries at /data/user_de/0/com.google.android.gms/app_chimera/m/00000592/dl-AdsFdrDynamite.integ_243220703100000.apk Binary XML file line #15
11-14 04:49:14.729 14440 21396 W PackageParser: Unknown element under : queries at /data/user_de/0/com.google.android.gms/app_chimera/m/0000062a/dl-AdsFdrDynamite.integ_243799204100000.apk Binary XML file line #15
11-14 04:50:01.540 2182 7975 D PowerUI : can't show warning due to - plugged: true status unknown: false
11-14 04:51:01.539 2182 10049 D PowerUI : can't show warning due to - plugged: true status unknown: false
11-14 04:52:01.543 2182 10106 D PowerUI : can't show warning due to - plugged: true status unknown: false
11-14 04:54:01.533 2182 10114 D PowerUI : can't show warning due to - plugged: true status unknown: false
11-14 04:54:01.537 1740 2183 I ActivityManager: Killing 24923:com.google.android.gm/u0a166 (adj 925): empty for 1831s
11-14 04:54:04.604 1740 1955 D ActivityManager: freezing 25627 com.google.android.apps.work.clouddpc
11-14 04:55:01.538 2182 10179 D PowerUI : can't show warning due to - plugged: true status unknown: false
11-14 04:56:01.537 2182 2602 D PowerUI : can't show warning due to - plugged: true status unknown: false
11-14 04:56:48.678 1740 1955 D ActivityManager: freezing 7491 com.google.android.apps.safetyhub
11-14 04:57:01.568 2182 6843 D PowerUI : can't show warning due to - plugged: true status unknown: false
11-14 04:58:01.545 2182 7765 D PowerUI : can't show warning due to - plugged: true status unknown: false
11-14 04:58:57.382 1740 1955 D ActivityManager: freezing 25154 android.process.acore
11-14 04:59:01.543 2182 7975 D PowerUI : can't show warning due to - plugged: true status unknown: false
11-14 04:59:01.615 1740 1955 D ActivityManager: freezing 25821 com.google.android.cellbroadcastreceiver
11-14 04:59:03.577 1740 1955 D ActivityManager: freezing 25884 com.google.android.apps.carrier.carrierwifi
11-14 04:59:11.267 1740 1844 I ProcessStatsService: Pruning old procstats: /data/system/procstats/state-2024-11-13-01-58-54.bin
11-14 04:59:14.435 1740 1955 D ActivityManager: freezing 25183 com.android.providers.calendar
11-14 04:59:24.695 1740 1955 D ActivityManager: freezing 25796 com.google.android.settings.intelligence
11-14 04:59:24.707 1740 1955 D ActivityManager: freezing 25724 com.google.process.gservices
11-14 04:59:24.713 1740 1955 D ActivityManager: freezing 25768 .ShannonImsService
11-14 05:00:00.022 1740 1845 D ActivityManager: sync unfroze 25796 com.google.android.settings.intelligence
11-14 05:00:00.030 1740 3301 D CompatibilityChangeReporter: Compat change id reported: 161252188; UID 1000; state: ENABLED
11-14 05:00:00.038 1740 2470 D CompatibilityChangeReporter: Compat change id reported: 171306433; UID 10113; state: ENABLED
11-14 05:00:00.038 1740 2470 D CompatibilityChangeReporter: Compat change id reported: 226439802; UID 10113; state: DISABLED
11-14 05:00:00.040 1740 2470 D CompatibilityChangeReporter: Compat change id reported: 218533173; UID 10113; state: ENABLED
11-14 05:00:00.047 1740 3979 D CompatibilityChangeReporter: Compat change id reported: 135634846; UID 1000; state: DISABLED
11-14 05:00:00.047 1740 3979 D CompatibilityChangeReporter: Compat change id reported: 177438394; UID 1000; state: DISABLED
11-14 05:00:00.048 1740 3979 D CompatibilityChangeReporter: Compat change id reported: 135772972; UID 1000; state: DISABLED
11-14 05:00:00.048 1740 3979 D CompatibilityChangeReporter: Compat change id reported: 135754954; UID 1000; state: ENABLED
11-14 05:00:00.066 1740 1846 I ActivityManager: Start proc 25956:com.android.settings/1000 for broadcast {com.android.settings/com.google.android.settings.fuelgauge.BatteryBroadcastReceiver}
11-14 05:00:00.379 25956 25969 W PowerProfile: ambient.on is deprecated! Use ambient.on.display0 instead.
11-14 05:00:00.379 25956 25969 W PowerProfile: screen.on is deprecated! Use screen.on.display0 instead.
11-14 05:00:00.379 25956 25969 W PowerProfile: screen.full is deprecated! Use screen.full.display0 instead.
11-14 05:00:00.380 25956 25969 W ModemPowerProfile: getAverageBatteryDrainMaH called with unexpected key: 0x0, drain:0,RAT:DEFAULT
11-14 05:00:00.380 25956 25969 W ModemPowerProfile: getAverageBatteryDrainMaH called with unexpected key: 0x10000000, drain:IDLE,RAT:DEFAULT
11-14 05:00:00.380 25956 25969 W ModemPowerProfile: getAverageBatteryDrainMaH called with unexpected key: 0x20000000, drain:RX,RAT:DEFAULT
11-14 05:00:00.380 25956 25969 W ModemPowerProfile: getAverageBatteryDrainMaH called with unexpected key: 0x30000000, drain:TX,level:UNKNOWN(0x0)RAT:DEFAULT
11-14 05:00:00.380 25956 25969 W ModemPowerProfile: getAverageBatteryDrainMaH called with unexpected key: 0x31000000, drain:TX,level:UNKNOWN(0x1000000)RAT:DEFAULT
11-14 05:00:00.380 25956 25969 W ModemPowerProfile: getAverageBatteryDrainMaH called with unexpected key: 0x32000000, drain:TX,level:UNKNOWN(0x2000000)RAT:DEFAULT
11-14 05:00:00.380 25956 25969 W ModemPowerProfile: getAverageBatteryDrainMaH called with unexpected key: 0x33000000, drain:TX,level:UNKNOWN(0x3000000)RAT:DEFAULT
11-14 05:00:00.380 25956 25969 W ModemPowerProfile: getAverageBatteryDrainMaH called with unexpected key: 0x34000000, drain:TX,level:UNKNOWN(0x4000000)RAT:DEFAULT
11-14 05:00:00.784 1740 3979 D CompatibilityChangeReporter: Compat change id reported: 161145287; UID 1000; state: DISABLED
11-14 05:00:01.539 2182 10049 D PowerUI : can't show warning due to - plugged: true status unknown: false
11-14 05:01:01.546 2182 10106 D PowerUI : can't show warning due to - plugged: true status unknown: false
11-14 05:01:55.726 1740 2183 I ActivityManager: Killing 25432:com.google.android.permissioncontroller/u0a211 (adj 965): empty for 1807s
11-14 05:02:01.548 2182 10114 D PowerUI : can't show warning due to - plugged: true status unknown: false
11-14 05:02:22.286 1740 1955 D ActivityManager: freezing 25073 com.google.android.apps.messaging
11-14 05:03:01.555 2182 10179 D PowerUI : can't show warning due to - plugged: true status unknown: false
11-14 05:03:16.621 1740 10543 I ActivityManager: Killing 25478:com.google.android.apps.magazines/u0a170 (adj 925): empty for 1813s
11-14 05:03:16.721 1740 2049 D CompatibilityChangeReporter: Compat change id reported: 218533173; UID 10170; state: ENABLED
11-14 05:03:19.282 1740 1740 D ActivityManager: sync unfroze 7491 com.google.android.apps.safetyhub
11-14 05:04:01.542 2182 2602 D PowerUI : can't show warning due to - plugged: true status unknown: false
11-14 05:04:01.580 2182 6843 D PowerUI : can't show warning due to - plugged: true status unknown: false
11-14 05:04:25.471 1740 1740 D CompatibilityChangeReporter: Compat change id reported: 135634846; UID 10096; state: DISABLED
11-14 05:04:25.471 1740 1740 D CompatibilityChangeReporter: Compat change id reported: 177438394; UID 10096; state: DISABLED
11-14 05:04:25.471 1740 1740 D CompatibilityChangeReporter: Compat change id reported: 135772972; UID 10096; state: DISABLED
11-14 05:04:25.471 1740 1740 D CompatibilityChangeReporter: Compat change id reported: 135754954; UID 10096; state: ENABLED
11-14 05:04:25.473 1740 1846 D CompatibilityChangeReporter: Compat change id reported: 143937733; UID 10096; state: ENABLED
11-14 05:04:25.481 1740 1740 D CompatibilityChangeReporter: Compat change id reported: 135634846; UID 10143; state: DISABLED
11-14 05:04:25.481 1740 1740 D CompatibilityChangeReporter: Compat change id reported: 177438394; UID 10143; state: DISABLED
11-14 05:04:25.481 1740 1740 D CompatibilityChangeReporter: Compat change id reported: 135772972; UID 10143; state: DISABLED
11-14 05:04:25.481 1740 1740 D CompatibilityChangeReporter: Compat change id reported: 135754954; UID 10143; state: ENABLED
11-14 05:04:25.497 1740 1740 D CompatibilityChangeReporter: Compat change id reported: 168419799; UID 10113; state: DISABLED
11-14 05:04:25.501 1740 1846 I ActivityManager: Start proc 25990:com.google.android.partnersetup/u0a96 for service {com.google.android.partnersetup/com.google.android.partnersetup.InstalledAppJobService}
11-14 05:04:25.501 1740 1846 D CompatibilityChangeReporter: Compat change id reported: 143937733; UID 10143; state: ENABLED
11-14 05:04:25.521 1740 1846 I ActivityManager: Start proc 26001:com.google.android.apps.turbo:aab/u0a143 for service {com.google.android.apps.turbo/com.google.android.libraries.smartbattery.appusage.library.InferAppBucketsJob}
11-14 05:04:25.522 1740 3303 D CompatibilityChangeReporter: Compat change id reported: 168419799; UID 10096; state: DISABLED
11-14 05:04:25.557 1740 1788 D CompatibilityChangeReporter: Compat change id reported: 194532703; UID 10096; state: ENABLED
11-14 05:04:25.567 1740 1788 D ActivityManager: sync unfroze 25724 com.google.process.gservices
11-14 05:04:25.589 1740 3303 W JobScheduler: Job didn't exist in JobStore: c5bea71 #u0a96/4096 com.google.android.partnersetup/.InstalledAppJobService
11-14 05:04:25.730 1740 1788 D CompatibilityChangeReporter: Compat change id reported: 135634846; UID 10198; state: DISABLED
11-14 05:04:25.730 1740 1788 D CompatibilityChangeReporter: Compat change id reported: 177438394; UID 10198; state: DISABLED
11-14 05:04:25.730 1740 1788 D CompatibilityChangeReporter: Compat change id reported: 135772972; UID 10198; state: DISABLED
11-14 05:04:25.730 1740 1788 D CompatibilityChangeReporter: Compat change id reported: 135754954; UID 10198; state: ENABLED
11-14 05:04:25.730 1740 1846 D CompatibilityChangeReporter: Compat change id reported: 143937733; UID 10198; state: ENABLED
11-14 05:04:25.740 1740 1846 I ActivityManager: Start proc 26039:com.android.remoteprovisioner/u0a198 for service {com.android.remoteprovisioner/com.android.remoteprovisioner.service.GenerateRkpKeyService}
11-14 05:04:25.808 571 10243 E keystore2: keystore2::error: In generate_key_pair: Failed to get device for security level SecurityLevel(2)
11-14 05:04:25.808 571 10243 E keystore2:
11-14 05:04:25.808 571 10243 E keystore2: Caused by:
11-14 05:04:25.808 571 10243 E keystore2: 0: In get_dev_by_sec_level: Remote instance for requested security level not found.
11-14 05:04:25.808 571 10243 E keystore2: 1: Error::Rc(ResponseCode(4))
11-14 05:04:25.827 1740 3303 D CompatibilityChangeReporter: Compat change id reported: 218533173; UID 10211; state: ENABLED
11-14 05:04:25.869 1740 3292 D CompatibilityChangeReporter: Compat change id reported: 194532703; UID 10143; state: ENABLED
11-14 05:04:25.950 1740 3288 D CompatibilityChangeReporter: Compat change id reported: 135634846; UID 10139; state: DISABLED
11-14 05:04:25.950 1740 3288 D CompatibilityChangeReporter: Compat change id reported: 177438394; UID 10139; state: DISABLED
11-14 05:04:25.951 1740 3288 D CompatibilityChangeReporter: Compat change id reported: 135772972; UID 10139; state: DISABLED
11-14 05:04:25.951 1740 3288 D CompatibilityChangeReporter: Compat change id reported: 135754954; UID 10139; state: ENABLED
11-14 05:04:25.951 1740 1846 D CompatibilityChangeReporter: Compat change id reported: 143937733; UID 10139; state: ENABLED
11-14 05:04:25.962 1740 1846 I ActivityManager: Start proc 26063:com.google.process.gapps/u0a139 for content provider {com.google.android.gsf/com.google.android.gsf.settings.GoogleSettingsProvider}
11-14 05:04:26.056 1740 3292 D CompatibilityChangeReporter: Compat change id reported: 201794303; UID 10139; state: ENABLED
11-14 05:04:26.106 1740 1845 D CompatibilityChangeReporter: Compat change id reported: 135634846; UID 10151; state: DISABLED
11-14 05:04:26.107 1740 1846 D CompatibilityChangeReporter: Compat change id reported: 143937733; UID 10151; state: ENABLED
11-14 05:04:26.118 1740 1846 I ActivityManager: Start proc 26078:com.android.chrome/u0a151 for broadcast {com.android.chrome/com.google.android.apps.chrome.rlz.RevenueStatsConfigurationUpdateReceiver}
11-14 05:04:26.134 1740 3288 D CompatibilityChangeReporter: Compat change id reported: 168419799; UID 10151; state: DISABLED
11-14 05:04:26.169 1740 3288 D CompatibilityChangeReporter: Compat change id reported: 135634846; UID 10139; state: DISABLED
11-14 05:04:26.169 1740 3288 D CompatibilityChangeReporter: Compat change id reported: 177438394; UID 10139; state: DISABLED
11-14 05:04:26.169 1740 3288 D CompatibilityChangeReporter: Compat change id reported: 135772972; UID 10139; state: DISABLED
11-14 05:04:26.169 1740 3288 D CompatibilityChangeReporter: Compat change id reported: 135754954; UID 10139; state: ENABLED
11-14 05:04:26.169 1740 1846 D CompatibilityChangeReporter: Compat change id reported: 143937733; UID 10139; state: ENABLED
11-14 05:04:26.185 1740 1846 I ActivityManager: Start proc 26091:com.google.android.gms.unstable/u0a139 for service {com.google.android.gms/com.google.android.gms.droidguard.DroidGuardService}
11-14 05:04:26.217 1740 2525 D CompatibilityChangeReporter: Compat change id reported: 161145287; UID 10151; state: DISABLED
11-14 05:04:27.085 1740 2050 D CompatibilityChangeReporter: Compat change id reported: 74210811; UID 1000; state: DISABLED
11-14 05:04:32.579 1740 3303 D CompatibilityChangeReporter: Compat change id reported: 161145287; UID 10096; state: DISABLED
11-14 05:04:35.809 571 26023 I keystore2: keystore2::watchdog: Watchdog thread idle -> terminating. Have a great day.
11-14 05:05:52.882 1740 2525 D CompatibilityChangeReporter: Compat change id reported: 171306433; UID 1000; state: ENABLED
11-14 05:05:52.882 1740 2525 D CompatibilityChangeReporter: Compat change id reported: 218533173; UID 1000; state: ENABLED
11-14 05:06:01.546 2182 7765 D PowerUI : can't show warning due to - plugged: true status unknown: false
11-14 05:06:30.040 1740 1844 I UsageStatsService: User[0] Flushing usage stats to disk
11-14 05:06:40.004 1740 1740 D CompatibilityChangeReporter: Compat change id reported: 168419799; UID 1000; state: DISABLED
11-14 05:07:01.543 2182 7975 D PowerUI : can't show warning due to - plugged: true status unknown: false
11-14 05:08:01.541 2182 10049 D PowerUI : can't show warning due to - plugged: true status unknown: false
11-14 05:08:03.653 1740 3292 D CompatibilityChangeReporter: Compat change id reported: 171306433; UID 10139; state: ENABLED
11-14 05:08:03.654 1740 3292 D CompatibilityChangeReporter: Compat change id reported: 218533173; UID 10139; state: ENABLED
11-14 05:09:10.455 1740 3292 D CompatibilityChangeReporter: Compat change id reported: 161252188; UID 10139; state: ENABLED
11-14 05:10:00.274 1740 1955 D ActivityManager: freezing 25956 com.android.settings
11-14 05:10:01.547 2182 10106 D PowerUI : can't show warning due to - plugged: true status unknown: false
11-14 05:10:20.566 1740 3303 D ActivityManager: sync unfroze 25154 android.process.acore
11-14 05:10:20.583 1740 3303 W JobScheduler: Job didn't exist in JobStore: c2f57bf #u0a135/37547 com.google.android.apps.wellbeing/androidx.work.impl.background.systemjob.SystemJobService
11-14 05:11:01.537 2182 10114 D PowerUI : can't show warning due to - plugged: true status unknown: false
11-14 05:11:01.573 2182 10179 D PowerUI : can't show warning due to - plugged: true status unknown: false
11-14 05:12:01.542 2182 2602 D PowerUI : can't show warning due to - plugged: true status unknown: false
11-14 05:12:25.079 1740 1740 D ActivityManager: sync unfroze 25073 com.google.android.apps.messaging
11-14 05:13:01.548 2182 6843 D PowerUI : can't show warning due to - plugged: true status unknown: false
11-14 05:13:19.415 1740 1955 D ActivityManager: freezing 7491 com.google.android.apps.safetyhub
11-14 05:14:01.537 2182 7765 D PowerUI : can't show warning due to - plugged: true status unknown: false
11-14 05:14:16.643 1740 3303 I ActivityManager: Killing 25627:com.google.android.apps.work.clouddpc/u0a169 (adj 935): empty for 1812s
11-14 05:14:25.603 1740 1955 D ActivityManager: freezing 25796 com.google.android.settings.intelligence
11-14 05:14:25.801 1740 1955 D ActivityManager: freezing 26039 com.android.remoteprovisioner
11-14 05:14:25.899 1740 1955 D ActivityManager: freezing 26001 com.google.android.apps.turbo:aab
11-14 05:14:26.126 1740 1955 D ActivityManager: freezing 25990 com.google.android.partnersetup
11-14 05:14:26.135 1740 1955 D ActivityManager: freezing 26063 com.google.process.gapps
11-14 05:14:26.216 1740 1955 D ActivityManager: freezing 26078 com.android.chrome
11-14 05:15:01.535 2182 7975 D PowerUI : can't show warning due to - plugged: true status unknown: false
11-14 05:15:31.287 1740 1955 D ActivityManager: freezing 26091 com.google.android.gms.unstable
11-14 05:16:01.536 2182 10049 D PowerUI : can't show warning due to - plugged: true status unknown: false
11-14 05:16:22.146 1740 3471 D ActivityManager: sync unfroze 26091 com.google.android.gms.unstable
11-14 05:16:22.243 1740 3471 D CompatibilityChangeReporter: Compat change id reported: 319212206; UID 10139; state: DISABLED
11-14 05:16:24.022 1740 1845 D CompatibilityChangeReporter: Compat change id reported: 135634846; UID 10246; state: DISABLED
11-14 05:16:24.022 1740 1845 D CompatibilityChangeReporter: Compat change id reported: 177438394; UID 10246; state: DISABLED
11-14 05:16:24.022 1740 1845 D CompatibilityChangeReporter: Compat change id reported: 135772972; UID 10246; state: DISABLED
11-14 05:16:24.022 1740 1845 D CompatibilityChangeReporter: Compat change id reported: 135754954; UID 10246; state: ENABLED
11-14 05:16:24.023 1740 1846 D CompatibilityChangeReporter: Compat change id reported: 143937733; UID 10246; state: ENABLED
11-14 05:16:24.031 1740 1845 D ActivityManager: sync unfroze 26001 com.google.android.apps.turbo:aab
11-14 05:16:24.034 1740 1846 I ActivityManager: Start proc 26213:com.google.android.apps.podcasts/u0a246 for broadcast {com.google.android.apps.podcasts/com.google.android.libraries.phenotype.client.stable.PhenotypeUpdateBackgroundBroadcastReceiver}
11-14 05:16:24.094 1740 1845 D ActivityManager: sync unfroze 25990 com.google.android.partnersetup
11-14 05:16:24.142 1740 1845 D ActivityManager: sync unfroze 7491 com.google.android.apps.safetyhub
11-14 05:16:24.181 1740 1845 D ActivityManager: sync unfroze 22823 com.google.android.ims
11-14 05:16:24.279 1740 3288 D CompatibilityChangeReporter: Compat change id reported: 168419799; UID 10143; state: DISABLED
11-14 05:16:24.284 1740 10519 D CompatibilityChangeReporter: Compat change id reported: 135634846; UID 10248; state: DISABLED
11-14 05:16:24.284 1740 10519 D CompatibilityChangeReporter: Compat change id reported: 177438394; UID 10248; state: DISABLED
11-14 05:16:24.284 1740 10519 D CompatibilityChangeReporter: Compat change id reported: 135772972; UID 10248; state: DISABLED
11-14 05:16:24.284 1740 10519 D CompatibilityChangeReporter: Compat change id reported: 135754954; UID 10248; state: ENABLED
11-14 05:16:24.284 1740 1846 D CompatibilityChangeReporter: Compat change id reported: 143937733; UID 10248; state: ENABLED
11-14 05:16:24.293 1740 1846 I ActivityManager: Start proc 26241:com.google.android.apps.translate/u0a248 for broadcast {com.google.android.apps.translate/com.google.android.apps.translate.phenotype.PhenotypeBroadcastReceiver}
11-14 05:16:24.325 1740 1845 D ActivityManager: sync unfroze 25884 com.google.android.apps.carrier.carrierwifi
11-14 05:16:24.462 1740 10519 D CompatibilityChangeReporter: Compat change id reported: 161145287; UID 10248; state: DISABLED
11-14 05:16:24.616 1740 10519 D CompatibilityChangeReporter: Compat change id reported: 319212206; UID 10248; state: ENABLED
11-14 05:16:24.855 1740 2470 D CompatibilityChangeReporter: Compat change id reported: 177438394; UID 10073; state: DISABLED
11-14 05:16:24.855 1740 2470 D CompatibilityChangeReporter: Compat change id reported: 135772972; UID 10073; state: DISABLED
11-14 05:16:24.855 1740 2470 D CompatibilityChangeReporter: Compat change id reported: 135754954; UID 10073; state: ENABLED
11-14 05:16:24.855 1740 1846 D CompatibilityChangeReporter: Compat change id reported: 143937733; UID 10073; state: ENABLED
11-14 05:16:24.872 1740 1846 I ActivityManager: Start proc 26329:com.google.android.keep/u0a73 for broadcast {com.google.android.keep/com.google.android.libraries.phenotype.client.stable.PhenotypeUpdateBackgroundBroadcastReceiver}
11-14 05:16:25.140 1740 2470 D CompatibilityChangeReporter: Compat change id reported: 161145287; UID 10073; state: DISABLED
11-14 05:16:25.287 1740 2470 D CompatibilityChangeReporter: Compat change id reported: 177438394; UID 10182; state: DISABLED
11-14 05:16:25.287 1740 2470 D CompatibilityChangeReporter: Compat change id reported: 135772972; UID 10182; state: DISABLED
11-14 05:16:25.287 1740 2470 D CompatibilityChangeReporter: Compat change id reported: 135754954; UID 10182; state: ENABLED
11-14 05:16:25.288 1740 1846 D CompatibilityChangeReporter: Compat change id reported: 143937733; UID 10182; state: ENABLED
11-14 05:16:25.304 1740 1846 I ActivityManager: Start proc 26371:com.google.android.apps.youtube.music/u0a182 for broadcast {com.google.android.apps.youtube.music/com.google.android.libraries.phenotype.client.stable.PhenotypeUpdateBackgroundBroadcastReceiver}
11-14 05:16:25.338 1740 3288 D CompatibilityChangeReporter: Compat change id reported: 194532703; UID 10073; state: ENABLED
11-14 05:16:25.721 1740 10501 D CompatibilityChangeReporter: Compat change id reported: 161145287; UID 10182; state: DISABLED
11-14 05:16:25.722 1740 1845 W BroadcastQueue: Exported Denial: sending Intent { act=android.net.conn.CONNECTIVITY_CHANGE flg=0x4200010 (has extras) }, action: android.net.conn.CONNECTIVITY_CHANGE from null (uid=-1) due to receiver ProcessRecord{3e35d79 26371:com.google.android.apps.youtube.music/u0a182} (uid 10182) not specifying RECEIVER_EXPORTED
11-14 05:16:25.759 1740 10519 D CompatibilityChangeReporter: Compat change id reported: 319212206; UID 10182; state: ENABLED
11-14 05:16:25.817 1740 10519 D CompatibilityChangeReporter: Compat change id reported: 135634846; UID 10115; state: DISABLED
11-14 05:16:25.817 1740 10519 D CompatibilityChangeReporter: Compat change id reported: 177438394; UID 10115; state: DISABLED
11-14 05:16:25.818 1740 10519 D CompatibilityChangeReporter: Compat change id reported: 135772972; UID 10115; state: DISABLED
11-14 05:16:25.818 1740 10519 D CompatibilityChangeReporter: Compat change id reported: 135754954; UID 10115; state: ENABLED
11-14 05:16:25.821 1740 1846 D CompatibilityChangeReporter: Compat change id reported: 143937733; UID 10115; state: ENABLED
11-14 05:16:25.837 1740 1846 I ActivityManager: Start proc 26453:com.google.android.setupwizard/u0a115 for broadcast {com.google.android.setupwizard/com.google.android.libraries.phenotype.client.stable.PhenotypeUpdateBackgroundBroadcastReceiver}
11-14 05:16:25.839 1740 2470 D CompatibilityChangeReporter: Compat change id reported: 194532703; UID 10182; state: ENABLED
11-14 05:16:25.858 1740 10519 D CompatibilityChangeReporter: Compat change id reported: 168419799; UID 10115; state: DISABLED
11-14 05:16:25.966 1740 1867 E VerityUtils: Failed to measure fs-verity, errno 1: /data/app/~~NCVoCxE7KAD5LKJ3h80vQA==/com.google.android.apps.youtube.music-zTVSvGZ21lWIwIt8eOEHzA==/base.apk
11-14 05:16:26.093 1740 2470 D CompatibilityChangeReporter: Compat change id reported: 135634846; UID 10140; state: DISABLED
11-14 05:16:26.094 1740 2470 D CompatibilityChangeReporter: Compat change id reported: 177438394; UID 10140; state: DISABLED
11-14 05:16:26.094 1740 2470 D CompatibilityChangeReporter: Compat change id reported: 135772972; UID 10140; state: DISABLED
11-14 05:16:26.094 1740 2470 D CompatibilityChangeReporter: Compat change id reported: 135754954; UID 10140; state: ENABLED
11-14 05:16:26.095 1740 1846 D CompatibilityChangeReporter: Compat change id reported: 143937733; UID 10140; state: ENABLED
11-14 05:16:26.107 1740 1846 I ActivityManager: Start proc 26537:com.google.android.apps.carrier.log/u0a140 for broadcast {com.google.android.apps.carrier.log/com.google.android.libraries.phenotype.client.stable.PhenotypeUpdateBackgroundBroadcastReceiver}
11-14 05:16:26.122 1740 2470 D CompatibilityChangeReporter: Compat change id reported: 168419799; UID 10140; state: DISABLED
11-14 05:16:26.175 1740 3288 D CompatibilityChangeReporter: Compat change id reported: 135634846; UID 10150; state: DISABLED
11-14 05:16:26.175 1740 3288 D CompatibilityChangeReporter: Compat change id reported: 177438394; UID 10150; state: DISABLED
11-14 05:16:26.175 1740 3288 D CompatibilityChangeReporter: Compat change id reported: 135772972; UID 10150; state: DISABLED
11-14 05:16:26.175 1740 3288 D CompatibilityChangeReporter: Compat change id reported: 135754954; UID 10150; state: ENABLED
11-14 05:16:26.176 1740 1846 D CompatibilityChangeReporter: Compat change id reported: 143937733; UID 10150; state: ENABLED
11-14 05:16:26.201 1740 1846 I ActivityManager: Start proc 26549:com.google.ar.core/u0a150 for broadcast {com.google.ar.core/com.google.android.libraries.phenotype.client.stable.PhenotypeUpdateBackgroundBroadcastReceiver}
11-14 05:16:26.241 1740 3288 D CompatibilityChangeReporter: Compat change id reported: 168419799; UID 10150; state: DISABLED
11-14 05:16:26.315 1740 3288 D CompatibilityChangeReporter: Compat change id reported: 161145287; UID 10150; state: DISABLED
11-14 05:16:26.496 1740 3288 D CompatibilityChangeReporter: Compat change id reported: 135634846; UID 10178; state: DISABLED
11-14 05:16:26.496 1740 3288 D CompatibilityChangeReporter: Compat change id reported: 177438394; UID 10178; state: DISABLED
11-14 05:16:26.497 1740 3288 D CompatibilityChangeReporter: Compat change id reported: 135772972; UID 10178; state: DISABLED
11-14 05:16:26.497 1740 3288 D CompatibilityChangeReporter: Compat change id reported: 135754954; UID 10178; state: ENABLED
11-14 05:16:26.497 1740 1846 D CompatibilityChangeReporter: Compat change id reported: 143937733; UID 10178; state: ENABLED
11-14 05:16:26.515 1740 1846 I ActivityManager: Start proc 26568:com.google.android.soundpicker/u0a178 for broadcast {com.google.android.soundpicker/com.google.android.libraries.phenotype.client.stable.PhenotypeUpdateBackgroundBroadcastReceiver}
11-14 05:16:26.543 1740 3288 D CompatibilityChangeReporter: Compat change id reported: 168419799; UID 10178; state: DISABLED
11-14 05:16:26.629 1740 3288 D ActivityManager: sync unfroze 25796 com.google.android.settings.intelligence
11-14 05:16:26.665 1740 2470 D CompatibilityChangeReporter: Compat change id reported: 135634846; UID 10169; state: DISABLED
11-14 05:16:26.666 1740 2470 D CompatibilityChangeReporter: Compat change id reported: 177438394; UID 10169; state: DISABLED
11-14 05:16:26.666 1740 2470 D CompatibilityChangeReporter: Compat change id reported: 135772972; UID 10169; state: DISABLED
11-14 05:16:26.666 1740 2470 D CompatibilityChangeReporter: Compat change id reported: 135754954; UID 10169; state: ENABLED
11-14 05:16:26.667 1740 1846 D CompatibilityChangeReporter: Compat change id reported: 143937733; UID 10169; state: ENABLED
11-14 05:16:26.681 1740 1846 I ActivityManager: Start proc 26582:com.google.android.apps.work.clouddpc/u0a169 for broadcast {com.google.android.apps.work.clouddpc/com.google.android.libraries.phenotype.client.stable.PhenotypeUpdateBackgroundBroadcastReceiver}
11-14 05:16:26.707 1740 2470 D CompatibilityChangeReporter: Compat change id reported: 168419799; UID 10169; state: DISABLED
11-14 05:16:27.071 1740 3288 D CompatibilityChangeReporter: Compat change id reported: 135634846; UID 10100; state: DISABLED
11-14 05:16:27.072 1740 3288 D CompatibilityChangeReporter: Compat change id reported: 177438394; UID 10100; state: DISABLED
11-14 05:16:27.072 1740 3288 D CompatibilityChangeReporter: Compat change id reported: 135772972; UID 10100; state: DISABLED
11-14 05:16:27.072 1740 3288 D CompatibilityChangeReporter: Compat change id reported: 135754954; UID 10100; state: ENABLED
11-14 05:16:27.073 1740 1846 D CompatibilityChangeReporter: Compat change id reported: 143937733; UID 10100; state: ENABLED
11-14 05:16:27.074 1740 10519 D CompatibilityChangeReporter: Compat change id reported: 194532703; UID 10169; state: ENABLED
11-14 05:16:27.089 1740 1846 I ActivityManager: Start proc 26651:com.google.android.apps.restore/u0a100 for broadcast {com.google.android.apps.restore/com.google.android.libraries.phenotype.client.stable.PhenotypeUpdateBackgroundBroadcastReceiver}
11-14 05:16:27.092 1740 10519 D CompatibilityChangeReporter: Compat change id reported: 161145287; UID 10169; state: DISABLED
11-14 05:16:27.106 1740 3292 D CompatibilityChangeReporter: Compat change id reported: 168419799; UID 10100; state: DISABLED
11-14 05:16:27.203 1740 3292 D CompatibilityChangeReporter: Compat change id reported: 161145287; UID 10100; state: DISABLED
11-14 05:16:27.213 1740 10519 D CompatibilityChangeReporter: Compat change id reported: 168419799; UID 10096; state: DISABLED
11-14 05:16:27.226 1740 3292 D CompatibilityChangeReporter: Compat change id reported: 135634846; UID 10177; state: DISABLED
11-14 05:16:27.226 1740 3292 D CompatibilityChangeReporter: Compat change id reported: 177438394; UID 10177; state: DISABLED
11-14 05:16:27.226 1740 3292 D CompatibilityChangeReporter: Compat change id reported: 135772972; UID 10177; state: DISABLED
11-14 05:16:27.226 1740 3292 D CompatibilityChangeReporter: Compat change id reported: 135754954; UID 10177; state: ENABLED
11-14 05:16:27.227 1740 1846 D CompatibilityChangeReporter: Compat change id reported: 143937733; UID 10177; state: ENABLED
11-14 05:16:27.240 1740 1846 I ActivityManager: Start proc 26679:com.google.android.apps.camera.services/u0a177 for broadcast {com.google.android.apps.camera.services/com.google.android.libraries.phenotype.client.stable.PhenotypeUpdateBackgroundBroadcastReceiver}
11-14 05:16:27.275 1740 3292 D CompatibilityChangeReporter: Compat change id reported: 168419799; UID 10177; state: DISABLED
11-14 05:16:27.365 1740 3292 W BroadcastQueue: Association not allowed: broadcasting Intent { act=com.google.android.gms.phenotype.UPDATE flg=0x10 pkg=com.google.android.as (has extras) } from com.google.android.gms (pid=14339, uid=10139) to com.google.android.as/com.google.android.libraries.phenotype.client.stable.PhenotypeUpdateBackgroundBroadcastReceiver
11-14 05:16:27.366 1740 1845 W BroadcastQueue: Association not allowed: broadcasting Intent { act=com.google.android.gms.phenotype.UPDATE flg=0x10 pkg=com.google.android.as (has extras) } from com.google.android.gms (pid=14339, uid=10139) to com.google.android.as/com.google.android.libraries.phenotype.client.stable.PhenotypeUpdateBackgroundBroadcastReceiver
11-14 05:16:27.367 1740 1845 D CompatibilityChangeReporter: Compat change id reported: 135634846; UID 10167; state: DISABLED
11-14 05:16:27.367 1740 1845 D CompatibilityChangeReporter: Compat change id reported: 177438394; UID 10167; state: DISABLED
11-14 05:16:27.367 1740 1845 D CompatibilityChangeReporter: Compat change id reported: 135772972; UID 10167; state: DISABLED
11-14 05:16:27.367 1740 1845 D CompatibilityChangeReporter: Compat change id reported: 135754954; UID 10167; state: ENABLED
11-14 05:16:27.368 1740 1846 D CompatibilityChangeReporter: Compat change id reported: 143937733; UID 10167; state: ENABLED
11-14 05:16:27.388 1740 1846 I ActivityManager: Start proc 26696:com.google.android.tts/u0a167 for broadcast {com.google.android.tts/com.google.android.libraries.phenotype.client.stable.PhenotypeUpdateBackgroundBroadcastReceiver}
11-14 05:16:27.423 1740 2470 D CompatibilityChangeReporter: Compat change id reported: 168419799; UID 10167; state: DISABLED
11-14 05:16:27.475 1740 3292 D ActivityManager: sync unfroze 26063 com.google.process.gapps
11-14 05:16:27.496 1740 3292 D CompatibilityChangeReporter: Compat change id reported: 161145287; UID 10167; state: DISABLED
11-14 05:16:27.512 1740 2470 D CompatibilityChangeReporter: Compat change id reported: 177438394; UID 10055; state: DISABLED
11-14 05:16:27.512 1740 2470 D CompatibilityChangeReporter: Compat change id reported: 135772972; UID 10055; state: DISABLED
11-14 05:16:27.513 1740 2470 D CompatibilityChangeReporter: Compat change id reported: 135754954; UID 10055; state: ENABLED
11-14 05:16:27.514 1740 1846 D CompatibilityChangeReporter: Compat change id reported: 143937733; UID 10055; state: ENABLED
11-14 05:16:27.530 1740 1846 I ActivityManager: Start proc 26719:com.google.android.apps.docs.editors.docs/u0a55 for broadcast {com.google.android.apps.docs.editors.docs/com.google.android.libraries.phenotype.client.stable.PhenotypeUpdateBackgroundBroadcastReceiver}
11-14 05:16:27.546 1740 2470 D CompatibilityChangeReporter: Compat change id reported: 168419799; UID 10055; state: DISABLED
11-14 05:16:27.781 1740 10519 D CompatibilityChangeReporter: Compat change id reported: 161145287; UID 10055; state: DISABLED
11-14 05:16:27.793 1740 3292 D CompatibilityChangeReporter: Compat change id reported: 201794303; UID 10055; state: ENABLED
11-14 05:16:27.830 1740 10519 D CompatibilityChangeReporter: Compat change id reported: 74210811; UID 10055; state: ENABLED
11-14 05:16:27.922 1740 3292 D CompatibilityChangeReporter: Compat change id reported: 135634846; UID 10142; state: DISABLED
11-14 05:16:27.923 1740 3292 D CompatibilityChangeReporter: Compat change id reported: 177438394; UID 10142; state: DISABLED
11-14 05:16:27.923 1740 3292 D CompatibilityChangeReporter: Compat change id reported: 135772972; UID 10142; state: DISABLED
11-14 05:16:27.924 1740 3292 D CompatibilityChangeReporter: Compat change id reported: 135754954; UID 10142; state: ENABLED
11-14 05:16:27.925 1740 1846 D CompatibilityChangeReporter: Compat change id reported: 143937733; UID 10142; state: ENABLED
11-14 05:16:27.940 1740 1846 I ActivityManager: Start proc 26782:com.google.android.euicc/u0a142 for broadcast {com.google.android.euicc/com.android.euicc.receiver.PhenotypeUpdatedReceiver}
11-14 05:16:27.969 1740 3288 D CompatibilityChangeReporter: Compat change id reported: 168419799; UID 10142; state: DISABLED
11-14 05:16:28.197 1740 10519 I ActivityManager: com.android.vending is exempt from freezer
11-14 05:16:28.197 1740 10519 D CompatibilityChangeReporter: Compat change id reported: 135634846; UID 10114; state: DISABLED
11-14 05:16:28.197 1740 10519 D CompatibilityChangeReporter: Compat change id reported: 177438394; UID 10114; state: DISABLED
11-14 05:16:28.197 1740 10519 D CompatibilityChangeReporter: Compat change id reported: 135772972; UID 10114; state: DISABLED
11-14 05:16:28.197 1740 10519 D CompatibilityChangeReporter: Compat change id reported: 135754954; UID 10114; state: ENABLED
11-14 05:16:28.200 1740 1846 D CompatibilityChangeReporter: Compat change id reported: 143937733; UID 10114; state: ENABLED
11-14 05:16:28.217 1740 1846 I ActivityManager: Start proc 26830:com.android.vending:instant_app_installer/u0a114 for broadcast {com.android.vending/com.google.android.finsky.instantapps.PhenotypeUpdateReceiver}
11-14 05:16:28.236 1740 10519 D CompatibilityChangeReporter: Compat change id reported: 168419799; UID 10114; state: DISABLED
11-14 05:16:28.380 1740 2470 I ActivityManager: com.android.vending is exempt from freezer
11-14 05:16:28.380 1740 2470 D CompatibilityChangeReporter: Compat change id reported: 135634846; UID 10114; state: DISABLED
11-14 05:16:28.380 1740 2470 D CompatibilityChangeReporter: Compat change id reported: 177438394; UID 10114; state: DISABLED
11-14 05:16:28.380 1740 2470 D CompatibilityChangeReporter: Compat change id reported: 135772972; UID 10114; state: DISABLED
11-14 05:16:28.380 1740 2470 D CompatibilityChangeReporter: Compat change id reported: 135754954; UID 10114; state: ENABLED
11-14 05:16:28.381 1740 1846 D CompatibilityChangeReporter: Compat change id reported: 143937733; UID 10114; state: ENABLED
11-14 05:16:28.394 1740 1846 I ActivityManager: Start proc 26851:com.android.vending/u0a114 for broadcast {com.android.vending/com.google.android.libraries.phenotype.client.stable.PhenotypeUpdateBackgroundBroadcastReceiver}
11-14 05:16:28.423 1740 10519 D CompatibilityChangeReporter: Compat change id reported: 194532703; UID 10114; state: ENABLED
11-14 05:16:28.572 1740 10519 D CompatibilityChangeReporter: Compat change id reported: 161145287; UID 10114; state: DISABLED
11-14 05:16:28.633 1740 2470 D CompatibilityChangeReporter: Compat change id reported: 135634846; UID 10154; state: DISABLED
11-14 05:16:28.633 1740 2470 D CompatibilityChangeReporter: Compat change id reported: 177438394; UID 10154; state: DISABLED
11-14 05:16:28.633 1740 2470 D CompatibilityChangeReporter: Compat change id reported: 135772972; UID 10154; state: DISABLED
11-14 05:16:28.634 1740 2470 D CompatibilityChangeReporter: Compat change id reported: 135754954; UID 10154; state: ENABLED
11-14 05:16:28.634 1740 1846 D CompatibilityChangeReporter: Compat change id reported: 143937733; UID 10154; state: ENABLED
11-14 05:16:28.649 1740 1846 I ActivityManager: Start proc 26893:com.google.android.deskclock/u0a154 for broadcast {com.google.android.deskclock/com.google.android.libraries.phenotype.client.stable.PhenotypeUpdateBackgroundBroadcastReceiver}
11-14 05:16:28.666 1740 2470 D CompatibilityChangeReporter: Compat change id reported: 168419799; UID 10154; state: DISABLED
11-14 05:16:28.684 1740 3292 D CompatibilityChangeReporter: Compat change id reported: 319212206; UID 10114; state: ENABLED
11-14 05:16:28.812 1740 2470 D CompatibilityChangeReporter: Compat change id reported: 161145287; UID 10154; state: DISABLED
11-14 05:16:28.855 1740 1788 D CompatibilityChangeReporter: Compat change id reported: 177438394; UID 10118; state: DISABLED
11-14 05:16:28.856 1740 1788 D CompatibilityChangeReporter: Compat change id reported: 135772972; UID 10118; state: DISABLED
11-14 05:16:28.856 1740 1788 D CompatibilityChangeReporter: Compat change id reported: 135754954; UID 10118; state: ENABLED
11-14 05:16:28.856 1740 1846 D CompatibilityChangeReporter: Compat change id reported: 143937733; UID 10118; state: ENABLED
11-14 05:16:28.871 1740 1846 I ActivityManager: Start proc 26963:com.google.android.apps.nbu.files/u0a118 for broadcast {com.google.android.apps.nbu.files/com.google.android.libraries.phenotype.client.stable.PhenotypeUpdateBackgroundBroadcastReceiver}
11-14 05:16:28.885 1740 2470 D CompatibilityChangeReporter: Compat change id reported: 168419799; UID 10118; state: DISABLED
11-14 05:16:28.969 1740 1788 D CompatibilityChangeReporter: Compat change id reported: 161145287; UID 10118; state: DISABLED
11-14 05:16:29.069 1740 10519 D CompatibilityChangeReporter: Compat change id reported: 135634846; UID 10235; state: DISABLED
11-14 05:16:29.069 1740 10519 D CompatibilityChangeReporter: Compat change id reported: 177438394; UID 10235; state: DISABLED
11-14 05:16:29.069 1740 10519 D CompatibilityChangeReporter: Compat change id reported: 135772972; UID 10235; state: DISABLED
11-14 05:16:29.069 1740 10519 D CompatibilityChangeReporter: Compat change id reported: 135754954; UID 10235; state: ENABLED
11-14 05:16:29.070 1740 10519 I ActivityManager: Killing 25768:.ShannonImsService/u0a205 (adj 975): empty #33
11-14 05:16:29.071 1740 1846 D CompatibilityChangeReporter: Compat change id reported: 143937733; UID 10235; state: ENABLED
11-14 05:16:29.089 1740 1846 I ActivityManager: Start proc 27007:com.google.android.apps.healthdata/u0a235 for broadcast {com.google.android.apps.healthdata/com.google.android.libraries.phenotype.client.stable.PhenotypeUpdateBackgroundBroadcastReceiver}
11-14 05:16:29.107 1740 1788 D CompatibilityChangeReporter: Compat change id reported: 168419799; UID 10235; state: DISABLED
11-14 05:16:29.222 1740 3292 D CompatibilityChangeReporter: Compat change id reported: 161145287; UID 10235; state: DISABLED
11-14 05:16:29.231 1740 3292 D ActivityManager: sync unfroze 26078 com.android.chrome
11-14 05:16:29.232 1740 3292 D CompatibilityChangeReporter: Compat change id reported: 168419799; UID 10151; state: DISABLED
11-14 05:16:29.261 1740 2470 D CompatibilityChangeReporter: Compat change id reported: 135634846; UID 10183; state: DISABLED
11-14 05:16:29.261 1740 2470 D CompatibilityChangeReporter: Compat change id reported: 177438394; UID 10183; state: DISABLED
11-14 05:16:29.262 1740 2470 D CompatibilityChangeReporter: Compat change id reported: 135772972; UID 10183; state: DISABLED
11-14 05:16:29.262 1740 2470 D CompatibilityChangeReporter: Compat change id reported: 135754954; UID 10183; state: ENABLED
11-14 05:16:29.263 1740 1846 D CompatibilityChangeReporter: Compat change id reported: 143937733; UID 10183; state: ENABLED
11-14 05:16:29.263 1740 2470 I ActivityManager: Killing 25821:com.google.android.cellbroadcastreceiver/u0a219 (adj 985): empty #33
11-14 05:16:29.280 1740 1846 I ActivityManager: Start proc 27030:com.google.android.apps.photos/u0a183 for broadcast {com.google.android.apps.photos/com.google.android.apps.photos.experiments.phenotype.full.PhenotypeUpdateBroadcastReceiver}
11-14 05:16:29.314 1740 2470 D CompatibilityChangeReporter: Compat change id reported: 168419799; UID 10183; state: DISABLED
11-14 05:16:29.516 1740 2470 D CompatibilityChangeReporter: Compat change id reported: 194532703; UID 10183; state: ENABLED
11-14 05:16:29.557 1740 1788 D CompatibilityChangeReporter: Compat change id reported: 135634846; UID 10159; state: DISABLED
11-14 05:16:29.557 1740 1788 D CompatibilityChangeReporter: Compat change id reported: 177438394; UID 10159; state: DISABLED
11-14 05:16:29.557 1740 1788 D CompatibilityChangeReporter: Compat change id reported: 135772972; UID 10159; state: DISABLED
11-14 05:16:29.558 1740 1788 D CompatibilityChangeReporter: Compat change id reported: 135754954; UID 10159; state: ENABLED
11-14 05:16:29.558 1740 1846 D CompatibilityChangeReporter: Compat change id reported: 143937733; UID 10159; state: ENABLED
11-14 05:16:29.561 1740 1788 I ActivityManager: Killing 25884:com.google.android.apps.carrier.carrierwifi/u0a105 (adj 955): empty #33
11-14 05:16:29.575 1740 1846 I ActivityManager: Start proc 27055:com.google.android.apps.accessibility.voiceaccess/u0a159 for broadcast {com.google.android.apps.accessibility.voiceaccess/com.google.android.libraries.phenotype.client.stable.PhenotypeUpdateBackgroundBroadcastReceiver}
11-14 05:16:29.593 1740 1788 D CompatibilityChangeReporter: Compat change id reported: 168419799; UID 10159; state: DISABLED
11-14 05:16:29.671 1740 1788 D CompatibilityChangeReporter: Compat change id reported: 161145287; UID 10159; state: DISABLED
11-14 05:16:29.738 1740 10543 I ActivityManager: Killing 25183:com.android.providers.calendar/u0a64 (adj 985): empty #33
11-14 05:16:29.779 1740 2321 D CompatibilityChangeReporter: Compat change id reported: 135634846; UID 10132; state: DISABLED
11-14 05:16:29.779 1740 2321 D CompatibilityChangeReporter: Compat change id reported: 177438394; UID 10132; state: DISABLED
11-14 05:16:29.780 1740 2321 D CompatibilityChangeReporter: Compat change id reported: 135772972; UID 10132; state: DISABLED
11-14 05:16:29.780 1740 2321 D CompatibilityChangeReporter: Compat change id reported: 135754954; UID 10132; state: ENABLED
11-14 05:16:29.780 1740 1846 D CompatibilityChangeReporter: Compat change id reported: 143937733; UID 10132; state: ENABLED
11-14 05:16:29.796 1740 1846 I ActivityManager: Start proc 27081:com.google.android.apps.chromecast.app/u0a132 for broadcast {com.google.android.apps.chromecast.app/com.google.android.apps.chromecast.app.util.phenotype.PhenotypeBroadcastReceiver}
11-14 05:16:29.809 1740 1740 W JobScheduler: Job didn't exist in JobStore: ea0e471 #u0a110/201 com.google.android.apps.scone/.fwota.OtaUpdateService
11-14 05:16:29.815 1740 1787 D CompatibilityChangeReporter: Compat change id reported: 161145287; UID 10139; state: DISABLED
11-14 05:16:29.820 1740 1788 E AppOps : Bad call made by uid 10139. Package "com.google.android.gms" does not belong to uid 10110.
11-14 05:16:29.820 1740 2321 E AppOps : Bad call made by uid 10139. Package "com.google.android.gms" does not belong to uid 10110.
11-14 05:16:29.821 1740 2321 E AppOps : Bad call made by uid 10139. Package "com.google.android.gms" does not belong to uid 10110.
11-14 05:16:29.821 1740 2321 E AppOps : Bad call made by uid 10139. Package "com.google.android.gms" does not belong to uid 10110.
11-14 05:16:29.821 1740 2321 E AppOps : Bad call made by uid 10139. Package "com.google.android.gms" does not belong to uid 10110.
11-14 05:16:29.821 1740 10543 E AppOps : Bad call made by uid 10139. Package "com.google.android.gms" does not belong to uid 10110.
11-14 05:16:29.822 1740 10543 E AppOps : Bad call made by uid 10139. Package "com.google.android.gms" does not belong to uid 10110.
11-14 05:16:29.822 1740 10543 E AppOps : Bad call made by uid 10139. Package "com.google.android.gms" does not belong to uid 10110.
11-14 05:16:29.827 1740 10543 E AppOps : Bad call made by uid 10139. Package "com.google.android.gms" does not belong to uid 10110.
11-14 05:16:29.827 1740 10543 E AppOps : Bad call made by uid 10139. Package "com.google.android.gms" does not belong to uid 10110.
11-14 05:16:29.827 1740 10543 E AppOps : Bad call made by uid 10139. Package "com.google.android.gms" does not belong to uid 10110.
11-14 05:16:29.827 1740 10543 E AppOps : Bad call made by uid 10139. Package "com.google.android.gms" does not belong to uid 10110.
11-14 05:16:29.827 1740 10543 E AppOps : Bad call made by uid 10139. Package "com.google.android.gms" does not belong to uid 10110.
11-14 05:16:29.828 1740 10543 E AppOps : Bad call made by uid 10139. Package "com.google.android.gms" does not belong to uid 10110.
11-14 05:16:29.828 1740 10543 E AppOps : Bad call made by uid 10139. Package "com.google.android.gms" does not belong to uid 10110.
11-14 05:16:29.828 1740 10543 E AppOps : Bad call made by uid 10139. Package "com.google.android.gms" does not belong to uid 10110.
