11-14 03:57:47.823 1740 3288 W JobScheduler: Job didn't exist in JobStore: 80bbdba #u0a135/37544 com.google.android.apps.wellbeing/androidx.work.impl.background.systemjob.SystemJobService
11-14 03:58:01.543 2182 10114 D PowerUI : can't show warning due to - plugged: true status unknown: false
11-14 03:59:01.540 2182 10179 D PowerUI : can't show warning due to - plugged: true status unknown: false
11-14 03:59:58.381 1740 1955 D ActivityManager: freezing 24503 com.google.process.gapps
11-14 03:59:58.390 1740 1955 D ActivityManager: freezing 24546 com.android.remoteprovisioner
11-14 04:00:00.019 1740 1845 D CompatibilityChangeReporter: Compat change id reported: 135634846; UID 10113; state: DISABLED
11-14 04:00:00.019 1740 1845 D CompatibilityChangeReporter: Compat change id reported: 177438394; UID 10113; state: DISABLED
11-14 04:00:00.020 1740 1845 D CompatibilityChangeReporter: Compat change id reported: 135772972; UID 10113; state: DISABLED
11-14 04:00:00.020 1740 1845 D CompatibilityChangeReporter: Compat change id reported: 135754954; UID 10113; state: ENABLED
11-14 04:00:00.021 1740 1846 D CompatibilityChangeReporter: Compat change id reported: 143937733; UID 10113; state: ENABLED
11-14 04:00:00.039 1740 1846 I ActivityManager: Start proc 24706:com.google.android.settings.intelligence/u0a113 for broadcast {com.google.android.settings.intelligence/com.google.android.settings.intelligence.modules.battery.impl.usage.PeriodicJobReceiver}
11-14 04:00:00.070 1740 3288 D CompatibilityChangeReporter: Compat change id reported: 168419799; UID 10113; state: DISABLED
11-14 04:00:00.135 1740 3294 D CompatibilityChangeReporter: Compat change id reported: 194532703; UID 10113; state: ENABLED
11-14 04:00:00.141 1740 3288 D CompatibilityChangeReporter: Compat change id reported: 161145287; UID 10113; state: DISABLED
11-14 04:00:00.144 1740 3288 D CompatibilityChangeReporter: Compat change id reported: 161252188; UID 1000; state: ENABLED
11-14 04:00:00.146 1740 3288 D CompatibilityChangeReporter: Compat change id reported: 171306433; UID 10113; state: ENABLED
11-14 04:00:00.146 1740 3288 D CompatibilityChangeReporter: Compat change id reported: 226439802; UID 10113; state: DISABLED
11-14 04:00:00.146 1740 3288 D CompatibilityChangeReporter: Compat change id reported: 218533173; UID 10113; state: ENABLED
11-14 04:00:00.149 1740 3288 D CompatibilityChangeReporter: Compat change id reported: 135634846; UID 1000; state: DISABLED
11-14 04:00:00.149 1740 3288 D CompatibilityChangeReporter: Compat change id reported: 177438394; UID 1000; state: DISABLED
11-14 04:00:00.149 1740 3288 D CompatibilityChangeReporter: Compat change id reported: 135772972; UID 1000; state: DISABLED
11-14 04:00:00.149 1740 3288 D CompatibilityChangeReporter: Compat change id reported: 135754954; UID 1000; state: ENABLED
11-14 04:00:00.165 1740 1846 I ActivityManager: Start proc 24732:com.android.settings/1000 for broadcast {com.android.settings/com.google.android.settings.fuelgauge.BatteryBroadcastReceiver}
11-14 04:00:00.465 24732 24746 W PowerProfile: ambient.on is deprecated! Use ambient.on.display0 instead.
11-14 04:00:00.465 24732 24746 W PowerProfile: screen.on is deprecated! Use screen.on.display0 instead.
11-14 04:00:00.465 24732 24746 W PowerProfile: screen.full is deprecated! Use screen.full.display0 instead.
11-14 04:00:00.466 24732 24746 W ModemPowerProfile: getAverageBatteryDrainMaH called with unexpected key: 0x0, drain:0,RAT:DEFAULT
11-14 04:00:00.466 24732 24746 W ModemPowerProfile: getAverageBatteryDrainMaH called with unexpected key: 0x10000000, drain:IDLE,RAT:DEFAULT
11-14 04:00:00.466 24732 24746 W ModemPowerProfile: getAverageBatteryDrainMaH called with unexpected key: 0x20000000, drain:RX,RAT:DEFAULT
11-14 04:00:00.466 24732 24746 W ModemPowerProfile: getAverageBatteryDrainMaH called with unexpected key: 0x30000000, drain:TX,level:UNKNOWN(0x0)RAT:DEFAULT
11-14 04:00:00.466 24732 24746 W ModemPowerProfile: getAverageBatteryDrainMaH called with unexpected key: 0x31000000, drain:TX,level:UNKNOWN(0x1000000)RAT:DEFAULT
11-14 04:00:00.466 24732 24746 W ModemPowerProfile: getAverageBatteryDrainMaH called with unexpected key: 0x32000000, drain:TX,level:UNKNOWN(0x2000000)RAT:DEFAULT
11-14 04:00:00.466 24732 24746 W ModemPowerProfile: getAverageBatteryDrainMaH called with unexpected key: 0x33000000, drain:TX,level:UNKNOWN(0x3000000)RAT:DEFAULT
11-14 04:00:00.467 24732 24746 W ModemPowerProfile: getAverageBatteryDrainMaH called with unexpected key: 0x34000000, drain:TX,level:UNKNOWN(0x4000000)RAT:DEFAULT
11-14 04:00:00.849 1740 3294 D CompatibilityChangeReporter: Compat change id reported: 161145287; UID 1000; state: DISABLED
11-14 04:00:01.537 2182 2602 D PowerUI : can't show warning due to - plugged: true status unknown: false
11-14 04:00:52.877 1740 3294 D CompatibilityChangeReporter: Compat change id reported: 171306433; UID 1000; state: ENABLED
11-14 04:00:52.877 1740 3294 D CompatibilityChangeReporter: Compat change id reported: 218533173; UID 1000; state: ENABLED
11-14 04:01:01.548 2182 6843 D PowerUI : can't show warning due to - plugged: true status unknown: false
11-14 04:01:29.320 1740 3474 D CompatibilityChangeReporter: Compat change id reported: 171306433; UID 10139; state: ENABLED
11-14 04:01:29.320 1740 3474 D CompatibilityChangeReporter: Compat change id reported: 218533173; UID 10139; state: ENABLED
11-14 04:01:45.552 1740 3294 I ActivityManager: Killing 24237:android.process.acore/u0a68 (adj 955): empty for 1802s
11-14 04:02:01.541 2182 7765 D PowerUI : can't show warning due to - plugged: true status unknown: false
11-14 04:03:01.549 2182 7975 D PowerUI : can't show warning due to - plugged: true status unknown: false
11-14 04:03:01.584 2182 10049 D PowerUI : can't show warning due to - plugged: true status unknown: false
11-14 04:03:12.160 1740 3474 I ContentCaptureManagerService: Data share request accepted by Content Capture service
11-14 04:03:12.162 1740 3288 D CompatibilityChangeReporter: Compat change id reported: 168419799; UID 10139; state: DISABLED
11-14 04:04:01.545 2182 10106 D PowerUI : can't show warning due to - plugged: true status unknown: false
11-14 04:04:13.442 1740 1740 D CompatibilityChangeReporter: Compat change id reported: 135634846; UID 10096; state: DISABLED
11-14 04:04:13.442 1740 1740 D CompatibilityChangeReporter: Compat change id reported: 177438394; UID 10096; state: DISABLED
11-14 04:04:13.442 1740 1740 D CompatibilityChangeReporter: Compat change id reported: 135772972; UID 10096; state: DISABLED
11-14 04:04:13.442 1740 1740 D CompatibilityChangeReporter: Compat change id reported: 135754954; UID 10096; state: ENABLED
11-14 04:04:13.443 1740 1846 D CompatibilityChangeReporter: Compat change id reported: 143937733; UID 10096; state: ENABLED
11-14 04:04:13.459 1740 1740 D CompatibilityChangeReporter: Compat change id reported: 135634846; UID 10143; state: DISABLED
11-14 04:04:13.459 1740 1740 D CompatibilityChangeReporter: Compat change id reported: 177438394; UID 10143; state: DISABLED
11-14 04:04:13.459 1740 1740 D CompatibilityChangeReporter: Compat change id reported: 135772972; UID 10143; state: DISABLED
11-14 04:04:13.459 1740 1740 D CompatibilityChangeReporter: Compat change id reported: 135754954; UID 10143; state: ENABLED
11-14 04:04:13.467 1740 1846 I ActivityManager: Start proc 24791:com.google.android.partnersetup/u0a96 for service {com.google.android.partnersetup/com.google.android.partnersetup.InstalledAppJobService}
11-14 04:04:13.467 1740 1846 D CompatibilityChangeReporter: Compat change id reported: 143937733; UID 10143; state: ENABLED
11-14 04:04:13.483 1740 1846 I ActivityManager: Start proc 24794:com.google.android.apps.turbo:aab/u0a143 for service {com.google.android.apps.turbo/com.google.android.libraries.smartbattery.appusage.library.InferAppBucketsJob}
11-14 04:04:13.499 1740 2684 D CompatibilityChangeReporter: Compat change id reported: 168419799; UID 10096; state: DISABLED
11-14 04:04:13.525 1740 3288 D CompatibilityChangeReporter: Compat change id reported: 194532703; UID 10096; state: ENABLED
11-14 04:04:13.547 1740 2684 W JobScheduler: Job didn't exist in JobStore: c23f185 #u0a96/4096 com.google.android.partnersetup/.InstalledAppJobService
11-14 04:04:13.699 1740 2684 D CompatibilityChangeReporter: Compat change id reported: 161252188; UID 10198; state: ENABLED
11-14 04:04:13.701 1740 2684 D ActivityManager: sync unfroze 24546 com.android.remoteprovisioner
11-14 04:04:13.704 1740 2684 D CompatibilityChangeReporter: Compat change id reported: 168419799; UID 10198; state: DISABLED
11-14 04:04:13.714 571 10243 E keystore2: keystore2::error: In generate_key_pair: Failed to get device for security level SecurityLevel(2)
11-14 04:04:13.714 571 10243 E keystore2:
11-14 04:04:13.714 571 10243 E keystore2: Caused by:
11-14 04:04:13.714 571 10243 E keystore2: 0: In get_dev_by_sec_level: Remote instance for requested security level not found.
11-14 04:04:13.714 571 10243 E keystore2: 1: Error::Rc(ResponseCode(4))
11-14 04:04:13.747 1740 3288 D CompatibilityChangeReporter: Compat change id reported: 218533173; UID 10211; state: ENABLED
11-14 04:04:13.788 1740 3288 D CompatibilityChangeReporter: Compat change id reported: 194532703; UID 10143; state: ENABLED
11-14 04:04:13.950 1740 3474 D ActivityManager: sync unfroze 24503 com.google.process.gapps
11-14 04:04:14.022 1740 1845 D CompatibilityChangeReporter: Compat change id reported: 135634846; UID 10151; state: DISABLED
11-14 04:04:14.023 1740 1846 D CompatibilityChangeReporter: Compat change id reported: 143937733; UID 10151; state: ENABLED
11-14 04:04:14.052 1740 1846 I ActivityManager: Start proc 24839:com.android.chrome/u0a151 for broadcast {com.android.chrome/com.google.android.apps.chrome.rlz.RevenueStatsConfigurationUpdateReceiver}
11-14 04:04:14.084 1740 3474 D CompatibilityChangeReporter: Compat change id reported: 168419799; UID 10151; state: DISABLED
11-14 04:04:14.167 1740 3288 D CompatibilityChangeReporter: Compat change id reported: 161145287; UID 10151; state: DISABLED
11-14 04:04:20.555 1740 3474 D CompatibilityChangeReporter: Compat change id reported: 161145287; UID 10096; state: DISABLED
11-14 04:04:24.215 571 24824 I keystore2: keystore2::watchdog: Watchdog thread idle -> terminating. Have a great day.
11-14 04:05:00.624 1740 3288 I ActivityManager: Killing 24192:com.google.android.apps.messaging/u0a138 (adj 925): empty for 1805s
11-14 04:05:01.545 2182 10114 D PowerUI : can't show warning due to - plugged: true status unknown: false
11-14 04:06:01.550 2182 10179 D PowerUI : can't show warning due to - plugged: true status unknown: false
11-14 04:06:29.688 1740 1844 I UsageStatsService: User[0] Flushing usage stats to disk
11-14 04:06:48.972 1740 1740 D CompatibilityChangeReporter: Compat change id reported: 168419799; UID 1000; state: DISABLED
11-14 04:07:47.916 1740 1955 D ActivityManager: freezing 7491 com.google.android.apps.safetyhub
11-14 04:08:01.541 2182 2602 D PowerUI : can't show warning due to - plugged: true status unknown: false
11-14 04:08:12.161 1740 1740 I ContentCaptureManagerService: Content capture data sharing session terminated successfully for package 'com.google.android.googlequicksearchbox'
11-14 04:10:00.279 1740 1955 D ActivityManager: freezing 24732 com.android.settings
11-14 04:10:01.549 2182 6843 D PowerUI : can't show warning due to - plugged: true status unknown: false
11-14 04:10:10.116 1740 1955 D ActivityManager: freezing 24706 com.google.android.settings.intelligence
11-14 04:11:01.536 2182 7765 D PowerUI : can't show warning due to - plugged: true status unknown: false
11-14 04:13:00.607 1740 3471 I ActivityManager: Killing 24314:com.google.android.apps.work.clouddpc/u0a169 (adj 915): empty for 1805s
11-14 04:13:01.540 2182 7975 D PowerUI : can't show warning due to - plugged: true status unknown: false
11-14 04:14:01.541 2182 10049 D PowerUI : can't show warning due to - plugged: true status unknown: false
11-14 04:14:13.812 1740 1955 D ActivityManager: freezing 24546 com.android.remoteprovisioner
11-14 04:14:13.825 1740 1955 D ActivityManager: freezing 24794 com.google.android.apps.turbo:aab
11-14 04:14:14.050 1740 1955 D ActivityManager: freezing 24791 com.google.android.partnersetup
11-14 04:14:14.059 1740 1955 D ActivityManager: freezing 24503 com.google.process.gapps
11-14 04:14:14.069 1740 1955 D ActivityManager: freezing 24394 com.google.process.gservices
11-14 04:14:14.170 1740 1955 D ActivityManager: freezing 24839 com.android.chrome
11-14 04:15:01.537 2182 10106 D PowerUI : can't show warning due to - plugged: true status unknown: false
11-14 04:16:01.540 2182 10114 D PowerUI : can't show warning due to - plugged: true status unknown: false
11-14 04:16:01.558 2182 10179 D PowerUI : can't show warning due to - plugged: true status unknown: false
11-14 04:16:20.463 1740 1740 D ActivityManager: sync unfroze 7491 com.google.android.apps.safetyhub
11-14 04:16:57.597 1740 1845 D CompatibilityChangeReporter: Compat change id reported: 177438394; UID 10166; state: DISABLED
11-14 04:16:57.597 1740 1845 D CompatibilityChangeReporter: Compat change id reported: 135772972; UID 10166; state: DISABLED
11-14 04:16:57.597 1740 1845 D CompatibilityChangeReporter: Compat change id reported: 135754954; UID 10166; state: ENABLED
11-14 04:16:57.598 1740 1846 D CompatibilityChangeReporter: Compat change id reported: 143937733; UID 10166; state: ENABLED
11-14 04:16:57.612 1740 1846 I ActivityManager: Start proc 24923:com.google.android.gm/u0a166 for broadcast {com.google.android.gm/com.google.firebase.iid.FirebaseInstanceIdReceiver}
11-14 04:16:57.645 1740 2131 D CompatibilityChangeReporter: Compat change id reported: 168419799; UID 10166; state: DISABLED
11-14 04:16:57.818 1740 3292 D CompatibilityChangeReporter: Compat change id reported: 161145287; UID 10166; state: DISABLED
11-14 04:16:57.870 1740 3292 D CompatibilityChangeReporter: Compat change id reported: 74210811; UID 10166; state: ENABLED
11-14 04:16:57.923 1740 3471 D ActivityManager: sync unfroze 24394 com.google.process.gservices
11-14 04:16:58.045 1740 3976 D CompatibilityChangeReporter: Compat change id reported: 194532703; UID 10166; state: ENABLED
11-14 04:16:58.112 1740 3471 D CompatibilityChangeReporter: Compat change id reported: 201794303; UID 10166; state: ENABLED
11-14 04:16:58.115 1740 2108 D CompatibilityChangeReporter: Compat change id reported: 194532703; UID 1000; state: ENABLED
11-14 04:17:33.863 1740 1740 D CompatibilityChangeReporter: Compat change id reported: 135634846; UID 10109; state: DISABLED
11-14 04:17:33.864 1740 1740 D CompatibilityChangeReporter: Compat change id reported: 177438394; UID 10109; state: DISABLED
11-14 04:17:33.864 1740 1740 D CompatibilityChangeReporter: Compat change id reported: 135772972; UID 10109; state: DISABLED
11-14 04:17:33.865 1740 1740 D CompatibilityChangeReporter: Compat change id reported: 135754954; UID 10109; state: ENABLED
11-14 04:17:33.867 1740 1846 D CompatibilityChangeReporter: Compat change id reported: 143937733; UID 10109; state: ENABLED
11-14 04:17:33.872 1740 1740 D CompatibilityChangeReporter: Compat change id reported: 168419799; UID 10143; state: DISABLED
11-14 04:17:33.903 1740 1846 I ActivityManager: Start proc 25012:com.google.android.apps.gcs/u0a109 for service {com.google.android.apps.gcs/androidx.work.impl.background.systemjob.SystemJobService}
11-14 04:17:33.941 1740 3976 D CompatibilityChangeReporter: Compat change id reported: 168419799; UID 10109; state: DISABLED
11-14 04:17:33.977 1740 1788 D CompatibilityChangeReporter: Compat change id reported: 161145287; UID 10109; state: DISABLED
11-14 04:17:34.009 1740 1788 D CompatibilityChangeReporter: Compat change id reported: 194532703; UID 10109; state: ENABLED
11-14 04:17:34.016 1740 3976 W JobScheduler: Job didn't exist in JobStore: 1b14ac3 #u0a109/58498 com.google.android.apps.gcs/androidx.work.impl.background.systemjob.SystemJobService
11-14 04:19:53.547 1740 1740 D CompatibilityChangeReporter: Compat change id reported: 135634846; UID 10138; state: DISABLED
11-14 04:19:53.547 1740 1740 D CompatibilityChangeReporter: Compat change id reported: 177438394; UID 10138; state: DISABLED
11-14 04:19:53.547 1740 1740 D CompatibilityChangeReporter: Compat change id reported: 135772972; UID 10138; state: DISABLED
11-14 04:19:53.547 1740 1740 D CompatibilityChangeReporter: Compat change id reported: 135754954; UID 10138; state: ENABLED
11-14 04:19:53.547 1740 1846 D CompatibilityChangeReporter: Compat change id reported: 143937733; UID 10138; state: ENABLED
11-14 04:19:53.564 1740 1846 I ActivityManager: Start proc 25073:com.google.android.apps.messaging/u0a138 for service {com.google.android.apps.messaging/androidx.work.impl.background.systemjob.SystemJobService}
11-14 04:19:53.593 1740 3471 D CompatibilityChangeReporter: Compat change id reported: 168419799; UID 10138; state: DISABLED
11-14 04:19:53.695 1740 3976 D CompatibilityChangeReporter: Compat change id reported: 161145287; UID 10138; state: DISABLED
11-14 04:19:53.728 1740 3976 D CompatibilityChangeReporter: Compat change id reported: 194532703; UID 10138; state: ENABLED
11-14 04:19:53.796 1740 3471 W JobScheduler: Job didn't exist in JobStore: f04a9ed #u0a138/1717 com.google.android.apps.messaging/androidx.work.impl.background.systemjob.SystemJobService
11-14 04:19:58.489 1740 1788 I ActivityManager: Killing 24451:com.android.vending/u0a114 (adj 955): empty for 1800s
11-14 04:20:01.539 1740 1788 D CompatibilityChangeReporter: Compat change id reported: 161145287; UID 10139; state: DISABLED
11-14 04:20:01.540 2182 2602 D PowerUI : can't show warning due to - plugged: true status unknown: false
11-14 04:20:01.553 1740 1788 D CompatibilityChangeReporter: Compat change id reported: 161145287; UID 10143; state: DISABLED
11-14 04:20:14.867 1740 1845 W BroadcastQueue: Exported Denial: sending Intent { act=android.net.conn.CONNECTIVITY_CHANGE flg=0x4200010 (has extras) }, action: android.net.conn.CONNECTIVITY_CHANGE from null (uid=-1) due to receiver ProcessRecord{5aa1dd8 25073:com.google.android.apps.messaging/u0a138} (uid 10138) not specifying RECEIVER_EXPORTED
11-14 04:21:01.535 2182 6843 D PowerUI : can't show warning due to - plugged: true status unknown: false
11-14 04:21:23.950 1740 2255 I ActivityManager: Killing 24607:com.android.vending:background/u0a114 (adj 965): empty for 1810s
11-14 04:22:01.541 2182 7765 D PowerUI : can't show warning due to - plugged: true status unknown: false
11-14 04:22:08.932 1740 2255 D CompatibilityChangeReporter: Compat change id reported: 135634846; UID 10068; state: DISABLED
11-14 04:22:08.932 1740 2255 D CompatibilityChangeReporter: Compat change id reported: 177438394; UID 10068; state: DISABLED
11-14 04:22:08.932 1740 2255 D CompatibilityChangeReporter: Compat change id reported: 135772972; UID 10068; state: DISABLED
11-14 04:22:08.932 1740 2255 D CompatibilityChangeReporter: Compat change id reported: 135754954; UID 10068; state: ENABLED
11-14 04:22:08.932 1740 1846 D CompatibilityChangeReporter: Compat change id reported: 143937733; UID 10068; state: ENABLED
11-14 04:22:08.948 1740 1846 I ActivityManager: Start proc 25154:android.process.acore/u0a68 for content provider {com.android.providers.contacts/com.android.providers.contacts.ContactsProvider2}
11-14 04:22:08.980 1740 2255 D CompatibilityChangeReporter: Compat change id reported: 168419799; UID 10068; state: DISABLED
11-14 04:22:09.031 1740 1786 D CompatibilityChangeReporter: Compat change id reported: 161145287; UID 10068; state: DISABLED
11-14 04:22:09.135 1740 1786 D CompatibilityChangeReporter: Compat change id reported: 201794303; UID 10068; state: ENABLED
11-14 04:23:01.543 2182 7975 D PowerUI : can't show warning due to - plugged: true status unknown: false
11-14 04:23:01.573 2182 10049 D PowerUI : can't show warning due to - plugged: true status unknown: false
11-14 04:23:27.744 1740 2255 D CompatibilityChangeReporter: Compat change id reported: 135634846; UID 10064; state: DISABLED
11-14 04:23:27.744 1740 2255 D CompatibilityChangeReporter: Compat change id reported: 177438394; UID 10064; state: DISABLED
11-14 04:23:27.744 1740 2255 D CompatibilityChangeReporter: Compat change id reported: 135772972; UID 10064; state: DISABLED
11-14 04:23:27.744 1740 2255 D CompatibilityChangeReporter: Compat change id reported: 135754954; UID 10064; state: ENABLED
11-14 04:23:27.745 1740 1846 D CompatibilityChangeReporter: Compat change id reported: 143937733; UID 10064; state: ENABLED
11-14 04:23:27.775 1740 1846 I ActivityManager: Start proc 25183:com.android.providers.calendar/u0a64 for content provider {com.android.providers.calendar/com.android.providers.calendar.CalendarProvider2}
11-14 04:23:27.811 1740 3302 D CompatibilityChangeReporter: Compat change id reported: 168419799; UID 10064; state: DISABLED
11-14 04:23:27.832 1740 3302 D CompatibilityChangeReporter: Compat change id reported: 161145287; UID 10064; state: DISABLED
11-14 04:23:27.845 1740 3302 D CompatibilityChangeReporter: Compat change id reported: 143231523; UID 10064; state: DISABLED
11-14 04:23:27.849 1740 2108 D CompatibilityChangeReporter: Compat change id reported: 168419799; UID 10166; state: DISABLED
11-14 04:23:28.385 1740 1786 E AppOps : Bad call made by uid 10139. Package "com.google.android.gms" does not belong to uid 10166.
11-14 04:23:28.493 1740 1788 D CompatibilityChangeReporter: Compat change id reported: 319212206; UID 10166; state: ENABLED
11-14 04:23:28.529 1740 1788 I ContentCaptureManagerService: Data share request accepted by Content Capture service
11-14 04:23:38.419 1740 1786 E AppOps : Bad call made by uid 10139. Package "com.google.android.gms" does not belong to uid 10166.
11-14 04:24:01.546 2182 10106 D PowerUI : can't show warning due to - plugged: true status unknown: false
11-14 04:26:01.538 2182 10114 D PowerUI : can't show warning due to - plugged: true status unknown: false
11-14 04:26:20.593 1740 1955 D ActivityManager: freezing 7491 com.google.android.apps.safetyhub
11-14 04:26:29.851 1740 1844 I UsageStatsService: User[0] Flushing usage stats to disk
11-14 04:27:01.542 2182 10179 D PowerUI : can't show warning due to - plugged: true status unknown: false
11-14 04:27:34.275 1740 1955 D ActivityManager: freezing 25012 com.google.android.apps.gcs
11-14 04:28:01.559 2182 2602 D PowerUI : can't show warning due to - plugged: true status unknown: false
11-14 04:28:28.530 1740 1740 I ContentCaptureManagerService: Content capture data sharing session terminated successfully for package 'com.google.android.googlequicksearchbox'
11-14 04:30:00.637 1740 4237 I ActivityManager: Killing 24732:com.android.settings/1000 (adj 965): empty for 1800s
11-14 04:30:09.960 1740 4237 I ActivityManager: Killing 24706:com.google.android.settings.intelligence/u0a113 (adj 965): empty for 1806s
11-14 04:30:14.917 1740 1955 D ActivityManager: freezing 24394 com.google.process.gservices
11-14 04:31:01.543 2182 6843 D PowerUI : can't show warning due to - plugged: true status unknown: false
11-14 04:31:17.724 1740 2183 D CompatibilityChangeReporter: Compat change id reported: 161252188; UID 10211; state: ENABLED
11-14 04:31:17.731 1740 2183 D CompatibilityChangeReporter: Compat change id reported: 135634846; UID 10211; state: DISABLED
11-14 04:31:17.731 1740 2183 D CompatibilityChangeReporter: Compat change id reported: 177438394; UID 10211; state: DISABLED
11-14 04:31:17.731 1740 2183 D CompatibilityChangeReporter: Compat change id reported: 135772972; UID 10211; state: DISABLED
11-14 04:31:17.731 1740 2183 D CompatibilityChangeReporter: Compat change id reported: 135754954; UID 10211; state: ENABLED
11-14 04:31:17.733 1740 1846 D CompatibilityChangeReporter: Compat change id reported: 143937733; UID 10211; state: ENABLED
11-14 04:31:17.780 1740 1846 W ActivityManager: Slow operation: 51ms so far, now at startProcess: done updating battery stats
11-14 04:31:17.780 1740 1846 W ActivityManager: Slow operation: 51ms so far, now at startProcess: building log message
11-14 04:31:17.780 1740 1846 I ActivityManager: Start proc 25432:com.google.android.permissioncontroller/u0a211 for service {com.google.android.permissioncontroller/com.android.permissioncontroller.permission.service.v33.SafetyCenterQsTileService}
11-14 04:31:17.780 1740 1846 W ActivityManager: Slow operation: 51ms so far, now at startProcess: starting to update pids map
11-14 04:31:17.780 1740 1846 W ActivityManager: Slow operation: 52ms so far, now at startProcess: done updating pids map
11-14 04:31:17.815 1740 2183 D CompatibilityChangeReporter: Compat change id reported: 168419799; UID 10211; state: DISABLED
11-14 04:31:48.486 1740 1740 D ActivityManager: sync unfroze 7491 com.google.android.apps.safetyhub
11-14 04:32:01.539 2182 7765 D PowerUI : can't show warning due to - plugged: true status unknown: false
11-14 04:32:09.156 1740 1955 D ActivityManager: freezing 25073 com.google.android.apps.messaging
11-14 04:32:09.167 1740 1955 D ActivityManager: freezing 25154 android.process.acore
11-14 04:33:01.542 2182 7975 D PowerUI : can't show warning due to - plugged: true status unknown: false
11-14 04:33:02.232 1740 1845 D CompatibilityChangeReporter: Compat change id reported: 177438394; UID 10170; state: DISABLED
11-14 04:33:02.233 1740 1845 D CompatibilityChangeReporter: Compat change id reported: 135772972; UID 10170; state: DISABLED
11-14 04:33:02.233 1740 1845 D CompatibilityChangeReporter: Compat change id reported: 135754954; UID 10170; state: ENABLED
11-14 04:33:02.234 1740 1846 D CompatibilityChangeReporter: Compat change id reported: 143937733; UID 10170; state: ENABLED
11-14 04:33:02.260 1740 1846 I ActivityManager: Start proc 25478:com.google.android.apps.magazines/u0a170 for broadcast {com.google.android.apps.magazines/com.google.android.libraries.notifications.platform.entrypoints.push.PushReceiver}
11-14 04:33:02.295 1740 2255 D CompatibilityChangeReporter: Compat change id reported: 168419799; UID 10170; state: DISABLED
11-14 04:33:02.406 1740 2255 D CompatibilityChangeReporter: Compat change id reported: 161145287; UID 10170; state: DISABLED
11-14 04:33:02.438 1740 1845 W BroadcastQueue: Exported Denial: sending Intent { act=android.intent.action.BATTERY_CHANGED flg=0x60000010 (has extras) }, action: android.intent.action.BATTERY_CHANGED from null (uid=-1) due to receiver ProcessRecord{966ba42 25478:com.google.android.apps.magazines/u0a170} (uid 10170) not specifying RECEIVER_EXPORTED
11-14 04:33:02.506 1740 10543 D ActivityManager: sync unfroze 24394 com.google.process.gservices
11-14 04:33:02.600 1740 2255 D CompatibilityChangeReporter: Compat change id reported: 194532703; UID 10170; state: ENABLED
11-14 04:33:02.624 1740 10543 E AppOps : Bad call made by uid 10139. Package "com.google.android.gms" does not belong to uid 10170.
11-14 04:33:02.682 1740 10543 D CompatibilityChangeReporter: Compat change id reported: 319212206; UID 10170; state: ENABLED
11-14 04:33:12.662 1740 2255 E AppOps : Bad call made by uid 10139. Package "com.google.android.gms" does not belong to uid 10170.
11-14 04:33:27.837 1740 1946 D CompatibilityChangeReporter: Compat change id reported: 218533173; UID 10166; state: ENABLED
11-14 04:33:29.671 1740 1955 D ActivityManager: freezing 24923 com.google.android.gm
11-14 04:34:01.539 2182 10049 D PowerUI : can't show warning due to - plugged: true status unknown: false
11-14 04:34:17.780 1740 3302 I ActivityManager: Killing 24839:com.android.chrome/u0a151 (adj 935): empty for 1803s
11-14 04:34:17.785 1740 3302 I ActivityManager: Killing 24791:com.google.android.partnersetup/u0a96 (adj 925): empty for 1803s
11-14 04:34:17.786 1740 3302 I ActivityManager: Killing 24503:com.google.process.gapps/u0a139 (adj 945): empty for 1803s
11-14 04:34:17.787 1740 3302 I ActivityManager: Killing 24794:com.google.android.apps.turbo:aab/u0a143 (adj 935): empty for 1803s
11-14 04:34:17.788 1740 3302 I ActivityManager: Killing 24546:com.android.remoteprovisioner/u0a198 (adj 955): empty for 1804s
11-14 04:34:17.864 1740 2049 D CompatibilityChangeReporter: Compat change id reported: 218533173; UID 10151; state: ENABLED
11-14 04:35:01.536 2182 10106 D PowerUI : can't show warning due to - plugged: true status unknown: false
11-14 04:36:01.537 2182 10114 D PowerUI : can't show warning due to - plugged: true status unknown: false
11-14 04:37:01.537 2182 10179 D PowerUI : can't show warning due to - plugged: true status unknown: false
11-14 04:38:01.543 2182 2602 D PowerUI : can't show warning due to - plugged: true status unknown: false
11-14 04:39:01.541 2182 6843 D PowerUI : can't show warning due to - plugged: true status unknown: false
11-14 04:40:00.783 1740 1955 D ActivityManager: freezing 25183 com.android.providers.calendar
11-14 04:40:01.546 2182 7765 D PowerUI : can't show warning due to - plugged: true status unknown: false
11-14 04:41:01.538 2182 7975 D PowerUI : can't show warning due to - plugged: true status unknown: false
11-14 04:41:47.871 1740 1955 D ActivityManager: freezing 25432 com.google.android.permissioncontroller
11-14 04:41:48.531 1740 1955 D ActivityManager: freezing 7491 com.google.android.apps.safetyhub
11-14 04:42:01.538 2182 10049 D PowerUI : can't show warning due to - plugged: true status unknown: false
11-14 04:43:01.545 2182 10106 D PowerUI : can't show warning due to - plugged: true status unknown: false
11-14 04:43:03.339 1740 1955 D ActivityManager: freezing 24394 com.google.process.gservices
11-14 04:44:01.534 2182 10114 D PowerUI : can't show warning due to - plugged: true status unknown: false
11-14 04:44:04.269 1740 1740 D CompatibilityChangeReporter: Compat change id reported: 135634846; UID 10169; state: DISABLED
11-14 04:44:04.270 1740 1740 D CompatibilityChangeReporter: Compat change id reported: 177438394; UID 10169; state: DISABLED
11-14 04:44:04.270 1740 1740 D CompatibilityChangeReporter: Compat change id reported: 135772972; UID 10169; state: DISABLED
11-14 04:44:04.270 1740 1740 D CompatibilityChangeReporter: Compat change id reported: 135754954; UID 10169; state: ENABLED
11-14 04:44:04.271 1740 1846 D CompatibilityChangeReporter: Compat change id reported: 143937733; UID 10169; state: ENABLED
11-14 04:44:04.286 1740 1846 I ActivityManager: Start proc 25627:com.google.android.apps.work.clouddpc/u0a169 for service {com.google.android.apps.work.clouddpc/com.google.android.apps.work.clouddpc.base.services.HealthCheckJobService}
11-14 04:44:04.302 1740 1788 D CompatibilityChangeReporter: Compat change id reported: 168419799; UID 10169; state: DISABLED
11-14 04:44:04.473 1740 2255 D CompatibilityChangeReporter: Compat change id reported: 161145287; UID 10169; state: DISABLED
11-14 04:44:04.487 1740 2535 D CompatibilityChangeReporter: Compat change id reported: 194532703; UID 10169; state: ENABLED
11-14 04:44:04.519 25627 25641 I ActivityThread: Removing dead content provider:android.content.ContentProviderProxy@911b9a9
11-14 04:44:04.519 1740 3301 I ActivityManager: Process com.google.process.gservices (pid 24394) early provider death
11-14 04:44:04.519 1740 3301 I ActivityManager: Process com.google.process.gservices (pid 24394) has died: cch+15 CEM
11-14 04:44:04.559 1740 2255 V ActivityManager: Got obituary of 24394:com.google.process.gservices
11-14 04:44:05.469 1740 2065 D ActivityManager: sync unfroze 25154 android.process.acore
11-14 04:44:11.488 1740 1788 D CompatibilityChangeReporter: Compat change id reported: 135634846; UID 10139; state: DISABLED
11-14 04:44:11.488 1740 1788 D CompatibilityChangeReporter: Compat change id reported: 177438394; UID 10139; state: DISABLED
11-14 04:44:11.488 1740 1788 D CompatibilityChangeReporter: Compat change id reported: 135772972; UID 10139; state: DISABLED
11-14 04:44:11.488 1740 1788 D CompatibilityChangeReporter: Compat change id reported: 135754954; UID 10139; state: ENABLED
11-14 04:44:11.489 1740 1846 D CompatibilityChangeReporter: Compat change id reported: 143937733; UID 10139; state: ENABLED
11-14 04:44:11.515 1740 1846 I ActivityManager: Start proc 25724:com.google.process.gservices/u0a139 for content provider {com.google.android.gsf/com.google.android.gsf.gservices.GservicesProvider}
11-14 04:44:11.592 1740 1788 W ActivityManager: Unable to start service Intent { act=com.google.android.gms.gservices.START pkg=com.google.android.gms } U=0: not found
11-14 04:44:11.592 1740 1788 W ActivityManager: Unbind failed: could not find connection for android.os.BinderProxy@988a270
11-14 04:45:01.543 2182 10179 D PowerUI : can't show warning due to - plugged: true status unknown: false
11-14 04:46:01.536 2182 2602 D PowerUI : can't show warning due to - plugged: true status unknown: false
11-14 04:46:29.934 1740 1844 I UsageStatsService: User[0] Flushing usage stats to disk
11-14 04:46:46.945 1740 1740 D ActivityManager: sync unfroze 25073 com.google.android.apps.messaging
11-14 04:46:46.946 1740 1740 D CompatibilityChangeReporter: Compat change id reported: 168419799; UID 10138; state: DISABLED
11-14 04:46:46.994 1740 1787 W JobScheduler: Job didn't exist in JobStore: 83a37ec #u0a163/4255 com.google.android.inputmethod.latin/androidx.work.impl.background.systemjob.SystemJobService
11-14 04:46:47.011 1740 3297 W JobScheduler: Job didn't exist in JobStore: b1d7af1 #u0a138/1720 com.google.android.apps.messaging/androidx.work.impl.background.systemjob.SystemJobService
11-14 04:46:48.548 1740 1740 D ActivityManager: sync unfroze 7491 com.google.android.apps.safetyhub
11-14 04:47:01.548 2182 6843 D PowerUI : can't show warning due to - plugged: true status unknown: false
11-14 04:48:01.539 2182 7765 D PowerUI : can't show warning due to - plugged: true status unknown: false
11-14 04:48:56.643 1740 1788 D CompatibilityChangeReporter: Compat change id reported: 135634846; UID 10205; state: DISABLED
11-14 04:48:56.644 1740 1788 D CompatibilityChangeReporter: Compat change id reported: 177438394; UID 10205; state: DISABLED
11-14 04:48:56.644 1740 1788 D CompatibilityChangeReporter: Compat change id reported: 135772972; UID 10205; state: DISABLED
11-14 04:48:56.644 1740 1788 D CompatibilityChangeReporter: Compat change id reported: 135754954; UID 10205; state: ENABLED
11-14 04:48:56.646 1740 1846 D CompatibilityChangeReporter: Compat change id reported: 143937733; UID 10205; state: ENABLED
11-14 04:48:56.667 1740 1846 I ActivityManager: Start proc 25768:.ShannonImsService/u0a205 for content provider {com.shannon.imsservice/com.shannon.imsservice.util.contentprovider.ImsContentProvider}
11-14 04:48:56.703 1740 1788 D CompatibilityChangeReporter: Compat change id reported: 168419799; UID 10205; state: DISABLED
11-14 04:48:56.895 1740 2684 D CompatibilityChangeReporter: Compat change id reported: 171306433; UID 10139; state: ENABLED
11-14 04:48:56.895 1740 2684 D CompatibilityChangeReporter: Compat change id reported: 218533173; UID 10139; state: ENABLED
11-14 04:48:56.898 1163 1163 D vendor.google.wifi_ext@1.0-service-vendor: SetMacAddress succeeded on wlan0
11-14 04:48:56.911 1740 2058 W ContextImpl: Calling a method in the system process without a qualified user: android.app.ContextImpl.sendStickyBroadcast:1586 android.net.connectivity.com.android.server.ConnectivityService.sendStickyBroadcast:3912 android.net.connectivity.com.android.server.ConnectivityService.sendLegacyNetworkBroadcast:11523 android.net.connectivity.com.android.server.ConnectivityService$LegacyTypeTracker.remove:1293 android.net.connectivity.com.android.server.ConnectivityService$LegacyTypeTracker.remove:1310
11-14 04:48:56.915 1740 1845 W BroadcastQueue: Target SDK mismatch: receiver ActivityInfo{9443772 com.google.android.apps.photos.actionqueue.impl.SystemReceiver} targets 35 but delivery restricted to [0, 23] broadcasting Intent { act=android.net.conn.CONNECTIVITY_CHANGE flg=0x4200010 (has extras) } from android (pid=1740, uid=1000) to com.google.android.apps.photos/.actionqueue.impl.SystemReceiver
11-14 04:48:56.916 1740 1845 W BroadcastQueue: Target SDK mismatch: receiver ActivityInfo{f1c87c3 com.google.android.apps.photos.jobqueue.JobServiceBroadcastReceiver} targets 35 but delivery restricted to [0, 23] broadcasting Intent { act=android.net.conn.CONNECTIVITY_CHANGE flg=0x4200010 (has extras) } from android (pid=1740, uid=1000) to com.google.android.apps.photos/.jobqueue.JobServiceBroadcastReceiver
11-14 04:48:56.916 1740 1845 W BroadcastQueue: Target SDK mismatch: receiver ActivityInfo{4556840 com.google.android.gms.gcm.ServiceAutoStarter} targets 34 but delivery restricted to [0, 23] broadcasting Intent { act=android.net.conn.CONNECTIVITY_CHANGE flg=0x4200010 (has extras) } from android (pid=1740, uid=1000) to com.google.android.gms/.gcm.ServiceAutoStarter
11-14 04:48:56.952 1740 1845 D CompatibilityChangeReporter: Compat change id reported: 135634846; UID 10113; state: DISABLED
11-14 04:48:56.952 1740 1845 D CompatibilityChangeReporter: Compat change id reported: 177438394; UID 10113; state: DISABLED
11-14 04:48:56.952 1740 1845 D CompatibilityChangeReporter: Compat change id reported: 135772972; UID 10113; state: DISABLED
11-14 04:48:56.952 1740 1845 D CompatibilityChangeReporter: Compat change id reported: 135754954; UID 10113; state: ENABLED
11-14 04:48:56.953 1740 1846 D CompatibilityChangeReporter: Compat change id reported: 143937733; UID 10113; state: ENABLED
11-14 04:48:56.960 1740 1846 I ActivityManager: Start proc 25796:com.google.android.settings.intelligence/u0a113 for broadcast {com.google.android.settings.intelligence/com.google.android.settings.intelligence.modules.routines.impl.WifiBroadcastReceiver}
11-14 04:48:56.962 1740 3297 W ContextImpl: Calling a method in the system process without a qualified user: android.app.ContextImpl.sendBroadcastMultiplePermissions:1222 com.android.server.TelephonyRegistry.broadcastServiceStateChanged:3085 com.android.server.TelephonyRegistry.notifyServiceStateForPhoneId:1616 com.android.internal.telephony.ITelephonyRegistry$Stub.onTransact:492 android.os.Binder.execTransactInternal:1280
11-14 04:48:56.963 1740 3297 W ContextImpl: Calling a method in the system process without a qualified user: android.app.ContextImpl.sendBroadcastMultiplePermissions:1272 android.content.Context.sendBroadcastMultiplePermissions:2272 com.android.server.TelephonyRegistry.broadcastServiceStateChanged:3089 com.android.server.TelephonyRegistry.notifyServiceStateForPhoneId:1616 com.android.internal.telephony.ITelephonyRegistry$Stub.onTransact:492
11-14 04:48:56.963 1740 1845 W BroadcastQueue: Permission Denial: receiving Intent { act=android.intent.action.SERVICE_STATE flg=0x1000010 (has extras) } to ProcessRecord{b42249b 2182:com.android.systemui/u0a208} (pid=2182, uid=10208) requires android.permission.READ_PHONE_STATE due to sender android (uid 1001)
11-14 04:48:56.963 1740 1845 W BroadcastQueue: Permission Denial: receiving Intent { act=android.intent.action.SERVICE_STATE flg=0x1000010 (has extras) } to ProcessRecord{952902e 2463:com.shannon.imsservice/u0a205} (pid=2463, uid=10205) requires android.permission.READ_PHONE_STATE due to sender android (uid 1001)
11-14 04:48:56.963 1740 1845 W BroadcastQueue: Permission Denial: receiving Intent { act=android.intent.action.SERVICE_STATE flg=0x1000010 (has extras) } to ProcessRecord{b42249b 2182:com.android.systemui/u0a208} (pid=2182, uid=10208) requires android.permission.ACCESS_FINE_LOCATION due to sender android (uid 1001)
11-14 04:48:56.963 1740 3297 W ContextImpl: Calling a method in the system process without a qualified user: android.app.ContextImpl.sendBroadcastMultiplePermissions:1272 android.content.Context.sendBroadcastMultiplePermissions:2272 com.android.server.TelephonyRegistry.broadcastServiceStateChanged:3096 com.android.server.TelephonyRegistry.notifyServiceStateForPhoneId:1616 com.android.internal.telephony.ITelephonyRegistry$Stub.onTransact:492
11-14 04:48:56.964 1740 1845 W BroadcastQueue: Permission Denial: receiving Intent { act=android.intent.action.SERVICE_STATE flg=0x1000010 (has extras) } to ProcessRecord{b42249b 2182:com.android.systemui/u0a208} (pid=2182, uid=10208) requires android.permission.READ_PHONE_STATE due to sender android (uid 1001)
11-14 04:48:56.964 1740 3297 W ContextImpl: Calling a method in the system process without a qualified user: android.app.ContextImpl.sendBroadcastMultiplePermissions:1272 android.content.Context.sendBroadcastMultiplePermissions:2272 com.android.server.TelephonyRegistry.broadcastServiceStateChanged:3100 com.android.server.TelephonyRegistry.notifyServiceStateForPhoneId:1616 com.android.internal.telephony.ITelephonyRegistry$Stub.onTransact:492
11-14 04:48:56.964 1740 1845 W BroadcastQueue: Permission Denial: receiving Intent { act=android.intent.action.SERVICE_STATE flg=0x1000010 (has extras) } to ProcessRecord{952902e 2463:com.shannon.imsservice/u0a205} (pid=2463, uid=10205) requires android.permission.READ_PHONE_STATE due to sender android (uid 1001)
11-14 04:48:56.964 1740 1845 W BroadcastQueue: Appop Denial: receiving Intent { act=android.intent.action.SERVICE_STATE flg=0x1000010 (has extras) } to ProcessRecord{952902e 2463:com.shannon.imsservice/u0a205} (pid=2463, uid=10205) excludes appop android:fine_location due to sender android (uid 1001)
11-14 04:48:56.985 1740 3297 D CompatibilityChangeReporter: Compat change id reported: 168419799; UID 10113; state: DISABLED
11-14 04:48:57.055 1740 3297 D CompatibilityChangeReporter: Compat change id reported: 194532703; UID 10113; state: ENABLED
11-14 04:48:57.062 1740 10524 D CompatibilityChangeReporter: Compat change id reported: 161145287; UID 10113; state: DISABLED
11-14 04:48:57.069 1740 10524 W BroadcastQueue: Permission Denial: receiving Intent { act=android.intent.action.SERVICE_STATE flg=0x1000010 (has extras) } to com.google.android.cellbroadcastreceiver/com.android.cellbroadcastreceiver.CellBroadcastReceiver requires android.permission.READ_PHONE_STATE due to sender android (uid 1001)
11-14 04:48:57.070 1740 1845 W BroadcastQueue: Permission Denial: receiving Intent { act=android.intent.action.SERVICE_STATE flg=0x1000010 (has extras) } to com.google.android.cellbroadcastreceiver/com.android.cellbroadcastreceiver.CellBroadcastReceiver requires android.permission.ACCESS_FINE_LOCATION due to sender android (uid 1001)
11-14 04:48:57.070 1740 1845 W BroadcastQueue: Permission Denial: receiving Intent { act=android.intent.action.SERVICE_STATE flg=0x1000010 (has extras) } to com.google.android.cellbroadcastreceiver/com.android.cellbroadcastreceiver.CellBroadcastReceiver requires android.permission.READ_PHONE_STATE due to sender android (uid 1001)
11-14 04:48:57.071 1740 1845 D CompatibilityChangeReporter: Compat change id reported: 135634846; UID 10219; state: DISABLED
11-14 04:48:57.071 1740 1845 D CompatibilityChangeReporter: Compat change id reported: 177438394; UID 10219; state: DISABLED
11-14 04:48:57.071 1740 1845 D CompatibilityChangeReporter: Compat change id reported: 135772972; UID 10219; state: DISABLED
11-14 04:48:57.071 1740 1845 D CompatibilityChangeReporter: Compat change id reported: 135754954; UID 10219; state: ENABLED
11-14 04:48:57.071 1740 1846 D CompatibilityChangeReporter: Compat change id reported: 143937733; UID 10219; state: ENABLED
11-14 04:48:57.082 1740 1846 I ActivityManager: Start proc 25821:com.google.android.cellbroadcastreceiver/u0a219 for broadcast {com.google.android.cellbroadcastreceiver/com.android.cellbroadcastreceiver.CellBroadcastReceiver}
11-14 04:48:57.112 1740 3297 D CompatibilityChangeReporter: Compat change id reported: 168419799; UID 10219; state: DISABLED
11-14 04:48:57.255 1740 3297 I ActivityManager: Killing 25012:com.google.android.apps.gcs/u0a109 (adj 975): empty for 1883s
11-14 04:49:00.074 1163 1163 D vendor.google.wifi_ext@1.0-service-vendor: SetMacAddress succeeded on wlan0
11-14 04:49:00.080 1321 1321 W wificond: Scan is not started. Ignore abort request
11-14 04:49:01.497 1114 1238 E NetlinkEvent: NetlinkEvent::FindParam(): Parameter 'INTERFACE' not found
11-14 04:49:01.497 1114 1238 E NetlinkEvent: NetlinkEvent::FindParam(): Parameter 'STATE' not found
11-14 04:49:01.497 1114 1238 E NetlinkEvent: NetlinkEvent::FindParam(): Parameter 'TIME_NS' not found
11-14 04:49:01.497 1114 1238 E NetlinkEvent: NetlinkEvent::FindParam(): Parameter 'UID' not found
11-14 04:49:01.519 1740 2058 W ContextImpl: Calling a method in the system process without a qualified user: android.app.ContextImpl.sendStickyBroadcast:1586 android.net.connectivity.com.android.server.ConnectivityService.sendStickyBroadcast:3912 android.net.connectivity.com.android.server.ConnectivityService.sendGeneralBroadcast:3882 android.net.connectivity.com.android.server.ConnectivityService.sendConnectedBroadcast:3855 android.net.connectivity.com.android.server.ConnectivityService.sendLegacyNetworkBroadcast:11495
11-14 04:49:01.522 1740 1845 W BroadcastQueue: Target SDK mismatch: receiver ActivityInfo{4c168c1 com.google.android.apps.photos.actionqueue.impl.SystemReceiver} targets 35 but delivery restricted to [0, 23] broadcasting Intent { act=android.net.conn.CONNECTIVITY_CHANGE flg=0x4200010 (has extras) } from android (pid=1740, uid=1000) to com.google.android.apps.photos/.actionqueue.impl.SystemReceiver
11-14 04:49:01.522 1740 1845 W BroadcastQueue: Target SDK mismatch: receiver ActivityInfo{a8a9866 com.google.android.apps.photos.jobqueue.JobServiceBroadcastReceiver} targets 35 but delivery restricted to [0, 23] broadcasting Intent { act=android.net.conn.CONNECTIVITY_CHANGE flg=0x4200010 (has extras) } from android (pid=1740, uid=1000) to com.google.android.apps.photos/.jobqueue.JobServiceBroadcastReceiver
11-14 04:49:01.522 1740 1845 W BroadcastQueue: Target SDK mismatch: receiver ActivityInfo{c5627a7 com.google.android.gms.gcm.ServiceAutoStarter} targets 34 but delivery restricted to [0, 23] broadcasting Intent { act=android.net.conn.CONNECTIVITY_CHANGE flg=0x4200010 (has extras) } from android (pid=1740, uid=1000) to com.google.android.gms/.gcm.ServiceAutoStarter
11-14 04:49:01.530 1163 1163 I vendor.google.wifi_ext@1.0-service-vendor: Wifi: Reseting SAR Scenario to default
11-14 04:49:01.568 1740 10527 W ContextImpl: Calling a method in the system process without a qualified user: android.app.ContextImpl.sendBroadcastMultiplePermissions:1222 com.android.server.TelephonyRegistry.broadcastServiceStateChanged:3085 com.android.server.TelephonyRegistry.notifyServiceStateForPhoneId:1616 com.android.internal.telephony.ITelephonyRegistry$Stub.onTransact:492 android.os.Binder.execTransactInternal:1280
11-14 04:49:01.568 1740 10527 W ContextImpl: Calling a method in the system process without a qualified user: android.app.ContextImpl.sendBroadcastMultiplePermissions:1272 android.content.Context.sendBroadcastMultiplePermissions:2272 com.android.server.TelephonyRegistry.broadcastServiceStateChanged:3089 com.android.server.TelephonyRegistry.notifyServiceStateForPhoneId:1616 com.android.internal.telephony.ITelephonyRegistry$Stub.onTransact:492
11-14 04:49:01.568 1740 1845 W BroadcastQueue: Permission Denial: receiving Intent { act=android.intent.action.SERVICE_STATE flg=0x1000010 (has extras) } to ProcessRecord{b42249b 2182:com.android.systemui/u0a208} (pid=2182, uid=10208) requires android.permission.READ_PHONE_STATE due to sender android (uid 1001)
11-14 04:49:01.568 1740 1845 W BroadcastQueue: Permission Denial: receiving Intent { act=android.intent.action.SERVICE_STATE flg=0x1000010 (has extras) } to ProcessRecord{952902e 2463:com.shannon.imsservice/u0a205} (pid=2463, uid=10205) requires android.permission.READ_PHONE_STATE due to sender android (uid 1001)
11-14 04:49:01.568 1740 10527 W ContextImpl: Calling a method in the system process without a qualified user: android.app.ContextImpl.sendBroadcastMultiplePermissions:1272 android.content.Context.sendBroadcastMultiplePermissions:2272 com.android.server.TelephonyRegistry.broadcastServiceStateChanged:3096 com.android.server.TelephonyRegistry.notifyServiceStateForPhoneId:1616 com.android.internal.telephony.ITelephonyRegistry$Stub.onTransact:492
11-14 04:49:01.568 1740 1845 W BroadcastQueue: Permission Denial: receiving Intent { act=android.intent.action.SERVICE_STATE flg=0x1000010 (has extras) } to ProcessRecord{b42249b 2182:com.android.systemui/u0a208} (pid=2182, uid=10208) requires android.permission.ACCESS_FINE_LOCATION due to sender android (uid 1001)
11-14 04:49:01.569 1740 10527 W ContextImpl: Calling a method in the system process without a qualified user: android.app.ContextImpl.sendBroadcastMultiplePermissions:1272 android.content.Context.sendBroadcastMultiplePermissions:2272 com.android.server.TelephonyRegistry.broadcastServiceStateChanged:3100 com.android.server.TelephonyRegistry.notifyServiceStateForPhoneId:1616 com.android.internal.telephony.ITelephonyRegistry$Stub.onTransact:492
11-14 04:49:01.569 1740 1845 W BroadcastQueue: Permission Denial: receiving Intent { act=android.intent.action.SERVICE_STATE flg=0x1000010 (has extras) } to ProcessRecord{b42249b 2182:com.android.systemui/u0a208} (pid=2182, uid=10208) requires android.permission.READ_PHONE_STATE due to sender android (uid 1001)
11-14 04:49:01.569 1740 1845 W BroadcastQueue: Permission Denial: receiving Intent { act=android.intent.action.SERVICE_STATE flg=0x1000010 (has extras) } to ProcessRecord{952902e 2463:com.shannon.imsservice/u0a205} (pid=2463, uid=10205) requires android.permission.READ_PHONE_STATE due to sender android (uid 1001)
11-14 04:49:01.570 1740 1845 W BroadcastQueue: Appop Denial: receiving Intent { act=android.intent.action.SERVICE_STATE flg=0x1000010 (has extras) } to ProcessRecord{952902e 2463:com.shannon.imsservice/u0a205} (pid=2463, uid=10205) excludes appop android:fine_location due to sender android (uid 1001)
