11-14 11:12:33.163 1129 1594 D audio_hw_35l41: cs35l41_bdlogger_data_analysis: Right/Bottom dsp heartbeat = 0x5159
11-14 11:12:33.252 1312 5259 D AudioTrack: stop(77): called with 76269 frames delivered
11-14 11:12:33.531 1153 2082 I android.hardware.usb.aidl-service: partner added
11-14 11:12:33.532 1153 2082 I android.hardware.usb.aidl-service: port0
11-14 11:12:33.536 1153 2082 I android.hardware.usb.aidl-service: 0:port0 connected:1 canChangeMode:1 canChagedata:0 canChangePower:0 usbDataEnabled:1
11-14 11:12:33.537 1153 2082 I android.hardware.usb.aidl-service: ContaminantDetectionStatus:2 ContaminantProtectionStatus:0
11-14 11:12:33.537 1153 2082 I android.hardware.usb.aidl-service: powerTransferLimited:0
11-14 11:12:33.537 1740 2684 I UsbPortManager: AIDL UsbDataStatus:1
11-14 11:12:33.538 1740 2684 I UsbPortManager: ClientCallback AIDL V1: port0
11-14 11:12:33.539 1740 1834 I UsbPortManager: USB port changed: port=UsbPort{id=port0, supportedModes=dualsupportedContaminantProtectionModes=4supportsEnableContaminantPresenceProtection=falsesupportsEnableContaminantPresenceDetection=true, status=UsbPortStatus{connected=true, currentMode=ufp, currentPowerRole=sink, currentDataRole=device, supportedRoleCombinations=[source:host, sink:device], contaminantDetectionStatus=2, contaminantProtectionStatus=0, usbDataStatus=enabled, isPowerTransferLimited=false, powerBrickConnectionStatus=disconnected}, canChangeMode=true, canChangePowerRole=false, canChangeDataRole=false, connectedAtMillis=1448822333, lastConnectDurationMillis=0
11-14 11:12:33.561 2405 2405 D GRIL-S : [0951]> UPDATE_DEVICE_STATE DeviceState: Usb:1, Wifi: 1, Wifi AP: 0, Earpiece: 0, Bluetooth: 1, Wireless charging: 0, Screen: 1, Camera: 0, 0, -, -, Motion: 1, Bluetooth tethering: 0, Voice: 0, Wifi 2.4G: 1, Radio: 1, Bluetooth connected: 0, Bluetooth media: 0, Wifi Band: 1, Wifi AP Band: 0, Wifi call: 0, mmWave: 0, mCellBackhaul: 0, mHallSensor: 0
11-14 11:12:33.572 1153 2082 I android.hardware.usb.aidl-service: port0
11-14 11:12:33.573 1153 2082 I android.hardware.usb.aidl-service: 0:port0 connected:1 canChangeMode:1 canChagedata:0 canChangePower:0 usbDataEnabled:1
11-14 11:12:33.573 1153 2082 I android.hardware.usb.aidl-service: ContaminantDetectionStatus:2 ContaminantProtectionStatus:0
11-14 11:12:33.574 1153 2082 I android.hardware.usb.aidl-service: powerTransferLimited:0
11-14 11:12:33.574 1740 2684 I UsbPortManager: AIDL UsbDataStatus:1
11-14 11:12:33.574 1740 2684 I UsbPortManager: ClientCallback AIDL V1: port0
11-14 11:12:33.586 1153 2082 I android.hardware.usb.aidl-service: port0
11-14 11:12:33.589 1153 2082 I android.hardware.usb.aidl-service: 0:port0 connected:1 canChangeMode:1 canChagedata:0 canChangePower:0 usbDataEnabled:1
11-14 11:12:33.589 1153 2082 I android.hardware.usb.aidl-service: ContaminantDetectionStatus:2 ContaminantProtectionStatus:0
11-14 11:12:33.593 1153 2082 I android.hardware.usb.aidl-service: powerTransferLimited:0
11-14 11:12:33.594 1740 3304 I UsbPortManager: AIDL UsbDataStatus:1
11-14 11:12:33.594 1740 3304 I UsbPortManager: ClientCallback AIDL V1: port0
11-14 11:12:33.596 2182 2182 D DLObserver: onReceive(); android.intent.action.BATTERY_CHANGED
11-14 11:12:33.596 2182 2182 D DLObserver: plugged=2
11-14 11:12:33.601 2182 2182 D PowerNotificationWarningsGoogleImpl: onReceive: android.intent.action.BATTERY_CHANGED
11-14 11:12:33.602 2182 2182 D BatteryDefenderNotification: isPlugged: true | isOverheated: false | defenderEnabled: false | isCharged: false | isPluggedInDock: false
11-14 11:12:33.602 2182 10114 D PowerUI : can't show warning due to - plugged: true status unknown: false
11-14 11:12:33.602 527 527 I servicemanager: Found vendor.google.google_battery.IGoogleBattery/default in device VINTF manifest.
11-14 11:12:33.606 11381 17997 W Turbo.EstimatedTimeRemainingProvider: queryTimeToDischarge: 87272357
11-14 11:12:33.617 2182 2224 D BatteryInfoBroadcast: onReceive: android.intent.action.BATTERY_CHANGED isPowerSaveMode: false remainingTimeMillis: 87272357
11-14 11:12:33.627 2405 3621 D GRIL-S : [0951]< UPDATE_DEVICE_STATE
11-14 11:12:33.653 2182 2182 D DLObserver: onReceive(); android.intent.action.BATTERY_CHANGED
11-14 11:12:33.653 2182 2182 D DLObserver: plugged=2
11-14 11:12:33.654 2182 2182 D PowerNotificationWarningsGoogleImpl: onReceive: android.intent.action.BATTERY_CHANGED
11-14 11:12:33.654 2182 2182 D BatteryDefenderNotification: isPlugged: true | isOverheated: false | defenderEnabled: false | isCharged: false | isPluggedInDock: false
11-14 11:12:33.655 2182 10179 D PowerUI : can't show warning due to - plugged: true status unknown: false
11-14 11:12:33.655 527 527 I servicemanager: Found vendor.google.google_battery.IGoogleBattery/default in device VINTF manifest.
11-14 11:12:33.658 11381 17997 W Turbo.EstimatedTimeRemainingProvider: queryTimeToDischarge: 87272306
11-14 11:12:33.665 2182 2224 D BatteryInfoBroadcast: onReceive: android.intent.action.BATTERY_CHANGED isPowerSaveMode: false remainingTimeMillis: 87272306
11-14 11:12:33.826 1740 1740 D MediaRouter: onRestoreRoute() : route=RouteInfo{ name=Phone, description=null, status=null, category=RouteCategory{ name=System types=ROUTE_TYPE_LIVE_AUDIO ROUTE_TYPE_LIVE_VIDEO groupable=false }, supportedTypes=ROUTE_TYPE_LIVE_AUDIO ROUTE_TYPE_LIVE_VIDEO , presentationDisplay=null }
11-14 11:12:33.826 1740 2684 I MediaFocusControl: abandonAudioFocus() from uid/pid 10208/2182 clientId=android.media.AudioManager@1ff19bd
11-14 11:12:33.826 1740 1740 V MediaRouter: Selecting route: RouteInfo{ name=Phone, description=null, status=null, category=RouteCategory{ name=System types=ROUTE_TYPE_LIVE_AUDIO ROUTE_TYPE_LIVE_VIDEO groupable=false }, supportedTypes=ROUTE_TYPE_LIVE_AUDIO ROUTE_TYPE_LIVE_VIDEO , presentationDisplay=null }
11-14 11:12:33.827 2182 5224 V MediaPlayer: resetDrmState: mDrmInfo=null mDrmProvisioningThread=null mPrepareDrmInProgress=false mActiveDrmScheme=false
11-14 11:12:33.827 2182 5224 V MediaPlayer: cleanDrmObj: mDrmObj=null mDrmSessionId=null
11-14 11:12:33.828 1312 8093 D NuPlayerDriver: reset(0xf28015f0) at state 6
11-14 11:12:33.832 1312 5261 I hw-BpHwBinder: onLastStrongRef automatically unlinking death recipients
11-14 11:12:33.832 1374 11486 I hw-BpHwBinder: onLastStrongRef automatically unlinking death recipients
11-14 11:12:33.833 1312 5260 D MediaCodec: flushMediametrics
11-14 11:12:33.833 1374 11486 D BufferPoolAccessor2.0: Destruction - bufferpool2 0xb400007d7ecb7038 cached: 0/0M, 0/0% in use; allocs: 0, 0% recycled; transfers: 0, 0% unfetched
11-14 11:12:33.837 1312 5238 D NuPlayerDriver: notifyResetComplete(0xf28015f0)
11-14 11:12:33.837 1312 8093 W AMessage: failed to post message as target looper for handler 0 is gone.
11-14 11:12:33.863 1129 1213 D audio_hw_waves: waves_usecase_event: low-latency-playback stream info change
11-14 11:12:33.863 1129 1213 D audio_hw_waves: update_sink_info_from_usecases: update sink 1 info
11-14 11:12:33.863 1129 1213 D audio_hw_waves: update_sink_info_from_usecases: VOL/Stream update 0.307777(5) -> 0.072248(1)
11-14 11:12:33.867 1129 1213 D audio_hw_waves: send_waves_tuning: instance_id = 1, tuning_id = 1
11-14 11:12:33.867 1129 1213 D audio_hw_aoc: aoc_send_rtc_mixer_tuning: block_id = 16, comp_id = 2
11-14 11:12:33.868 1389 1389 D AOC : F1:MSG: controller.cc, 273: AudioOutCtrl: cmd ID: 0x00d5, tag: 0x3d [cntr = 1863]
11-14 11:12:33.868 1389 1389 D AOC : H0:MSG: controller.cc, 811: AudOutCtrlH0: ipc: C-AO-H0, cmd ID: 0x00d5, tag: 0x4c, rc: 0
11-14 11:12:33.868 1129 1579 W audio_hw_stuning: receive_response_data:invalid rx_sz 0
11-14 11:12:33.868 1389 1389 D AOC : F1:MSG: controller.cc, 811: AudioOutCtrl: ipc: audio_output_tu, cmd ID: 0x00d5, tag: 0x4c, rc: 0
11-14 11:12:33.873 1129 1213 D audio_hw_output_stream: update stream 5 active 0 gain 0.000000
11-14 11:12:33.922 1312 5257 D CCodecBufferChannel: [c2.android.vorbis.decoder#943] buffers after EOS ignored (0 us)
11-14 11:12:33.923 1312 5255 D AudioTrack: stop(76): called with 132000 frames delivered
11-14 11:12:34.036 1129 1213 D audio_hw_waves: waves_usecase_event: low-latency-playback stream info change
11-14 11:12:34.036 1129 1213 D audio_hw_waves: update_sink_info_from_usecases: update sink 1 info
11-14 11:12:34.036 1129 1213 D audio_hw_output_stream: update stream 1 active 1 gain 0.000000
11-14 11:12:34.085 1129 2070 D audio_hw_patch: low-latency-playback routing:
11-14 11:12:34.085 1129 2070 D audio_hw_patch: dev: 0x2
11-14 11:12:34.085 1129 2070 D audio_hw: low-latency-playback:
11-14 11:12:34.085 1129 2070 D audio_hw: rx from:
11-14 11:12:34.085 1129 2070 D audio_hw: #0: OUT_SPEAKER_SAFE_BE_CFG 0
11-14 11:12:34.085 1129 2070 D audio_hw: to:
11-14 11:12:34.085 1129 2070 D audio_hw: #0: OUT_SPEAKER_BE_CFG 0
11-14 11:12:34.085 1129 2070 E audio_route: unable to find path 'speaker-safe-post'
11-14 11:12:34.086 1129 2070 D audio_hw_aoc_route: speaker-safe-post 0
11-14 11:12:34.088 1129 2070 D audio_hw_aoc_route: low-latency-playbackP 0
11-14 11:12:34.088 1129 2070 W audio_hw_35l41: cs35l41_amp_common_event: ret: 0, event: 3, state: 3, device: 7
11-14 11:12:34.089 1389 1389 D AOC : F1:MSG: controller.cc, 273: AudioOutCtrl: cmd ID: 0x010f, tag: 0x17 [cntr = 1864]
11-14 11:12:34.089 1389 1389 D AOC : F1:Unregistered Source 1 from Sink 0
11-14 11:12:34.089 1389 1389 D AOC : F1:AT Map:0 (LL:0), 0 EPs active, Power: Yes, Config: No
11-14 11:12:34.089 1389 1389 D AOC : F1:Mixer 0 configuration changed: (0)
11-14 11:12:34.089 1389 1389 D AOC : F1:Sink 0 Configuration changed: ULL (disabled)
11-14 11:12:34.089 1389 1389 D AOC : F1:MSG: controller.cc, 811: AudioOutCtrl: ipc: audio_output_co, cmd ID: 0x010f, tag: 0x17, rc: 0
11-14 11:12:34.089 1389 1389 D AOC : H0:Mixer AMixSPKR: 480 samples (0000/0000) (OFF SC)
11-14 11:12:34.090 1389 1389 D AOC : H0:Mixer configuration updated
11-14 11:12:34.090 1129 2070 D audio_hw_aoc_route: speaker-safe 0
11-14 11:12:34.091 1129 2070 W audio_hw_35l41: cs35l41_amp_common_event: ret: 0, event: 4, state: 2, device: 7
11-14 11:12:34.091 1129 2070 D audio_hw_soundtrigger: st_comm_aud_event_monitor:codec dev:7 inactive
11-14 11:12:34.091 1129 2070 W audio_hw_35l41: cs35l41_amp_common_event: ret: 0, event: 1, state: 2, device: 4
11-14 11:12:34.091 1129 2070 D audio_route: Apply path: speaker
11-14 11:12:34.099 1129 2070 D audio_hw_aoc_route: speaker 1
11-14 11:12:34.100 1129 2070 D audio_route: Apply path: hostless-ulC spk-vi
11-14 11:12:34.102 1129 2070 W audio_hw_35l41: cs35l41_amp_common_event: ret: 0, event: 2, state: 3, device: 4
11-14 11:12:34.103 1129 2070 D audio_hw_soundtrigger: st_comm_aud_event_monitor:codec dev:4 active
11-14 11:12:34.103 1129 2070 I audio_hw_aoc: Mode Ambient is already selected
11-14 11:12:34.103 1129 2070 D audio_route: Apply path: low-latency-playbackP
11-14 11:12:34.105 1129 2070 D audio_hw_aoc_route: low-latency-playbackP 1
11-14 11:12:34.105 1129 2070 D audio_hw_waves: update_sink_info_from_usecases: update sink 1 info
11-14 11:12:34.105 1129 2070 D audio_hw_waves: update_rotation_from_adev: update sink 1 info
11-14 11:12:34.105 1129 2070 E audio_route: unable to find path 'speaker-post'
11-14 11:12:34.105 1129 2070 D audio_hw_aoc_route: speaker-post 1
11-14 11:12:34.105 1129 1594 D audio_hw_35l41: cs35l41_rtlogger_data_analysis: play with low vol, skip
11-14 11:12:34.106 1129 1594 D audio_hw_35l41: cs35l41_bdlogger_data_analysis: Left/Top Max temp: 0x8da30 ==> 35.409180 C
11-14 11:12:34.106 1129 1594 D audio_hw_35l41: cs35l41_bdlogger_data_analysis: Left/Top Max exc: 0x1acac ==> 0.209312 mm
11-14 11:12:34.106 1129 1594 D audio_hw_35l41: cs35l41_bdlogger_data_analysis: Left/Top dsp heartbeat = 0x4b4c
11-14 11:12:34.106 1129 1594 D audio_hw_35l41: cs35l41_bdlogger_data_analysis: Right/Bottom Max temp: 0x8583e ==> 33.378784 C
11-14 11:12:34.106 1129 1594 D audio_hw_35l41: cs35l41_bdlogger_data_analysis: Right/Bottom Max exc: 0x33333 ==> 0.400000 mm
11-14 11:12:34.106 1129 1594 D audio_hw_35l41: cs35l41_bdlogger_data_analysis: Right/Bottom dsp heartbeat = 0x56ca
11-14 11:12:34.106 1389 1389 D AOC : F1:MSG: controller.cc, 273: AudioOutCtrl: cmd ID: 0x010f, tag: 0x18 [cntr = 1865]
11-14 11:12:34.106 1389 1389 D AOC : F1:Source 1 mastered by sink 0
11-14 11:12:34.107 1389 1389 D AOC : F1:AT Map:2 (LL:0), 1 EPs active, Power: Yes, Config: No
11-14 11:12:34.107 1389 1389 D AOC : F1:Mixer 0 configuration changed: (2)
11-14 11:12:34.107 1389 1389 D AOC : F1:Sink 0 Configuration changed: ULL (enabled)
11-14 11:12:34.107 1389 1389 D AOC : F1:AHWSinkSPKR started: 48 samples (32-bit,2 ch,48 kHz) block 384
11-14 11:12:34.107 1389 1389 D AOC : F1:[AHWSinkSPKR] DL resync B: 0, A:0. wo: 0, target offset: 1632 (align 0) -> ro:0
11-14 11:12:34.107 1389 1389 D AOC : F1:MSG: controller.cc, 811: AudioOutCtrl: ipc: audio_output_co, cmd ID: 0x010f, tag: 0x18, rc: 0
11-14 11:12:34.107 1389 1389 D AOC : F1:Speaker Started (DualDMA on 1 and 2)
11-14 11:12:34.107 1389 1389 D AOC : H0:Mixer AMixSPKR: 480 samples (0002/0002) (ON SC)
11-14 11:12:34.107 1389 1389 D AOC : H0: 1: 0x403ea0d8
11-14 11:12:34.107 1389 1389 D AOC : H0:AMixSPKR PostProcessing Config: WAVES
11-14 11:12:34.107 1389 1389 D AOC : H0:Mixer configuration updated
11-14 11:12:34.107 1389 1389 D AOC : H0:Mixer state changed
11-14 11:12:34.107 1389 1389 D AOC : F1:[AHWSinkSPKR] mix overrun by 3840
11-14 11:12:34.108 1129 1213 D audio_hw_waves: waves_usecase_event: low-latency-playback stream info change
11-14 11:12:34.108 1129 1213 D audio_hw_waves: update_sink_info_from_usecases: update sink 1 info
11-14 11:12:34.108 1129 1213 D audio_hw_waves: update_sink_info_from_usecases: VOL/Stream update 0.000000(4294967295) -> 0.072248(1)
11-14 11:12:34.108 1129 1213 D audio_hw_waves: set_waves_tuning_from_sink: initialize parameters successfully.
11-14 11:12:34.117 1129 1213 D audio_hw_waves: send_waves_tuning: instance_id = 1, tuning_id = 2
11-14 11:12:34.117 1129 1213 D audio_hw_aoc: aoc_send_rtc_mixer_tuning: block_id = 16, comp_id = 2
11-14 11:12:34.118 1389 1389 D AOC : F1:MSG: controller.cc, 273: AudioOutCtrl: cmd ID: 0x00d5, tag: 0x3e [cntr = 1866]
11-14 11:12:34.120 1389 1389 D AOC : H0:MSG: controller.cc, 811: AudOutCtrlH0: ipc: C-AO-H0, cmd ID: 0x00d5, tag: 0x4d, rc: 0
11-14 11:12:34.120 1129 1579 W audio_hw_stuning: receive_response_data:invalid rx_sz 0
11-14 11:12:34.120 1389 1389 D AOC : F1:MSG: controller.cc, 811: AudioOutCtrl: ipc: audio_output_tu, cmd ID: 0x00d5, tag: 0x4d, rc: 0
11-14 11:12:34.121 1129 1213 D audio_hw_output_stream: update stream 1 active 1 gain 0.072248
11-14 11:12:34.162 14339 4511 I NearbyConnections: Found BleAdvertisement [ 0x23 0x34 0x58 0x46 0x43 0x11 0x32 0x12 0xce 0xf5 0x92 0x08 0x18 0x78 0x13 0x9e 0x07 0xf2 0xca 0x53 0x25 0x93 0x9a ] (with EndpointId 4XFC and EndpointInfo [ 0x32 0x12 0xce 0xf5 0x92 0x08 0x18 0x78 0x13 0x9e 0x07 0xf2 0xca 0x53 0x25 0x93 0x9a ])
11-14 11:12:34.164 14339 4418 I NearbySharing: Endpoint 4XFC discovered over Nearby Connections
11-14 11:12:34.166 14339 4511 I NearbyConnections: ClientProxy(229990993) reporting onEndpointFound(4XFC)
11-14 11:12:34.166 14339 4511 I NearbyConnections: ClientProxy(229990993) reporting onEndpointDistanceChanged(4XFC, UNKNOWN)
11-14 11:12:34.167 14339 4511 I NearbyConnections: No Bluetooth Classic MAC address found in [ 0x23 0x34 0x58 0x46 0x43 0x11 0x32 0x12 0xce 0xf5 0x92 0x08 0x18 0x78 0x13 0x9e 0x07 0xf2 0xca 0x53 0x25 0x93 0x9a ]
11-14 11:12:34.172 14339 4505 I NearbySharing: Failed to convert given advertisement (4XFC)[ 0x32 0x12 0xce 0xf5 0x92 0x08 0x18 0x78 0x13 0x9e 0x07 0xf2 0xca 0x53 0x25 0x93 0x9a ] to share target from discovered advertisement. Ignoring.
11-14 11:12:34.172 14339 4505 I NearbySharing: Report endpoint 4XFC as lost, since we cannot recognize this endpoint anymore
11-14 11:12:34.173 14339 4505 I NearbySharing: Ignoring lost endpoint 4XFC because we don't have an associated ShareTarget
11-14 11:12:34.479 1129 1213 D audio_hw_waves: waves_usecase_event: low-latency-playback stream info change
11-14 11:12:34.480 1129 1213 D audio_hw_waves: update_sink_info_from_usecases: update sink 1 info
11-14 11:12:34.480 1129 1213 D audio_hw_output_stream: update stream 1 active 0 gain 0.000000
11-14 11:12:35.034 2182 2182 D DLObserver: onReceive(); android.intent.action.BATTERY_CHANGED
11-14 11:12:35.034 2182 2182 D DLObserver: plugged=2
11-14 11:12:35.039 2182 2182 D PowerNotificationWarningsGoogleImpl: onReceive: android.intent.action.BATTERY_CHANGED
11-14 11:12:35.040 2182 2182 D BatteryDefenderNotification: isPlugged: true | isOverheated: false | defenderEnabled: false | isCharged: false | isPluggedInDock: false
11-14 11:12:35.040 2182 2602 D PowerUI : can't show warning due to - plugged: true status unknown: false
11-14 11:12:35.040 527 527 I servicemanager: Found vendor.google.google_battery.IGoogleBattery/default in device VINTF manifest.
11-14 11:12:35.046 11381 17997 W Turbo.EstimatedTimeRemainingProvider: queryTimeToDischarge: 87270917
11-14 11:12:35.057 2182 2224 D BatteryInfoBroadcast: onReceive: android.intent.action.BATTERY_CHANGED isPowerSaveMode: false remainingTimeMillis: 87270917
11-14 11:12:35.058 527 527 I servicemanager: Found vendor.google.google_battery.IGoogleBattery/default in device VINTF manifest.
11-14 11:12:35.060 2182 2182 D DLObserver: onReceive(); android.intent.action.BATTERY_CHANGED
11-14 11:12:35.060 2182 2182 D DLObserver: plugged=2
11-14 11:12:35.061 2182 2182 D PowerNotificationWarningsGoogleImpl: onReceive: android.intent.action.BATTERY_CHANGED
11-14 11:12:35.061 2182 2182 D BatteryDefenderNotification: isPlugged: true | isOverheated: false | defenderEnabled: false | isCharged: false | isPluggedInDock: false
11-14 11:12:35.061 2182 6843 D PowerUI : can't show warning due to - plugged: true status unknown: false
11-14 11:12:35.062 527 527 I servicemanager: Found vendor.google.google_battery.IGoogleBattery/default in device VINTF manifest.
11-14 11:12:35.065 11381 17997 W Turbo.EstimatedTimeRemainingProvider: queryTimeToDischarge: 87270898
11-14 11:12:35.070 2182 2224 D BatteryInfoBroadcast: onReceive: android.intent.action.BATTERY_CHANGED isPowerSaveMode: false remainingTimeMillis: 87270898
11-14 11:12:35.874 1163 1163 I WifiHAL : Creating message to get link statistics; iface = 47
11-14 11:12:35.990 1163 1163 I WifiHAL : In GetLinkStatsCommand::handleResponse
11-14 11:12:36.023 1740 2058 D ConnectivityService: NetReassign [no changes] [c 0] [a 0] [i 4]
11-14 11:12:36.310 1389 1389 D AOC : A3:MSG: lsm6dsr_device.cc, 755: USF: Lsm6dsrDevice: Sensor 4: Enabled 0, odr_index 0.
11-14 11:12:36.310 1389 1389 D AOC : A3:MSG: lsm6dsr_fifo.cc, 747: USF: Lsm6dsrFifo: ODR: XL/G/T/TS: 52/208/13/26 WM: 11 Intr: 28.
11-14 11:12:36.310 1389 1389 D AOC : A3:MSG: lsm6dsr_device.cc, 663: USF: Lsm6dsrDevice: Fifo was disabled for 379395ns.
11-14 11:12:36.310 1389 1389 D AOC : A3:MSG: usf_sensor.cc, 1375: USF: Received stop sampling request for LSM6DSR Stationary Detect.
11-14 11:12:36.310 1389 1389 D AOC : A3:ERR: usf_sensor.cc, 1835: USF: Sampling configuration 838 not found.
11-14 11:12:36.310 1389 1389 D AOC : A3:ERR: usf_vs_helper.cc, 430: USF: Received stop sampling request error. (7)
11-14 11:12:36.310 1389 1389 D AOC : A3:MSG: usf_sensor.cc, 1368: USF: Received start sampling request for LSM6DSR Motion Detect.
11-14 11:12:36.311 1389 1389 D AOC : A3:MSG: lsm6dsr_device.cc, 755: USF: Lsm6dsrDevice: Sensor 3: Enabled 1, odr_index 1.
11-14 11:12:36.311 1389 1389 D AOC : A3:MSG: lsm6dsr_fifo.cc, 747: USF: Lsm6dsrFifo: ODR: XL/G/T/TS: 52/208/13/26 WM: 11 Intr: 28.
11-14 11:12:36.311 1389 1389 D AOC : A3:MSG: lsm6dsr_device.cc, 663: USF: Lsm6dsrDevice: Fifo was disabled for 470459ns.
11-14 11:12:36.313 1389 1389 D AOC : A3:MSG: usf_sensor.cc, 1368: USF: Received start sampling request for LSM6DSR Motion Detect.
11-14 11:12:36.313 1389 1389 D AOC : A3:MSG: usf_sensor.cc, 1375: USF: Received stop sampling request for LSM6DSR Stationary Detect.
11-14 11:12:36.313 1389 1389 D AOC : A3:ERR: usf_sensor.cc, 1835: USF: Sampling configuration 841 not found.
11-14 11:12:36.471 1374 2244 D BufferPoolAccessor2.0: bufferpool2 0xb400007d7ecbf658 : 0(0 size) total buffers - 0(0 size) used buffers - 0/0 (recycle/alloc) - 0/0 (fetch/transfer)
11-14 11:12:36.472 1374 2244 D BufferPoolAccessor2.0: evictor expired: 1, evicted: 1
11-14 11:12:36.716 1389 1389 D AOC : A3:MSG: usf_sensor.cc, 1883: USF: Received reconfig sampling request for LSM6DSR Gyroscope.
11-14 11:12:36.717 1389 1389 D AOC : A3:MSG: lsm6dsr_device.cc, 755: USF: Lsm6dsrDevice: Sensor 1: Enabled 1, odr_index 3.
11-14 11:12:36.717 1389 1389 D AOC : A3:MSG: lsm6dsr_fifo.cc, 747: USF: Lsm6dsrFifo: ODR: XL/G/T/TS: 52/52/13/6 WM: 4 Intr: 31.
11-14 11:12:36.718 1389 1389 D AOC : A3:MSG: lsm6dsr_device.cc, 663: USF: Lsm6dsrDevice: Fifo was disabled for 485352ns.
11-14 11:12:36.719 1389 1389 D AOC : A3:MSG: usf_sensor.cc, 1883: USF: Received reconfig sampling request for MMC56X3X Magnetometer.
11-14 11:12:36.719 1389 1389 D AOC : A3:MSG: mmc56x3x_device.cc, 409: USF: MMC56X3X0: mmc56x3x_enable_measure odr = 10.
11-14 11:12:36.872 1392 1546 I CHRE : @ 1448802.949: [AR] inconsistent: 41.176471
11-14 11:12:37.029 2182 2182 W TouchableRegionManager: onHeadsUpPinnedModeChanged
11-14 11:12:37.100 2182 2224 D LocalImageResolver: Couldn't use ImageDecoder for drawable, falling back to non-resized load.
11-14 11:12:37.102 2182 2224 D LocalImageResolver: Couldn't use ImageDecoder for drawable, falling back to non-resized load.
11-14 11:12:37.119 2182 2224 D LocalImageResolver: Couldn't use ImageDecoder for drawable, falling back to non-resized load.
11-14 11:12:37.129 2182 2224 D LocalImageResolver: Couldn't use ImageDecoder for drawable, falling back to non-resized load.
11-14 11:12:37.145 2182 2182 W ExpandableView: Removing view ExpandableNotificationRow:65185789 { RoundableState = TargetView: 65185789 Top: 1.0 [BaseValue 0.1418919, HeadsUp 1.0] Bottom: 1.0 [BaseValue 0.1418919, HeadsUp 1.0] } from transient container com.android.systemui.statusbar.notification.stack.NotificationStackScrollLayout{b1d0470 VFE...... ......ID 0,0-1080,2190 #7f0a04eb app:id/notification_stack_scroller} in preparation for moving to parent NotificationChildrenContainer:182375551 { RoundableState = TargetView: 182375551 Top: 0.0 [] Bottom: 0.0 [] }
11-14 11:12:37.153 2182 2182 D LocalImageResolver: Couldn't use ImageDecoder for drawable, falling back to non-resized load.
11-14 11:12:37.181 2182 2182 D CentralSurfaces: Received new disable state: enaihbcrso.qingr (unchanged)
11-14 11:12:37.205 2182 2224 D ControlsListingControllerImpl: Unsubscribing callback
11-14 11:12:37.205 2182 2224 D ControlsListingControllerImpl: Unsubscribing callback
11-14 11:12:37.207 2182 2224 D ControlsListingControllerImpl: Unsubscribing callback
11-14 11:12:37.378 1389 1389 D AOC : F1:MSG: controller.cc, 273: AudioOutCtrl: cmd ID: 0x00c9, tag: 0x19 [cntr = 1867]
11-14 11:12:37.378 1389 1389 D AOC : F1:MSG: controller.cc, 811: AudioOutCtrl: ipc: audio_output_co, cmd ID: 0x00c9, tag: 0x19, rc: 0
11-14 11:12:37.378 1129 1213 D audio_hw: shutdown: low-latency-playback
11-14 11:12:37.378 1129 1213 E audio_route: unable to find path 'speaker-post'
11-14 11:12:37.379 1129 1213 D audio_hw_aoc_route: speaker-post 0
11-14 11:12:37.379 1389 1389 D AOC : F1:MSG: controller.cc, 273: AudioOutCtrl: cmd ID: 0x010f, tag: 0x1a [cntr = 1868]
11-14 11:12:37.379 1129 1213 D audio_hw_aoc_route: low-latency-playbackP 0
11-14 11:12:37.379 1389 1389 D AOC : F1:Unregistered Source 1 from Sink 0
11-14 11:12:37.379 1129 1213 W audio_hw_35l41: cs35l41_amp_common_event: ret: 0, event: 3, state: 3, device: 4
11-14 11:12:37.379 1389 1389 D AOC : F1:AT Map:0 (LL:0), 0 EPs active, Power: Yes, Config: No
11-14 11:12:37.380 1389 1389 D AOC : F1:Mixer 0 configuration changed: (0)
11-14 11:12:37.380 1389 1389 D AOC : F1:Sink 0 Configuration changed: ULL (disabled)
11-14 11:12:37.380 1389 1389 D AOC : F1:MSG: controller.cc, 811: AudioOutCtrl: ipc: audio_output_co, cmd ID: 0x010f, tag: 0x1a, rc: 0
11-14 11:12:37.381 1389 1389 D AOC : H0:Mixer AMixSPKR: 480 samples (0000/0000) (OFF SC)
11-14 11:12:37.381 1389 1389 D AOC : H0:Mixer configuration updated
11-14 11:12:37.384 1129 1213 D audio_hw_aoc_route: speaker 0
11-14 11:12:37.385 1129 1213 W audio_hw_35l41: cs35l41_amp_common_event: ret: 0, event: 4, state: 2, device: 4
11-14 11:12:37.385 1129 1213 D audio_hw_soundtrigger: st_comm_aud_event_monitor:codec dev:4 inactive
11-14 11:12:37.385 1129 1213 D audio_hw_soundtrigger: st_uc_monitor:uc:low-latency-playback inactive
11-14 11:12:37.385 1129 1213 I audio_hw_aoc: Mode Ambient is already selected
11-14 11:12:37.385 1129 1213 D audio_hw_waves: waves_usecase_event: low-latency-playback stop
11-14 11:12:37.473 1374 2244 D BufferPoolAccessor2.0: evictor expired: 2, evicted: 0
11-14 11:12:38.120 2182 2182 D DLObserver: onReceive(); android.intent.action.BATTERY_CHANGED
11-14 11:12:38.120 2182 2182 D DLObserver: plugged=2
11-14 11:12:38.124 2182 2182 D PowerNotificationWarningsGoogleImpl: onReceive: android.intent.action.BATTERY_CHANGED
11-14 11:12:38.124 2182 2182 D BatteryDefenderNotification: isPlugged: true | isOverheated: false | defenderEnabled: false | isCharged: false | isPluggedInDock: false
11-14 11:12:38.125 527 527 I servicemanager: Found vendor.google.google_battery.IGoogleBattery/default in device VINTF manifest.
11-14 11:12:38.125 2182 7765 D PowerUI : can't show warning due to - plugged: true status unknown: false
11-14 11:12:38.138 11381 17997 W Turbo.EstimatedTimeRemainingProvider: queryTimeToDischarge: 87267827
11-14 11:12:38.152 2182 2224 D BatteryInfoBroadcast: onReceive: android.intent.action.BATTERY_CHANGED isPowerSaveMode: false remainingTimeMillis: 87267827
11-14 11:12:38.474 1374 2244 D BufferPoolAccessor2.0: bufferpool2 0xb400007d7ecbfaf8 : 0(0 size) total buffers - 0(0 size) used buffers - 88/92 (recycle/alloc) - 4/91 (fetch/transfer)
11-14 11:12:38.474 1374 2244 D BufferPoolAccessor2.0: evictor expired: 1, evicted: 1
11-14 11:12:38.494 1312 2834 D BufferPoolAccessor2.0: bufferpool2 0xee4c0ec8 : 0(0 size) total buffers - 0(0 size) used buffers - 88/96 (recycle/alloc) - 8/188 (fetch/transfer)
11-14 11:12:38.494 1312 2834 D BufferPoolAccessor2.0: evictor expired: 1, evicted: 1
11-14 11:12:39.028 1163 1163 I WifiHAL : Creating message to get link statistics; iface = 47
11-14 11:12:39.157 1163 1163 I WifiHAL : In GetLinkStatsCommand::handleResponse
11-14 11:12:39.217 1740 2058 D ConnectivityService: NetReassign [no changes] [c 2] [a 0] [i 12]
11-14 11:12:39.475 1374 2244 D BufferPoolAccessor2.0: bufferpool2 0xb400007d7ecbca68 : 4(65536 size) total buffers - 0(0 size) used buffers - 126/131 (recycle/alloc) - 5/130 (fetch/transfer)
11-14 11:12:39.476 1374 2244 D BufferPoolAccessor2.0: evictor expired: 2, evicted: 1
11-14 11:12:39.495 1312 2834 D BufferPoolAccessor2.0: bufferpool2 0xee4c3988 : 8(262144 size) total buffers - 4(131072 size) used buffers - 124/136 (recycle/alloc) - 16/266 (fetch/transfer)
11-14 11:12:39.495 1312 2834 D BufferPoolAccessor2.0: evictor expired: 1, evicted: 1
11-14 11:12:39.967 1972 1983 I native : I0000 00:00:1731611559.966885 1983 tf_lite_classifier.cc:383] Event stream classified as kNone
11-14 11:12:39.978 1129 1213 D audio_hw_waves: waves_usecase_event: low-latency-playback stream info change
11-14 11:12:39.978 1129 1213 D audio_hw_output_stream: update stream 1 active 1 gain 0.036208
11-14 11:12:39.979 1129 2875 D audio_hw: prepare low-latency-playback
11-14 11:12:39.979 1129 2875 D audio_hw_soundtrigger: st_uc_monitor:uc:low-latency-playback active
11-14 11:12:39.979 1129 2875 D audio_hw: low-latency-playback:
11-14 11:12:39.979 1129 2875 D audio_hw: rx:
11-14 11:12:39.979 1129 2875 D audio_hw: #0: OUT_SPEAKER_BE_CFG 0
11-14 11:12:39.979 1129 2875 W audio_hw_35l41: cs35l41_amp_common_event: ret: 0, event: 1, state: 2, device: 4
11-14 11:12:39.979 1129 2875 D audio_route: Apply path: speaker
11-14 11:12:39.988 1129 2875 D audio_hw_aoc_route: speaker 1
11-14 11:12:39.988 1129 2875 D audio_route: Apply path: hostless-ulC spk-vi
11-14 11:12:39.990 1129 2875 W audio_hw_35l41: cs35l41_amp_common_event: ret: 0, event: 2, state: 3, device: 4
11-14 11:12:39.990 1129 2875 D audio_hw_soundtrigger: st_comm_aud_event_monitor:codec dev:4 active
11-14 11:12:39.990 1129 2875 I audio_hw_aoc: Mode Ambient is already selected
11-14 11:12:39.990 1129 2875 D audio_route: Apply path: low-latency-playbackP
11-14 11:12:39.991 1129 2875 D audio_hw_aoc_route: low-latency-playbackP 1
11-14 11:12:39.991 1129 2875 E audio_route: unable to find path 'speaker-post'
11-14 11:12:39.991 1129 2875 D audio_hw_aoc_route: speaker-post 1
11-14 11:12:39.991 1389 1389 D AOC : F1:MSG: controller.cc, 273: AudioOutCtrl: cmd ID: 0x010f, tag: 0x1b [cntr = 1869]
11-14 11:12:39.992 1389 1389 D AOC : F1:Source 1 mastered by sink 0
11-14 11:12:39.992 1389 1389 D AOC : F1:AT Map:2 (LL:0), 1 EPs active, Power: Yes, Config: No
11-14 11:12:39.992 1389 1389 D AOC : F1:Mixer 0 configuration changed: (2)
11-14 11:12:39.992 1389 1389 D AOC : F1:Sink 0 Configuration changed: ULL (enabled)
11-14 11:12:39.992 1389 1389 D AOC : F1:AHWSinkSPKR started: 48 samples (32-bit,2 ch,48 kHz) block 384
11-14 11:12:39.992 1389 1389 D AOC : F1:[AHWSinkSPKR] DL resync B: 0, A:0. wo: 0, target offset: 1632 (align 0) -> ro:0
11-14 11:12:39.992 1389 1389 D AOC : F1:MSG: controller.cc, 811: AudioOutCtrl: ipc: audio_output_co, cmd ID: 0x010f, tag: 0x1b, rc: 0
11-14 11:12:39.993 1389 1389 D AOC : F1:Speaker Started (DualDMA on 1 and 2)
11-14 11:12:39.993 1389 1389 D AOC : F1:[AHWSinkSPKR] mix overrun by 3840
11-14 11:12:39.993 1389 1389 D AOC : H0:Mixer AMixSPKR: 480 samples (0002/0002) (ON SC)
11-14 11:12:39.993 1389 1389 D AOC : H0: 1: 0x403ea0d8
11-14 11:12:39.993 1389 1389 D AOC : H0:AMixSPKR PostProcessing Config: WAVES
11-14 11:12:39.993 1389 1389 D AOC : H0:Mixer configuration updated
11-14 11:12:39.993 1389 1389 D AOC : H0:Mixer state changed
11-14 11:12:39.995 1389 1389 D AOC : F1:MSG: controller.cc, 273: AudioOutCtrl: cmd ID: 0x00ce, tag: 0x1c [cntr = 1870]
11-14 11:12:39.995 1389 1389 D AOC : F1:MSG: controller.cc, 811: AudioOutCtrl: ipc: audio_output_co, cmd ID: 0x0120, tag: 0x98, rc: 0
11-14 11:12:39.995 1129 2875 D audio_hw_waves: update_sink_info_from_usecases: update sink 1 info
11-14 11:12:39.995 1129 2875 D audio_hw_waves: update_rotation_from_adev: update sink 1 info
11-14 11:12:39.995 1129 2875 D audio_hw_waves: waves_usecase_event: low-latency-playback start
11-14 11:12:39.995 1129 2875 D audio_hw_waves: update_sink_info_from_usecases: update sink 1 info
11-14 11:12:39.995 1129 2875 D audio_hw_waves: update_sink_info_from_usecases: VOL/Stream update 0.000000(4294967295) -> 0.036208(1)
11-14 11:12:39.995 1129 2875 D audio_hw_waves: set_waves_tuning_from_sink: initialize parameters successfully.
11-14 11:12:40.000 1129 2875 D audio_hw_waves: send_waves_tuning: instance_id = 1, tuning_id = 2
11-14 11:12:40.000 1129 2875 D audio_hw_aoc: aoc_send_rtc_mixer_tuning: block_id = 16, comp_id = 2
11-14 11:12:40.002 1389 1389 D AOC : F1:MSG: controller.cc, 273: AudioOutCtrl: cmd ID: 0x00d5, tag: 0x3f [cntr = 1871]
11-14 11:12:40.004 1389 1389 D AOC : H0:MSG: controller.cc, 811: AudOutCtrlH0: ipc: C-AO-H0, cmd ID: 0x00d5, tag: 0x4e, rc: 0
11-14 11:12:40.004 1129 1579 W audio_hw_stuning: receive_response_data:invalid rx_sz 0
11-14 11:12:40.004 1389 1389 D AOC : F1:MSG: controller.cc, 811: AudioOutCtrl: ipc: audio_output_tu, cmd ID: 0x00d5, tag: 0x4e, rc: 0
11-14 11:12:40.009 1389 1389 D AOC : F1:MSG: controller.cc, 273: AudioOutCtrl: cmd ID: 0x00c9, tag: 0x1d [cntr = 1872]
11-14 11:12:40.009 1389 1389 D AOC : F1:MSG: controller.cc, 811: AudioOutCtrl: ipc: audio_output_co, cmd ID: 0x00c9, tag: 0x1d, rc: 0
11-14 11:12:40.118 1389 1389 D AOC : A3:MSG: vsc_controller.cc, 537: VSC: [Significant Motion] requestSensorEvents: sensor 0x20002, period=18446744073709 la
11-14 11:12:40.118 1389 1389 D AOC : A3:MSG: usf_sensor.cc, 1368: USF: Received start sampling request for LSM6DSR Motion Detect.
11-14 11:12:40.119 1389 1389 D AOC : A3:MSG: vsc_controller.cc, 555: VSC: [Significant Motion] stopSensorEvents: sensor 0x10001
11-14 11:12:40.119 1389 1389 D AOC : A3:MSG: usf_sensor.cc, 1883: USF: Received reconfig sampling request for LSM6DSR Accelerometer.
11-14 11:12:40.119 1389 1389 D AOC : A3:MSG: lsm6dsr_device.cc, 755: USF: Lsm6dsrDevice: Sensor 0: Enabled 1, odr_index 3.
11-14 11:12:40.119 1389 1389 D AOC : A3:MSG: lsm6dsr_fifo.cc, 747: USF: Lsm6dsrFifo: ODR: XL/G/T/TS: 52/52/13/6 WM: 4 Intr: 31.
11-14 11:12:40.120 1389 1389 D AOC : A3:MSG: lsm6dsr_device.cc, 663: USF: Lsm6dsrDevice: Fifo was disabled for 569824ns.
11-14 11:12:40.212 1129 1213 D audio_hw_waves: waves_usecase_event: low-latency-playback stream info change
11-14 11:12:40.212 1129 1213 D audio_hw_waves: update_sink_info_from_usecases: update sink 1 info
11-14 11:12:40.212 1129 1213 D audio_hw_output_stream: update stream 1 active 0 gain 0.000000
11-14 11:12:40.816 1972 1983 I native : I0000 00:00:1731611560.816646 1983 tf_lite_classifier.cc:383] Event stream classified as kNone
11-14 11:12:40.825 1129 1213 D audio_hw_waves: waves_usecase_event: low-latency-playback stream info change
11-14 11:12:40.825 1129 1213 D audio_hw_waves: update_sink_info_from_usecases: update sink 1 info
11-14 11:12:40.825 1129 1213 D audio_hw_output_stream: update stream 1 active 1 gain 0.036208
11-14 11:12:40.840 1740 1834 D AdbDebuggingManager: Logging key QAAAALn8O6F3tgLerksIOvzVVN7J9C3hgQE5i5crJLYncGgQBET4YpsSqbtvI/JEVUNqRtJ/aBmWNAuN1hVHeVlsi/Otpt77fZUhLd+dCUw+R5odx0O1exfRBWKUznhr3fXidqfXKSViSCHkyWmFUnmBDBvHhhNyK2nhSknk8Sar0ASKPPrqs2bJud3kycHHQGnz05TdBWJ2/K6RJwlJIR16eW3lIXnUimWOi/JX81sZx9TPw6EIWzgC6v2CD0E/F5FugaNZ+yyx1HOKn93KRX7czfJ089uR0JGljfp0A3cKoS6mzKbwrUUDfH81v7FGH5+YXNarQennykkAH3XpgaJIrZetCX2hv8DP2w1QpKM7/yJAAGa6LWZajD6siCJYbzbq932cSmmEMQzavj8S1PtKSn1xsPhz7Qe/EccieDyuPpPwx/Ep8FmohC9lyjpvuvSzWWKmkNvgcZi0v2RGNYIKpd9NqPKz34zmq5Bms1E0qy5s9nGjkI/PTzeRILxtnoW48fYetQ+2o7nYF0tD32pFjuWbQK30addwNh127Ge8JDnZLW1Sw1guFsjRtPA+1zcXCkBJdB2hnxfKvw4Q18obyt/w1MrCxUJD1qQw2PtSrupGYxVlnUL/e6G6+skDky8aPcUAGokH1yI2MRNIDcNqnTYVPXqmtWV1oG11yL7AoeyJ7+46XAEAAQA= schaudhary@SCHAUDHARY, state = 2, alwaysAllow = true, lastConnectionTime = 1731611560839, authWindow = 604800000
11-14 11:12:40.841 1405 1438 I adbd : adbd_auth: received packet: OK
11-14 11:12:40.843 1405 1438 I adbd : adb client 7 authorized
11-14 11:12:40.843 1405 1438 I adbd : adbd_auth: no prompts to send
11-14 11:12:40.843 1405 1405 I adbd : adb client authorized
11-14 11:12:40.858 18277 18277 I cnnw : onResume
11-14 11:12:40.862 3225 3821 I AiAiEcho: (REDACTED) Predicting[%d]: %s
11-14 11:12:40.862 3225 3821 I AiAiEcho: (REDACTED) EchoTargets: %s
11-14 11:12:40.862 3225 3821 I AiAiEcho: Filtered by AiAi flag check: %s
11-14 11:12:40.863 3225 3821 I AiAiEcho: (REDACTED) Ranked targets strategy: %s, count: %d, ranking metadata: %s
11-14 11:12:40.863 3225 3821 I AiAiEcho: (REDACTED) #weatherTwiddler: Weather removes SubtitleSupplementalItem in surface: %s
11-14 11:12:40.863 3225 3821 I AiAiEcho: #remoteViewsTwiddler: feature disabled.
11-14 11:12:40.864 2563 3438 D OneSearchSuggestProvider: Convert suggest response to search results for query= time=1448829659 mResponse list size=28
11-14 11:12:40.865 3225 3821 I AiAiEcho: (REDACTED) #postPredictionTargets: Sending updates to UISurface %s with targets# %s (types=[%s])
11-14 11:12:40.867 1740 2470 W AutofillManagerServiceImpl: getFillEventHistory() called by UID 10133, but service UID is 10139
11-14 11:12:40.875 2865 2865 I GoogleInputMethodService: GoogleInputMethodService.onFinishInput():3086
11-14 11:12:40.876 2865 2865 I GoogleInputMethodService: GoogleInputMethodService.updateDeviceLockedStatus():2155 repeatCheckTimes = 0, locked = false
11-14 11:12:40.876 2865 2865 I GoogleInputMethodService: GoogleInputMethodService.onStartInput():1899 onStartInput(EditorInfo{EditorInfo{packageName=com.google.android.apps.nexuslauncher, inputType=0, inputTypeString=NULL, enableLearning=false, autoCorrection=false, autoComplete=false, imeOptions=0, privateImeOptions=null, actionName=UNSPECIFIED, actionLabel=null, initialSelStart=-1, initialSelEnd=-1, initialCapsMode=0, label=null, fieldId=2131361921, fieldName=null, extras=null, hintText=null, hintLocales=[]}}, false)
11-14 11:12:40.876 2865 2865 I GoogleInputMethodService: GoogleInputMethodService.updateDeviceLockedStatus():2155 repeatCheckTimes = 1, locked = false
11-14 11:12:40.877 2865 2865 I AndroidIME: InputBundleManager.loadActiveInputBundleId():450 loadActiveInputBundleId: und-Latn-x-password, password
11-14 11:12:40.887 2563 2639 D QuickstepModelDelegate: notifyAppTargetEvent action=1 launchLocation=workspace/0/[-1,-1]/[1,1]
11-14 11:12:40.903 2563 2563 D SsBaseTemplateCard: No text view can be set up
11-14 11:12:40.903 2563 2563 D SsBaseTemplateCard: Passed-in item info is null
11-14 11:12:40.903 2563 2563 D SsBaseTemplateCard: Passed-in item info is null
11-14 11:12:40.903 2563 2563 I SsBaseTemplateCard: Secondary card pane is null
11-14 11:12:40.926 1740 3304 D CoreBackPreview: Window{57a5861 u0 com.android.systemui/com.android.systemui.usb.UsbDebuggingActivity}: Setting back callback null
11-14 11:12:40.937 2182 2222 D OpenGLRenderer: endAllActiveAnimators on 0xb400007563697180 (RippleDrawable) with handle 0xb400007473217250
11-14 11:12:40.938 1740 2183 W InputManager-JNI: Input channel object '57a5861 com.android.systemui/com.android.systemui.usb.UsbDebuggingActivity (client)' was disposed without first being removed with the input manager!
11-14 11:12:40.970 1129 1213 D audio_hw_waves: waves_usecase_event: low-latency-playback stream info change
11-14 11:12:40.970 1129 1213 D audio_hw_waves: update_sink_info_from_usecases: update sink 1 info
11-14 11:12:40.970 1129 1213 D audio_hw_output_stream: update stream 1 active 0 gain 0.000000
11-14 11:12:41.044 1129 1594 D audio_hw_35l41: cs35l41_rtlogger_data_analysis: Left/Top impedance: 100000
11-14 11:12:41.044 1129 1594 D audio_hw_35l41: cs35l41_rtlogger_data_analysis: Right/Bottom impedance: 100000
11-14 11:12:41.044 1129 1594 D audio_hw_35l41: cs35l41_bdlogger_data_analysis: Left/Top Max temp: 0x8da30 ==> 35.409180 C
11-14 11:12:41.045 1129 1594 D audio_hw_35l41: cs35l41_bdlogger_data_analysis: Left/Top Max exc: 0x1acac ==> 0.209312 mm
11-14 11:12:41.045 1129 1594 D audio_hw_35l41: cs35l41_bdlogger_data_analysis: Left/Top dsp heartbeat = 0x64a9
11-14 11:12:41.045 1129 1594 D audio_hw_35l41: cs35l41_bdlogger_data_analysis: Right/Bottom Max temp: 0x8583e ==> 33.378784 C
11-14 11:12:41.045 1129 1594 D audio_hw_35l41: cs35l41_bdlogger_data_analysis: Right/Bottom Max exc: 0x33333 ==> 0.400000 mm
11-14 11:12:41.045 1129 1594 D audio_hw_35l41: cs35l41_bdlogger_data_analysis: Right/Bottom dsp heartbeat = 0x7028
11-14 11:12:41.407 14339 4505 I NearbyMediums: Found Fast Ble Advertisements :
11-14 11:12:41.407 14339 4505 I NearbyMediums: BleAdvertisement { version=2, socketVersion=2, isFast=true, serviceIdHash=null, data=[ 0x23 0x56 0x46 0x53 0x5a 0x11 0x32 0x5c 0xec 0x05 0xee 0x3f 0x22 0x6f 0x3d 0xea 0x63 0x99 0xa4 0xee 0x6a 0x9d 0xcf ], deviceToken=[ 0xd9 0x7f ], rxAdvertisement=null } : 3 times.
11-14 11:12:41.407 14339 4505 I NearbyMediums: BleAdvertisement { version=2, socketVersion=2, isFast=true, serviceIdHash=null, data=[ 0x23 0x49 0x57 0x47 0x34 0x11 0x32 0x60 0xa5 0xa7 0xab 0xc8 0x31 0xa3 0x08 0x22 0xd3 0xd6 0xdb 0xe1 0x85 0x4a 0xc9 ], deviceToken=[ 0x70 0xc1 ], rxAdvertisement=null } : 1 times.
11-14 11:12:41.407 14339 4505 I NearbyMediums: BleAdvertisement { version=2, socketVersion=2, isFast=true, serviceIdHash=null, data=[ 0x23 0x34 0x58 0x46 0x43 0x11 0x32 0x12 0xce 0xf5 0x92 0x08 0x18 0x78 0x13 0x9e 0x07 0xf2 0xca 0x53 0x25 0x93 0x9a ], deviceToken=[ 0x27 0x94 ], rxAdvertisement=null } : 1 times.
11-14 11:12:41.407 14339 4505 I NearbyMediums: BleAdvertisement { version=2, socketVersion=2, isFast=true, serviceIdHash=null, data=[ 0x23 0x42 0x53 0x36 0x59 0x11 0x34 0xff 0x1e 0x52 0x02 0x1a 0x65 0xc5 0xe8 0x10 0x1d 0xe4 0xd9 0xeb 0x6a 0x2e 0x24 ], deviceToken=[ 0x18 0x70 ], rxAdvertisement=null } : 2 times.
11-14 11:12:41.407 14339 4505 I NearbyMediums: Total 7 fast advertisements from 4 unique advertisers.
11-14 11:12:42.202 1163 1163 I WifiHAL : Creating message to get link statistics; iface = 47
11-14 11:12:42.314 1163 1163 I WifiHAL : In GetLinkStatsCommand::handleResponse
11-14 11:12:42.354 1740 2058 D ConnectivityService: NetReassign [no changes] [c 0] [a 0] [i 8]
11-14 11:12:43.968 1129 1213 D audio_hw: shutdown: low-latency-playback
11-14 11:12:43.968 1129 1213 E audio_route: unable to find path 'speaker-post'
11-14 11:12:43.968 1129 1213 D audio_hw_aoc_route: speaker-post 0
11-14 11:12:43.971 1129 1213 D audio_hw_aoc_route: low-latency-playbackP 0
11-14 11:12:43.971 1129 1213 W audio_hw_35l41: cs35l41_amp_common_event: ret: 0, event: 3, state: 3, device: 4
11-14 11:12:43.973 1389 1389 D AOC : F1:MSG: controller.cc, 273: AudioOutCtrl: cmd ID: 0x00c9, tag: 0x1e [cntr = 1873]
11-14 11:12:43.973 1389 1389 D AOC : F1:MSG: controller.cc, 811: AudioOutCtrl: ipc: audio_output_co, cmd ID: 0x00c9, tag: 0x1e, rc: 0
11-14 11:12:43.973 1389 1389 D AOC : F1:MSG: controller.cc, 273: AudioOutCtrl: cmd ID: 0x010f, tag: 0x1f [cntr = 1874]
11-14 11:12:43.973 1389 1389 D AOC : F1:Unregistered Source 1 from Sink 0
11-14 11:12:43.974 1389 1389 D AOC : F1:AT Map:0 (LL:0), 0 EPs active, Power: Yes, Config: No
11-14 11:12:43.974 1389 1389 D AOC : F1:Mixer 0 configuration changed: (0)
11-14 11:12:43.975 1389 1389 D AOC : F1:Sink 0 Configuration changed: ULL (disabled)
11-14 11:12:43.975 1389 1389 D AOC : F1:MSG: controller.cc, 811: AudioOutCtrl: ipc: audio_output_co, cmd ID: 0x010f, tag: 0x1f, rc: 0
11-14 11:12:43.975 1389 1389 D AOC : H0:Mixer AMixSPKR: 480 samples (0000/0000) (OFF SC)
11-14 11:12:43.975 1389 1389 D AOC : H0:Mixer configuration updated
11-14 11:12:43.976 1129 1213 D audio_hw_aoc_route: speaker 0
11-14 11:12:43.977 1129 1213 W audio_hw_35l41: cs35l41_amp_common_event: ret: 0, event: 4, state: 2, device: 4
11-14 11:12:43.978 1129 1213 D audio_hw_soundtrigger: st_comm_aud_event_monitor:codec dev:4 inactive
11-14 11:12:43.978 1129 1213 D audio_hw_soundtrigger: st_uc_monitor:uc:low-latency-playback inactive
11-14 11:12:43.978 1129 1213 I audio_hw_aoc: Mode Ambient is already selected
11-14 11:12:43.978 1129 1213 D audio_hw_waves: waves_usecase_event: low-latency-playback stop
11-14 11:12:45.352 1163 1163 I WifiHAL : Creating message to get link statistics; iface = 47
11-14 11:12:45.473 1163 1163 I WifiHAL : In GetLinkStatsCommand::handleResponse
11-14 11:12:45.527 1740 2058 D ConnectivityService: NetReassign [no changes] [c 1] [a 0] [i 9]
11-14 11:12:46.345 14440 14440 D BoundBrokerSvc: onUnbind: Intent { act=com.google.android.gms.checkin.START pkg=com.google.android.gms }
11-14 11:12:46.378 14440 14440 D BoundBrokerSvc: onUnbind: Intent { act=com.google.android.gms.facs.internal.service.START dat=chimera-action:/... cmp=com.google.android.gms/.chimera.GmsInternalApiService }
11-14 11:12:46.443 14440 14440 D BoundBrokerSvc: onUnbind: Intent { act=com.google.android.gms.pay.service.BIND dat=chimera-action:/... cmp=com.google.android.gms/.chimera.GmsApiService }
11-14 11:12:48.518 1163 1163 I WifiHAL : Creating message to get link statistics; iface = 47
11-14 11:12:48.642 1163 1163 I WifiHAL : In GetLinkStatsCommand::handleResponse
11-14 11:12:48.701 1740 2058 D ConnectivityService: NetReassign [no changes] [c 2] [a 0] [i 12]
11-14 11:12:51.007 4426 4475 I .android.gms.ui: Explicit concurrent mark compact GC freed 388KB AllocSpace bytes, 4(80KB) LOS objects, 64% free, 4501KB/12MB, paused 473us,4.212ms total 63.506ms
11-14 11:12:51.413 14339 4505 I NearbyMediums: Found Fast Ble Advertisements :
11-14 11:12:51.413 14339 4505 I NearbyMediums: BleAdvertisement { version=2, socketVersion=2, isFast=true, serviceIdHash=null, data=[ 0x23 0x56 0x46 0x53 0x5a 0x11 0x32 0x5c 0xec 0x05 0xee 0x3f 0x22 0x6f 0x3d 0xea 0x63 0x99 0xa4 0xee 0x6a 0x9d 0xcf ], deviceToken=[ 0xd9 0x7f ], rxAdvertisement=null } : 4 times.
11-14 11:12:51.413 14339 4505 I NearbyMediums: BleAdvertisement { version=2, socketVersion=2, isFast=true, serviceIdHash=null, data=[ 0x23 0x49 0x57 0x47 0x34 0x11 0x32 0x60 0xa5 0xa7 0xab 0xc8 0x31 0xa3 0x08 0x22 0xd3 0xd6 0xdb 0xe1 0x85 0x4a 0xc9 ], deviceToken=[ 0x70 0xc1 ], rxAdvertisement=null } : 1 times.
11-14 11:12:51.413 14339 4505 I NearbyMediums: BleAdvertisement { version=2, socketVersion=2, isFast=true, serviceIdHash=null, data=[ 0x23 0x42 0x53 0x36 0x59 0x11 0x34 0xff 0x1e 0x52 0x02 0x1a 0x65 0xc5 0xe8 0x10 0x1d 0xe4 0xd9 0xeb 0x6a 0x2e 0x24 ], deviceToken=[ 0x18 0x70 ], rxAdvertisement=null } : 4 times.
11-14 11:12:51.413 14339 4505 I NearbyMediums: Total 9 fast advertisements from 3 unique advertisers.
11-14 11:12:51.418 14339 4506 I NearbyConnections: Processing lost BlePeripheral BlePeripheral{advertisement=BleAdvertisement { version=2, socketVersion=2, isFast=true, serviceIdHash=null, data=[ 0x23 0x34 0x58 0x46 0x43 0x11 0x32 0x12 0xce 0xf5 0x92 0x08 0x18 0x78 0x13 0x9e 0x07 0xf2 0xca 0x53 0x25 0x93 0x9a ], deviceToken=[ 0x27 0x94 ], rxAdvertisement=null }, address=null, psm=0, deviceToken=, isSecondProfile=false, rxInstantConnectionAdv=null}.
11-14 11:12:51.418 14339 4506 I NearbyConnections: Lost BleEndpoint for BlePeripheral BlePeripheral{advertisement=BleAdvertisement { version=2, socketVersion=2, isFast=true, serviceIdHash=null, data=[ 0x23 0x34 0x58 0x46 0x43 0x11 0x32 0x12 0xce 0xf5 0x92 0x08 0x18 0x78 0x13 0x9e 0x07 0xf2 0xca 0x53 0x25 0x93 0x9a ], deviceToken=[ 0x27 0x94 ], rxAdvertisement=null }, address=null, psm=0, deviceToken=, isSecondProfile=false, rxInstantConnectionAdv=null} (with EndpointId 4XFC and EndpointInfo [ 0x32 0x12 0xce 0xf5 0x92 0x08 0x18 0x78 0x13 0x9e 0x07 0xf2 0xca 0x53 0x25 0x93 0x9a ]).
11-14 11:12:51.419 14339 4506 I NearbyConnections: ClientProxy(229990993) reporting onEndpointLost(4XFC)
11-14 11:12:51.420 14339 4506 I NearbySharing: Endpoint 4XFC lost over Nearby Connections
11-14 11:12:51.420 14339 4505 I NearbySharing: Ignoring lost endpoint 4XFC because we don't have an associated ShareTarget
11-14 11:12:51.692 1163 1163 I WifiHAL : Creating message to get link statistics; iface = 47
11-14 11:12:51.752 18277 18354 I aczl : dispose()
11-14 11:12:51.807 1163 1163 I WifiHAL : In GetLinkStatsCommand::handleResponse
11-14 11:12:51.865 1740 2058 D ConnectivityService: NetReassign [no changes] [c 1] [a 0] [i 10]
11-14 11:12:54.858 1163 1163 I WifiHAL : Creating message to get link statistics; iface = 47
11-14 11:12:54.988 1163 1163 I WifiHAL : In GetLinkStatsCommand::handleResponse
11-14 11:12:55.046 1740 2058 D ConnectivityService: NetReassign [no changes] [c 1] [a 1] [i 11]
11-14 11:12:58.034 1163 1163 I WifiHAL : Creating message to get link statistics; iface = 47
11-14 11:12:58.157 1163 1163 I WifiHAL : In GetLinkStatsCommand::handleResponse
11-14 11:12:58.218 1740 2058 D ConnectivityService: NetReassign [no changes] [c 0] [a 1] [i 11]
11-14 11:12:59.932 14339 4506 I NearbyConnections: Found BleAdvertisement [ 0x23 0x34 0x58 0x46 0x43 0x11 0x32 0x12 0xce 0xf5 0x92 0x08 0x18 0x78 0x13 0x9e 0x07 0xf2 0xca 0x53 0x25 0x93 0x9a ] (with EndpointId 4XFC and EndpointInfo [ 0x32 0x12 0xce 0xf5 0x92 0x08 0x18 0x78 0x13 0x9e 0x07 0xf2 0xca 0x53 0x25 0x93 0x9a ])
11-14 11:12:59.934 14339 4506 I NearbyConnections: ClientProxy(229990993) reporting onEndpointFound(4XFC)
11-14 11:12:59.935 14339 4506 I NearbyConnections: ClientProxy(229990993) reporting onEndpointDistanceChanged(4XFC, UNKNOWN)
11-14 11:12:59.935 14339 4506 I NearbyConnections: No Bluetooth Classic MAC address found in [ 0x23 0x34 0x58 0x46 0x43 0x11 0x32 0x12 0xce 0xf5 0x92 0x08 0x18 0x78 0x13 0x9e 0x07 0xf2 0xca 0x53 0x25 0x93 0x9a ]
11-14 11:12:59.936 14339 4505 I NearbySharing: Endpoint 4XFC discovered over Nearby Connections
11-14 11:12:59.942 14339 4506 I NearbySharing: Failed to convert given advertisement (4XFC)[ 0x32 0x12 0xce 0xf5 0x92 0x08 0x18 0x78 0x13 0x9e 0x07 0xf2 0xca 0x53 0x25 0x93 0x9a ] to share target from discovered advertisement. Ignoring.
11-14 11:12:59.942 14339 4506 I NearbySharing: Report endpoint 4XFC as lost, since we cannot recognize this endpoint anymore
11-14 11:12:59.943 14339 4506 I NearbySharing: Ignoring lost endpoint 4XFC because we don't have an associated ShareTarget
11-14 11:13:00.027 3225 3821 I AiAiEcho: (REDACTED) Predicting[%d]: %s
11-14 11:13:00.030 3225 3821 I AiAiEcho: (REDACTED) EchoTargets: %s
11-14 11:13:00.030 3225 3821 I AiAiEcho: Filtered by AiAi flag check: %s
11-14 11:13:00.031 3225 3821 I AiAiEcho: (REDACTED) Ranked targets strategy: %s, count: %d, ranking metadata: %s
11-14 11:13:00.032 3225 3821 I AiAiEcho: (REDACTED) #weatherTwiddler: Weather removes SubtitleSupplementalItem in surface: %s
11-14 11:13:00.032 3225 3821 I AiAiEcho: #remoteViewsTwiddler: feature disabled.
11-14 11:13:00.033 3225 3821 I AiAiEcho: (REDACTED) Predicting[%d]: %s
11-14 11:13:00.034 3225 3821 I AiAiEcho: (REDACTED) EchoTargets: %s
11-14 11:13:00.034 3225 3821 I AiAiEcho: Filtered by AiAi flag check: %s
11-14 11:13:00.034 3225 3821 I AiAiEcho: (REDACTED) Ranked targets strategy: %s, count: %d, ranking metadata: %s
11-14 11:13:00.035 3225 3821 I AiAiEcho: (REDACTED) #weatherTwiddler: Weather removes SubtitleSupplementalItem in surface: %s
11-14 11:13:00.035 3225 3821 I AiAiEcho: #remoteViewsTwiddler: feature disabled.
11-14 11:13:00.052 3225 3821 I AiAiEcho: (REDACTED) #postPredictionTargets: Sending updates to UISurface %s with targets# %s (types=[%s])
11-14 11:13:00.066 3225 3821 I AiAiEcho: (REDACTED) #postPredictionTargets: Sending updates to UISurface %s with targets# %s (types=[%s])
11-14 11:13:00.069 2563 2563 D SsBaseTemplateCard: No text view can be set up
11-14 11:13:00.072 2563 2563 D SsBaseTemplateCard: Passed-in item info is null
11-14 11:13:00.072 2563 2563 D SsBaseTemplateCard: Passed-in item info is null
