11-13 20:06:43.962 1740 19633 E SettingsToPropertiesMapper: at com.android.server.am.SettingsToPropertiesMapper.lambda$updatePropertiesFromSettings$0(SettingsToPropertiesMapper.java:164)
11-13 20:06:43.962 1740 19633 E SettingsToPropertiesMapper: at com.android.server.am.SettingsToPropertiesMapper.$r8$lambda$u4ZAQtUCEQrnijBladIz73BixoE(Unknown Source:0)
11-13 20:06:43.962 1740 19633 E SettingsToPropertiesMapper: at com.android.server.am.SettingsToPropertiesMapper$$ExternalSyntheticLambda0.onPropertiesChanged(Unknown Source:2)
11-13 20:06:43.962 1740 19633 E SettingsToPropertiesMapper: at android.provider.DeviceConfig.lambda$handleChange$0(DeviceConfig.java:1204)
11-13 20:06:43.962 1740 19633 E SettingsToPropertiesMapper: at android.provider.DeviceConfig$$ExternalSyntheticLambda0.run(Unknown Source:4)
11-13 20:06:43.962 1740 19633 E SettingsToPropertiesMapper: at java.util.concurrent.ThreadPoolExecutor.runWorker(ThreadPoolExecutor.java:1145)
11-13 20:06:43.962 1740 19633 E SettingsToPropertiesMapper: at java.util.concurrent.ThreadPoolExecutor$Worker.run(ThreadPoolExecutor.java:644)
11-13 20:06:43.962 1740 19633 E SettingsToPropertiesMapper: at java.lang.Thread.run(Thread.java:1012)
11-13 20:06:43.963 1740 19633 E SettingsToPropertiesMapper: Unable to set property persist.device_config.tethering.tether_active_sessions_metrics value '0'
11-13 20:06:43.963 1740 19633 E SettingsToPropertiesMapper: java.lang.RuntimeException: failed to set system property (check logcat for reason)
11-13 20:06:43.963 1740 19633 E SettingsToPropertiesMapper: at android.os.SystemProperties.native_set(Native Method)
11-13 20:06:43.963 1740 19633 E SettingsToPropertiesMapper: at android.os.SystemProperties.set(SystemProperties.java:235)
11-13 20:06:43.963 1740 19633 E SettingsToPropertiesMapper: at com.android.server.am.SettingsToPropertiesMapper.setProperty(SettingsToPropertiesMapper.java:250)
11-13 20:06:43.963 1740 19633 E SettingsToPropertiesMapper: at com.android.server.am.SettingsToPropertiesMapper.lambda$updatePropertiesFromSettings$0(SettingsToPropertiesMapper.java:164)
11-13 20:06:43.963 1740 19633 E SettingsToPropertiesMapper: at com.android.server.am.SettingsToPropertiesMapper.$r8$lambda$u4ZAQtUCEQrnijBladIz73BixoE(Unknown Source:0)
11-13 20:06:43.963 1740 19633 E SettingsToPropertiesMapper: at com.android.server.am.SettingsToPropertiesMapper$$ExternalSyntheticLambda0.onPropertiesChanged(Unknown Source:2)
11-13 20:06:43.963 1740 19633 E SettingsToPropertiesMapper: at android.provider.DeviceConfig.lambda$handleChange$0(DeviceConfig.java:1204)
11-13 20:06:43.963 1740 19633 E SettingsToPropertiesMapper: at android.provider.DeviceConfig$$ExternalSyntheticLambda0.run(Unknown Source:4)
11-13 20:06:43.963 1740 19633 E SettingsToPropertiesMapper: at java.util.concurrent.ThreadPoolExecutor.runWorker(ThreadPoolExecutor.java:1145)
11-13 20:06:43.963 1740 19633 E SettingsToPropertiesMapper: at java.util.concurrent.ThreadPoolExecutor$Worker.run(ThreadPoolExecutor.java:644)
11-13 20:06:43.963 1740 19633 E SettingsToPropertiesMapper: at java.lang.Thread.run(Thread.java:1012)
11-13 20:06:43.964 1740 19633 E SettingsToPropertiesMapper: Unable to set property persist.device_config.tethering.tether_force_random_prefix_base_selection value '0'
11-13 20:06:43.964 1740 19633 E SettingsToPropertiesMapper: java.lang.RuntimeException: failed to set system property (check logcat for reason)
11-13 20:06:43.964 1740 19633 E SettingsToPropertiesMapper: at android.os.SystemProperties.native_set(Native Method)
11-13 20:06:43.964 1740 19633 E SettingsToPropertiesMapper: at android.os.SystemProperties.set(SystemProperties.java:235)
11-13 20:06:43.964 1740 19633 E SettingsToPropertiesMapper: at com.android.server.am.SettingsToPropertiesMapper.setProperty(SettingsToPropertiesMapper.java:250)
11-13 20:06:43.964 1740 19633 E SettingsToPropertiesMapper: at com.android.server.am.SettingsToPropertiesMapper.lambda$updatePropertiesFromSettings$0(SettingsToPropertiesMapper.java:164)
11-13 20:06:43.964 1740 19633 E SettingsToPropertiesMapper: at com.android.server.am.SettingsToPropertiesMapper.$r8$lambda$u4ZAQtUCEQrnijBladIz73BixoE(Unknown Source:0)
11-13 20:06:43.964 1740 19633 E SettingsToPropertiesMapper: at com.android.server.am.SettingsToPropertiesMapper$$ExternalSyntheticLambda0.onPropertiesChanged(Unknown Source:2)
11-13 20:06:43.964 1740 19633 E SettingsToPropertiesMapper: at android.provider.DeviceConfig.lambda$handleChange$0(DeviceConfig.java:1204)
11-13 20:06:43.964 1740 19633 E SettingsToPropertiesMapper: at android.provider.DeviceConfig$$ExternalSyntheticLambda0.run(Unknown Source:4)
11-13 20:06:43.964 1740 19633 E SettingsToPropertiesMapper: at java.util.concurrent.ThreadPoolExecutor.runWorker(ThreadPoolExecutor.java:1145)
11-13 20:06:43.964 1740 19633 E SettingsToPropertiesMapper: at java.util.concurrent.ThreadPoolExecutor$Worker.run(ThreadPoolExecutor.java:644)
11-13 20:06:43.964 1740 19633 E SettingsToPropertiesMapper: at java.lang.Thread.run(Thread.java:1012)
11-13 20:06:43.966 1740 19633 E SettingsToPropertiesMapper: Unable to set property persist.device_config.tethering.tether_enable_sync_sm value '0'
11-13 20:06:43.966 1740 19633 E SettingsToPropertiesMapper: java.lang.RuntimeException: failed to set system property (check logcat for reason)
11-13 20:06:43.966 1740 19633 E SettingsToPropertiesMapper: at android.os.SystemProperties.native_set(Native Method)
11-13 20:06:43.966 1740 19633 E SettingsToPropertiesMapper: at android.os.SystemProperties.set(SystemProperties.java:235)
11-13 20:06:43.966 1740 19633 E SettingsToPropertiesMapper: at com.android.server.am.SettingsToPropertiesMapper.setProperty(SettingsToPropertiesMapper.java:250)
11-13 20:06:43.966 1740 19633 E SettingsToPropertiesMapper: at com.android.server.am.SettingsToPropertiesMapper.lambda$updatePropertiesFromSettings$0(SettingsToPropertiesMapper.java:164)
11-13 20:06:43.966 1740 19633 E SettingsToPropertiesMapper: at com.android.server.am.SettingsToPropertiesMapper.$r8$lambda$u4ZAQtUCEQrnijBladIz73BixoE(Unknown Source:0)
11-13 20:06:43.966 1740 19633 E SettingsToPropertiesMapper: at com.android.server.am.SettingsToPropertiesMapper$$ExternalSyntheticLambda0.onPropertiesChanged(Unknown Source:2)
11-13 20:06:43.966 1740 19633 E SettingsToPropertiesMapper: at android.provider.DeviceConfig.lambda$handleChange$0(DeviceConfig.java:1204)
11-13 20:06:43.966 1740 19633 E SettingsToPropertiesMapper: at android.provider.DeviceConfig$$ExternalSyntheticLambda0.run(Unknown Source:4)
11-13 20:06:43.966 1740 19633 E SettingsToPropertiesMapper: at java.util.concurrent.ThreadPoolExecutor.runWorker(ThreadPoolExecutor.java:1145)
11-13 20:06:43.966 1740 19633 E SettingsToPropertiesMapper: at java.util.concurrent.ThreadPoolExecutor$Worker.run(ThreadPoolExecutor.java:644)
11-13 20:06:43.966 1740 19633 E SettingsToPropertiesMapper: at java.lang.Thread.run(Thread.java:1012)
11-13 20:06:43.968 1740 19633 E SettingsToPropertiesMapper: Unable to set property persist.device_config.tethering.ingress_to_vpn_address_filtering value '351000000'
11-13 20:06:43.968 1740 19633 E SettingsToPropertiesMapper: java.lang.RuntimeException: failed to set system property (check logcat for reason)
11-13 20:06:43.968 1740 19633 E SettingsToPropertiesMapper: at android.os.SystemProperties.native_set(Native Method)
11-13 20:06:43.968 1740 19633 E SettingsToPropertiesMapper: at android.os.SystemProperties.set(SystemProperties.java:235)
11-13 20:06:43.968 1740 19633 E SettingsToPropertiesMapper: at com.android.server.am.SettingsToPropertiesMapper.setProperty(SettingsToPropertiesMapper.java:250)
11-13 20:06:43.968 1740 19633 E SettingsToPropertiesMapper: at com.android.server.am.SettingsToPropertiesMapper.lambda$updatePropertiesFromSettings$0(SettingsToPropertiesMapper.java:164)
11-13 20:06:43.968 1740 19633 E SettingsToPropertiesMapper: at com.android.server.am.SettingsToPropertiesMapper.$r8$lambda$u4ZAQtUCEQrnijBladIz73BixoE(Unknown Source:0)
11-13 20:06:43.968 1740 19633 E SettingsToPropertiesMapper: at com.android.server.am.SettingsToPropertiesMapper$$ExternalSyntheticLambda0.onPropertiesChanged(Unknown Source:2)
11-13 20:06:43.968 1740 19633 E SettingsToPropertiesMapper: at android.provider.DeviceConfig.lambda$handleChange$0(DeviceConfig.java:1204)
11-13 20:06:43.968 1740 19633 E SettingsToPropertiesMapper: at android.provider.DeviceConfig$$ExternalSyntheticLambda0.run(Unknown Source:4)
11-13 20:06:43.968 1740 19633 E SettingsToPropertiesMapper: at java.util.concurrent.ThreadPoolExecutor.runWorker(ThreadPoolExecutor.java:1145)
11-13 20:06:43.968 1740 19633 E SettingsToPropertiesMapper: at java.util.concurrent.ThreadPoolExecutor$Worker.run(ThreadPoolExecutor.java:644)
11-13 20:06:43.968 1740 19633 E SettingsToPropertiesMapper: at java.lang.Thread.run(Thread.java:1012)
11-13 20:06:43.969 1740 19633 E SettingsToPropertiesMapper: Unable to set property persist.device_config.tethering.carrier_service_changed_use_callback_version value '341310000'
11-13 20:06:43.969 1740 19633 E SettingsToPropertiesMapper: java.lang.RuntimeException: failed to set system property (check logcat for reason)
11-13 20:06:43.969 1740 19633 E SettingsToPropertiesMapper: at android.os.SystemProperties.native_set(Native Method)
11-13 20:06:43.969 1740 19633 E SettingsToPropertiesMapper: at android.os.SystemProperties.set(SystemProperties.java:235)
11-13 20:06:43.969 1740 19633 E SettingsToPropertiesMapper: at com.android.server.am.SettingsToPropertiesMapper.setProperty(SettingsToPropertiesMapper.java:250)
11-13 20:06:43.969 1740 19633 E SettingsToPropertiesMapper: at com.android.server.am.SettingsToPropertiesMapper.lambda$updatePropertiesFromSettings$0(SettingsToPropertiesMapper.java:164)
11-13 20:06:43.969 1740 19633 E SettingsToPropertiesMapper: at com.android.server.am.SettingsToPropertiesMapper.$r8$lambda$u4ZAQtUCEQrnijBladIz73BixoE(Unknown Source:0)
11-13 20:06:43.969 1740 19633 E SettingsToPropertiesMapper: at com.android.server.am.SettingsToPropertiesMapper$$ExternalSyntheticLambda0.onPropertiesChanged(Unknown Source:2)
11-13 20:06:43.969 1740 19633 E SettingsToPropertiesMapper: at android.provider.DeviceConfig.lambda$handleChange$0(DeviceConfig.java:1204)
11-13 20:06:43.969 1740 19633 E SettingsToPropertiesMapper: at android.provider.DeviceConfig$$ExternalSyntheticLambda0.run(Unknown Source:4)
11-13 20:06:43.969 1740 19633 E SettingsToPropertiesMapper: at java.util.concurrent.ThreadPoolExecutor.runWorker(ThreadPoolExecutor.java:1145)
11-13 20:06:43.969 1740 19633 E SettingsToPropertiesMapper: at java.util.concurrent.ThreadPoolExecutor$Worker.run(ThreadPoolExecutor.java:644)
11-13 20:06:43.969 1740 19633 E SettingsToPropertiesMapper: at java.lang.Thread.run(Thread.java:1012)
11-13 20:06:43.970 1740 19633 E SettingsToPropertiesMapper: Unable to set property persist.device_config.tethering.nsd_known_answer_suppression value '341610000'
11-13 20:06:43.970 1740 19633 E SettingsToPropertiesMapper: java.lang.RuntimeException: failed to set system property (check logcat for reason)
11-13 20:06:43.970 1740 19633 E SettingsToPropertiesMapper: at android.os.SystemProperties.native_set(Native Method)
11-13 20:06:43.970 1740 19633 E SettingsToPropertiesMapper: at android.os.SystemProperties.set(SystemProperties.java:235)
11-13 20:06:43.970 1740 19633 E SettingsToPropertiesMapper: at com.android.server.am.SettingsToPropertiesMapper.setProperty(SettingsToPropertiesMapper.java:250)
11-13 20:06:43.970 1740 19633 E SettingsToPropertiesMapper: at com.android.server.am.SettingsToPropertiesMapper.lambda$updatePropertiesFromSettings$0(SettingsToPropertiesMapper.java:164)
11-13 20:06:43.970 1740 19633 E SettingsToPropertiesMapper: at com.android.server.am.SettingsToPropertiesMapper.$r8$lambda$u4ZAQtUCEQrnijBladIz73BixoE(Unknown Source:0)
11-13 20:06:43.970 1740 19633 E SettingsToPropertiesMapper: at com.android.server.am.SettingsToPropertiesMapper$$ExternalSyntheticLambda0.onPropertiesChanged(Unknown Source:2)
11-13 20:06:43.970 1740 19633 E SettingsToPropertiesMapper: at android.provider.DeviceConfig.lambda$handleChange$0(DeviceConfig.java:1204)
11-13 20:06:43.970 1740 19633 E SettingsToPropertiesMapper: at android.provider.DeviceConfig$$ExternalSyntheticLambda0.run(Unknown Source:4)
11-13 20:06:43.970 1740 19633 E SettingsToPropertiesMapper: at java.util.concurrent.ThreadPoolExecutor.runWorker(ThreadPoolExecutor.java:1145)
11-13 20:06:43.970 1740 19633 E SettingsToPropertiesMapper: at java.util.concurrent.ThreadPoolExecutor$Worker.run(ThreadPoolExecutor.java:644)
11-13 20:06:43.970 1740 19633 E SettingsToPropertiesMapper: at java.lang.Thread.run(Thread.java:1012)
11-13 20:06:43.971 1740 19633 E SettingsToPropertiesMapper: Unable to set property persist.device_config.tethering.nsd_aggressive_query_mode value '0'
11-13 20:06:43.971 1740 19633 E SettingsToPropertiesMapper: java.lang.RuntimeException: failed to set system property (check logcat for reason)
11-13 20:06:43.971 1740 19633 E SettingsToPropertiesMapper: at android.os.SystemProperties.native_set(Native Method)
11-13 20:06:43.971 1740 19633 E SettingsToPropertiesMapper: at android.os.SystemProperties.set(SystemProperties.java:235)
11-13 20:06:43.971 1740 19633 E SettingsToPropertiesMapper: at com.android.server.am.SettingsToPropertiesMapper.setProperty(SettingsToPropertiesMapper.java:250)
11-13 20:06:43.971 1740 19633 E SettingsToPropertiesMapper: at com.android.server.am.SettingsToPropertiesMapper.lambda$updatePropertiesFromSettings$0(SettingsToPropertiesMapper.java:164)
11-13 20:06:43.971 1740 19633 E SettingsToPropertiesMapper: at com.android.server.am.SettingsToPropertiesMapper.$r8$lambda$u4ZAQtUCEQrnijBladIz73BixoE(Unknown Source:0)
11-13 20:06:43.971 1740 19633 E SettingsToPropertiesMapper: at com.android.server.am.SettingsToPropertiesMapper$$ExternalSyntheticLambda0.onPropertiesChanged(Unknown Source:2)
11-13 20:06:43.971 1740 19633 E SettingsToPropertiesMapper: at android.provider.DeviceConfig.lambda$handleChange$0(DeviceConfig.java:1204)
11-13 20:06:43.971 1740 19633 E SettingsToPropertiesMapper: at android.provider.DeviceConfig$$ExternalSyntheticLambda0.run(Unknown Source:4)
11-13 20:06:43.971 1740 19633 E SettingsToPropertiesMapper: at java.util.concurrent.ThreadPoolExecutor.runWorker(ThreadPoolExecutor.java:1145)
11-13 20:06:43.971 1740 19633 E SettingsToPropertiesMapper: at java.util.concurrent.ThreadPoolExecutor$Worker.run(ThreadPoolExecutor.java:644)
11-13 20:06:43.971 1740 19633 E SettingsToPropertiesMapper: at java.lang.Thread.run(Thread.java:1012)
11-13 20:06:43.973 1740 19633 E SettingsToPropertiesMapper: Unable to set property persist.device_config.tethering.nsd_unicast_reply_enabled value '341610000'
11-13 20:06:43.973 1740 19633 E SettingsToPropertiesMapper: java.lang.RuntimeException: failed to set system property (check logcat for reason)
11-13 20:06:43.973 1740 19633 E SettingsToPropertiesMapper: at android.os.SystemProperties.native_set(Native Method)
11-13 20:06:43.973 1740 19633 E SettingsToPropertiesMapper: at android.os.SystemProperties.set(SystemProperties.java:235)
11-13 20:06:43.973 1740 19633 E SettingsToPropertiesMapper: at com.android.server.am.SettingsToPropertiesMapper.setProperty(SettingsToPropertiesMapper.java:250)
11-13 20:06:43.973 1740 19633 E SettingsToPropertiesMapper: at com.android.server.am.SettingsToPropertiesMapper.lambda$updatePropertiesFromSettings$0(SettingsToPropertiesMapper.java:164)
11-13 20:06:43.973 1740 19633 E SettingsToPropertiesMapper: at com.android.server.am.SettingsToPropertiesMapper.$r8$lambda$u4ZAQtUCEQrnijBladIz73BixoE(Unknown Source:0)
11-13 20:06:43.973 1740 19633 E SettingsToPropertiesMapper: at com.android.server.am.SettingsToPropertiesMapper$$ExternalSyntheticLambda0.onPropertiesChanged(Unknown Source:2)
11-13 20:06:43.973 1740 19633 E SettingsToPropertiesMapper: at android.provider.DeviceConfig.lambda$handleChange$0(DeviceConfig.java:1204)
11-13 20:06:43.973 1740 19633 E SettingsToPropertiesMapper: at android.provider.DeviceConfig$$ExternalSyntheticLambda0.run(Unknown Source:4)
11-13 20:06:43.973 1740 19633 E SettingsToPropertiesMapper: at java.util.concurrent.ThreadPoolExecutor.runWorker(ThreadPoolExecutor.java:1145)
11-13 20:06:43.973 1740 19633 E SettingsToPropertiesMapper: at java.util.concurrent.ThreadPoolExecutor$Worker.run(ThreadPoolExecutor.java:644)
11-13 20:06:43.973 1740 19633 E SettingsToPropertiesMapper: at java.lang.Thread.run(Thread.java:1012)
11-13 20:06:43.975 1740 19633 E SettingsToPropertiesMapper: Unable to set property persist.device_config.tethering.use_declared_methods_for_callbacks value '0'
11-13 20:06:43.975 1740 19633 E SettingsToPropertiesMapper: java.lang.RuntimeException: failed to set system property (check logcat for reason)
11-13 20:06:43.975 1740 19633 E SettingsToPropertiesMapper: at android.os.SystemProperties.native_set(Native Method)
11-13 20:06:43.975 1740 19633 E SettingsToPropertiesMapper: at android.os.SystemProperties.set(SystemProperties.java:235)
11-13 20:06:43.975 1740 19633 E SettingsToPropertiesMapper: at com.android.server.am.SettingsToPropertiesMapper.setProperty(SettingsToPropertiesMapper.java:250)
11-13 20:06:43.975 1740 19633 E SettingsToPropertiesMapper: at com.android.server.am.SettingsToPropertiesMapper.lambda$updatePropertiesFromSettings$0(SettingsToPropertiesMapper.java:164)
11-13 20:06:43.975 1740 19633 E SettingsToPropertiesMapper: at com.android.server.am.SettingsToPropertiesMapper.$r8$lambda$u4ZAQtUCEQrnijBladIz73BixoE(Unknown Source:0)
11-13 20:06:43.975 1740 19633 E SettingsToPropertiesMapper: at com.android.server.am.SettingsToPropertiesMapper$$ExternalSyntheticLambda0.onPropertiesChanged(Unknown Source:2)
11-13 20:06:43.975 1740 19633 E SettingsToPropertiesMapper: at android.provider.DeviceConfig.lambda$handleChange$0(DeviceConfig.java:1204)
11-13 20:06:43.975 1740 19633 E SettingsToPropertiesMapper: at android.provider.DeviceConfig$$ExternalSyntheticLambda0.run(Unknown Source:4)
11-13 20:06:43.975 1740 19633 E SettingsToPropertiesMapper: at java.util.concurrent.ThreadPoolExecutor.runWorker(ThreadPoolExecutor.java:1145)
11-13 20:06:43.975 1740 19633 E SettingsToPropertiesMapper: at java.util.concurrent.ThreadPoolExecutor$Worker.run(ThreadPoolExecutor.java:644)
11-13 20:06:43.975 1740 19633 E SettingsToPropertiesMapper: at java.lang.Thread.run(Thread.java:1012)
11-13 20:06:57.906 1740 1788 I ActivityManager: Killing 16439:com.google.android.gms.unstable/u0a139 (adj 935): empty for 1800s
11-13 20:08:01.547 2182 7765 D PowerUI : can't show warning due to - plugged: true status unknown: false
11-13 20:08:01.554 1740 3979 D CompatibilityChangeReporter: Compat change id reported: 161145287; UID 10143; state: DISABLED
11-13 20:09:01.549 2182 7975 D PowerUI : can't show warning due to - plugged: true status unknown: false
11-13 20:09:22.512 1740 1740 I ActivityManager: com.android.vending is exempt from freezer
11-13 20:09:22.512 1740 1740 D CompatibilityChangeReporter: Compat change id reported: 135634846; UID 10114; state: DISABLED
11-13 20:09:22.512 1740 1740 D CompatibilityChangeReporter: Compat change id reported: 177438394; UID 10114; state: DISABLED
11-13 20:09:22.512 1740 1740 D CompatibilityChangeReporter: Compat change id reported: 135772972; UID 10114; state: DISABLED
11-13 20:09:22.512 1740 1740 D CompatibilityChangeReporter: Compat change id reported: 135754954; UID 10114; state: ENABLED
11-13 20:09:22.512 1740 1846 D CompatibilityChangeReporter: Compat change id reported: 143937733; UID 10114; state: ENABLED
11-13 20:09:22.528 1740 1846 I ActivityManager: Start proc 17068:com.android.vending/u0a114 for service {com.android.vending/com.google.android.finsky.scheduler.process.mainimpl.PhoneskyJobServiceMain}
11-13 20:09:22.560 1740 3979 D CompatibilityChangeReporter: Compat change id reported: 168419799; UID 10114; state: DISABLED
11-13 20:09:22.651 1740 3979 D CompatibilityChangeReporter: Compat change id reported: 161145287; UID 10114; state: DISABLED
11-13 20:09:22.695 1740 2470 D CompatibilityChangeReporter: Compat change id reported: 319212206; UID 10114; state: ENABLED
11-13 20:09:22.710 1740 3471 D ActivityManager: sync unfroze 16770 com.google.process.gapps
11-13 20:09:22.786 1740 3979 W JobScheduler: Job didn't exist in JobStore: a3d0fa8 #u0a114/9297 com.android.vending/com.google.android.finsky.scheduler.process.mainimpl.PhoneskyJobServiceMain
11-13 20:09:22.789 1740 3471 W JobScheduler: Job didn't exist in JobStore: 83eddd #u0a114/9223 com.android.vending/com.google.android.finsky.scheduler.process.mainimpl.PhoneskyJobServiceMain
11-13 20:09:22.791 1740 3471 D CompatibilityChangeReporter: Compat change id reported: 194532703; UID 10114; state: ENABLED
11-13 20:09:32.936 1740 3979 I ActivityManager: com.android.vending is exempt from freezer
11-13 20:09:32.936 1740 3979 D CompatibilityChangeReporter: Compat change id reported: 135634846; UID 10114; state: DISABLED
11-13 20:09:32.936 1740 3979 D CompatibilityChangeReporter: Compat change id reported: 177438394; UID 10114; state: DISABLED
11-13 20:09:32.936 1740 3979 D CompatibilityChangeReporter: Compat change id reported: 135772972; UID 10114; state: DISABLED
11-13 20:09:32.936 1740 3979 D CompatibilityChangeReporter: Compat change id reported: 135754954; UID 10114; state: ENABLED
11-13 20:09:32.937 1740 1846 D CompatibilityChangeReporter: Compat change id reported: 143937733; UID 10114; state: ENABLED
11-13 20:09:32.953 1740 1846 I ActivityManager: Start proc 17190:com.android.vending:background/u0a114 for service {com.android.vending/com.google.frameworks.client.data.android.server.play.BackgroundProcessEndpointService}
11-13 20:10:00.335 1740 1955 D ActivityManager: freezing 16866 com.android.settings
11-13 20:10:01.556 2182 10049 D PowerUI : can't show warning due to - plugged: true status unknown: false
11-13 20:10:10.107 1740 1955 D ActivityManager: freezing 16840 com.google.android.settings.intelligence
11-13 20:11:01.539 2182 10106 D PowerUI : can't show warning due to - plugged: true status unknown: false
11-13 20:12:01.543 2182 10114 D PowerUI : can't show warning due to - plugged: true status unknown: false
11-13 20:13:01.544 2182 10179 D PowerUI : can't show warning due to - plugged: true status unknown: false
11-13 20:14:01.536 2182 2602 D PowerUI : can't show warning due to - plugged: true status unknown: false
11-13 20:14:30.368 1740 1740 I ActivityManager: Killing 16554:com.google.android.apps.work.clouddpc/u0a169 (adj 925): empty for 1826s
11-13 20:14:30.424 1740 3301 W JobScheduler: Job didn't exist in JobStore: 7dcbd1 #u0a138/1656 com.google.android.apps.messaging/androidx.work.impl.background.systemjob.SystemJobService
11-13 20:15:01.536 2182 6843 D PowerUI : can't show warning due to - plugged: true status unknown: false
11-13 20:15:26.813 1740 3294 D CompatibilityChangeReporter: Compat change id reported: 135634846; UID 10064; state: DISABLED
11-13 20:15:26.814 1740 3294 D CompatibilityChangeReporter: Compat change id reported: 177438394; UID 10064; state: DISABLED
11-13 20:15:26.814 1740 3294 D CompatibilityChangeReporter: Compat change id reported: 135772972; UID 10064; state: DISABLED
11-13 20:15:26.814 1740 3294 D CompatibilityChangeReporter: Compat change id reported: 135754954; UID 10064; state: ENABLED
11-13 20:15:26.814 1740 1846 D CompatibilityChangeReporter: Compat change id reported: 143937733; UID 10064; state: ENABLED
11-13 20:15:26.839 1740 1846 I ActivityManager: Start proc 17275:com.android.providers.calendar/u0a64 for content provider {com.android.providers.calendar/com.android.providers.calendar.CalendarProvider2}
11-13 20:15:26.873 1740 3471 D CompatibilityChangeReporter: Compat change id reported: 168419799; UID 10064; state: DISABLED
11-13 20:15:26.908 1740 3471 D CompatibilityChangeReporter: Compat change id reported: 161145287; UID 10064; state: DISABLED
11-13 20:15:26.916 1740 3294 D CompatibilityChangeReporter: Compat change id reported: 143231523; UID 10064; state: DISABLED
11-13 20:15:27.759 1740 3294 I ContentCaptureManagerService: Data share request accepted by Content Capture service
11-13 20:16:01.545 2182 7765 D PowerUI : can't show warning due to - plugged: true status unknown: false
11-13 20:16:32.855 1740 1955 D ActivityManager: freezing 7491 com.google.android.apps.safetyhub
11-13 20:16:38.565 1740 1955 D ActivityManager: freezing 16957 com.google.android.gm
11-13 20:16:43.731 1740 1955 D ActivityManager: freezing 17036 com.google.android.photopicker
11-13 20:17:01.538 2182 7975 D PowerUI : can't show warning due to - plugged: true status unknown: false
11-13 20:19:23.707 1740 1955 D ActivityManager: freezing 16770 com.google.process.gapps
11-13 20:19:23.712 1740 1955 D ActivityManager: freezing 15808 com.google.process.gservices
11-13 20:20:01.543 2182 10049 D PowerUI : can't show warning due to - plugged: true status unknown: false
11-13 20:20:04.249 1740 1740 D CompatibilityChangeReporter: Compat change id reported: 135634846; UID 10109; state: DISABLED
11-13 20:20:04.249 1740 1740 D CompatibilityChangeReporter: Compat change id reported: 177438394; UID 10109; state: DISABLED
11-13 20:20:04.249 1740 1740 D CompatibilityChangeReporter: Compat change id reported: 135772972; UID 10109; state: DISABLED
11-13 20:20:04.250 1740 1740 D CompatibilityChangeReporter: Compat change id reported: 135754954; UID 10109; state: ENABLED
11-13 20:20:04.251 1740 1846 D CompatibilityChangeReporter: Compat change id reported: 143937733; UID 10109; state: ENABLED
11-13 20:20:04.279 1740 1846 I ActivityManager: Start proc 17319:com.google.android.apps.gcs/u0a109 for service {com.google.android.apps.gcs/androidx.work.impl.background.systemjob.SystemJobService}
11-13 20:20:04.312 1740 3471 D CompatibilityChangeReporter: Compat change id reported: 168419799; UID 10109; state: DISABLED
11-13 20:20:04.353 1740 3471 D CompatibilityChangeReporter: Compat change id reported: 161145287; UID 10109; state: DISABLED
11-13 20:20:04.360 1740 4237 D ActivityManager: sync unfroze 15808 com.google.process.gservices
11-13 20:20:04.381 1740 3471 D CompatibilityChangeReporter: Compat change id reported: 194532703; UID 10109; state: ENABLED
11-13 20:20:04.393 1740 3471 W JobScheduler: Job didn't exist in JobStore: c326573 #u0a109/58451 com.google.android.apps.gcs/androidx.work.impl.background.systemjob.SystemJobService
11-13 20:20:27.763 1740 1740 I ContentCaptureManagerService: Content capture data sharing session terminated successfully for package 'com.google.android.googlequicksearchbox'
11-13 20:21:01.548 2182 10106 D PowerUI : can't show warning due to - plugged: true status unknown: false
11-13 20:21:45.557 1740 3301 I ActivityManager: Killing 16786:com.android.chrome/u0a151 (adj 955): empty for 1836s
11-13 20:21:45.559 1740 3301 I ActivityManager: Killing 16696:com.google.android.partnersetup/u0a96 (adj 925): empty for 1836s
11-13 20:21:45.560 1740 3301 I ActivityManager: Killing 16704:com.google.android.apps.turbo:aab/u0a143 (adj 935): empty for 1836s
11-13 20:21:45.561 1740 3301 I ActivityManager: Killing 16488:com.android.remoteprovisioner/u0a198 (adj 975): empty for 1837s
11-13 20:21:49.161 1740 1740 D ActivityManager: sync unfroze 7491 com.google.android.apps.safetyhub
11-13 20:23:01.558 2182 10114 D PowerUI : can't show warning due to - plugged: true status unknown: false
11-13 20:23:50.019 1740 1836 I EntropyMixer: Updated seed file
11-13 20:24:01.536 2182 10179 D PowerUI : can't show warning due to - plugged: true status unknown: false
11-13 20:24:14.614 1740 1946 D CompatibilityChangeReporter: Compat change id reported: 218533173; UID 10109; state: ENABLED
11-13 20:24:30.508 1740 1955 D ActivityManager: freezing 16238 android.process.acore
11-13 20:24:30.514 1740 1955 D ActivityManager: freezing 16146 com.google.android.apps.messaging
11-13 20:26:01.541 2182 2602 D PowerUI : can't show warning due to - plugged: true status unknown: false
11-13 20:26:26.853 1740 1844 I UsageStatsService: User[0] Flushing usage stats to disk
11-13 20:28:01.534 2182 6843 D PowerUI : can't show warning due to - plugged: true status unknown: false
11-13 20:29:01.540 2182 7765 D PowerUI : can't show warning due to - plugged: true status unknown: false
11-13 20:30:00.614 1740 1787 I ActivityManager: Killing 16866:com.android.settings/1000 (adj 965): empty for 1800s
11-13 20:30:01.539 2182 7975 D PowerUI : can't show warning due to - plugged: true status unknown: false
11-13 20:30:04.576 1740 10519 I ActivityManager: Killing 16840:com.google.android.settings.intelligence/u0a113 (adj 965): empty for 1801s
11-13 20:30:04.662 1740 1955 D ActivityManager: freezing 17319 com.google.android.apps.gcs
11-13 20:30:04.669 1740 1955 D ActivityManager: freezing 15808 com.google.process.gservices
11-13 20:31:01.543 2182 10049 D PowerUI : can't show warning due to - plugged: true status unknown: false
11-13 20:31:03.115 1740 3474 W JobScheduler: Job didn't exist in JobStore: a79da42 #u0a103/12749 com.google.android.apps.safetyhub/androidx.work.impl.background.systemjob.SystemJobService
11-13 20:31:45.586 1740 1955 D ActivityManager: freezing 22823 com.google.android.ims
11-13 20:31:45.649 1740 1955 D ActivityManager: freezing 17275 com.android.providers.calendar
11-13 20:32:01.520 2182 10106 D PowerUI : can't show warning due to - plugged: true status unknown: false
11-13 20:32:46.895 1740 1740 D ActivityManager: sync unfroze 16146 com.google.android.apps.messaging
11-13 20:33:01.543 2182 10114 D PowerUI : can't show warning due to - plugged: true status unknown: false
11-13 20:34:01.541 2182 10179 D PowerUI : can't show warning due to - plugged: true status unknown: false
11-13 20:36:45.551 1740 3474 I ActivityManager: Killing 16957:com.google.android.gm/u0a166 (adj 915): empty for 1807s
11-13 20:36:45.558 1740 3474 I ActivityManager: Killing 16238:android.process.acore/u0a68 (adj 955): empty for 1807s
11-13 20:39:01.543 2182 2602 D PowerUI : can't show warning due to - plugged: true status unknown: false
11-13 20:40:01.541 2182 6843 D PowerUI : can't show warning due to - plugged: true status unknown: false
11-13 20:40:06.441 1740 1788 D CompatibilityChangeReporter: Compat change id reported: 135634846; UID 10186; state: DISABLED
11-13 20:40:06.441 1740 1788 D CompatibilityChangeReporter: Compat change id reported: 177438394; UID 10186; state: DISABLED
11-13 20:40:06.441 1740 1788 D CompatibilityChangeReporter: Compat change id reported: 135772972; UID 10186; state: DISABLED
11-13 20:40:06.441 1740 1788 D CompatibilityChangeReporter: Compat change id reported: 135754954; UID 10186; state: ENABLED
11-13 20:40:06.442 1740 1846 D CompatibilityChangeReporter: Compat change id reported: 143937733; UID 10186; state: ENABLED
11-13 20:40:06.455 1740 1846 I ActivityManager: Start proc 17411:com.google.android.apps.wallpaper/u0a186 for broadcast {com.google.android.apps.wallpaper/com.android.wallpaper.module.DailyLoggingAlarmReceiver}
11-13 20:40:06.477 1740 1788 D CompatibilityChangeReporter: Compat change id reported: 168419799; UID 10186; state: DISABLED
11-13 20:40:06.577 1740 1788 I ActivityManager: Killing 17036:com.google.android.photopicker/u0a249 (adj 985): empty for 2002s
11-13 20:41:01.543 2182 7765 D PowerUI : can't show warning due to - plugged: true status unknown: false
11-13 20:41:03.217 1740 1955 D ActivityManager: freezing 7491 com.google.android.apps.safetyhub
11-13 20:42:01.539 2182 7975 D PowerUI : can't show warning due to - plugged: true status unknown: false
11-13 20:42:01.573 2182 10049 D PowerUI : can't show warning due to - plugged: true status unknown: false
11-13 20:42:47.051 1740 1955 D ActivityManager: freezing 16146 com.google.android.apps.messaging
11-13 20:43:01.547 2182 10106 D PowerUI : can't show warning due to - plugged: true status unknown: false
11-13 20:43:21.171 1740 1740 D CompatibilityChangeReporter: Compat change id reported: 135634846; UID 10169; state: DISABLED
11-13 20:43:21.171 1740 1740 D CompatibilityChangeReporter: Compat change id reported: 177438394; UID 10169; state: DISABLED
11-13 20:43:21.171 1740 1740 D CompatibilityChangeReporter: Compat change id reported: 135772972; UID 10169; state: DISABLED
11-13 20:43:21.172 1740 1740 D CompatibilityChangeReporter: Compat change id reported: 135754954; UID 10169; state: ENABLED
11-13 20:43:21.173 1740 1846 D CompatibilityChangeReporter: Compat change id reported: 143937733; UID 10169; state: ENABLED
11-13 20:43:21.195 1740 1846 I ActivityManager: Start proc 17450:com.google.android.apps.work.clouddpc/u0a169 for service {com.google.android.apps.work.clouddpc/com.google.android.apps.work.clouddpc.base.services.HealthCheckJobService}
11-13 20:43:21.228 1740 2684 D CompatibilityChangeReporter: Compat change id reported: 168419799; UID 10169; state: DISABLED
11-13 20:43:21.413 1740 2519 D CompatibilityChangeReporter: Compat change id reported: 161145287; UID 10169; state: DISABLED
11-13 20:43:21.422 1740 2519 D CompatibilityChangeReporter: Compat change id reported: 194532703; UID 10169; state: ENABLED
11-13 20:43:21.434 1740 3297 I ActivityManager: Killing 16770:com.google.process.gapps/u0a139 (adj 985): empty for 2037s
11-13 20:43:21.456 17450 17464 I ActivityThread: Removing dead content provider:android.content.ContentProviderProxy@60f52e2
11-13 20:43:21.456 1740 3976 I ActivityManager: Process com.google.process.gservices (pid 15808) early provider death
11-13 20:43:21.456 1740 3976 I ActivityManager: Process com.google.process.gservices (pid 15808) has died: cch+45 CEM
11-13 20:43:21.494 1740 2255 V ActivityManager: Got obituary of 15808:com.google.process.gservices
11-13 20:43:22.418 1740 2065 D CompatibilityChangeReporter: Compat change id reported: 135634846; UID 10068; state: DISABLED
11-13 20:43:22.419 1740 2065 D CompatibilityChangeReporter: Compat change id reported: 177438394; UID 10068; state: DISABLED
11-13 20:43:22.419 1740 2065 D CompatibilityChangeReporter: Compat change id reported: 135772972; UID 10068; state: DISABLED
11-13 20:43:22.419 1740 2065 D CompatibilityChangeReporter: Compat change id reported: 135754954; UID 10068; state: ENABLED
11-13 20:43:22.421 1740 1846 D CompatibilityChangeReporter: Compat change id reported: 143937733; UID 10068; state: ENABLED
11-13 20:43:22.448 1740 1846 I ActivityManager: Start proc 17528:android.process.acore/u0a68 for content provider {com.android.providers.contacts/com.android.providers.contacts.ContactsProvider2}
11-13 20:43:22.483 1740 3297 D CompatibilityChangeReporter: Compat change id reported: 168419799; UID 10068; state: DISABLED
11-13 20:43:22.523 1740 2684 D CompatibilityChangeReporter: Compat change id reported: 161145287; UID 10068; state: DISABLED
11-13 20:43:22.603 1740 2684 D CompatibilityChangeReporter: Compat change id reported: 201794303; UID 10068; state: ENABLED
11-13 20:43:28.431 1740 2684 D CompatibilityChangeReporter: Compat change id reported: 135634846; UID 10139; state: DISABLED
11-13 20:43:28.431 1740 2684 D CompatibilityChangeReporter: Compat change id reported: 177438394; UID 10139; state: DISABLED
11-13 20:43:28.431 1740 2684 D CompatibilityChangeReporter: Compat change id reported: 135772972; UID 10139; state: DISABLED
11-13 20:43:28.431 1740 2684 D CompatibilityChangeReporter: Compat change id reported: 135754954; UID 10139; state: ENABLED
11-13 20:43:28.432 1740 1846 D CompatibilityChangeReporter: Compat change id reported: 143937733; UID 10139; state: ENABLED
11-13 20:43:28.451 1740 1846 I ActivityManager: Start proc 17547:com.google.process.gservices/u0a139 for content provider {com.google.android.gsf/com.google.android.gsf.gservices.GservicesProvider}
11-13 20:43:28.548 1740 2684 W ActivityManager: Unable to start service Intent { act=com.google.android.gms.gservices.START pkg=com.google.android.gms } U=0: not found
11-13 20:43:28.549 1740 2684 W ActivityManager: Unbind failed: could not find connection for android.os.BinderProxy@fedee21
11-13 20:44:01.545 2182 10114 D PowerUI : can't show warning due to - plugged: true status unknown: false
11-13 20:45:01.541 2182 10179 D PowerUI : can't show warning due to - plugged: true status unknown: false
11-13 20:46:01.539 2182 2602 D PowerUI : can't show warning due to - plugged: true status unknown: false
11-13 20:46:27.037 1740 1844 I UsageStatsService: User[0] Flushing usage stats to disk
11-13 20:48:01.543 2182 6843 D PowerUI : can't show warning due to - plugged: true status unknown: false
11-13 20:48:26.511 1740 1959 D CompatibilityChangeReporter: Compat change id reported: 168419799; UID 10139; state: DISABLED
11-13 20:48:26.553 1740 1740 D ActivityManager: sync unfroze 16146 com.google.android.apps.messaging
11-13 20:48:26.609 1740 1788 D BiometricService: canAuthenticate: User=0, Caller=0, Authenticators=255
11-13 20:48:26.610 1740 1788 D BiometricService/PreAuthInfo: Package: com.google.android.gms Sensor ID: 0 Modality: 2 Status: 7
11-13 20:48:26.610 1740 1788 D BiometricService/PreAuthInfo: getCanAuthenticateInternal Modality: 2 AuthenticatorStatus: 7
11-13 20:48:26.610 1740 1788 D AuthService: canAuthenticate, userId: 0, callingUserId: 0, authenticators: 255, result: 11
11-13 20:48:26.615 1740 1788 D CompatibilityChangeReporter: Compat change id reported: 135634846; UID 10139; state: DISABLED
11-13 20:48:26.615 1740 1788 D CompatibilityChangeReporter: Compat change id reported: 177438394; UID 10139; state: DISABLED
11-13 20:48:26.616 1740 1788 D CompatibilityChangeReporter: Compat change id reported: 135772972; UID 10139; state: DISABLED
11-13 20:48:26.616 1740 1788 D CompatibilityChangeReporter: Compat change id reported: 135754954; UID 10139; state: ENABLED
11-13 20:48:26.616 1740 1846 D CompatibilityChangeReporter: Compat change id reported: 143937733; UID 10139; state: ENABLED
11-13 20:48:26.626 1740 1846 I ActivityManager: Start proc 17588:com.google.android.gms.unstable/u0a139 for service {com.google.android.gms/com.google.android.gms.droidguard.DroidGuardService}
11-13 20:48:27.828 1740 3976 D BiometricService: canAuthenticate: User=0, Caller=0, Authenticators=255
11-13 20:48:27.829 1740 3976 D BiometricService/PreAuthInfo: Package: com.google.android.gms Sensor ID: 0 Modality: 2 Status: 7
11-13 20:48:27.829 1740 3976 D BiometricService/PreAuthInfo: getCanAuthenticateInternal Modality: 2 AuthenticatorStatus: 7
11-13 20:48:27.829 1740 3976 D AuthService: canAuthenticate, userId: 0, callingUserId: 0, authenticators: 255, result: 11
11-13 20:48:28.724 1740 3976 D BiometricService: canAuthenticate: User=0, Caller=0, Authenticators=255
11-13 20:48:28.724 1740 3976 D BiometricService/PreAuthInfo: Package: com.google.android.gms Sensor ID: 0 Modality: 2 Status: 7
11-13 20:48:28.725 1740 3976 D BiometricService/PreAuthInfo: getCanAuthenticateInternal Modality: 2 AuthenticatorStatus: 7
11-13 20:48:28.725 1740 3976 D AuthService: canAuthenticate, userId: 0, callingUserId: 0, authenticators: 255, result: 11
11-13 20:48:31.931 1740 3297 I ActivityManager: Killing 17068:com.android.vending/u0a114 (adj 975): empty for 2348s
11-13 20:48:32.005 1740 3297 I ActivityManager: Killing 17190:com.android.vending:background/u0a114 (adj 995): empty for 2273s
11-13 20:48:39.372 571 17624 I keystore2: keystore2::watchdog: Watchdog thread idle -> terminating. Have a great day.
11-13 20:48:54.143 1740 3976 D CompatibilityChangeReporter: Compat change id reported: 171306433; UID 10139; state: ENABLED
11-13 20:48:54.144 1740 3976 D CompatibilityChangeReporter: Compat change id reported: 218533173; UID 10139; state: ENABLED
11-13 20:48:54.276 1740 2061 D CompatibilityChangeReporter: Compat change id reported: 319212206; UID 1000; state: DISABLED
11-13 20:49:01.540 2182 7765 D PowerUI : can't show warning due to - plugged: true status unknown: false
11-13 20:49:04.738 1740 3297 D CompatibilityChangeReporter: Compat change id reported: 161252188; UID 10139; state: ENABLED
11-13 20:49:57.748 571 17647 I keystore2: keystore2::watchdog: Watchdog thread idle -> terminating. Have a great day.
11-13 20:50:01.547 2182 7975 D PowerUI : can't show warning due to - plugged: true status unknown: false
11-13 20:50:06.648 1740 1955 D ActivityManager: freezing 17411 com.google.android.apps.wallpaper
11-13 20:51:01.538 2182 10049 D PowerUI : can't show warning due to - plugged: true status unknown: false
11-13 20:53:01.545 2182 10106 D PowerUI : can't show warning due to - plugged: true status unknown: false
11-13 20:53:09.626 1740 1740 D CompatibilityChangeReporter: Compat change id reported: 135634846; UID 10096; state: DISABLED
11-13 20:53:09.627 1740 1740 D CompatibilityChangeReporter: Compat change id reported: 177438394; UID 10096; state: DISABLED
11-13 20:53:09.627 1740 1740 D CompatibilityChangeReporter: Compat change id reported: 135772972; UID 10096; state: DISABLED
11-13 20:53:09.627 1740 1740 D CompatibilityChangeReporter: Compat change id reported: 135754954; UID 10096; state: ENABLED
11-13 20:53:09.628 1740 1846 D CompatibilityChangeReporter: Compat change id reported: 143937733; UID 10096; state: ENABLED
11-13 20:53:09.637 1740 1740 D CompatibilityChangeReporter: Compat change id reported: 135634846; UID 10143; state: DISABLED
11-13 20:53:09.638 1740 1740 D CompatibilityChangeReporter: Compat change id reported: 177438394; UID 10143; state: DISABLED
11-13 20:53:09.638 1740 1740 D CompatibilityChangeReporter: Compat change id reported: 135772972; UID 10143; state: DISABLED
11-13 20:53:09.638 1740 1740 D CompatibilityChangeReporter: Compat change id reported: 135754954; UID 10143; state: ENABLED
11-13 20:53:09.648 1740 1740 D ActivityManager: sync unfroze 7491 com.google.android.apps.safetyhub
11-13 20:53:09.652 1740 1846 I ActivityManager: Start proc 17660:com.google.android.partnersetup/u0a96 for service {com.google.android.partnersetup/com.google.android.partnersetup.InstalledAppJobService}
11-13 20:53:09.653 1740 1846 D CompatibilityChangeReporter: Compat change id reported: 143937733; UID 10143; state: ENABLED
11-13 20:53:09.668 1740 1846 I ActivityManager: Start proc 17662:com.google.android.apps.turbo:aab/u0a143 for service {com.google.android.apps.turbo/com.google.android.libraries.smartbattery.appusage.library.InferAppBucketsJob}
11-13 20:53:09.673 1740 3297 D CompatibilityChangeReporter: Compat change id reported: 168419799; UID 10096; state: DISABLED
11-13 20:53:09.706 1740 3297 D CompatibilityChangeReporter: Compat change id reported: 194532703; UID 10096; state: ENABLED
11-13 20:53:09.729 1740 3297 W JobScheduler: Job didn't exist in JobStore: b1e4844 #u0a96/4096 com.google.android.partnersetup/.InstalledAppJobService
11-13 20:53:09.731 1740 3471 I ActivityManager: Killing 17275:com.android.providers.calendar/u0a64 (adj 985): empty for 2262s
11-13 20:53:09.873 1740 3297 D CompatibilityChangeReporter: Compat change id reported: 135634846; UID 10198; state: DISABLED
11-13 20:53:09.873 1740 3297 D CompatibilityChangeReporter: Compat change id reported: 177438394; UID 10198; state: DISABLED
11-13 20:53:09.873 1740 3297 D CompatibilityChangeReporter: Compat change id reported: 135772972; UID 10198; state: DISABLED
11-13 20:53:09.873 1740 3297 D CompatibilityChangeReporter: Compat change id reported: 135754954; UID 10198; state: ENABLED
11-13 20:53:09.874 1740 1846 D CompatibilityChangeReporter: Compat change id reported: 143937733; UID 10198; state: ENABLED
11-13 20:53:09.893 1740 1846 I ActivityManager: Start proc 17700:com.android.remoteprovisioner/u0a198 for service {com.android.remoteprovisioner/com.android.remoteprovisioner.service.GenerateRkpKeyService}
11-13 20:53:09.957 571 10243 E keystore2: keystore2::error: In generate_key_pair: Failed to get device for security level SecurityLevel(2)
11-13 20:53:09.957 571 10243 E keystore2:
11-13 20:53:09.957 571 10243 E keystore2: Caused by:
11-13 20:53:09.957 571 10243 E keystore2: 0: In get_dev_by_sec_level: Remote instance for requested security level not found.
11-13 20:53:09.957 571 10243 E keystore2: 1: Error::Rc(ResponseCode(4))
11-13 20:53:10.010 1740 3976 D CompatibilityChangeReporter: Compat change id reported: 194532703; UID 10143; state: ENABLED
11-13 20:53:10.016 1740 3976 I ActivityManager: Killing 17319:com.google.android.apps.gcs/u0a109 (adj 975): empty for 1985s
11-13 20:53:10.120 1740 3297 D CompatibilityChangeReporter: Compat change id reported: 135634846; UID 10139; state: DISABLED
11-13 20:53:10.121 1740 3297 D CompatibilityChangeReporter: Compat change id reported: 177438394; UID 10139; state: DISABLED
11-13 20:53:10.121 1740 3297 D CompatibilityChangeReporter: Compat change id reported: 135772972; UID 10139; state: DISABLED
11-13 20:53:10.121 1740 3297 D CompatibilityChangeReporter: Compat change id reported: 135754954; UID 10139; state: ENABLED
11-13 20:53:10.121 1740 1846 D CompatibilityChangeReporter: Compat change id reported: 143937733; UID 10139; state: ENABLED
11-13 20:53:10.142 1740 1846 I ActivityManager: Start proc 17721:com.google.process.gapps/u0a139 for content provider {com.google.android.gsf/com.google.android.gsf.settings.GoogleSettingsProvider}
11-13 20:53:10.178 1740 3297 D CompatibilityChangeReporter: Compat change id reported: 168419799; UID 10139; state: DISABLED
11-13 20:53:10.250 1740 3297 D CompatibilityChangeReporter: Compat change id reported: 201794303; UID 10139; state: ENABLED
11-13 20:53:10.281 1740 1845 D CompatibilityChangeReporter: Compat change id reported: 135634846; UID 10151; state: DISABLED
11-13 20:53:10.282 1740 1846 D CompatibilityChangeReporter: Compat change id reported: 143937733; UID 10151; state: ENABLED
11-13 20:53:10.302 1740 1846 I ActivityManager: Start proc 17734:com.android.chrome/u0a151 for broadcast {com.android.chrome/com.google.android.apps.chrome.rlz.RevenueStatsConfigurationUpdateReceiver}
11-13 20:53:10.335 1740 3297 D CompatibilityChangeReporter: Compat change id reported: 168419799; UID 10151; state: DISABLED
11-13 20:53:10.409 1740 3297 D CompatibilityChangeReporter: Compat change id reported: 161145287; UID 10151; state: DISABLED
11-13 20:53:16.726 1740 3297 D CompatibilityChangeReporter: Compat change id reported: 161145287; UID 10096; state: DISABLED
11-13 20:53:19.959 571 17687 I keystore2: keystore2::watchdog: Watchdog thread idle -> terminating. Have a great day.
11-13 20:53:21.441 1740 1955 D ActivityManager: freezing 17450 com.google.android.apps.work.clouddpc
11-13 20:54:01.539 2182 10114 D PowerUI : can't show warning due to - plugged: true status unknown: false
11-13 20:55:01.541 2182 10179 D PowerUI : can't show warning due to - plugged: true status unknown: false
11-13 20:56:01.556 2182 2602 D PowerUI : can't show warning due to - plugged: true status unknown: false
11-13 20:56:01.586 2182 6843 D PowerUI : can't show warning due to - plugged: true status unknown: false
11-13 20:56:03.442 1740 3976 D CompatibilityChangeReporter: Compat change id reported: 171306433; UID 10139; state: ENABLED
11-13 20:56:03.443 1740 3976 D CompatibilityChangeReporter: Compat change id reported: 218533173; UID 10139; state: ENABLED
11-13 20:56:03.511 1740 3297 D CompatibilityChangeReporter: Compat change id reported: 168419799; UID 10139; state: DISABLED
11-13 20:56:03.523 1740 3297 D CompatibilityChangeReporter: Compat change id reported: 161252188; UID 10139; state: ENABLED
11-13 20:57:01.543 2182 7765 D PowerUI : can't show warning due to - plugged: true status unknown: false
11-13 20:58:26.686 1740 1955 D ActivityManager: freezing 16146 com.google.android.apps.messaging
11-13 20:58:31.956 1740 1955 D ActivityManager: freezing 17588 com.google.android.gms.unstable
11-13 20:58:32.005 1740 1955 D ActivityManager: freezing 17528 android.process.acore
11-13 20:59:01.541 2182 7975 D PowerUI : can't show warning due to - plugged: true status unknown: false
11-13 21:00:00.021 1740 1845 D CompatibilityChangeReporter: Compat change id reported: 135634846; UID 10113; state: DISABLED
11-13 21:00:00.021 1740 1845 D CompatibilityChangeReporter: Compat change id reported: 177438394; UID 10113; state: DISABLED
11-13 21:00:00.021 1740 1845 D CompatibilityChangeReporter: Compat change id reported: 135772972; UID 10113; state: DISABLED
11-13 21:00:00.021 1740 1845 D CompatibilityChangeReporter: Compat change id reported: 135754954; UID 10113; state: ENABLED
11-13 21:00:00.022 1740 1846 D CompatibilityChangeReporter: Compat change id reported: 143937733; UID 10113; state: ENABLED
11-13 21:00:00.044 1740 1846 I ActivityManager: Start proc 17802:com.google.android.settings.intelligence/u0a113 for broadcast {com.google.android.settings.intelligence/com.google.android.settings.intelligence.modules.battery.impl.usage.PeriodicJobReceiver}
11-13 21:00:00.074 1740 4237 D CompatibilityChangeReporter: Compat change id reported: 168419799; UID 10113; state: DISABLED
11-13 21:00:00.146 1740 4237 D CompatibilityChangeReporter: Compat change id reported: 194532703; UID 10113; state: ENABLED
11-13 21:00:00.155 1740 4237 D CompatibilityChangeReporter: Compat change id reported: 161145287; UID 10113; state: DISABLED
11-13 21:00:00.158 1740 4237 D CompatibilityChangeReporter: Compat change id reported: 161252188; UID 1000; state: ENABLED
11-13 21:00:00.160 1740 3297 D CompatibilityChangeReporter: Compat change id reported: 171306433; UID 10113; state: ENABLED
11-13 21:00:00.160 1740 3297 D CompatibilityChangeReporter: Compat change id reported: 226439802; UID 10113; state: DISABLED
11-13 21:00:00.160 1740 3297 D CompatibilityChangeReporter: Compat change id reported: 218533173; UID 10113; state: ENABLED
11-13 21:00:00.162 1740 3297 D CompatibilityChangeReporter: Compat change id reported: 135634846; UID 1000; state: DISABLED
11-13 21:00:00.162 1740 3297 D CompatibilityChangeReporter: Compat change id reported: 177438394; UID 1000; state: DISABLED
11-13 21:00:00.162 1740 3297 D CompatibilityChangeReporter: Compat change id reported: 135772972; UID 1000; state: DISABLED
11-13 21:00:00.163 1740 3297 D CompatibilityChangeReporter: Compat change id reported: 135754954; UID 1000; state: ENABLED
