11-14 00:00:00.029 1740 1846 I ActivityManager: Start proc 21749:com.google.android.settings.intelligence/u0a113 for broadcast {com.google.android.settings.intelligence/com.google.android.settings.intelligence.modules.battery.impl.usage.PeriodicJobReceiver}
11-14 00:00:00.047 1740 3304 D CompatibilityChangeReporter: Compat change id reported: 171306433; UID 10139; state: ENABLED
11-14 00:00:00.047 1740 3304 D CompatibilityChangeReporter: Compat change id reported: 218533173; UID 10139; state: ENABLED
11-14 00:00:00.049 1740 3304 D CompatibilityChangeReporter: Compat change id reported: 168419799; UID 10113; state: DISABLED
11-14 00:00:00.121 1740 10524 D CompatibilityChangeReporter: Compat change id reported: 194532703; UID 10113; state: ENABLED
11-14 00:00:00.127 1740 3294 D CompatibilityChangeReporter: Compat change id reported: 161145287; UID 10113; state: DISABLED
11-14 00:00:00.130 1740 3294 D CompatibilityChangeReporter: Compat change id reported: 161252188; UID 1000; state: ENABLED
11-14 00:00:00.132 1740 3294 D CompatibilityChangeReporter: Compat change id reported: 171306433; UID 10113; state: ENABLED
11-14 00:00:00.132 1740 3294 D CompatibilityChangeReporter: Compat change id reported: 226439802; UID 10113; state: DISABLED
11-14 00:00:00.133 1740 3294 D CompatibilityChangeReporter: Compat change id reported: 218533173; UID 10113; state: ENABLED
11-14 00:00:00.134 1740 1740 D DevicePolicyManager: updateSystemUpdateFreezePeriodsRecord
11-14 00:00:00.249 1740 3304 W BroadcastQueue: Background execution not allowed: receiving Intent { act=android.intent.action.DATE_CHANGED flg=0x20200010 } to com.google.android.apps.turbo/com.google.android.libraries.smartbattery.appusage.features.TimeChangedReceiver
11-14 00:00:00.250 1740 1845 W BroadcastQueue: Background execution not allowed: receiving Intent { act=android.intent.action.DATE_CHANGED flg=0x20200010 } to com.google.android.calendar/com.android.calendar.widget.CalendarAppWidgetProvider
11-14 00:00:00.250 1740 1845 W BroadcastQueue: Background execution not allowed: receiving Intent { act=android.intent.action.DATE_CHANGED flg=0x20200010 } to com.google.android.calendar/.widgetmonth.MonthViewWidgetProvider
11-14 00:00:00.250 1740 1845 W BroadcastQueue: Background execution not allowed: receiving Intent { act=android.intent.action.DATE_CHANGED flg=0x20200010 } to com.google.android.calendar/com.google.android.apps.calendar.usernotifications.NotificationsRelevantUpdatesReceiver
11-14 00:00:00.250 1740 1845 W BroadcastQueue: Background execution not allowed: receiving Intent { act=android.intent.action.DATE_CHANGED flg=0x20200010 } to com.google.android.gms/.chimera.GmsIntentOperationService$PersistentTrustedReceiver
11-14 00:00:00.251 1740 1845 D CompatibilityChangeReporter: Compat change id reported: 135634846; UID 1000; state: DISABLED
11-14 00:00:00.251 1740 1845 D CompatibilityChangeReporter: Compat change id reported: 177438394; UID 1000; state: DISABLED
11-14 00:00:00.251 1740 1845 D CompatibilityChangeReporter: Compat change id reported: 135772972; UID 1000; state: DISABLED
11-14 00:00:00.251 1740 1845 D CompatibilityChangeReporter: Compat change id reported: 135754954; UID 1000; state: ENABLED
11-14 00:00:00.261 1740 1846 I ActivityManager: Start proc 21781:com.android.settings/1000 for broadcast {com.android.settings/com.google.android.settings.fuelgauge.BatteryBroadcastReceiver}
11-14 00:00:00.562 21781 21796 W PowerProfile: ambient.on is deprecated! Use ambient.on.display0 instead.
11-14 00:00:00.562 21781 21796 W PowerProfile: screen.on is deprecated! Use screen.on.display0 instead.
11-14 00:00:00.562 21781 21796 W PowerProfile: screen.full is deprecated! Use screen.full.display0 instead.
11-14 00:00:00.563 21781 21796 W ModemPowerProfile: getAverageBatteryDrainMaH called with unexpected key: 0x0, drain:0,RAT:DEFAULT
11-14 00:00:00.563 21781 21796 W ModemPowerProfile: getAverageBatteryDrainMaH called with unexpected key: 0x10000000, drain:IDLE,RAT:DEFAULT
11-14 00:00:00.563 21781 21796 W ModemPowerProfile: getAverageBatteryDrainMaH called with unexpected key: 0x20000000, drain:RX,RAT:DEFAULT
11-14 00:00:00.563 21781 21796 W ModemPowerProfile: getAverageBatteryDrainMaH called with unexpected key: 0x30000000, drain:TX,level:UNKNOWN(0x0)RAT:DEFAULT
11-14 00:00:00.563 21781 21796 W ModemPowerProfile: getAverageBatteryDrainMaH called with unexpected key: 0x31000000, drain:TX,level:UNKNOWN(0x1000000)RAT:DEFAULT
11-14 00:00:00.563 21781 21796 W ModemPowerProfile: getAverageBatteryDrainMaH called with unexpected key: 0x32000000, drain:TX,level:UNKNOWN(0x2000000)RAT:DEFAULT
11-14 00:00:00.563 21781 21796 W ModemPowerProfile: getAverageBatteryDrainMaH called with unexpected key: 0x33000000, drain:TX,level:UNKNOWN(0x3000000)RAT:DEFAULT
11-14 00:00:00.563 21781 21796 W ModemPowerProfile: getAverageBatteryDrainMaH called with unexpected key: 0x34000000, drain:TX,level:UNKNOWN(0x4000000)RAT:DEFAULT
11-14 00:00:00.951 1740 3304 D CompatibilityChangeReporter: Compat change id reported: 161145287; UID 1000; state: DISABLED
11-14 00:00:01.538 2182 10179 D PowerUI : can't show warning due to - plugged: true status unknown: false
11-14 00:00:52.886 1740 3304 D CompatibilityChangeReporter: Compat change id reported: 171306433; UID 1000; state: ENABLED
11-14 00:00:52.886 1740 3304 D CompatibilityChangeReporter: Compat change id reported: 218533173; UID 1000; state: ENABLED
11-14 00:01:01.547 2182 2602 D PowerUI : can't show warning due to - plugged: true status unknown: false
11-14 00:01:45.651 1740 1955 D ActivityManager: freezing 22823 com.google.android.ims
11-14 00:02:01.543 2182 6843 D PowerUI : can't show warning due to - plugged: true status unknown: false
11-14 00:02:01.550 1740 3294 I ActivityManager: Killing 21363:com.google.android.permissioncontroller/u0a211 (adj 965): empty for 1814s
11-14 00:03:01.550 2182 7765 D PowerUI : can't show warning due to - plugged: true status unknown: false
11-14 00:03:01.576 2182 7975 D PowerUI : can't show warning due to - plugged: true status unknown: false
11-14 00:04:01.529 2182 10049 D PowerUI : can't show warning due to - plugged: true status unknown: false
11-14 00:05:01.537 2182 10106 D PowerUI : can't show warning due to - plugged: true status unknown: false
11-14 00:05:50.281 1740 1845 D CompatibilityChangeReporter: Compat change id reported: 177438394; UID 10174; state: DISABLED
11-14 00:05:50.281 1740 1845 D CompatibilityChangeReporter: Compat change id reported: 135772972; UID 10174; state: DISABLED
11-14 00:05:50.281 1740 1845 D CompatibilityChangeReporter: Compat change id reported: 135754954; UID 10174; state: ENABLED
11-14 00:05:50.283 1740 1846 D CompatibilityChangeReporter: Compat change id reported: 143937733; UID 10174; state: ENABLED
11-14 00:05:50.296 1740 1740 D CompatibilityChangeReporter: Compat change id reported: 168419799; UID 10143; state: DISABLED
11-14 00:05:50.320 1740 1846 I ActivityManager: Start proc 21825:com.google.android.calendar/u0a174 for broadcast {com.google.android.calendar/com.google.android.apps.calendar.usernotificationsframework.common.UserNotificationBroadcastReceiver}
11-14 00:05:50.360 1740 3304 D CompatibilityChangeReporter: Compat change id reported: 168419799; UID 10174; state: DISABLED
11-14 00:05:50.454 1740 3304 D CompatibilityChangeReporter: Compat change id reported: 161145287; UID 10174; state: DISABLED
11-14 00:05:50.497 1740 3304 D CompatibilityChangeReporter: Compat change id reported: 135634846; UID 10064; state: DISABLED
11-14 00:05:50.497 1740 3304 D CompatibilityChangeReporter: Compat change id reported: 177438394; UID 10064; state: DISABLED
11-14 00:05:50.497 1740 3304 D CompatibilityChangeReporter: Compat change id reported: 135772972; UID 10064; state: DISABLED
11-14 00:05:50.498 1740 3304 D CompatibilityChangeReporter: Compat change id reported: 135754954; UID 10064; state: ENABLED
11-14 00:05:50.499 1740 1846 D CompatibilityChangeReporter: Compat change id reported: 143937733; UID 10064; state: ENABLED
11-14 00:05:50.513 1740 1846 I ActivityManager: Start proc 21860:com.android.providers.calendar/u0a64 for content provider {com.android.providers.calendar/com.android.providers.calendar.CalendarProvider2}
11-14 00:05:50.548 1740 3292 D CompatibilityChangeReporter: Compat change id reported: 194532703; UID 10174; state: ENABLED
11-14 00:05:50.558 1740 3304 D CompatibilityChangeReporter: Compat change id reported: 201794303; UID 10174; state: ENABLED
11-14 00:05:50.575 1740 3292 D CompatibilityChangeReporter: Compat change id reported: 161145287; UID 10064; state: DISABLED
11-14 00:05:50.584 1740 3304 D CompatibilityChangeReporter: Compat change id reported: 143231523; UID 10174; state: DISABLED
11-14 00:05:50.589 1740 3304 D CompatibilityChangeReporter: Compat change id reported: 143231523; UID 10064; state: DISABLED
11-14 00:05:50.683 1740 3292 D CompatibilityChangeReporter: Compat change id reported: 171306433; UID 10174; state: ENABLED
11-14 00:05:50.683 1740 3292 D CompatibilityChangeReporter: Compat change id reported: 218533173; UID 10174; state: ENABLED
11-14 00:05:50.933 1740 3304 E AppOps : Bad call made by uid 10139. Package "com.google.android.gms" does not belong to uid 10174.
11-14 00:06:00.967 1740 3292 E AppOps : Bad call made by uid 10139. Package "com.google.android.gms" does not belong to uid 10174.
11-14 00:06:01.546 2182 10114 D PowerUI : can't show warning due to - plugged: true status unknown: false
11-14 00:06:04.303 1740 1955 D ActivityManager: freezing 7491 com.google.android.apps.safetyhub
11-14 00:06:06.745 1740 1955 D ActivityManager: freezing 21671 com.android.remoteprovisioner
11-14 00:06:06.789 1740 1955 D ActivityManager: freezing 21635 com.google.android.partnersetup
11-14 00:06:06.792 1740 1955 D ActivityManager: freezing 21659 com.google.process.gapps
11-14 00:06:06.871 1740 1955 D ActivityManager: freezing 21693 com.android.chrome
11-14 00:06:28.103 1740 1844 I UsageStatsService: User[0] Flushing usage stats to disk
11-14 00:06:42.797 1740 1740 D CompatibilityChangeReporter: Compat change id reported: 168419799; UID 1000; state: DISABLED
11-14 00:06:58.940 1740 1955 D ActivityManager: freezing 21722 com.google.android.apps.turbo:aab
11-14 00:07:01.540 2182 10179 D PowerUI : can't show warning due to - plugged: true status unknown: false
11-14 00:08:01.547 2182 2602 D PowerUI : can't show warning due to - plugged: true status unknown: false
11-14 00:10:00.439 1740 1955 D ActivityManager: freezing 21781 com.android.settings
11-14 00:10:01.537 2182 6843 D PowerUI : can't show warning due to - plugged: true status unknown: false
11-14 00:10:10.120 1740 1955 D ActivityManager: freezing 21749 com.google.android.settings.intelligence
11-14 00:11:01.549 2182 7765 D PowerUI : can't show warning due to - plugged: true status unknown: false
11-14 00:12:01.537 2182 7975 D PowerUI : can't show warning due to - plugged: true status unknown: false
11-14 00:13:00.619 1740 4237 I ActivityManager: Killing 21406:com.google.android.apps.work.clouddpc/u0a169 (adj 935): empty for 1806s
11-14 00:13:01.547 2182 10049 D PowerUI : can't show warning due to - plugged: true status unknown: false
11-14 00:13:37.263 1740 1740 D ActivityManager: sync unfroze 20242 com.google.android.apps.messaging
11-14 00:13:37.278 1740 1740 D ActivityManager: sync unfroze 7491 com.google.android.apps.safetyhub
11-14 00:15:01.533 2182 10106 D PowerUI : can't show warning due to - plugged: true status unknown: false
11-14 00:15:51.616 1740 1955 D ActivityManager: freezing 21501 com.google.process.gservices
11-14 00:15:51.622 1740 1955 D ActivityManager: freezing 21860 com.android.providers.calendar
11-14 00:16:01.545 2182 10114 D PowerUI : can't show warning due to - plugged: true status unknown: false
11-14 00:17:01.541 2182 10179 D PowerUI : can't show warning due to - plugged: true status unknown: false
11-14 00:18:01.541 2182 2602 D PowerUI : can't show warning due to - plugged: true status unknown: false
11-14 00:18:45.553 1740 10527 I ActivityManager: Killing 21531:com.google.android.apps.carrier.carrierwifi/u0a105 (adj 935): empty for 1823s
11-14 00:19:01.536 2182 6843 D PowerUI : can't show warning due to - plugged: true status unknown: false
11-14 00:19:38.236 1740 10527 D ActivityManager: sync unfroze 21501 com.google.process.gservices
11-14 00:19:42.482 1740 1845 D ActivityManager: sync unfroze 21722 com.google.android.apps.turbo:aab
11-14 00:19:42.592 1740 10527 D CompatibilityChangeReporter: Compat change id reported: 161252188; UID 10200; state: ENABLED
11-14 00:19:42.592 1740 10527 D CompatibilityChangeReporter: Compat change id reported: 135634846; UID 10200; state: DISABLED
11-14 00:19:42.593 1740 10527 D CompatibilityChangeReporter: Compat change id reported: 177438394; UID 10200; state: DISABLED
11-14 00:19:42.593 1740 10527 D CompatibilityChangeReporter: Compat change id reported: 135772972; UID 10200; state: DISABLED
11-14 00:19:42.593 1740 10527 D CompatibilityChangeReporter: Compat change id reported: 135754954; UID 10200; state: ENABLED
11-14 00:19:42.593 1740 1846 D CompatibilityChangeReporter: Compat change id reported: 143937733; UID 10200; state: ENABLED
11-14 00:19:42.606 1740 1846 I ActivityManager: Start proc 22015:com.google.android.turboadapter/u0a200 for service {com.google.android.turboadapter/com.google.android.turboadapter.GoogleBatteryService}
11-14 00:19:42.625 1740 1787 D CompatibilityChangeReporter: Compat change id reported: 168419799; UID 10200; state: DISABLED
11-14 00:19:42.731 1740 1787 D CompatibilityChangeReporter: Compat change id reported: 172251878; UID 10139; state: ENABLED
11-14 00:19:43.118 14440 21396 W PackageParser: Unknown element under : queries at /data/user_de/0/com.google.android.gms/app_chimera/m/00000592/dl-AdsFdrDynamite.integ_243220703100000.apk Binary XML file line #15
11-14 00:19:43.122 14440 21396 W PackageParser: Unknown element under : queries at /data/user_de/0/com.google.android.gms/app_chimera/m/0000062a/dl-AdsFdrDynamite.integ_243799204100000.apk Binary XML file line #15
11-14 00:19:57.900 1740 2535 I ActivityManager: Killing 21568:com.google.android.apps.gcs/u0a109 (adj 925): empty for 1800s
11-14 00:20:01.547 2182 7765 D PowerUI : can't show warning due to - plugged: true status unknown: false
11-14 00:20:13.243 1740 3288 D ActivityManager: sync unfroze 21860 com.android.providers.calendar
11-14 00:20:14.317 1740 4237 I ContentCaptureManagerService: Data share request accepted by Content Capture service
11-14 00:20:36.029 1740 2535 W JobScheduler: Job didn't exist in JobStore: fac9299 #u0a135/37529 com.google.android.apps.wellbeing/androidx.work.impl.background.systemjob.SystemJobService
11-14 00:21:01.536 2182 7975 D PowerUI : can't show warning due to - plugged: true status unknown: false
11-14 00:23:37.351 1740 1955 D ActivityManager: freezing 21825 com.google.android.calendar
11-14 00:23:37.361 1740 1955 D ActivityManager: freezing 7491 com.google.android.apps.safetyhub
11-14 00:25:01.538 2182 10049 D PowerUI : can't show warning due to - plugged: true status unknown: false
11-14 00:25:14.321 1740 1740 I ContentCaptureManagerService: Content capture data sharing session terminated successfully for package 'com.google.android.googlequicksearchbox'
11-14 00:26:01.541 2182 10106 D PowerUI : can't show warning due to - plugged: true status unknown: false
11-14 00:26:28.256 1740 1844 I UsageStatsService: User[0] Flushing usage stats to disk
11-14 00:26:41.566 1740 1740 I ActivityManager: Killing 21635:com.google.android.partnersetup/u0a96 (adj 925): empty for 1834s
11-14 00:26:41.568 1740 1740 I ActivityManager: Killing 21671:com.android.remoteprovisioner/u0a198 (adj 955): empty for 1834s
11-14 00:26:41.569 1740 1740 I ActivityManager: Killing 21659:com.google.process.gapps/u0a139 (adj 955): empty for 1834s
11-14 00:26:41.626 1740 3288 I ActivityManager: Killing 21693:com.android.chrome/u0a151 (adj 945): empty for 1834s
11-14 00:26:41.667 1740 2049 D CompatibilityChangeReporter: Compat change id reported: 218533173; UID 10151; state: ENABLED
11-14 00:27:01.538 2182 10114 D PowerUI : can't show warning due to - plugged: true status unknown: false
11-14 00:29:42.595 1740 1955 D ActivityManager: freezing 21722 com.google.android.apps.turbo:aab
11-14 00:29:42.601 1740 1955 D ActivityManager: freezing 20242 com.google.android.apps.messaging
11-14 00:29:42.661 1740 1955 D ActivityManager: freezing 22015 com.google.android.turboadapter
11-14 00:30:04.133 1740 1740 D ActivityManager: sync unfroze 7491 com.google.android.apps.safetyhub
11-14 00:30:13.145 1740 1955 D ActivityManager: freezing 21501 com.google.process.gservices
11-14 00:31:01.537 2182 10179 D PowerUI : can't show warning due to - plugged: true status unknown: false
11-14 00:32:01.542 2182 2602 D PowerUI : can't show warning due to - plugged: true status unknown: false
11-14 00:33:01.541 2182 6843 D PowerUI : can't show warning due to - plugged: true status unknown: false
11-14 00:34:01.540 2182 7765 D PowerUI : can't show warning due to - plugged: true status unknown: false
11-14 00:35:01.541 2182 7975 D PowerUI : can't show warning due to - plugged: true status unknown: false
11-14 00:36:01.538 2182 10049 D PowerUI : can't show warning due to - plugged: true status unknown: false
11-14 00:36:41.703 1740 1955 D ActivityManager: freezing 21860 com.android.providers.calendar
11-14 00:37:01.545 2182 10106 D PowerUI : can't show warning due to - plugged: true status unknown: false
11-14 00:38:01.545 2182 10114 D PowerUI : can't show warning due to - plugged: true status unknown: false
11-14 00:38:01.578 2182 10179 D PowerUI : can't show warning due to - plugged: true status unknown: false
11-14 00:39:01.555 2182 2602 D PowerUI : can't show warning due to - plugged: true status unknown: false
11-14 00:40:01.541 2182 6843 D PowerUI : can't show warning due to - plugged: true status unknown: false
11-14 00:40:04.275 1740 1955 D ActivityManager: freezing 7491 com.google.android.apps.safetyhub
11-14 00:41:01.541 2182 7765 D PowerUI : can't show warning due to - plugged: true status unknown: false
11-14 00:42:01.535 2182 7975 D PowerUI : can't show warning due to - plugged: true status unknown: false
11-14 00:43:01.539 2182 10049 D PowerUI : can't show warning due to - plugged: true status unknown: false
11-14 00:44:01.548 2182 10106 D PowerUI : can't show warning due to - plugged: true status unknown: false
11-14 00:46:01.538 2182 10114 D PowerUI : can't show warning due to - plugged: true status unknown: false
11-14 00:46:16.951 1740 3288 D CompatibilityChangeReporter: Compat change id reported: 161252188; UID 10211; state: ENABLED
11-14 00:46:16.955 1740 3288 D CompatibilityChangeReporter: Compat change id reported: 135634846; UID 10211; state: DISABLED
11-14 00:46:16.955 1740 3288 D CompatibilityChangeReporter: Compat change id reported: 177438394; UID 10211; state: DISABLED
11-14 00:46:16.955 1740 3288 D CompatibilityChangeReporter: Compat change id reported: 135772972; UID 10211; state: DISABLED
11-14 00:46:16.956 1740 3288 D CompatibilityChangeReporter: Compat change id reported: 135754954; UID 10211; state: ENABLED
11-14 00:46:16.957 1740 1846 D CompatibilityChangeReporter: Compat change id reported: 143937733; UID 10211; state: ENABLED
11-14 00:46:17.005 1740 1846 W ActivityManager: Slow operation: 51ms so far, now at startProcess: returned from zygote!
11-14 00:46:17.006 1740 1846 W ActivityManager: Slow operation: 52ms so far, now at startProcess: done updating battery stats
11-14 00:46:17.006 1740 1846 W ActivityManager: Slow operation: 52ms so far, now at startProcess: building log message
11-14 00:46:17.006 1740 1846 I ActivityManager: Start proc 22123:com.google.android.permissioncontroller/u0a211 for service {com.google.android.permissioncontroller/com.android.permissioncontroller.permission.service.v33.SafetyCenterQsTileService}
11-14 00:46:17.006 1740 1846 W ActivityManager: Slow operation: 52ms so far, now at startProcess: starting to update pids map
11-14 00:46:17.006 1740 1846 W ActivityManager: Slow operation: 53ms so far, now at startProcess: done updating pids map
11-14 00:46:17.039 1740 3288 D CompatibilityChangeReporter: Compat change id reported: 168419799; UID 10211; state: DISABLED
11-14 00:46:17.132 1740 3288 I ActivityManager: Killing 21781:com.android.settings/1000 (adj 985): empty for 2776s
11-14 00:46:28.397 1740 1844 I UsageStatsService: User[0] Flushing usage stats to disk
11-14 00:46:42.273 1740 1740 D CompatibilityChangeReporter: Compat change id reported: 135634846; UID 10169; state: DISABLED
11-14 00:46:42.273 1740 1740 D CompatibilityChangeReporter: Compat change id reported: 177438394; UID 10169; state: DISABLED
11-14 00:46:42.273 1740 1740 D CompatibilityChangeReporter: Compat change id reported: 135772972; UID 10169; state: DISABLED
11-14 00:46:42.273 1740 1740 D CompatibilityChangeReporter: Compat change id reported: 135754954; UID 10169; state: ENABLED
11-14 00:46:42.274 1740 1846 D CompatibilityChangeReporter: Compat change id reported: 143937733; UID 10169; state: ENABLED
11-14 00:46:42.288 1740 1846 I ActivityManager: Start proc 22140:com.google.android.apps.work.clouddpc/u0a169 for service {com.google.android.apps.work.clouddpc/com.google.android.apps.work.clouddpc.base.services.HealthCheckJobService}
11-14 00:46:42.300 1740 1786 D ActivityManager: sync unfroze 20242 com.google.android.apps.messaging
11-14 00:46:42.307 1740 1786 D ActivityManager: sync unfroze 7491 com.google.android.apps.safetyhub
11-14 00:46:42.320 1740 3297 D CompatibilityChangeReporter: Compat change id reported: 168419799; UID 10169; state: DISABLED
11-14 00:46:42.503 1740 2535 D CompatibilityChangeReporter: Compat change id reported: 161145287; UID 10169; state: DISABLED
11-14 00:46:42.511 1740 10519 D CompatibilityChangeReporter: Compat change id reported: 194532703; UID 10169; state: ENABLED
11-14 00:46:42.520 1740 3288 I ActivityManager: Killing 21749:com.google.android.settings.intelligence/u0a113 (adj 985): empty for 2799s
11-14 00:46:42.551 22140 22159 I ActivityThread: Removing dead content provider:android.content.ContentProviderProxy@911b9a9
11-14 00:46:42.552 1740 3976 I ActivityManager: Process com.google.process.gservices (pid 21501) early provider death
11-14 00:46:42.552 1740 3976 I ActivityManager: Process com.google.process.gservices (pid 21501) has died: cch+35 CEM
11-14 00:46:42.580 1740 3302 V ActivityManager: Got obituary of 21501:com.google.process.gservices
11-14 00:46:43.499 1740 2065 D CompatibilityChangeReporter: Compat change id reported: 135634846; UID 10068; state: DISABLED
11-14 00:46:43.499 1740 2065 D CompatibilityChangeReporter: Compat change id reported: 177438394; UID 10068; state: DISABLED
11-14 00:46:43.499 1740 2065 D CompatibilityChangeReporter: Compat change id reported: 135772972; UID 10068; state: DISABLED
11-14 00:46:43.499 1740 2065 D CompatibilityChangeReporter: Compat change id reported: 135754954; UID 10068; state: ENABLED
11-14 00:46:43.500 1740 1846 D CompatibilityChangeReporter: Compat change id reported: 143937733; UID 10068; state: ENABLED
11-14 00:46:43.523 1740 1846 I ActivityManager: Start proc 22222:android.process.acore/u0a68 for content provider {com.android.providers.contacts/com.android.providers.contacts.ContactsProvider2}
11-14 00:46:43.561 1740 3302 D CompatibilityChangeReporter: Compat change id reported: 168419799; UID 10068; state: DISABLED
11-14 00:46:43.603 1740 3979 D CompatibilityChangeReporter: Compat change id reported: 161145287; UID 10068; state: DISABLED
11-14 00:46:43.680 1740 3979 D CompatibilityChangeReporter: Compat change id reported: 201794303; UID 10068; state: ENABLED
11-14 00:46:49.516 1740 3302 D CompatibilityChangeReporter: Compat change id reported: 135634846; UID 10139; state: DISABLED
11-14 00:46:49.516 1740 3302 D CompatibilityChangeReporter: Compat change id reported: 177438394; UID 10139; state: DISABLED
11-14 00:46:49.516 1740 3302 D CompatibilityChangeReporter: Compat change id reported: 135772972; UID 10139; state: DISABLED
11-14 00:46:49.516 1740 3302 D CompatibilityChangeReporter: Compat change id reported: 135754954; UID 10139; state: ENABLED
11-14 00:46:49.517 1740 1846 D CompatibilityChangeReporter: Compat change id reported: 143937733; UID 10139; state: ENABLED
11-14 00:46:49.549 1740 1846 I ActivityManager: Start proc 22243:com.google.process.gservices/u0a139 for content provider {com.google.android.gsf/com.google.android.gsf.gservices.GservicesProvider}
11-14 00:46:49.584 1740 3302 D CompatibilityChangeReporter: Compat change id reported: 168419799; UID 10139; state: DISABLED
11-14 00:46:49.640 1740 3302 W ActivityManager: Unable to start service Intent { act=com.google.android.gms.gservices.START pkg=com.google.android.gms } U=0: not found
11-14 00:46:49.641 1740 3302 W ActivityManager: Unbind failed: could not find connection for android.os.BinderProxy@874aff
11-14 00:48:01.542 2182 10179 D PowerUI : can't show warning due to - plugged: true status unknown: false
11-14 00:48:01.554 1740 3294 D CompatibilityChangeReporter: Compat change id reported: 161145287; UID 10139; state: DISABLED
11-14 00:49:01.540 2182 2602 D PowerUI : can't show warning due to - plugged: true status unknown: false
11-14 00:49:07.355 1740 10527 D CompatibilityChangeReporter: Compat change id reported: 161252188; UID 10139; state: ENABLED
11-14 00:51:01.545 2182 6843 D PowerUI : can't show warning due to - plugged: true status unknown: false
11-14 00:51:01.585 2182 7765 D PowerUI : can't show warning due to - plugged: true status unknown: false
11-14 00:52:01.544 2182 7975 D PowerUI : can't show warning due to - plugged: true status unknown: false
11-14 00:54:01.548 2182 10049 D PowerUI : can't show warning due to - plugged: true status unknown: false
11-14 00:55:01.535 2182 10106 D PowerUI : can't show warning due to - plugged: true status unknown: false
11-14 00:56:01.542 2182 10114 D PowerUI : can't show warning due to - plugged: true status unknown: false
11-14 00:56:42.443 1740 1955 D ActivityManager: freezing 7491 com.google.android.apps.safetyhub
11-14 00:56:42.454 1740 1955 D ActivityManager: freezing 20242 com.google.android.apps.messaging
11-14 00:56:42.531 1740 1955 D ActivityManager: freezing 22140 com.google.android.apps.work.clouddpc
11-14 00:56:47.008 1740 1955 D ActivityManager: freezing 22123 com.google.android.permissioncontroller
11-14 00:56:49.600 1740 1955 D ActivityManager: freezing 22243 com.google.process.gservices
11-14 00:57:01.527 2182 10179 D PowerUI : can't show warning due to - plugged: true status unknown: false
11-14 00:58:01.575 2182 2602 D PowerUI : can't show warning due to - plugged: true status unknown: false
11-14 01:00:00.021 1740 1845 D CompatibilityChangeReporter: Compat change id reported: 135634846; UID 10113; state: DISABLED
11-14 01:00:00.021 1740 1845 D CompatibilityChangeReporter: Compat change id reported: 177438394; UID 10113; state: DISABLED
11-14 01:00:00.021 1740 1845 D CompatibilityChangeReporter: Compat change id reported: 135772972; UID 10113; state: DISABLED
11-14 01:00:00.021 1740 1845 D CompatibilityChangeReporter: Compat change id reported: 135754954; UID 10113; state: ENABLED
11-14 01:00:00.023 1740 1846 D CompatibilityChangeReporter: Compat change id reported: 143937733; UID 10113; state: ENABLED
11-14 01:00:00.049 1740 1846 I ActivityManager: Start proc 22296:com.google.android.settings.intelligence/u0a113 for broadcast {com.google.android.settings.intelligence/com.google.android.settings.intelligence.modules.battery.impl.usage.PeriodicJobReceiver}
11-14 01:00:00.080 1740 2535 D CompatibilityChangeReporter: Compat change id reported: 168419799; UID 10113; state: DISABLED
11-14 01:00:00.137 1740 3979 D ActivityManager: sync unfroze 22243 com.google.process.gservices
11-14 01:00:00.146 1740 3979 D CompatibilityChangeReporter: Compat change id reported: 194532703; UID 10113; state: ENABLED
11-14 01:00:00.155 1740 3979 D CompatibilityChangeReporter: Compat change id reported: 161145287; UID 10113; state: DISABLED
11-14 01:00:00.157 1740 2535 D CompatibilityChangeReporter: Compat change id reported: 161252188; UID 1000; state: ENABLED
11-14 01:00:00.159 1740 2535 D CompatibilityChangeReporter: Compat change id reported: 171306433; UID 10113; state: ENABLED
11-14 01:00:00.160 1740 2535 D CompatibilityChangeReporter: Compat change id reported: 226439802; UID 10113; state: DISABLED
11-14 01:00:00.160 1740 2535 D CompatibilityChangeReporter: Compat change id reported: 218533173; UID 10113; state: ENABLED
11-14 01:00:00.163 1740 2535 D CompatibilityChangeReporter: Compat change id reported: 135634846; UID 1000; state: DISABLED
11-14 01:00:00.163 1740 2535 D CompatibilityChangeReporter: Compat change id reported: 177438394; UID 1000; state: DISABLED
11-14 01:00:00.163 1740 2535 D CompatibilityChangeReporter: Compat change id reported: 135772972; UID 1000; state: DISABLED
11-14 01:00:00.163 1740 2535 D CompatibilityChangeReporter: Compat change id reported: 135754954; UID 1000; state: ENABLED
11-14 01:00:00.178 1740 1846 I ActivityManager: Start proc 22320:com.android.settings/1000 for broadcast {com.android.settings/com.google.android.settings.fuelgauge.BatteryBroadcastReceiver}
11-14 01:00:00.195 1740 3979 I ActivityManager: Killing 21825:com.google.android.calendar/u0a174 (adj 965): empty for 2782s
11-14 01:00:00.245 1740 3979 I ActivityManager: Killing 21722:com.google.android.apps.turbo:aab/u0a143 (adj 995): empty for 2417s
11-14 01:00:00.279 1740 10501 I ActivityManager: Killing 22015:com.google.android.turboadapter/u0a200 (adj 985): empty for 2417s
11-14 01:00:00.515 22320 22336 W PowerProfile: ambient.on is deprecated! Use ambient.on.display0 instead.
11-14 01:00:00.515 22320 22336 W PowerProfile: screen.on is deprecated! Use screen.on.display0 instead.
11-14 01:00:00.515 22320 22336 W PowerProfile: screen.full is deprecated! Use screen.full.display0 instead.
11-14 01:00:00.515 22320 22336 W ModemPowerProfile: getAverageBatteryDrainMaH called with unexpected key: 0x0, drain:0,RAT:DEFAULT
11-14 01:00:00.515 22320 22336 W ModemPowerProfile: getAverageBatteryDrainMaH called with unexpected key: 0x10000000, drain:IDLE,RAT:DEFAULT
11-14 01:00:00.515 22320 22336 W ModemPowerProfile: getAverageBatteryDrainMaH called with unexpected key: 0x20000000, drain:RX,RAT:DEFAULT
11-14 01:00:00.516 22320 22336 W ModemPowerProfile: getAverageBatteryDrainMaH called with unexpected key: 0x30000000, drain:TX,level:UNKNOWN(0x0)RAT:DEFAULT
11-14 01:00:00.516 22320 22336 W ModemPowerProfile: getAverageBatteryDrainMaH called with unexpected key: 0x31000000, drain:TX,level:UNKNOWN(0x1000000)RAT:DEFAULT
11-14 01:00:00.516 22320 22336 W ModemPowerProfile: getAverageBatteryDrainMaH called with unexpected key: 0x32000000, drain:TX,level:UNKNOWN(0x2000000)RAT:DEFAULT
11-14 01:00:00.516 22320 22336 W ModemPowerProfile: getAverageBatteryDrainMaH called with unexpected key: 0x33000000, drain:TX,level:UNKNOWN(0x3000000)RAT:DEFAULT
11-14 01:00:00.516 22320 22336 W ModemPowerProfile: getAverageBatteryDrainMaH called with unexpected key: 0x34000000, drain:TX,level:UNKNOWN(0x4000000)RAT:DEFAULT
11-14 01:00:00.911 1740 10501 D CompatibilityChangeReporter: Compat change id reported: 161145287; UID 1000; state: DISABLED
11-14 01:00:01.542 2182 6843 D PowerUI : can't show warning due to - plugged: true status unknown: false
11-14 01:00:52.877 1740 10501 D CompatibilityChangeReporter: Compat change id reported: 171306433; UID 1000; state: ENABLED
11-14 01:00:52.878 1740 10501 D CompatibilityChangeReporter: Compat change id reported: 218533173; UID 1000; state: ENABLED
11-14 01:00:53.115 1740 10501 D CompatibilityChangeReporter: Compat change id reported: 171306433; UID 10139; state: ENABLED
11-14 01:00:53.116 1740 10501 D CompatibilityChangeReporter: Compat change id reported: 218533173; UID 10139; state: ENABLED
11-14 01:00:53.149 1740 10501 D CompatibilityChangeReporter: Compat change id reported: 168419799; UID 10139; state: DISABLED
11-14 01:01:01.534 2182 7765 D PowerUI : can't show warning due to - plugged: true status unknown: false
11-14 01:01:34.710 1740 1844 D IntervalStats: Unable to parse usage stats packages: [519]
11-14 01:01:34.712 1740 1844 D IntervalStats: Unable to parse event packages: [519]
11-14 01:01:34.745 1740 1844 D IntervalStats: Unable to parse usage stats packages: [519]
11-14 01:01:34.746 1740 1844 D IntervalStats: Unable to parse event packages: [519]
11-14 01:01:34.754 1740 1844 D IntervalStats: Unable to parse usage stats packages: [519]
11-14 01:01:34.754 1740 1844 D IntervalStats: Unable to parse event packages: [519]
11-14 01:01:34.761 1740 1844 D IntervalStats: Unable to parse usage stats packages: [519]
11-14 01:02:01.537 2182 7975 D PowerUI : can't show warning due to - plugged: true status unknown: false
11-14 01:02:42.650 1740 1740 D ActivityManager: sync unfroze 7491 com.google.android.apps.safetyhub
11-14 01:02:42.664 1740 1740 D CompatibilityChangeReporter: Compat change id reported: 135634846; UID 10096; state: DISABLED
11-14 01:02:42.664 1740 1740 D CompatibilityChangeReporter: Compat change id reported: 177438394; UID 10096; state: DISABLED
11-14 01:02:42.664 1740 1740 D CompatibilityChangeReporter: Compat change id reported: 135772972; UID 10096; state: DISABLED
11-14 01:02:42.664 1740 1740 D CompatibilityChangeReporter: Compat change id reported: 135754954; UID 10096; state: ENABLED
11-14 01:02:42.665 1740 1846 D CompatibilityChangeReporter: Compat change id reported: 143937733; UID 10096; state: ENABLED
11-14 01:02:42.668 1740 1740 D CompatibilityChangeReporter: Compat change id reported: 135634846; UID 10143; state: DISABLED
11-14 01:02:42.668 1740 1740 D CompatibilityChangeReporter: Compat change id reported: 177438394; UID 10143; state: DISABLED
11-14 01:02:42.669 1740 1740 D CompatibilityChangeReporter: Compat change id reported: 135772972; UID 10143; state: DISABLED
11-14 01:02:42.669 1740 1740 D CompatibilityChangeReporter: Compat change id reported: 135754954; UID 10143; state: ENABLED
11-14 01:02:42.685 1740 1846 I ActivityManager: Start proc 22358:com.google.android.partnersetup/u0a96 for service {com.google.android.partnersetup/com.google.android.partnersetup.InstalledAppJobService}
11-14 01:02:42.686 1740 1846 D CompatibilityChangeReporter: Compat change id reported: 143937733; UID 10143; state: ENABLED
11-14 01:02:42.694 1740 1846 I ActivityManager: Start proc 22359:com.google.android.apps.turbo:aab/u0a143 for service {com.google.android.apps.turbo/com.google.android.libraries.smartbattery.appusage.library.InferAppBucketsJob}
11-14 01:02:42.700 1740 1786 D CompatibilityChangeReporter: Compat change id reported: 168419799; UID 10096; state: DISABLED
11-14 01:02:42.730 1740 3979 D CompatibilityChangeReporter: Compat change id reported: 194532703; UID 10096; state: ENABLED
11-14 01:02:42.819 1740 3979 W JobScheduler: Job didn't exist in JobStore: c1e57b5 #u0a96/4096 com.google.android.partnersetup/.InstalledAppJobService
11-14 01:02:42.906 1740 3304 D CompatibilityChangeReporter: Compat change id reported: 161252188; UID 10198; state: ENABLED
11-14 01:02:42.907 1740 3304 D CompatibilityChangeReporter: Compat change id reported: 135634846; UID 10198; state: DISABLED
11-14 01:02:42.907 1740 3304 D CompatibilityChangeReporter: Compat change id reported: 177438394; UID 10198; state: DISABLED
11-14 01:02:42.907 1740 3304 D CompatibilityChangeReporter: Compat change id reported: 135772972; UID 10198; state: DISABLED
11-14 01:02:42.907 1740 3304 D CompatibilityChangeReporter: Compat change id reported: 135754954; UID 10198; state: ENABLED
11-14 01:02:42.908 1740 1846 D CompatibilityChangeReporter: Compat change id reported: 143937733; UID 10198; state: ENABLED
11-14 01:02:42.916 1740 1846 I ActivityManager: Start proc 22398:com.android.remoteprovisioner/u0a198 for service {com.android.remoteprovisioner/com.android.remoteprovisioner.service.GenerateRkpKeyService}
11-14 01:02:42.930 1740 10501 D CompatibilityChangeReporter: Compat change id reported: 168419799; UID 10198; state: DISABLED
11-14 01:02:42.968 571 10243 E keystore2: keystore2::error: In generate_key_pair: Failed to get device for security level SecurityLevel(2)
11-14 01:02:42.968 571 10243 E keystore2:
11-14 01:02:42.968 571 10243 E keystore2: Caused by:
11-14 01:02:42.968 571 10243 E keystore2: 0: In get_dev_by_sec_level: Remote instance for requested security level not found.
11-14 01:02:42.968 571 10243 E keystore2: 1: Error::Rc(ResponseCode(4))
11-14 01:02:43.032 1740 1786 D CompatibilityChangeReporter: Compat change id reported: 319212206; UID 10103; state: DISABLED
11-14 01:02:43.099 1740 3979 D CompatibilityChangeReporter: Compat change id reported: 218533173; UID 10211; state: ENABLED
11-14 01:02:43.140 1740 1786 D CompatibilityChangeReporter: Compat change id reported: 194532703; UID 10143; state: ENABLED
11-14 01:02:43.146 1740 3979 W JobScheduler: Job didn't exist in JobStore: 35cd2f9 #u0a143/106 com.google.android.apps.turbo/com.google.android.libraries.smartbattery.appusage.library.InferAppBucketsJob
11-14 01:02:43.152 1740 1786 D CompatibilityChangeReporter: Compat change id reported: 135634846; UID 10139; state: DISABLED
11-14 01:02:43.152 1740 1786 D CompatibilityChangeReporter: Compat change id reported: 177438394; UID 10139; state: DISABLED
11-14 01:02:43.152 1740 1786 D CompatibilityChangeReporter: Compat change id reported: 135772972; UID 10139; state: DISABLED
11-14 01:02:43.152 1740 1786 D CompatibilityChangeReporter: Compat change id reported: 135754954; UID 10139; state: ENABLED
11-14 01:02:43.153 1740 1846 D CompatibilityChangeReporter: Compat change id reported: 143937733; UID 10139; state: ENABLED
11-14 01:02:43.166 1740 1846 I ActivityManager: Start proc 22434:com.google.process.gapps/u0a139 for content provider {com.google.android.gsf/com.google.android.gsf.settings.GoogleSettingsProvider}
11-14 01:02:43.245 1740 1786 D CompatibilityChangeReporter: Compat change id reported: 161145287; UID 10139; state: DISABLED
11-14 01:02:43.253 1740 1786 D CompatibilityChangeReporter: Compat change id reported: 201794303; UID 10139; state: ENABLED
11-14 01:02:43.288 1740 1845 D CompatibilityChangeReporter: Compat change id reported: 135634846; UID 10151; state: DISABLED
11-14 01:02:43.289 1740 1846 D CompatibilityChangeReporter: Compat change id reported: 143937733; UID 10151; state: ENABLED
11-14 01:02:43.306 1740 1846 I ActivityManager: Start proc 22447:com.android.chrome/u0a151 for broadcast {com.android.chrome/com.google.android.apps.chrome.rlz.RevenueStatsConfigurationUpdateReceiver}
11-14 01:02:43.307 1740 3979 I ActivityManager: Killing 21860:com.android.providers.calendar/u0a64 (adj 985): empty for 2550s
11-14 01:02:43.336 1740 1786 D CompatibilityChangeReporter: Compat change id reported: 168419799; UID 10151; state: DISABLED
11-14 01:02:43.407 1740 3979 D CompatibilityChangeReporter: Compat change id reported: 161145287; UID 10151; state: DISABLED
11-14 01:02:43.762 1740 2050 D CompatibilityChangeReporter: Compat change id reported: 74210811; UID 1000; state: DISABLED
11-14 01:02:49.751 1740 3979 D CompatibilityChangeReporter: Compat change id reported: 161145287; UID 10096; state: DISABLED
11-14 01:02:52.970 571 22385 I keystore2: keystore2::watchdog: Watchdog thread idle -> terminating. Have a great day.
11-14 01:03:01.549 2182 10049 D PowerUI : can't show warning due to - plugged: true status unknown: false
11-14 01:04:01.540 2182 10106 D PowerUI : can't show warning due to - plugged: true status unknown: false
11-14 01:05:01.542 2182 10114 D PowerUI : can't show warning due to - plugged: true status unknown: false
11-14 01:05:01.582 2182 10179 D PowerUI : can't show warning due to - plugged: true status unknown: false
11-14 01:06:01.536 2182 2602 D PowerUI : can't show warning due to - plugged: true status unknown: false
11-14 01:06:28.479 1740 1844 I UsageStatsService: User[0] Flushing usage stats to disk
11-14 01:07:01.537 2182 6843 D PowerUI : can't show warning due to - plugged: true status unknown: false
11-14 01:07:57.134 1740 1740 D CompatibilityChangeReporter: Compat change id reported: 168419799; UID 1000; state: DISABLED
11-14 01:07:57.141 1740 1740 D ActivityManager: sync unfroze 20242 com.google.android.apps.messaging
11-14 01:08:01.551 2182 7765 D PowerUI : can't show warning due to - plugged: true status unknown: false
11-14 01:08:03.611 1740 2535 D CompatibilityChangeReporter: Compat change id reported: 171306433; UID 10139; state: ENABLED
11-14 01:08:03.612 1740 2535 D CompatibilityChangeReporter: Compat change id reported: 218533173; UID 10139; state: ENABLED
11-14 01:08:03.667 1740 2470 D CompatibilityChangeReporter: Compat change id reported: 168419799; UID 10139; state: DISABLED
11-14 01:08:03.674 1740 2470 D CompatibilityChangeReporter: Compat change id reported: 161252188; UID 10139; state: ENABLED
11-14 01:09:01.531 2182 7975 D PowerUI : can't show warning due to - plugged: true status unknown: false
11-14 01:10:00.268 1740 1955 D ActivityManager: freezing 22222 android.process.acore
11-14 01:10:00.282 1740 1955 D ActivityManager: freezing 22320 com.android.settings
11-14 01:10:01.542 2182 10049 D PowerUI : can't show warning due to - plugged: true status unknown: false
11-14 01:10:10.120 1740 1955 D ActivityManager: freezing 22296 com.google.android.settings.intelligence
11-14 01:11:01.543 2182 10106 D PowerUI : can't show warning due to - plugged: true status unknown: false
11-14 01:12:01.534 2182 10114 D PowerUI : can't show warning due to - plugged: true status unknown: false
11-14 01:12:43.056 1740 1955 D ActivityManager: freezing 22398 com.android.remoteprovisioner
11-14 01:12:43.155 1740 1955 D ActivityManager: freezing 22359 com.google.android.apps.turbo:aab
11-14 01:12:43.308 1740 1955 D ActivityManager: freezing 22358 com.google.android.partnersetup
11-14 01:12:43.318 1740 1955 D ActivityManager: freezing 22434 com.google.process.gapps
11-14 01:12:43.412 1740 1955 D ActivityManager: freezing 22447 com.android.chrome
11-14 01:12:43.591 1740 1955 D ActivityManager: freezing 7491 com.google.android.apps.safetyhub
11-14 01:12:43.601 1740 1955 D ActivityManager: freezing 22243 com.google.process.gservices
11-14 01:13:01.544 2182 10179 D PowerUI : can't show warning due to - plugged: true status unknown: false
11-14 01:14:01.540 2182 2602 D PowerUI : can't show warning due to - plugged: true status unknown: false
11-14 01:16:01.539 2182 6843 D PowerUI : can't show warning due to - plugged: true status unknown: false
11-14 01:16:45.547 1740 2535 I ActivityManager: Killing 22222:android.process.acore/u0a68 (adj 975): empty for 1801s
11-14 01:16:45.549 1740 2535 I ActivityManager: Killing 22140:com.google.android.apps.work.clouddpc/u0a169 (adj 925): empty for 1803s
11-14 01:17:00.600 1740 3471 I ActivityManager: Killing 22123:com.google.android.permissioncontroller/u0a211 (adj 955): empty for 1813s
11-14 01:17:01.537 2182 7765 D PowerUI : can't show warning due to - plugged: true status unknown: false
11-14 01:17:14.814 1740 3471 D ActivityManager: sync unfroze 22243 com.google.process.gservices
11-14 01:17:22.488 1740 1740 D CompatibilityChangeReporter: Compat change id reported: 168419799; UID 10143; state: DISABLED
11-14 01:17:57.207 1740 1955 D ActivityManager: freezing 20242 com.google.android.apps.messaging
11-14 01:18:01.548 2182 7975 D PowerUI : can't show warning due to - plugged: true status unknown: false
11-14 01:18:14.999 1740 1740 D ActivityManager: sync unfroze 7491 com.google.android.apps.safetyhub
11-14 01:19:01.540 2182 10049 D PowerUI : can't show warning due to - plugged: true status unknown: false
11-14 01:20:04.197 1740 1740 D CompatibilityChangeReporter: Compat change id reported: 135634846; UID 10109; state: DISABLED
11-14 01:20:04.198 1740 1740 D CompatibilityChangeReporter: Compat change id reported: 177438394; UID 10109; state: DISABLED
11-14 01:20:04.198 1740 1740 D CompatibilityChangeReporter: Compat change id reported: 135772972; UID 10109; state: DISABLED
11-14 01:20:04.199 1740 1740 D CompatibilityChangeReporter: Compat change id reported: 135754954; UID 10109; state: ENABLED
11-14 01:20:04.200 1740 1846 D CompatibilityChangeReporter: Compat change id reported: 143937733; UID 10109; state: ENABLED
11-14 01:20:04.229 1740 1846 I ActivityManager: Start proc 22537:com.google.android.apps.gcs/u0a109 for service {com.google.android.apps.gcs/androidx.work.impl.background.systemjob.SystemJobService}
11-14 01:20:04.262 1740 10524 D CompatibilityChangeReporter: Compat change id reported: 168419799; UID 10109; state: DISABLED
11-14 01:20:04.290 1740 10527 D CompatibilityChangeReporter: Compat change id reported: 161145287; UID 10109; state: DISABLED
11-14 01:20:04.315 1740 3471 D CompatibilityChangeReporter: Compat change id reported: 194532703; UID 10109; state: ENABLED
11-14 01:20:04.330 1740 10527 W JobScheduler: Job didn't exist in JobStore: 8714a0 #u0a109/58482 com.google.android.apps.gcs/androidx.work.impl.background.systemjob.SystemJobService
11-14 01:20:04.440 1740 10527 W JobScheduler: Job didn't exist in JobStore: 58e993a #u0a109/58485 com.google.android.apps.gcs/androidx.work.impl.background.systemjob.SystemJobService
11-14 01:20:40.371 1740 3471 D CompatibilityChangeReporter: Compat change id reported: 135634846; UID 10064; state: DISABLED
11-14 01:20:40.371 1740 3471 D CompatibilityChangeReporter: Compat change id reported: 177438394; UID 10064; state: DISABLED
11-14 01:20:40.371 1740 3471 D CompatibilityChangeReporter: Compat change id reported: 135772972; UID 10064; state: DISABLED
11-14 01:20:40.371 1740 3471 D CompatibilityChangeReporter: Compat change id reported: 135754954; UID 10064; state: ENABLED
11-14 01:20:40.372 1740 1846 D CompatibilityChangeReporter: Compat change id reported: 143937733; UID 10064; state: ENABLED
11-14 01:20:40.392 1740 1846 I ActivityManager: Start proc 22576:com.android.providers.calendar/u0a64 for content provider {com.android.providers.calendar/com.android.providers.calendar.CalendarProvider2}
11-14 01:20:40.433 1740 10527 D CompatibilityChangeReporter: Compat change id reported: 168419799; UID 10064; state: DISABLED
11-14 01:20:40.469 1740 3471 D CompatibilityChangeReporter: Compat change id reported: 161145287; UID 10064; state: DISABLED
11-14 01:20:40.476 1740 3471 D CompatibilityChangeReporter: Compat change id reported: 143231523; UID 10064; state: DISABLED
11-14 01:20:41.311 1740 3471 I ContentCaptureManagerService: Data share request accepted by Content Capture service
11-14 01:22:01.543 2182 10106 D PowerUI : can't show warning due to - plugged: true status unknown: false
11-14 01:23:01.545 2182 10114 D PowerUI : can't show warning due to - plugged: true status unknown: false
11-14 01:24:01.551 2182 10179 D PowerUI : can't show warning due to - plugged: true status unknown: false
11-14 01:25:01.540 2182 2602 D PowerUI : can't show warning due to - plugged: true status unknown: false
11-14 01:25:41.315 1740 1740 I ContentCaptureManagerService: Content capture data sharing session terminated successfully for package 'com.google.android.googlequicksearchbox'
11-14 01:26:01.541 2182 6843 D PowerUI : can't show warning due to - plugged: true status unknown: false
11-14 01:26:28.599 1740 1844 I UsageStatsService: User[0] Flushing usage stats to disk
11-14 01:27:01.539 2182 7765 D PowerUI : can't show warning due to - plugged: true status unknown: false
11-14 01:28:01.540 2182 7975 D PowerUI : can't show warning due to - plugged: true status unknown: false
11-14 01:28:15.121 1740 1955 D ActivityManager: freezing 7491 com.google.android.apps.safetyhub
11-14 01:29:01.542 2182 10049 D PowerUI : can't show warning due to - plugged: true status unknown: false
11-14 01:29:02.929 1740 2108 D CompatibilityChangeReporter: Compat change id reported: 177438394; UID 10174; state: DISABLED
11-14 01:29:02.929 1740 2108 D CompatibilityChangeReporter: Compat change id reported: 135772972; UID 10174; state: DISABLED
11-14 01:29:02.929 1740 2108 D CompatibilityChangeReporter: Compat change id reported: 135754954; UID 10174; state: ENABLED
11-14 01:29:02.930 1740 1846 D CompatibilityChangeReporter: Compat change id reported: 143937733; UID 10174; state: ENABLED
11-14 01:29:02.954 1740 1846 I ActivityManager: Start proc 22612:com.google.android.calendar/u0a174 for service {com.google.android.calendar/com.google.android.syncadapters.calendar.CalendarSyncAdapterService}
11-14 01:29:02.988 1740 10527 D CompatibilityChangeReporter: Compat change id reported: 168419799; UID 10174; state: DISABLED
11-14 01:29:03.036 1740 10527 D CompatibilityChangeReporter: Compat change id reported: 161145287; UID 10174; state: DISABLED
11-14 01:29:03.058 1740 3304 D CompatibilityChangeReporter: Compat change id reported: 143231523; UID 10174; state: DISABLED
11-14 01:29:03.084 1740 3979 D CompatibilityChangeReporter: Compat change id reported: 194532703; UID 10174; state: ENABLED
11-14 01:29:03.086 1740 10524 D CompatibilityChangeReporter: Compat change id reported: 201794303; UID 10174; state: ENABLED
11-14 01:29:03.105 1740 10527 D CompatibilityChangeReporter: Compat change id reported: 74210811; UID 10174; state: ENABLED
11-14 01:29:03.250 1740 10524 E AppOps : Bad call made by uid 10139. Package "com.google.android.gms" does not belong to uid 10174.
11-14 01:29:03.379 1740 3304 D CompatibilityChangeReporter: Compat change id reported: 319212206; UID 10174; state: ENABLED
11-14 01:29:04.900 1740 2108 D CompatibilityChangeReporter: Compat change id reported: 194532703; UID 1000; state: ENABLED
11-14 01:29:04.919 1740 1740 W JobScheduler: Job didn't exist in JobStore: 4c89b4a #1000/100764 com.android.calendar/com.google/extronneelam@gmail.com:android
11-14 01:29:07.336 1740 2066 D CompatibilityChangeReporter: Compat change id reported: 143231523; UID 1000; state: DISABLED
