11-14 11:05:02.894 2865 2865 I KeyboardManager: KeyboardManager.requestKeyboard():234 Creating keyboard prime, imeId=number, cacheKey=theme_border_keyboard_mode_screen_size_5_5_keyboard_mode_screen_width_middle_stylesheet_noshadow_reordertheme_pgsans_silkpopup_gm3token_sagm3token_newm3_light_phone_bottom4dp
11-14 11:05:02.894 2865 2865 I KeyboardWrapper: KeyboardWrapper.onKeyboardReady():250 onKeyboardReady(): type=prime(prime), kb=com.google.android.apps.inputmethod.latin.keyboard.LatinNumberKeyboard@dd9fab4
11-14 11:05:02.894 2865 2865 I KeyboardWrapper: KeyboardWrapper.doActivateKeyboard():618 doActivateKeyboard(): prime
11-14 11:05:02.895 14339 4401 W Conscrypt: Could not set socket write timeout: java.net.SocketException: Socket closed
11-14 11:05:02.895 14339 4401 W Conscrypt: at com.google.android.gms.org.conscrypt.Platform.setSocketWriteTimeout(:com.google.android.gms@244233029@24.42.33 (190400-689790151):204)
11-14 11:05:02.895 14339 4401 W Conscrypt: at com.google.android.gms.org.conscrypt.ConscryptFileDescriptorSocket.setSoWriteTimeout(:com.google.android.gms@244233029@24.42.33 (190400-689790151):4)
11-14 11:05:02.895 2865 2865 I KeyboardHeightUtil: KeyboardHeightUtil.calculateMaxKeyboardBodyHeight():45 leave 281 height for app when ime window height:2142, header height:116 and isFullscreenMode:false, so the max keyboard body height is:1745
11-14 11:05:02.895 2865 2865 W Keyboard: Keyboard.getKeyboardViewHelper():585 null helper is returned: keyboardDef=kld{processedConditions={language=en-US, show_suggestions=true, deprecate_long_press_space_for_ime_picker=false, device=phone, expressions=normal}, globalConditions={global_theme_key=theme_border_keyboard_mode_screen_size_5_5_keyboard_mode_screen_width_middle_stylesheet_noshadow_reordertheme_pgsans_silkpopup_gm3token_sagm3token_newm3_light_phone_bottom4dp, global_locale=en_US, global_density_dpi=420, global_orientation=1}, className=.latin.keyboard.LatinNumberKeyboard, resourceIds=[#0x7f1708b6], initialStates=0, keyboardViewDefs=[klr{direction=LOCALE, id=#0x7f0b015e, isScalable=false, layoutId=#0x7f0e05c5, type=HEADER, touchable=true, defaultShow=false}, klr{direction=null, id=#0x7f0b015e, isScalable=true, layoutId=#0x7f0e061b, type=BODY, touchable=true, defaultShow=true}], persistentStates=0, persistentStatesPrefKey=null, popupBubbleLayoutId=#0x7f0e06b6, recentKeyLayoutId=0, recentKeyPopupLayoutId=0, recentKeyType=null, rememberRecentKey=NONE, sessionStates=0}, type=FLOATING_CANDIDATES, helpersCreated=[jyd@edb6503, jyd@f831c80, null, null], context.getResources().getConfiguration(): {1.0 ?mcc?mnc [en_US,zh_CN_#Hans,es_US,tr_CY,ar_XB] ldltr sw411dp w411dp h816dp 420dpi nrml long hdr widecg port finger -keyb/v/h -nav/h winConfig={ mBounds=Rect(0, 0 - 1080, 2400) mAppBounds=Rect(0, 132 - 1080, 2274) mMaxBounds=Rect(0, 0 - 1080, 2400) mDisplayRotation=ROTATION_0 mWindowingMode=fullscreen mDisplayWindowingMode=fullscreen mActivityType=undefined mAlwaysOnTop=undefined mRotation=ROTATION_0} s.15 fontWeightAdjustment=0}
11-14 11:05:02.895 2865 2865 W Keyboard: Keyboard.getKeyboardViewHelper():585 null helper is returned: keyboardDef=kld{processedConditions={language=en-US, show_suggestions=true, deprecate_long_press_space_for_ime_picker=false, device=phone, expressions=normal}, globalConditions={global_theme_key=theme_border_keyboard_mode_screen_size_5_5_keyboard_mode_screen_width_middle_stylesheet_noshadow_reordertheme_pgsans_silkpopup_gm3token_sagm3token_newm3_light_phone_bottom4dp, global_locale=en_US, global_density_dpi=420, global_orientation=1}, className=.latin.keyboard.LatinNumberKeyboard, resourceIds=[#0x7f1708b6], initialStates=0, keyboardViewDefs=[klr{direction=LOCALE, id=#0x7f0b015e, isScalable=false, layoutId=#0x7f0e05c5, type=HEADER, touchable=true, defaultShow=false}, klr{direction=null, id=#0x7f0b015e, isScalable=true, layoutId=#0x7f0e061b, type=BODY, touchable=true, defaultShow=true}], persistentStates=0, persistentStatesPrefKey=null, popupBubbleLayoutId=#0x7f0e06b6, recentKeyLayoutId=0, recentKeyPopupLayoutId=0, recentKeyType=null, rememberRecentKey=NONE, sessionStates=0}, type=WIDGET, helpersCreated=[jyd@edb6503, jyd@f831c80, null, null], context.getResources().getConfiguration(): {1.0 ?mcc?mnc [en_US,zh_CN_#Hans,es_US,tr_CY,ar_XB] ldltr sw411dp w411dp h816dp 420dpi nrml long hdr widecg port finger -keyb/v/h -nav/h winConfig={ mBounds=Rect(0, 0 - 1080, 2400) mAppBounds=Rect(0, 132 - 1080, 2274) mMaxBounds=Rect(0, 0 - 1080, 2400) mDisplayRotation=ROTATION_0 mWindowingMode=fullscreen mDisplayWindowingMode=fullscreen mActivityType=undefined mAlwaysOnTop=undefined mRotation=ROTATION_0} s.15 fontWeightAdjustment=0}
11-14 11:05:02.897 2865 2865 I GoogleInputMethodService: GoogleInputMethodService.startInputIfInputViewStarted():3619 startInputIfInputViewStarted(): default prime
11-14 11:05:02.897 2865 2865 I KeyboardModeUtils: KeyboardModeUtils.getKeyboardBottomOffset():416 inch: 0.000000 ydpi: 429.295013 adjustKeyboardBottomByDisplaySize: false currentDensityDpi: 420 defaultDensityDpi: 420 keyboardBottomToScreenPx: 0 keyboardBottomToNavBarPx: -126 navBarHeight: 126
11-14 11:05:02.897 2865 2865 I ResizableKeyboardModeController: ResizableKeyboardModeController.getKeyboardBottomOffset():236 currentPrimeKeyboardType:SOFT keyboardBottomOffset:16 navBarHeight:126 isInLandscape:false
11-14 11:05:02.897 2865 2865 I AndroidIME: KeyboardViewManager.updateKeyboardBodyViewHolderPaddingBottom():477 Set finalPaddingBottom = 16 while holderPaddingBottom = 16; navigationHeight = 126
11-14 11:05:02.901 2865 2865 I NewLanguagePromptExtension: NewLanguagePromptExtension.onActivate():184 Not activated NewLanguagePromptExtension: not a normal text input box.
11-14 11:05:02.901 2865 2865 I NgaExtension: NgaExtension.onActivate():522 NgaExtension#onActivate [SDG]
11-14 11:05:02.901 2865 2865 I NgaVoiceInputHandlerSwitcher: NgaVoiceInputHandlerSwitcher.restorePrimary():233 not switching to primary. fallback is null [SDG]
11-14 11:05:02.901 2865 2865 I NgaVoiceInputHandler: NgaVoiceInputHandler.maybeCreateInputManager():205 VoiceInputHandler:activating [SDG]
11-14 11:05:02.901 2865 2865 I NgaExtension: NgaExtension.onActivate():546 NgaExtension: interaction type=4 [SDG]
11-14 11:05:02.902 18277 18395 I bewj : (REDACTED) Handling KeyboardVisibilityEvent: %s [SD]
11-14 11:05:02.902 2865 2865 I AccessoryInputModeManager: AccessoryInputModeManager.onModeStarted():307 Accessory input mode started: null
11-14 11:05:02.902 2865 2865 W SupplementaryKeyboardsWrapper: SupplementaryKeyboardsWrapper.deactivateKeyboard():159 keyboard accessory_candidates_consumer is not activated before!
11-14 11:05:02.902 2865 2865 I KeyboardModeManager: KeyboardModeManager.setSupportedKeyboardModes():1153 supportsSplitMode=true supportsOneHandedMode=true, needUpdateKeyboardMode=false
11-14 11:05:02.903 2865 2865 I AndroidIME: KeyboardViewManager.updateKeyboardBodyViewHolderPaddingBottom():477 Set finalPaddingBottom = 16 while holderPaddingBottom = 16; navigationHeight = 126
11-14 11:05:02.903 18277 18394 I beck : (REDACTED) Starting AiAi status check using Android T API. tag=%s [SD]
11-14 11:05:02.903 2865 2865 I CurrentMicStatusHolder: CurrentMicStatusHolder.onStartInputView():81 Current Mic status = {MicIconHidden-PasswordOrNumberOrDateInputType,}
11-14 11:05:02.904 4285 4285 D InsetsController: show(ime(), fromIme=true)
11-14 11:05:02.905 1740 2525 D CoreBackPreview: Window{bf06adc u0 com.extron.sharelinkpro1k/crc6498f27dbb9b7396c3.MainActivity}: Setting back callback OnBackInvokedCallbackInfo{mCallback=android.window.IOnBackInvokedCallback$Stub$Proxy@e280792, mPriority=0}
11-14 11:05:02.905 4285 4285 D InsetsController: show(ime(), fromIme=true)
11-14 11:05:02.906 3225 3225 I AiAi : AiAiSpeechRecognitionService#onCheckRecognitionSupport
11-14 11:05:02.906 3225 3225 I AiAiSpeechRecognition: #onCheckRecognitionSupport
11-14 11:05:02.906 3225 3225 I RecognitionServiceInten: (REDACTED) Trigger application overridden to %s
11-14 11:05:02.906 3225 3225 I IntentParsingUtil: (REDACTED) Using Locale.getDefault() for recognition: %s
11-14 11:05:02.906 3225 3225 I RecognitionServiceInten: #enableFirstPartyAppFeatures
11-14 11:05:02.906 3225 3225 I IntentParsingUtil: No additional languages specified in RecognizerIntent
11-14 11:05:02.906 3225 3225 I AiAiSpeechRecognition: (REDACTED) onStartCheckRecognitionSupport(): callingPackageName: %s
11-14 11:05:02.906 3225 3225 I ModelManagerImpl: #onCheckRecognitionSupport
11-14 11:05:02.906 3225 3225 I DefaultLPManager: #getAvailablePackages
11-14 11:05:02.907 3225 3225 I tgj : #getDownloadableLanguagePacks
11-14 11:05:02.907 3225 3225 W SystemLPSourceImpl: #getAvailablePackages: Note there is not reason to call this method, as getInstalledPackages() returns the same LanguagePacks for this impl.
11-14 11:05:02.907 3225 3225 I DefaultLPManager: #getRequestedPackages
11-14 11:05:02.907 3225 3225 I ZipLPPopulator: #addNewFileGroups
11-14 11:05:02.907 3225 3225 I tgj : #getDownloadableLanguagePacks
11-14 11:05:02.907 3225 3225 W SystemLPSourceImpl: #getRequestedPackages: There is not reason to call this method, as the result is always empty.
11-14 11:05:02.907 3225 3225 I DefaultLPManager: #getAvailablePackages
11-14 11:05:02.907 3225 3225 I tgj : #getDownloadableLanguagePacks
11-14 11:05:02.907 3225 3225 W SystemLPSourceImpl: #getAvailablePackages: Note there is not reason to call this method, as getInstalledPackages() returns the same LanguagePacks for this impl.
11-14 11:05:02.907 3225 3225 I DefaultLPManager: #getInstalledPackages
11-14 11:05:02.907 3225 3225 I tgj : #getInstalledPackages
11-14 11:05:02.907 3225 4036 I SystemLPSourceImpl: (REDACTED) Parsed system partition LanguagePack metadata file: %s
11-14 11:05:02.907 3225 4036 I SystemLPSourceImpl: (REDACTED) Parsed system partition LanguagePack metadata file: %s
11-14 11:05:02.908 2865 2865 I AndroidIME: KeyboardViewManager.updateKeyboardBodyViewHolderPaddingBottom():477 Set finalPaddingBottom = 16 while holderPaddingBottom = 16; navigationHeight = 126
11-14 11:05:02.908 2865 2865 I WindowMetricsNotification: WindowMetricsNotification.notifyWithWindow():162
11-14 11:05:02.908 2865 2865 I WindowMetricsNotification: WindowMetricsNotification.notify():155 WindowMetricsNotification{bounds=Rect(0, 132 - 1080, 2400), insets=Rect(0, 0 - 0, 126), densityDpi=420, smallestScreenWidthDp=411, displayWidth=1080, displayHeight=2400, xdpi=428.625, ydpi=429.295, isTrustable=true}; DisplayMetrics{density=2.625, width=1080, height=2400, scaledDensity=2.625, xdpi=428.625, ydpi=429.295}
11-14 11:05:02.908 4285 4285 D InsetsController: show(ime(), fromIme=true)
11-14 11:05:02.909 2865 2865 I GoogleInputMethodService: GoogleInputMethodService$1.onKeyboardViewShown():468 onKeyboardViewShown: keyboardType=prime, keyboardViewType=BODY keyboardView=com.google.android.libraries.inputmethod.widgets.SoftKeyboardView{9b7c676 V.E...... ........ 0,0-1080,674}
11-14 11:05:02.909 2865 2865 I NewLanguagePromptExtension: NewLanguagePromptExtension$1.onKeyboardViewShown():86 Not show new language banner: not prime keyboard, or the extension not activated.
11-14 11:05:02.909 2865 2865 I KeyboardHeightUtil: KeyboardHeightUtil.calculateMaxKeyboardBodyHeight():45 leave 281 height for app when ime window height:2142, header height:116 and isFullscreenMode:false, so the max keyboard body height is:1745
11-14 11:05:02.910 3225 4036 I SystemLPSourceImpl: (REDACTED) Parsed system partition LanguagePack metadata file: %s
11-14 11:05:02.910 3225 3937 E VoiceSearchConfigProtoU: (REDACTED) Unrecognized recognizer for [%s, %d]: %d. Ignoring it and its associated features.
11-14 11:05:02.911 3225 3937 E VoiceSearchConfigProtoU: (REDACTED) Unrecognized recognizer for [%s, %d]: %d. Ignoring it and its associated features.
11-14 11:05:02.911 3225 3937 E VoiceSearchConfigProtoU: (REDACTED) Unrecognized recognizer for [%s, %d]: %d. Ignoring it and its associated features.
11-14 11:05:02.911 3225 3937 E VoiceSearchConfigProtoU: (REDACTED) Unrecognized recognizer for [%s, %d]: %d. Ignoring it and its associated features.
11-14 11:05:02.915 1740 2525 I AssistStructure: Flattened final assist data: 4916 bytes, containing 1 windows, 45 views
11-14 11:05:02.915 3225 3937 E VoiceSearchConfigProtoU: (REDACTED) Unrecognized recognizer for [%s, %d]: %d. Ignoring it and its associated features.
11-14 11:05:02.916 3225 3937 E VoiceSearchConfigProtoU: (REDACTED) Unrecognized recognizer for [%s, %d]: %d. Ignoring it and its associated features.
11-14 11:05:02.916 3225 3937 E VoiceSearchConfigProtoU: (REDACTED) Unrecognized recognizer for [%s, %d]: %d. Ignoring it and its associated features.
11-14 11:05:02.916 3225 3937 E VoiceSearchConfigProtoU: (REDACTED) Unrecognized recognizer for [%s, %d]: %d. Ignoring it and its associated features.
11-14 11:05:02.918 14440 478 I SyncManager: (REDACTED) Executing sync(type=%s%s)
11-14 11:05:02.919 14440 478 I SyncManager: (REDACTED) Executing sync(type=%s) finished in %s
11-14 11:05:02.919 14339 4512 W achq : Failed to retrieve prediction data. [CONTEXT service_id=177 ]
11-14 11:05:02.919 14339 4512 W achq : java.util.concurrent.ExecutionException: eepc: No data was found for the table autofill-domain-predictions-prod-spanner.
11-14 11:05:02.919 14339 4512 W achq : at fcbs.s(:com.google.android.gms@244233029@24.42.33 (190400-689790151):21)
11-14 11:05:02.919 14339 4512 W achq : at fcbs.get(:com.google.android.gms@244233029@24.42.33 (190400-689790151):20)
11-14 11:05:02.919 14339 4512 W achq : at achq.e(:com.google.android.gms@244233029@24.42.33 (190400-689790151):83)
11-14 11:05:02.919 14339 4512 W achq : at achq.a(:com.google.android.gms@244233029@24.42.33 (190400-689790151):126)
11-14 11:05:02.919 14339 4512 W achq : at acew.call(:com.google.android.gms@244233029@24.42.33 (190400-689790151):5)
11-14 11:05:02.919 14339 4512 W achq : at java.util.concurrent.FutureTask.run(FutureTask.java:264)
11-14 11:05:02.919 14339 4512 W achq : at anqu.c(:com.google.android.gms@244233029@24.42.33 (190400-689790151):50)
11-14 11:05:02.919 14339 4512 W achq : at anqu.run(:com.google.android.gms@244233029@24.42.33 (190400-689790151):76)
11-14 11:05:02.919 14339 4512 W achq : at java.util.concurrent.ThreadPoolExecutor.runWorker(ThreadPoolExecutor.java:1145)
11-14 11:05:02.919 14339 4512 W achq : at java.util.concurrent.ThreadPoolExecutor$Worker.run(ThreadPoolExecutor.java:644)
11-14 11:05:02.919 14339 4512 W achq : at anwf.run(:com.google.android.gms@244233029@24.42.33 (190400-689790151):8)
11-14 11:05:02.919 14339 4512 W achq : at java.lang.Thread.run(Thread.java:1012)
11-14 11:05:02.919 14339 4512 W achq : Caused by: eepc: No data was found for the table autofill-domain-predictions-prod-spanner.
11-14 11:05:02.919 14339 4512 W achq : at eeps.a(:com.google.android.gms@244233029@24.42.33 (190400-689790151):223)
11-14 11:05:02.919 14339 4512 W achq : at fcbw.d(:com.google.android.gms@244233029@24.42.33 (190400-689790151):3)
11-14 11:05:02.919 14339 4512 W achq : at fcby.run(:com.google.android.gms@244233029@24.42.33 (190400-689790151):42)
11-14 11:05:02.919 14339 4512 W achq : at fcdk.execute(:com.google.android.gms@244233029@24.42.33 (190400-689790151):1)
11-14 11:05:02.919 14339 4512 W achq : at fcbs.h(:com.google.android.gms@244233029@24.42.33 (190400-689790151):1)
11-14 11:05:02.919 14339 4512 W achq : at fcbs.l(:com.google.android.gms@244233029@24.42.33 (190400-689790151):101)
11-14 11:05:02.919 14339 4512 W achq : at fcbs.r(:com.google.android.gms@244233029@24.42.33 (190400-689790151):28)
11-14 11:05:02.919 14339 4512 W achq : at fcbw.e(:com.google.android.gms@244233029@24.42.33 (190400-689790151):3)
11-14 11:05:02.919 14339 4512 W achq : at fcby.run(:com.google.android.gms@244233029@24.42.33 (190400-689790151):48)
11-14 11:05:02.919 14339 4512 W achq : at fcdk.execute(:com.google.android.gms@244233029@24.42.33 (190400-689790151):1)
11-14 11:05:02.919 14339 4512 W achq : at fcbs.h(:com.google.android.gms@244233029@24.42.33 (190400-689790151):1)
11-14 11:05:02.919 14339 4512 W achq : at fcbs.l(:com.google.android.gms@244233029@24.42.33 (190400-689790151):101)
11-14 11:05:02.919 14339 4512 W achq : at fcbs.o(:com.google.android.gms@244233029@24.42.33 (190400-689790151):15)
11-14 11:05:02.919 14339 4512 W achq : at fcbr.run(:com.google.android.gms@244233029@24.42.33 (190400-689790151):120)
11-14 11:05:02.919 14339 4512 W achq : at fcdk.execute(:com.google.android.gms@244233029@24.42.33 (190400-689790151):1)
11-14 11:05:02.919 14339 4512 W achq : at fcbs.h(:com.google.android.gms@244233029@24.42.33 (190400-689790151):1)
11-14 11:05:02.919 14339 4512 W achq : at fcbs.l(:com.google.android.gms@244233029@24.42.33 (190400-689790151):101)
11-14 11:05:02.919 14339 4512 W achq : at fcbs.o(:com.google.android.gms@244233029@24.42.33 (190400-689790151):15)
11-14 11:05:02.919 14339 4512 W achq : at fcbx.e(:com.google.android.gms@244233029@24.42.33 (190400-689790151):1)
11-14 11:05:02.919 14339 4512 W achq : at fcby.run(:com.google.android.gms@244233029@24.42.33 (190400-689790151):48)
11-14 11:05:02.919 14339 4512 W achq : at fcdk.execute(:com.google.android.gms@244233029@24.42.33 (190400-689790151):1)
11-14 11:05:02.919 14339 4512 W achq : at fcbs.h(:com.google.android.gms@244233029@24.42.33 (190400-689790151):1)
11-14 11:05:02.919 14339 4512 W achq : at fcbs.l(:com.google.android.gms@244233029@24.42.33 (190400-689790151):101)
11-14 11:05:02.919 14339 4512 W achq : at fcbs.r(:com.google.android.gms@244233029@24.42.33 (190400-689790151):28)
11-14 11:05:02.919 14339 4512 W achq : at fceh.run(:com.google.android.gms@244233029@24.42.33 (190400-689790151):5)
11-14 11:05:02.919 14339 4512 W achq : at fcdk.execute(:com.google.android.gms@244233029@24.42.33 (190400-689790151):1)
11-14 11:05:02.919 14339 4512 W achq : at fcbs.h(:com.google.android.gms@244233029@24.42.33 (190400-689790151):1)
11-14 11:05:02.919 14339 4512 W achq : at fcbs.l(:com.google.android.gms@244233029@24.42.33 (190400-689790151):101)
11-14 11:05:02.919 14339 4512 W achq : at fcbs.r(:com.google.android.gms@244233029@24.42.33 (190400-689790151):28)
11-14 11:05:02.919 14339 4512 W achq : at fcbw.e(:com.google.android.gms@244233029@24.42.33 (190400-689790151):3)
11-14 11:05:02.919 14339 4512 W achq : at fcby.run(:com.google.android.gms@244233029@24.42.33 (190400-689790151):48)
11-14 11:05:02.919 14339 4512 W achq : at fcfm.run(:com.google.android.gms@244233029@24.42.33 (190400-689790151):76)
11-14 11:05:02.919 14339 4512 W achq : ... 6 more
11-14 11:05:02.921 3225 3937 E VoiceSearchConfigProtoU: (REDACTED) Unrecognized recognizer for [%s, %d]: %d. Ignoring it and its associated features.
11-14 11:05:02.921 3225 3937 E VoiceSearchConfigProtoU: (REDACTED) Unrecognized recognizer for [%s, %d]: %d. Ignoring it and its associated features.
11-14 11:05:02.921 3225 3937 E VoiceSearchConfigProtoU: (REDACTED) Unrecognized recognizer for [%s, %d]: %d. Ignoring it and its associated features.
11-14 11:05:02.921 3225 3937 E VoiceSearchConfigProtoU: (REDACTED) Unrecognized recognizer for [%s, %d]: %d. Ignoring it and its associated features.
11-14 11:05:02.924 3225 3937 I LPRequestState: (REDACTED) [%s] #resolveDesiredLanguagePacks
11-14 11:05:02.925 3225 3937 I LPDownloadSettingsState: (REDACTED) Defaulting LP download condition to %s as user has not edited settings.
11-14 11:05:02.925 3225 3937 I LPDownloadSettingsState: (REDACTED) Defaulting LP download condition to %s as user has not edited settings.
11-14 11:05:02.929 3225 3937 I ZipLPPopulator: (REDACTED) Updated file group for group '%s' from location: %s
11-14 11:05:02.930 3225 3937 I ZipLPPopulator: (REDACTED) Updated file group for group '%s' from location: %s
11-14 11:05:02.930 3225 3937 I tgj : #getPendingPackages
11-14 11:05:02.932 3225 3937 I ModelManagerImpl: (REDACTED) ModelManager has support for: [%s]
11-14 11:05:02.933 3225 3937 I ModelManagerImpl: (REDACTED) ModelManager pending download for: [%s]
11-14 11:05:02.933 3225 3937 I ModelManagerImpl: (REDACTED) ModelManager has installed: [%s]
11-14 11:05:02.933 3225 3937 I AiAiSpeechRecognition: (REDACTED) onEndCheckRecognitionSupport success: %s
11-14 11:05:02.933 18277 18394 I beck : (REDACTED) RecognitionSupportCallback.onSupportResult tag=%s [SD]
11-14 11:05:02.933 18277 18394 I beck : (REDACTED) AiAi installed languages: %s tag=%s [SD]
11-14 11:05:02.933 18277 18394 I beck : (REDACTED) AiAi pending languages: %s tag=%s [SD]
11-14 11:05:02.933 18277 18394 I beck : (REDACTED) AiAi supported languages: %s tag=%s [SD]
11-14 11:05:02.934 18277 18394 I bfaw : (REDACTED) Current package suspended=%s [SD]
11-14 11:05:02.935 18277 18394 I behl : (REDACTED) GellerException: (%s) for accountId: %s. Skipping account. [SD]
11-14 11:05:02.935 14339 4413 W acfm : Unsupported multi-labeled field processed from [PHONE_NATIONAL, OTP_1, OTP_2, OTP_3, OTP_4, OTP_5, OTP_6, OTP_7, OTP_8] to [PHONE_NATIONAL] [CONTEXT service_id=177 ]
11-14 11:05:02.941 14339 4418 I PasswordSaveInfoFactory: Form is missing passwords. [CONTEXT service_id=177 ]
11-14 11:05:02.945 14339 4500 D TrafficStats: tagSocket(324) with statsTag=0x20004900, statsUid=10139
11-14 11:05:02.947 14440 478 I SyncManager: (REDACTED) Executing sync(type=%s%s)
11-14 11:05:02.949 14440 478 I SyncManager: (REDACTED) Executing sync(type=%s) finished in %s
11-14 11:05:02.951 14440 478 I SyncManager: (REDACTED) Executing sync(type=%s%s)
11-14 11:05:02.951 14440 478 I SyncManager: (REDACTED) Executing sync(type=%s) finished in %s
11-14 11:05:02.953 14440 478 I SyncManager: (REDACTED) Executing sync(type=%s%s)
11-14 11:05:02.954 14440 478 I SyncManager: (REDACTED) Executing sync(type=%s) finished in %s
11-14 11:05:02.959 1740 1740 D AutofillSession: Service did not request to wait for delayed fill response.
11-14 11:05:02.973 14339 4500 W Conscrypt: Could not set socket write timeout: java.net.SocketException: Socket closed
11-14 11:05:02.973 14339 4500 W Conscrypt: at com.google.android.gms.org.conscrypt.Platform.setSocketWriteTimeout(:com.google.android.gms@244233029@24.42.33 (190400-689790151):204)
11-14 11:05:02.973 14339 4500 W Conscrypt: at com.google.android.gms.org.conscrypt.ConscryptFileDescriptorSocket.setSoWriteTimeout(:com.google.android.gms@244233029@24.42.33 (190400-689790151):4)
11-14 11:05:03.003 14339 4500 W Conscrypt: Could not set socket write timeout: java.net.SocketException: Socket closed
11-14 11:05:03.004 14339 4500 W Conscrypt: at com.google.android.gms.org.conscrypt.Platform.setSocketWriteTimeout(:com.google.android.gms@244233029@24.42.33 (190400-689790151):204)
11-14 11:05:03.004 14339 4500 W Conscrypt: at com.google.android.gms.org.conscrypt.ConscryptFileDescriptorSocket.setSoWriteTimeout(:com.google.android.gms@244233029@24.42.33 (190400-689790151):4)
11-14 11:05:03.022 18277 18394 I behl : (REDACTED) SAA bit for setting %s, account %s: %s. [SD]
11-14 11:05:03.022 18277 18394 I behl : (REDACTED) SAA bit for setting %s, account %s: %s. [SD]
11-14 11:05:03.022 18277 18394 I behl : (REDACTED) SAA bit for setting %s, account %s: %s. [SD]
11-14 11:05:03.022 18277 18394 I behl : (REDACTED) SAA bit for setting %s, account %s: %s. [SD]
11-14 11:05:03.024 18277 18397 I bfag : Never attempted LP download before, triggering download for potential updates [SD]
11-14 11:05:03.024 18277 18397 I bfag : (REDACTED) Dictation is enabled. workprofile=%s [SD]
11-14 11:05:03.024 18277 18397 I bfag : (REDACTED) Dictation is not enabled because of a locale mismatch: dictation locale: %s; system primary locale: %s. workprofile=%s [SD]
11-14 11:05:03.024 18277 18397 I bfag : (REDACTED) Dictation is not enabled for unsupported keyboard locale: %s; supported locales: %s. workprofile=%s [SD]
11-14 11:05:03.024 18277 18394 I bfag : (REDACTED) Dictation is not enabled in the currently focused input field: %s workprofile=%s [SD]
11-14 11:05:03.024 18277 18352 I bfgb : (REDACTED) Starting language download job for %s [SD]
11-14 11:05:03.024 18277 18352 I bfgb : (REDACTED) Skip download for %s due to background download flags [SD]
11-14 11:05:03.025 18277 18394 I bfhq : Manual switching disabled because flag is disabled [SD]
11-14 11:05:03.025 18277 18394 I bfhq : Manual switching disabled because flag is disabled [SD]
11-14 11:05:03.025 18277 18394 I bfhq : Automatic switching disabled because flag is disabled [SD]
11-14 11:05:03.025 18277 18394 I bfhq : Manual switching disabled because flag is disabled [SD]
11-14 11:05:03.025 18277 18394 I bfhq : Automatic switching disabled because manual switching is disabled [SD]
11-14 11:05:03.025 18277 18394 I bfhq : Automatic switching disabled because AiAi is not compatible [SD]
11-14 11:05:03.025 18277 18394 I bfhq : Automatic switching disabled because Gboard setting is not shown [SD]
11-14 11:05:03.025 18277 18394 I bfhq : Automatic switching disabled because there aren't enough supported keyboard languages [SD]
11-14 11:05:03.027 18277 18394 I bevt : (REDACTED) Keyboard notified that eligibility=%s [SD]
11-14 11:05:03.027 18277 18394 I bfcg : #onKeyboardShownAgain scheduled [SD]
11-14 11:05:03.028 18277 18383 I bfcg : #onKeyboardShownAgain [SD]
11-14 11:05:03.028 2865 2865 I NgaStateManager: NgaStateManager.setAssistantDictationEligibility():182 AssistantDictationEligibility = 10 [SDG]
11-14 11:05:03.028 2865 2865 I NgaStateManager: NgaStateManager.setAssistantDictationEligibility():194 AssistantDictationEligibility(config, en-US) = 1 [SDG]
11-14 11:05:03.029 2865 2865 I NgaStateManager: NgaStateManager.setAssistantDictationEligibility():194 AssistantDictationEligibility(config, es-US) = 9 [SDG]
11-14 11:05:03.029 2865 2865 I NgaStateManager: NgaStateManager.setAssistantDictationEligibility():194 AssistantDictationEligibility(config, tr-CY) = 28 [SDG]
11-14 11:05:03.029 2865 2865 I NgaStateManager: NgaStateManager.setAssistantDictationEligibility():201 AssistantDictationEligibility(inputField) = 10 [SDG]
11-14 11:05:03.034 1163 1163 I WifiHAL : Creating message to get link statistics; iface = 47
11-14 11:05:03.047 4285 4285 W InputMethodManager: Ignoring showSoftInput() as view=crc6452ffdc5b34af3a0f.MauiAppCompatEditText{ed1c2de VF.D..CL. ........ 0,0-140,153 aid=1073742161} is not served.
11-14 11:05:03.080 1163 1163 I WifiHAL : In GetLinkStatsCommand::handleResponse
11-14 11:05:03.112 1740 2058 D ConnectivityService: NetReassign [no changes] [c 0] [a 0] [i 3]
11-14 11:05:03.204 4285 4285 W InputMethodManager: Ignoring showSoftInput() as view=crc6452ffdc5b34af3a0f.MauiAppCompatEditText{e5bf9fa VF.D..CL. ........ 0,0-140,153 aid=1073742162} is not served.
11-14 11:05:03.395 4285 4285 D InputMethodManager: showSoftInput() view=crc6452ffdc5b34af3a0f.MauiAppCompatEditText{bd693d6 VFED..CL. .F...... 0,0-139,153 aid=1073742163} flags=0 reason=SHOW_SOFT_INPUT
11-14 11:05:03.401 4285 4285 D InsetsController: show(ime(), fromIme=true)
11-14 11:05:03.621 1972 1983 I native : I0000 00:00:1731611103.621775 1983 tf_lite_classifier.cc:383] Event stream classified as kNone
11-14 11:05:03.760 2369 2429 V BtGatt.GattService: Skipping data matching denylist: ScanRecord [mAdvertiseFlags=-1, mServiceUuids=null, mServiceSolicitationUuids=[], mManufacturerSpecificData={76=[2, 21, 80, 118, 92, -73, -39, -22, 78, 33, -103, -92, -6, -121, -106, 19, -92, -110, -65, 86, -59, 18, -50]}, mServiceData={}, mTxPowerLevel=-2147483648, mDeviceName=null]
11-14 11:05:03.760 2369 2429 I BtGatt.GattService: Skipping client for location deny list
11-14 11:05:03.760 2369 2429 V BtGatt.GattService: Skipping data matching denylist: ScanRecord [mAdvertiseFlags=-1, mServiceUuids=null, mServiceSolicitationUuids=[], mManufacturerSpecificData={76=[2, 21, 80, 118, 92, -73, -39, -22, 78, 33, -103, -92, -6, -121, -106, 19, -92, -110, -65, 86, -59, 18, -50]}, mServiceData={}, mTxPowerLevel=-2147483648, mDeviceName=null]
11-14 11:05:03.760 2369 2429 I BtGatt.GattService: Skipping client for location deny list
11-14 11:05:03.760 2369 2429 V BtGatt.GattService: Skipping data matching denylist: ScanRecord [mAdvertiseFlags=-1, mServiceUuids=null, mServiceSolicitationUuids=[], mManufacturerSpecificData={76=[2, 21, 80, 118, 92, -73, -39, -22, 78, 33, -103, -92, -6, -121, -106, 19, -92, -110, -65, 86, -59, 18, -50]}, mServiceData={}, mTxPowerLevel=-2147483648, mDeviceName=null]
11-14 11:05:03.760 2369 2429 I BtGatt.GattService: Skipping client for location deny list
11-14 11:05:04.198 1972 1983 I native : I0000 00:00:1731611104.198603 1983 tf_lite_classifier.cc:383] Event stream classified as kNone
11-14 11:05:04.259 2369 2429 V BtGatt.GattService: Skipping data matching denylist: ScanRecord [mAdvertiseFlags=-1, mServiceUuids=null, mServiceSolicitationUuids=[], mManufacturerSpecificData={76=[2, 21, 80, 118, 92, -73, -39, -22, 78, 33, -103, -92, -6, -121, -106, 19, -92, -110, -65, 86, -59, 18, -50]}, mServiceData={}, mTxPowerLevel=-2147483648, mDeviceName=null]
11-14 11:05:04.259 2369 2429 I BtGatt.GattService: Skipping client for location deny list
11-14 11:05:04.259 2369 2429 V BtGatt.GattService: Skipping data matching denylist: ScanRecord [mAdvertiseFlags=-1, mServiceUuids=null, mServiceSolicitationUuids=[], mManufacturerSpecificData={76=[2, 21, 80, 118, 92, -73, -39, -22, 78, 33, -103, -92, -6, -121, -106, 19, -92, -110, -65, 86, -59, 18, -50]}, mServiceData={}, mTxPowerLevel=-2147483648, mDeviceName=null]
11-14 11:05:04.259 2369 2429 I BtGatt.GattService: Skipping client for location deny list
11-14 11:05:04.260 2369 2429 V BtGatt.GattService: Skipping data matching denylist: ScanRecord [mAdvertiseFlags=-1, mServiceUuids=null, mServiceSolicitationUuids=[], mManufacturerSpecificData={76=[2, 21, 80, 118, 92, -73, -39, -22, 78, 33, -103, -92, -6, -121, -106, 19, -92, -110, -65, 86, -59, 18, -50]}, mServiceData={}, mTxPowerLevel=-2147483648, mDeviceName=null]
11-14 11:05:04.260 2369 2429 I BtGatt.GattService: Skipping client for location deny list
11-14 11:05:04.402 2369 2429 V BtGatt.GattService: Skipping data matching denylist: ScanRecord [mAdvertiseFlags=-1, mServiceUuids=null, mServiceSolicitationUuids=[], mManufacturerSpecificData={76=[2, 21, 80, 118, 92, -73, -39, -22, 78, 33, -103, -92, -6, -121, -106, 19, -92, -110, -65, 86, -59, 18, -50]}, mServiceData={}, mTxPowerLevel=-2147483648, mDeviceName=null]
11-14 11:05:04.402 2369 2429 I BtGatt.GattService: Skipping client for location deny list
11-14 11:05:04.402 2369 2429 V BtGatt.GattService: Skipping data matching denylist: ScanRecord [mAdvertiseFlags=-1, mServiceUuids=null, mServiceSolicitationUuids=[], mManufacturerSpecificData={76=[2, 21, 80, 118, 92, -73, -39, -22, 78, 33, -103, -92, -6, -121, -106, 19, -92, -110, -65, 86, -59, 18, -50]}, mServiceData={}, mTxPowerLevel=-2147483648, mDeviceName=null]
11-14 11:05:04.402 2369 2429 I BtGatt.GattService: Skipping client for location deny list
11-14 11:05:04.403 2369 2429 V BtGatt.GattService: Skipping data matching denylist: ScanRecord [mAdvertiseFlags=-1, mServiceUuids=null, mServiceSolicitationUuids=[], mManufacturerSpecificData={76=[2, 21, 80, 118, 92, -73, -39, -22, 78, 33, -103, -92, -6, -121, -106, 19, -92, -110, -65, 86, -59, 18, -50]}, mServiceData={}, mTxPowerLevel=-2147483648, mDeviceName=null]
11-14 11:05:04.403 2369 2429 I BtGatt.GattService: Skipping client for location deny list
11-14 11:05:04.524 2369 2429 V BtGatt.GattService: Skipping data matching denylist: ScanRecord [mAdvertiseFlags=-1, mServiceUuids=null, mServiceSolicitationUuids=[], mManufacturerSpecificData={76=[2, 21, 80, 118, 92, -73, -39, -22, 78, 33, -103, -92, -6, -121, -106, 19, -92, -110, -65, 86, -59, 18, -50]}, mServiceData={}, mTxPowerLevel=-2147483648, mDeviceName=null]
11-14 11:05:04.525 2369 2429 I BtGatt.GattService: Skipping client for location deny list
11-14 11:05:04.525 2369 2429 V BtGatt.GattService: Skipping data matching denylist: ScanRecord [mAdvertiseFlags=-1, mServiceUuids=null, mServiceSolicitationUuids=[], mManufacturerSpecificData={76=[2, 21, 80, 118, 92, -73, -39, -22, 78, 33, -103, -92, -6, -121, -106, 19, -92, -110, -65, 86, -59, 18, -50]}, mServiceData={}, mTxPowerLevel=-2147483648, mDeviceName=null]
11-14 11:05:04.525 2369 2429 I BtGatt.GattService: Skipping client for location deny list
11-14 11:05:04.525 2369 2429 V BtGatt.GattService: Skipping data matching denylist: ScanRecord [mAdvertiseFlags=-1, mServiceUuids=null, mServiceSolicitationUuids=[], mManufacturerSpecificData={76=[2, 21, 80, 118, 92, -73, -39, -22, 78, 33, -103, -92, -6, -121, -106, 19, -92, -110, -65, 86, -59, 18, -50]}, mServiceData={}, mTxPowerLevel=-2147483648, mDeviceName=null]
11-14 11:05:04.525 2369 2429 I BtGatt.GattService: Skipping client for location deny list
11-14 11:05:04.553 4285 4323 D TrafficStats: tagSocket(83) with statsTag=0xffffffff, statsUid=-1
11-14 11:05:04.987 2369 2429 V BtGatt.GattService: Skipping data matching denylist: ScanRecord [mAdvertiseFlags=-1, mServiceUuids=null, mServiceSolicitationUuids=[], mManufacturerSpecificData={76=[2, 21, 80, 118, 92, -73, -39, -22, 78, 33, -103, -92, -6, -121, -106, 19, -92, -110, 4, 28, 78, -73, -50]}, mServiceData={}, mTxPowerLevel=-2147483648, mDeviceName=null]
11-14 11:05:04.987 2369 2429 I BtGatt.GattService: Skipping client for location deny list
11-14 11:05:04.987 2369 2429 V BtGatt.GattService: Skipping data matching denylist: ScanRecord [mAdvertiseFlags=-1, mServiceUuids=null, mServiceSolicitationUuids=[], mManufacturerSpecificData={76=[2, 21, 80, 118, 92, -73, -39, -22, 78, 33, -103, -92, -6, -121, -106, 19, -92, -110, 4, 28, 78, -73, -50]}, mServiceData={}, mTxPowerLevel=-2147483648, mDeviceName=null]
11-14 11:05:04.988 2369 2429 I BtGatt.GattService: Skipping client for location deny list
11-14 11:05:04.988 2369 2429 V BtGatt.GattService: Skipping data matching denylist: ScanRecord [mAdvertiseFlags=-1, mServiceUuids=null, mServiceSolicitationUuids=[], mManufacturerSpecificData={76=[2, 21, 80, 118, 92, -73, -39, -22, 78, 33, -103, -92, -6, -121, -106, 19, -92, -110, 4, 28, 78, -73, -50]}, mServiceData={}, mTxPowerLevel=-2147483648, mDeviceName=null]
11-14 11:05:04.988 2369 2429 I BtGatt.GattService: Skipping client for location deny list
11-14 11:05:04.992 2369 2429 V BtGatt.GattService: Skipping data matching denylist: ScanRecord [mAdvertiseFlags=-1, mServiceUuids=null, mServiceSolicitationUuids=[], mManufacturerSpecificData={76=[2, 21, 80, 118, 92, -73, -39, -22, 78, 33, -103, -92, -6, -121, -106, 19, -92, -110, 4, 28, 78, -73, -50]}, mServiceData={}, mTxPowerLevel=-2147483648, mDeviceName=null]
11-14 11:05:04.992 2369 2429 I BtGatt.GattService: Skipping client for location deny list
11-14 11:05:04.992 2369 2429 V BtGatt.GattService: Skipping data matching denylist: ScanRecord [mAdvertiseFlags=-1, mServiceUuids=null, mServiceSolicitationUuids=[], mManufacturerSpecificData={76=[2, 21, 80, 118, 92, -73, -39, -22, 78, 33, -103, -92, -6, -121, -106, 19, -92, -110, 4, 28, 78, -73, -50]}, mServiceData={}, mTxPowerLevel=-2147483648, mDeviceName=null]
11-14 11:05:04.992 2369 2429 I BtGatt.GattService: Skipping client for location deny list
11-14 11:05:04.992 2369 2429 V BtGatt.GattService: Skipping data matching denylist: ScanRecord [mAdvertiseFlags=-1, mServiceUuids=null, mServiceSolicitationUuids=[], mManufacturerSpecificData={76=[2, 21, 80, 118, 92, -73, -39, -22, 78, 33, -103, -92, -6, -121, -106, 19, -92, -110, 4, 28, 78, -73, -50]}, mServiceData={}, mTxPowerLevel=-2147483648, mDeviceName=null]
11-14 11:05:04.992 2369 2429 I BtGatt.GattService: Skipping client for location deny list
11-14 11:05:05.046 2369 2429 V BtGatt.GattService: Skipping data matching denylist: ScanRecord [mAdvertiseFlags=-1, mServiceUuids=null, mServiceSolicitationUuids=[], mManufacturerSpecificData={76=[2, 21, 80, 118, 92, -73, -39, -22, 78, 33, -103, -92, -6, -121, -106, 19, -92, -110, -28, 96, -91, -93, -50]}, mServiceData={}, mTxPowerLevel=-2147483648, mDeviceName=null]
11-14 11:05:05.046 2369 2429 I BtGatt.GattService: Skipping client for location deny list
11-14 11:05:05.047 2369 2429 V BtGatt.GattService: Skipping data matching denylist: ScanRecord [mAdvertiseFlags=-1, mServiceUuids=null, mServiceSolicitationUuids=[], mManufacturerSpecificData={76=[2, 21, 80, 118, 92, -73, -39, -22, 78, 33, -103, -92, -6, -121, -106, 19, -92, -110, -28, 96, -91, -93, -50]}, mServiceData={}, mTxPowerLevel=-2147483648, mDeviceName=null]
11-14 11:05:05.047 2369 2429 I BtGatt.GattService: Skipping client for location deny list
11-14 11:05:05.047 2369 2429 V BtGatt.GattService: Skipping data matching denylist: ScanRecord [mAdvertiseFlags=-1, mServiceUuids=null, mServiceSolicitationUuids=[], mManufacturerSpecificData={76=[2, 21, 80, 118, 92, -73, -39, -22, 78, 33, -103, -92, -6, -121, -106, 19, -92, -110, -28, 96, -91, -93, -50]}, mServiceData={}, mTxPowerLevel=-2147483648, mDeviceName=null]
11-14 11:05:05.047 2369 2429 I BtGatt.GattService: Skipping client for location deny list
11-14 11:05:05.099 1972 1983 I native : I0000 00:00:1731611105.099604 1983 tf_lite_classifier.cc:383] Event stream classified as kNone
11-14 11:05:05.144 4285 4285 E RippleDrawable: The RippleDrawable.STYLE_PATTERNED animation is not supported for a non-hardware accelerated Canvas. Skipping animation.
11-14 11:05:05.312 4285 4285 W MaterialButton: MaterialButton manages its own background to control elevation, shape, color and states. Consider using backgroundTint, shapeAppearance and other attributes where available. A custom background will ignore these attributes and you should consider handling interaction states such as pressed, focused and disabled
11-14 11:05:05.327 4285 4285 E RippleDrawable: The RippleDrawable.STYLE_PATTERNED animation is not supported for a non-hardware accelerated Canvas. Skipping animation.
11-14 11:05:05.473 4285 4352 I .sharelinkpro1k: Explicit concurrent mark compact GC freed 1124KB AllocSpace bytes, 12(240KB) LOS objects, 76% free, 7648KB/31MB, paused 180us,712us total 11.840ms
11-14 11:05:05.494 2865 2865 I GoogleInputMethodService: GoogleInputMethodService.onFinishInputView():2343
11-14 11:05:05.495 2865 2865 I NgaExtension: NgaExtension.onDeactivate():561 NgaExtension#onDeactivate [SDG]
11-14 11:05:05.495 2865 2865 W NotificationCenter: NotificationCenter.unregisterListener():469 Listener ffa@3ef4ca0 was not registered for notification class jrt
11-14 11:05:05.495 2865 3900 I NgaDataShareClient: NgaDataShareClient.sendCorrectionsAndEndSession():377 endDataPushSession() [SDG]
11-14 11:05:05.495 2865 3900 I NgaDataShareClient: NgaDataShareClient.sendCorrectionsList():385 sendCorrectionsList() [SDG]
11-14 11:05:05.495 2865 3900 W NgaDataShareClient: NgaDataShareClient.getClientInfo():478 null TriggerApplicationId provided. [SDG]
11-14 11:05:05.497 18277 18394 I bewj : (REDACTED) Handling KeyboardVisibilityEvent: %s [SD]
11-14 11:05:05.500 2865 2865 I NgaVoiceInputHandler: NgaVoiceInputHandler.onDeactivateIme():259 VoiceInputHandler:deactivating [SDG]
11-14 11:05:05.500 2865 2865 W NotificationCenter: NotificationCenter.unregisterListener():469 Listener kqe@d853d43 was not registered for notification class kqf
11-14 11:05:05.501 2865 3900 W NotificationCenter: NotificationCenter.unregisterListener():469 Listener ffu@ed541c9 was not registered for notification class jwc
11-14 11:05:05.501 2865 3900 W NotificationCenter: NotificationCenter.unregisterListener():469 Listener fft@54e70ce was not registered for notification class jrt
11-14 11:05:05.502 2865 2865 W TooltipLifecycleManager: TooltipLifecycleManager.dismissTooltips():153 Tooltip with id spell_check_add_to_dictionary not found in tooltipManager.
11-14 11:05:05.503 18277 18396 I fani : shareCorrections()
11-14 11:05:05.514 1740 2525 D CoreBackPreview: Window{bf06adc u0 com.extron.sharelinkpro1k/crc6498f27dbb9b7396c3.MainActivity}: Setting back callback OnBackInvokedCallbackInfo{mCallback=android.window.IOnBackInvokedCallback$Stub$Proxy@c3b0ade, mPriority=0}
11-14 11:05:05.525 4285 4352 I .sharelinkpro1k: Explicit concurrent mark compact GC freed 304KB AllocSpace bytes, 33(660KB) LOS objects, 76% free, 7664KB/31MB, paused 140us,611us total 10.247ms
11-14 11:05:05.539 4285 4285 E RippleDrawable: The RippleDrawable.STYLE_PATTERNED animation is not supported for a non-hardware accelerated Canvas. Skipping animation.
11-14 11:05:05.830 2369 2429 V BtGatt.GattService: Skipping data matching denylist: ScanRecord [mAdvertiseFlags=26, mServiceUuids=[cbbfe0e1-f7f3-4206-84e0-84cbb3d09dfc], mServiceSolicitationUuids=[], mManufacturerSpecificData={76=[2, 21, 80, 118, 92, -73, -39, -22, 78, 33, -103, -92, -6, -121, -106, 19, -92, -110, -65, 86, -59, 18, -50]}, mServiceData={}, mTxPowerLevel=-2147483648, mDeviceName=null]
11-14 11:05:05.830 2369 2429 I BtGatt.GattService: Skipping client for location deny list
11-14 11:05:05.830 2369 2429 V BtGatt.GattService: Skipping data matching denylist: ScanRecord [mAdvertiseFlags=26, mServiceUuids=[cbbfe0e1-f7f3-4206-84e0-84cbb3d09dfc], mServiceSolicitationUuids=[], mManufacturerSpecificData={76=[2, 21, 80, 118, 92, -73, -39, -22, 78, 33, -103, -92, -6, -121, -106, 19, -92, -110, -65, 86, -59, 18, -50]}, mServiceData={}, mTxPowerLevel=-2147483648, mDeviceName=null]
11-14 11:05:05.830 2369 2429 I BtGatt.GattService: Skipping client for location deny list
11-14 11:05:05.830 2369 2429 V BtGatt.GattService: Skipping data matching denylist: ScanRecord [mAdvertiseFlags=26, mServiceUuids=[cbbfe0e1-f7f3-4206-84e0-84cbb3d09dfc], mServiceSolicitationUuids=[], mManufacturerSpecificData={76=[2, 21, 80, 118, 92, -73, -39, -22, 78, 33, -103, -92, -6, -121, -106, 19, -92, -110, -65, 86, -59, 18, -50]}, mServiceData={}, mTxPowerLevel=-2147483648, mDeviceName=null]
11-14 11:05:05.830 2369 2429 I BtGatt.GattService: Skipping client for location deny list
11-14 11:05:05.837 2865 2865 E BLASTBufferQueue: [VRI[InputMethod]#401](f:0,a:1) Applying pending transactions on dtor 1
11-14 11:05:05.899 2369 2429 I bt_btif_dm: packages/modules/Bluetooth/system/btif/src/btif_dm.cc:634 btif_update_remote_properties: cod from storage is also unclassified
11-14 11:05:06.027 4285 4285 I .sharelinkpro1k: Explicit concurrent mark compact GC freed 512KB AllocSpace bytes, 11(732KB) LOS objects, 76% free, 7633KB/31MB, paused 155us,670us total 11.134ms
11-14 11:05:06.098 18277 18397 I bewj : Keyboard closed, ending dictation. [SD]
11-14 11:05:06.109 1163 1163 I WifiHAL : Creating message to get link statistics; iface = 47
11-14 11:05:06.156 1163 1163 I WifiHAL : In GetLinkStatsCommand::handleResponse
11-14 11:05:06.177 4285 4285 I .sharelinkpro1k: Explicit concurrent mark compact GC freed 168KB AllocSpace bytes, 0(0B) LOS objects, 76% free, 7625KB/31MB, paused 253us,742us total 12.842ms
11-14 11:05:06.181 1740 2058 D ConnectivityService: NetReassign [no changes] [c 0] [a 0] [i 0]
11-14 11:05:06.272 4285 4285 W OnBackInvokedCallback: OnBackInvokedCallback is not enabled for the application.
11-14 11:05:06.272 4285 4285 W OnBackInvokedCallback: Set 'android:enableOnBackInvokedCallback="true"' in the application manifest.
11-14 11:05:06.324 4285 4285 I .sharelinkpro1k: Explicit concurrent mark compact GC freed 356KB AllocSpace bytes, 6(120KB) LOS objects, 76% free, 7686KB/31MB, paused 148us,606us total 9.862ms
11-14 11:05:06.343 4285 4368 D BluetoothAdapter: isLeEnabled(): ON
11-14 11:05:06.344 2369 3725 D ActivityAttributionService: notifyActivityAttributionInfo UID=1002 packageName=com.google.android.bluetooth deviceAddress=no_active_device_address
11-14 11:05:06.344 2369 3725 I bt_btif : packages/modules/Bluetooth/system/btif/src/bluetooth.cc:463 get_profile_interface: get_profile_interface: id = activity_attribution
11-14 11:05:06.344 2369 2655 I bt_stack: [INFO:le_scanning_manager.cc(174)] ScanFilterParamSetup in shim layer
11-14 11:05:06.345 2369 3725 I bt_stack: [INFO:le_scanning_manager.cc(148)] Unregister in shim layer, scanner_id:22
11-14 11:05:06.422 4285 4285 W MaterialButton: MaterialButton manages its own background to control elevation, shape, color and states. Consider using backgroundTint, shapeAppearance and other attributes where available. A custom background will ignore these attributes and you should consider handling interaction states such as pressed, focused and disabled
11-14 11:05:06.423 4285 4285 W MaterialButton: MaterialButton manages its own background to control elevation, shape, color and states. Consider using backgroundTint, shapeAppearance and other attributes where available. A custom background will ignore these attributes and you should consider handling interaction states such as pressed, focused and disabled
11-14 11:05:06.424 4285 4285 W MaterialButton: MaterialButton manages its own background to control elevation, shape, color and states. Consider using backgroundTint, shapeAppearance and other attributes where available. A custom background will ignore these attributes and you should consider handling interaction states such as pressed, focused and disabled
11-14 11:05:06.429 4285 4285 W MaterialButton: MaterialButton manages its own background to control elevation, shape, color and states. Consider using backgroundTint, shapeAppearance and other attributes where available. A custom background will ignore these attributes and you should consider handling interaction states such as pressed, focused and disabled
11-14 11:05:06.430 4285 4285 W MaterialButton: MaterialButton manages its own background to control elevation, shape, color and states. Consider using backgroundTint, shapeAppearance and other attributes where available. A custom background will ignore these attributes and you should consider handling interaction states such as pressed, focused and disabled
11-14 11:05:06.458 4285 4285 W View : requestLayout() improperly called by crc6452ffdc5b34af3a0f.ContentViewGroup{13b3bf2 V.E...... ......ID 0,0-1059,1662} during layout: running second layout pass
11-14 11:05:06.496 2865 4402 I KeyboardActiveSessionStreamManager: KeyboardActiveSessionStreamManager.closeStream():119 Closing stream. [SDG]
11-14 11:05:06.497 18277 18394 I bevn : (REDACTED) %s completed by the client [SD]
11-14 11:05:06.497 25379 26820 I exsu : (REDACTED) appOpsListener %s %s
11-14 11:05:06.497 25379 26820 I exsu : (REDACTED) Ignoring irrelevant audio permission changes for package %s
11-14 11:05:06.497 18277 18383 I bevn : (REDACTED) Shutting down %s [SD]
11-14 11:05:06.498 18277 18383 I bevp : (REDACTED) Forgetting %s [SD]
11-14 11:05:06.499 2865 3963 I KeyboardActiveSessionStreamManager: KeyboardActiveSessionStreamManager$AssistantEventObserver.onCompleted():253 Assistant event stream completed. [SDG]
11-14 11:05:07.964 14339 14350 I .gms.persistent: oneway function results for code 1 on binder at 0xb40000747318b510 will be dropped but finished with status UNKNOWN_TRANSACTION and reply parcel size 80
11-14 11:05:08.136 1530 1658 I PlayCommon: [792] auhe.l(242): Preparing logs for uploading
11-14 11:05:08.139 1530 1658 I PlayCommon: [792] auhe.l(1416): Connecting to server for timestamp: https://play.googleapis.com/play/log/timestamp
11-14 11:05:08.231 1530 1658 D TrafficStats: tagSocket(99) with statsTag=0xffffffff, statsUid=-1
11-14 11:05:08.456 1530 1658 I PlayCommon: [792] auhe.l(1900): Connecting to server: https://play.googleapis.com/play/log?format=raw&proto_v2=true
11-14 11:05:08.523 1530 1658 I PlayCommon: [792] auhe.l(2149): Successfully uploaded logs.
11-14 11:05:09.182 1163 1163 I WifiHAL : Creating message to get link statistics; iface = 47
11-14 11:05:09.232 1163 1163 I WifiHAL : In GetLinkStatsCommand::handleResponse
11-14 11:05:09.273 1740 2058 D ConnectivityService: NetReassign [no changes] [c 1] [a 0] [i 3]
11-14 11:05:11.214 14339 4506 I NearbyMediums: Found Fast Ble Advertisements :
11-14 11:05:11.214 14339 4506 I NearbyMediums: BleAdvertisement { version=2, socketVersion=2, isFast=true, serviceIdHash=null, data=[ 0x23 0x56 0x46 0x53 0x5a 0x11 0x32 0x5c 0xec 0x05 0xee 0x3f 0x22 0x6f 0x3d 0xea 0x63 0x99 0xa4 0xee 0x6a 0x9d 0xcf ], deviceToken=[ 0xd9 0x7f ], rxAdvertisement=null } : 13 times.
11-14 11:05:11.214 14339 4506 I NearbyMediums: BleAdvertisement { version=2, socketVersion=2, isFast=true, serviceIdHash=null, data=[ 0x23 0x58 0x58 0x53 0x44 0x11 0x32 0x92 0xec 0xdb 0xa7 0x45 0x2c 0x10 0x52 0xa5 0xa3 0x8c 0x38 0xb4 0x73 0xc3 0x84 ], deviceToken=[ 0xa5 0x93 ], rxAdvertisement=null } : 2 times.
11-14 11:05:11.214 14339 4506 I NearbyMediums: BleAdvertisement { version=2, socketVersion=2, isFast=true, serviceIdHash=null, data=[ 0x23 0x34 0x58 0x46 0x43 0x11 0x32 0x12 0xce 0xf5 0x92 0x08 0x18 0x78 0x13 0x9e 0x07 0xf2 0xca 0x53 0x25 0x93 0x9a ], deviceToken=[ 0x27 0x94 ], rxAdvertisement=null } : 2 times.
11-14 11:05:11.214 14339 4506 I NearbyMediums: BleAdvertisement { version=2, socketVersion=2, isFast=true, serviceIdHash=null, data=[ 0x23 0x42 0x53 0x36 0x59 0x11 0x34 0xff 0x1e 0x52 0x02 0x1a 0x65 0xc5 0xe8 0x10 0x1d 0xe4 0xd9 0xeb 0x6a 0x2e 0x24 ], deviceToken=[ 0x18 0x70 ], rxAdvertisement=null } : 8 times.
11-14 11:05:11.214 14339 4506 I NearbyMediums: BleAdvertisement { version=2, socketVersion=2, isFast=true, serviceIdHash=null, data=[ 0x23 0x57 0x52 0x4c 0x4d 0x11 0x32 0xd7 0x25 0x18 0xad 0x25 0xc2 0x9b 0xec 0xb8 0x99 0x1e 0x19 0xd0 0x09 0x6d 0xcb ], deviceToken=[ 0xb7 0xbe ], rxAdvertisement=null } : 1 times.
11-14 11:05:11.214 14339 4506 I NearbyMediums: Total 26 fast advertisements from 5 unique advertisers.
11-14 11:05:12.268 1163 1163 I WifiHAL : Creating message to get link statistics; iface = 47
11-14 11:05:12.319 1163 1163 I WifiHAL : In GetLinkStatsCommand::handleResponse
11-14 11:05:12.377 1740 2058 D ConnectivityService: NetReassign [no changes] [c 1] [a 1] [i 10]
11-14 11:05:12.650 1972 1983 I native : I0000 00:00:1731611112.650807 1983 tf_lite_classifier.cc:383] Event stream classified as kNone
