11-14 11:06:00.410 2182 2224 I QAWController: Re-creating the QAW client to avoid stale.
11-14 11:06:00.494 2182 2224 I QuickAccessWalletTile: Successfully retrieved wallet cards.
11-14 11:06:00.494 2182 2224 D QuickAccessWalletTile: No wallet cards exist.
11-14 11:06:01.236 14339 4506 I NearbyMediums: Found Fast Ble Advertisements :
11-14 11:06:01.236 14339 4506 I NearbyMediums: BleAdvertisement { version=2, socketVersion=2, isFast=true, serviceIdHash=null, data=[ 0x23 0x56 0x46 0x53 0x5a 0x11 0x32 0x5c 0xec 0x05 0xee 0x3f 0x22 0x6f 0x3d 0xea 0x63 0x99 0xa4 0xee 0x6a 0x9d 0xcf ], deviceToken=[ 0xd9 0x7f ], rxAdvertisement=null } : 12 times.
11-14 11:06:01.236 14339 4506 I NearbyMediums: BleAdvertisement { version=2, socketVersion=2, isFast=true, serviceIdHash=null, data=[ 0x23 0x58 0x58 0x53 0x44 0x11 0x32 0x92 0xec 0xdb 0xa7 0x45 0x2c 0x10 0x52 0xa5 0xa3 0x8c 0x38 0xb4 0x73 0xc3 0x84 ], deviceToken=[ 0xa5 0x93 ], rxAdvertisement=null } : 1 times.
11-14 11:06:01.236 14339 4506 I NearbyMediums: BleAdvertisement { version=2, socketVersion=2, isFast=true, serviceIdHash=null, data=[ 0x23 0x34 0x58 0x46 0x43 0x11 0x32 0x12 0xce 0xf5 0x92 0x08 0x18 0x78 0x13 0x9e 0x07 0xf2 0xca 0x53 0x25 0x93 0x9a ], deviceToken=[ 0x27 0x94 ], rxAdvertisement=null } : 2 times.
11-14 11:06:01.236 14339 4506 I NearbyMediums: BleAdvertisement { version=2, socketVersion=2, isFast=true, serviceIdHash=null, data=[ 0x23 0x42 0x53 0x36 0x59 0x11 0x34 0xff 0x1e 0x52 0x02 0x1a 0x65 0xc5 0xe8 0x10 0x1d 0xe4 0xd9 0xeb 0x6a 0x2e 0x24 ], deviceToken=[ 0x18 0x70 ], rxAdvertisement=null } : 10 times.
11-14 11:06:01.236 14339 4506 I NearbyMediums: BleAdvertisement { version=2, socketVersion=2, isFast=true, serviceIdHash=null, data=[ 0x23 0x57 0x52 0x4c 0x4d 0x11 0x32 0xd7 0x25 0x18 0xad 0x25 0xc2 0x9b 0xec 0xb8 0x99 0x1e 0x19 0xd0 0x09 0x6d 0xcb ], deviceToken=[ 0xb7 0xbe ], rxAdvertisement=null } : 1 times.
11-14 11:06:01.236 14339 4506 I NearbyMediums: Total 26 fast advertisements from 5 unique advertisers.
11-14 11:06:01.806 1163 1163 I WifiHAL : Creating message to get link statistics; iface = 47
11-14 11:06:01.857 1163 1163 I WifiHAL : In GetLinkStatsCommand::handleResponse
11-14 11:06:01.906 1740 2058 D ConnectivityService: NetReassign [no changes] [c 1] [a 0] [i 7]
11-14 11:06:02.923 1740 3976 I ActivityManager: Killing 3252:com.google.android.apps.turbo:aab/u0a143 (adj 925): empty for 1802s
11-14 11:06:02.926 14440 14440 D BoundBrokerSvc: onUnbind: Intent { act=com.google.android.gms.common.BIND_SHARED_PREFS pkg=com.google.android.gms }
11-14 11:06:02.933 1740 1849 I libprocessgroup: Successfully killed process cgroup uid 10143 pid 3252 in 5ms
11-14 11:06:03.018 1115 1115 I Zygote : Process 3252 exited due to signal 9 (Killed)
11-14 11:06:04.903 1163 1163 I WifiHAL : Creating message to get link statistics; iface = 47
11-14 11:06:05.023 1163 1163 I WifiHAL : In GetLinkStatsCommand::handleResponse
11-14 11:06:05.081 1740 2058 D ConnectivityService: NetReassign [no changes] [c 1] [a 1] [i 7]
11-14 11:06:05.921 1392 1546 I CHRE : @ 1448411.998: [ImuCal] [GYRO_RPS] (s0, c0) Offset | Temp [C] | Quality: 0.000129, 0.000270, -.002866 | 23.735532 | 4
11-14 11:06:05.921 1392 1546 I CHRE : @ 1448411.998: [ImuCal] [GYRO_RPS] (s0) Temp Sensitivity: -.000152, 0.000067, -.000003
11-14 11:06:05.921 1392 1546 I CHRE : @ 1448411.999: [ImuCal] [GYRO_RPS] (s0) Temp Intercept: 0.003971, -.001483, -.002676
11-14 11:06:08.038 1740 10501 I ActivityManager: Killing 3237:com.google.android.partnersetup/u0a96 (adj 925): empty for 1804s
11-14 11:06:08.040 1740 10501 I ActivityManager: Killing 2798:com.android.chrome/u0a151 (adj 925): empty for 1804s
11-14 11:06:08.042 1740 10501 I ActivityManager: Killing 514:com.google.process.gapps/u0a139 (adj 975): empty for 1804s
11-14 11:06:08.042 1740 10501 I ActivityManager: Killing 2890:com.android.chrome:privileged_process0/u0a151 (adj 985): empty for 1804s
11-14 11:06:08.048 1740 1849 I libprocessgroup: Successfully killed process cgroup uid 10096 pid 3237 in 6ms
11-14 11:06:08.049 18277 19157 I earchbox:search: oneway function results for code 2 on binder at 0xb400007473e1ffe0 will be dropped but finished with status UNKNOWN_TRANSACTION
11-14 11:06:08.069 1163 1163 I WifiHAL : Creating message to get link statistics; iface = 47
11-14 11:06:08.084 1115 1115 I Zygote : Process 3237 exited due to signal 9 (Killed)
11-14 11:06:08.089 1740 1849 I libprocessgroup: Successfully killed process cgroup uid 10151 pid 2798 in 0ms
11-14 11:06:08.119 1163 1163 I WifiHAL : In GetLinkStatsCommand::handleResponse
11-14 11:06:08.130 1115 1115 I Zygote : Process 514 exited due to signal 9 (Killed)
11-14 11:06:08.137 18277 18277 W cjlk : Custom Tabs connection lost
11-14 11:06:08.137 1740 2058 D ConnectivityService: releasing NetworkRequest [ REQUEST id=9773, [ Capabilities: INTERNET&NOT_RESTRICTED&TRUSTED&NOT_VCN_MANAGED Uid: 10151 RequestorUid: 10151 RequestorPkg: com.android.chrome UnderlyingNetworks: Null] ] (release request)
11-14 11:06:08.138 1115 1115 I Zygote : Process 2798 exited due to signal 9 (Killed)
11-14 11:06:08.138 1740 2058 D ConnectivityService: releasing NetworkRequest [ REQUEST id=9776, [ Capabilities: INTERNET&NOT_RESTRICTED&TRUSTED&NOT_VCN_MANAGED Uid: 10151 RequestorUid: 10151 RequestorPkg: com.android.chrome UnderlyingNetworks: Null] ] (release request)
11-14 11:06:08.138 1740 2255 W ActivityManager: Exception when unbinding service com.android.chrome/org.chromium.content.app.PrivilegedProcessService0
11-14 11:06:08.138 1740 2255 W ActivityManager: android.os.DeadObjectException
11-14 11:06:08.138 1740 2255 W ActivityManager: at android.os.BinderProxy.transactNative(Native Method)
11-14 11:06:08.138 1740 2255 W ActivityManager: at android.os.BinderProxy.transact(BinderProxy.java:584)
11-14 11:06:08.138 1740 2255 W ActivityManager: at android.app.IApplicationThread$Stub$Proxy.scheduleUnbindService(IApplicationThread.java:1346)
11-14 11:06:08.138 1740 2255 W ActivityManager: at com.android.server.am.ActiveServices.removeConnectionLocked(ActiveServices.java:4918)
11-14 11:06:08.138 1740 2255 W ActivityManager: at com.android.server.am.ActiveServices.killServicesLocked(ActiveServices.java:5436)
11-14 11:06:08.138 1740 2255 W ActivityManager: at com.android.server.am.ActivityManagerService.cleanUpApplicationRecordLocked(ActivityManagerService.java:12367)
11-14 11:06:08.138 1740 2255 W ActivityManager: at com.android.server.am.ActivityManagerService.handleAppDiedLocked(ActivityManagerService.java:3230)
11-14 11:06:08.138 1740 2255 W ActivityManager: at com.android.server.am.ActivityManagerService.appDiedLocked(ActivityManagerService.java:3337)
11-14 11:06:08.138 1740 2255 W ActivityManager: at com.android.server.am.ActivityManagerService$AppDeathRecipient.binderDied(ActivityManagerService.java:1478)
11-14 11:06:08.138 1740 2255 W ActivityManager: at android.os.IBinder$DeathRecipient.binderDied(IBinder.java:317)
11-14 11:06:08.138 1740 2255 W ActivityManager: at android.os.BinderProxy.sendDeathNotice(BinderProxy.java:704)
11-14 11:06:08.138 1740 2255 W ActivityManager: Scheduling restart of crashed service com.android.chrome/org.chromium.chrome.browser.customtabs.CustomTabsConnectionService in 1000ms for connection
11-14 11:06:08.143 1740 1849 I libprocessgroup: Successfully killed process cgroup uid 10139 pid 514 in 0ms
11-14 11:06:08.143 1740 1849 I libprocessgroup: Successfully killed process cgroup uid 10151 pid 2890 in 0ms
11-14 11:06:08.147 1740 2058 D ConnectivityService: NetReassign [no changes] [c 0] [a 0] [i 3]
11-14 11:06:08.149 1115 1115 I Zygote : Process 2890 exited due to signal 9 (Killed)
11-14 11:06:08.426 1972 1983 I native : I0000 00:00:1731611168.425967 1983 tf_lite_classifier.cc:383] Event stream classified as kNone
11-14 11:06:09.605 1740 1740 W JobScheduler: Job didn't exist in JobStore: 7bfc044 #1000/100768 com.google.android.apps.docs/com.google/extrontester@gmail.com:android
11-14 11:06:10.295 1972 1983 I native : I0000 00:00:1731611170.295288 1983 tf_lite_classifier.cc:383] Event stream classified as kNone
11-14 11:06:10.878 1740 10527 I ActivityTaskManager: START u0 {cmp=com.extron.sharelinkpro1k/crc64ba438d8f48cf7e75.IntermediateActivity (has extras)} from uid 10542
11-14 11:06:10.888 1740 10527 W ActivityTaskManager: Tried to set launchTime (0) < mLastActivityLaunchTime (1444507822)
11-14 11:06:10.890 1740 2255 W AutofillManagerServiceImpl: getFillEventHistory() called by UID 10133, but service UID is 10139
11-14 11:06:10.893 1740 2255 I ActivityTaskManager: START u0 {act=android.intent.action.CHOOSER cmp=android/com.android.internal.app.ChooserActivity (has extras)} from uid 10542
11-14 11:06:10.907 1740 2255 D CoreBackPreview: Window{901bc2e u0 com.extron.sharelinkpro1k/crc64ba438d8f48cf7e75.IntermediateActivity}: Setting back callback OnBackInvokedCallbackInfo{mCallback=android.window.IOnBackInvokedCallback$Stub$Proxy@1e1f15c, mPriority=0}
11-14 11:06:10.916 1740 2255 W ActivityTaskManager: Tried to set launchTime (0) < mLastActivityLaunchTime (1444507849)
11-14 11:06:10.918 1740 10501 W AutofillManagerServiceImpl: getFillEventHistory() called by UID 10133, but service UID is 10139
11-14 11:06:10.926 3225 3225 I AiAiEcho: AppPredictionInputConnectorImpl#createPredictionSession
11-14 11:06:10.927 3225 3225 I AiAiEcho: SharesheetManagerImpl#onCreatePredictionSession finished.
11-14 11:06:10.927 3225 3821 I AiAiEcho: (REDACTED) shortcutManager#getShareTargets finished with %s shortcuts.
11-14 11:06:10.928 4530 4530 W ContextImpl: Failed to ensure /data/system/shared_prefs: mkdir failed: EACCES (Permission denied)
11-14 11:06:10.930 4530 4530 I ResolverListAdapter: Add DisplayResolveInfo component: ComponentInfo{com.google.android.documentsui/com.android.documentsui.picker.PickActivity}, intent component: ComponentInfo{com.google.android.documentsui/com.android.documentsui.picker.PickActivity}
11-14 11:06:10.931 1740 2255 I ActivityTaskManager: START u0 {act=android.intent.action.OPEN_DOCUMENT typ=*/* flg=0x3000000 cmp=com.google.android.documentsui/com.android.documentsui.picker.PickActivity (has extras)} from uid 10542
11-14 11:06:10.935 4530 4530 D ChooserActivity: System Time Cost is 14
11-14 11:06:10.937 1740 3304 W ActivityTaskManager: Tried to set launchTime (0) < mLastActivityLaunchTime (1444507875)
11-14 11:06:10.939 1740 3304 W AutofillManagerServiceImpl: getFillEventHistory() called by UID 10133, but service UID is 10139
11-14 11:06:10.961 4560 4560 E oid.documentsui: No package ID ff found for ID 0xffffffff.
11-14 11:06:10.964 4560 4560 W SelectionTracker: Setting gestureTooltypes is likely to result in unexpected behavior.
11-14 11:06:10.966 4560 4560 E oid.documentsui: No package ID ff found for ID 0xffffffff.
11-14 11:06:10.970 1740 10501 D CoreBackPreview: Window{d6f2753 u0 com.google.android.documentsui/com.android.documentsui.picker.PickActivity}: Setting back callback OnBackInvokedCallbackInfo{mCallback=android.window.IOnBackInvokedCallback$Stub$Proxy@ca12589, mPriority=0}
11-14 11:06:10.980 4560 4560 E oid.documentsui: No package ID ff found for ID 0xffffffff.
11-14 11:06:10.992 4589 4925 W SyncManagerImpl: Initiating sync for AccountId_40a47788 (com.google.android.apps.docs)
11-14 11:06:10.992 4589 4925 W SyncManagerImpl: Initiating sync for AccountId_40a47788 (com.google.android.apps.docs)
11-14 11:06:10.993 1740 10527 I WifiService: acquireWifiLock uid=10161 lockMode=1 packageName=com.google.android.apps.docs
11-14 11:06:10.994 4589 4925 W SyncManagerImpl: Started sync for AccountId_40a47788
11-14 11:06:10.994 4589 4925 W SyncManagerImpl: Started sync for AccountId_40a47788
11-14 11:06:10.997 4589 4650 E Cello : [4650:NonCelloThread] item_query_handler.cc:78:CheckQueryAgainstInternalItemLocalProperty Querying on internal item local property key: pinned
11-14 11:06:11.001 4589 4681 E Cello : [4681:NonCelloThread] item_query_handler.cc:78:CheckQueryAgainstInternalItemLocalProperty Querying on internal item local property key: pinned
11-14 11:06:11.002 4560 4560 E oid.documentsui: No package ID ff found for ID 0xffffffff.
11-14 11:06:11.004 1740 2108 W JobInfo : Requested flex +57m36s0ms for job 100072 is too small; raising to +5h8m17s900ms
11-14 11:06:11.004 1740 1834 I ActivityTaskManager: Displayed com.google.android.documentsui/com.android.documentsui.picker.PickActivity: +126ms
11-14 11:06:11.006 4589 4672 E Cello : [4672:NonCelloThread] item_query_handler.cc:78:CheckQueryAgainstInternalItemLocalProperty Querying on internal item local property key: pinned
11-14 11:06:11.007 4560 4560 E oid.documentsui: No package ID ff found for ID 0xffffffff.
11-14 11:06:11.011 1740 2108 W JobInfo : Requested flex +57m36s0ms for job 100348 is too small; raising to +5h25m26s650ms
11-14 11:06:11.015 1740 2108 W JobInfo : Requested flex +57m36s0ms for job 100242 is too small; raising to +5h27m33s750ms
11-14 11:06:11.039 4560 4560 D DefaultSelectionTracker: Ignoring onDataSetChange. No active selection.
11-14 11:06:11.065 4589 4841 D TrafficStats: tagSocket(5) with statsTag=0xffffffff, statsUid=-1
11-14 11:06:11.106 2865 2865 I GoogleInputMethodService: GoogleInputMethodService.onFinishInput():3086
11-14 11:06:11.108 2865 2865 I GoogleInputMethodService: GoogleInputMethodService.updateDeviceLockedStatus():2155 repeatCheckTimes = 0, locked = false
11-14 11:06:11.108 2865 2865 I GoogleInputMethodService: GoogleInputMethodService.onStartInput():1899 onStartInput(EditorInfo{EditorInfo{packageName=com.google.android.documentsui, inputType=0, inputTypeString=NULL, enableLearning=false, autoCorrection=false, autoComplete=false, imeOptions=0, privateImeOptions=null, actionName=UNSPECIFIED, actionLabel=null, initialSelStart=-1, initialSelEnd=-1, initialCapsMode=0, label=null, fieldId=-1, fieldName=null, extras=null, hintText=null, hintLocales=[]}}, false)
11-14 11:06:11.109 2865 2865 I GoogleInputMethodService: GoogleInputMethodService.updateDeviceLockedStatus():2155 repeatCheckTimes = 1, locked = false
11-14 11:06:11.110 2865 2865 I AndroidIME: InputBundleManager.loadActiveInputBundleId():450 loadActiveInputBundleId: und-Latn-x-password, password
11-14 11:06:11.145 1163 1163 I WifiHAL : Creating message to get link statistics; iface = 47
11-14 11:06:11.190 1163 1163 I WifiHAL : In GetLinkStatsCommand::handleResponse
11-14 11:06:11.218 1740 2058 D ConnectivityService: NetReassign [no changes] [c 0] [a 0] [i 2]
11-14 11:06:11.239 14339 4506 I NearbyMediums: Found Fast Ble Advertisements :
11-14 11:06:11.239 14339 4506 I NearbyMediums: BleAdvertisement { version=2, socketVersion=2, isFast=true, serviceIdHash=null, data=[ 0x23 0x56 0x46 0x53 0x5a 0x11 0x32 0x5c 0xec 0x05 0xee 0x3f 0x22 0x6f 0x3d 0xea 0x63 0x99 0xa4 0xee 0x6a 0x9d 0xcf ], deviceToken=[ 0xd9 0x7f ], rxAdvertisement=null } : 7 times.
11-14 11:06:11.239 14339 4506 I NearbyMediums: BleAdvertisement { version=2, socketVersion=2, isFast=true, serviceIdHash=null, data=[ 0x23 0x34 0x58 0x46 0x43 0x11 0x32 0x12 0xce 0xf5 0x92 0x08 0x18 0x78 0x13 0x9e 0x07 0xf2 0xca 0x53 0x25 0x93 0x9a ], deviceToken=[ 0x27 0x94 ], rxAdvertisement=null } : 2 times.
11-14 11:06:11.239 14339 4506 I NearbyMediums: BleAdvertisement { version=2, socketVersion=2, isFast=true, serviceIdHash=null, data=[ 0x23 0x42 0x53 0x36 0x59 0x11 0x34 0xff 0x1e 0x52 0x02 0x1a 0x65 0xc5 0xe8 0x10 0x1d 0xe4 0xd9 0xeb 0x6a 0x2e 0x24 ], deviceToken=[ 0x18 0x70 ], rxAdvertisement=null } : 5 times.
11-14 11:06:11.239 14339 4506 I NearbyMediums: Total 14 fast advertisements from 3 unique advertisers.
11-14 11:06:11.240 14339 4418 I NearbyConnections: Processing lost BlePeripheral BlePeripheral{advertisement=BleAdvertisement { version=2, socketVersion=2, isFast=true, serviceIdHash=null, data=[ 0x23 0x58 0x58 0x53 0x44 0x11 0x32 0x92 0xec 0xdb 0xa7 0x45 0x2c 0x10 0x52 0xa5 0xa3 0x8c 0x38 0xb4 0x73 0xc3 0x84 ], deviceToken=[ 0xa5 0x93 ], rxAdvertisement=null }, address=null, psm=0, deviceToken=, isSecondProfile=false, rxInstantConnectionAdv=null}.
11-14 11:06:11.240 14339 4418 I NearbyConnections: Lost BleEndpoint for BlePeripheral BlePeripheral{advertisement=BleAdvertisement { version=2, socketVersion=2, isFast=true, serviceIdHash=null, data=[ 0x23 0x58 0x58 0x53 0x44 0x11 0x32 0x92 0xec 0xdb 0xa7 0x45 0x2c 0x10 0x52 0xa5 0xa3 0x8c 0x38 0xb4 0x73 0xc3 0x84 ], deviceToken=[ 0xa5 0x93 ], rxAdvertisement=null }, address=null, psm=0, deviceToken=, isSecondProfile=false, rxInstantConnectionAdv=null} (with EndpointId XXSD and EndpointInfo [ 0x32 0x92 0xec 0xdb 0xa7 0x45 0x2c 0x10 0x52 0xa5 0xa3 0x8c 0x38 0xb4 0x73 0xc3 0x84 ]).
11-14 11:06:11.241 14339 4418 I NearbyConnections: ClientProxy(229990993) reporting onEndpointLost(XXSD)
11-14 11:06:11.241 14339 4418 I NearbyConnections: Processing lost BlePeripheral BlePeripheral{advertisement=BleAdvertisement { version=2, socketVersion=2, isFast=true, serviceIdHash=null, data=[ 0x23 0x57 0x52 0x4c 0x4d 0x11 0x32 0xd7 0x25 0x18 0xad 0x25 0xc2 0x9b 0xec 0xb8 0x99 0x1e 0x19 0xd0 0x09 0x6d 0xcb ], deviceToken=[ 0xb7 0xbe ], rxAdvertisement=null }, address=null, psm=0, deviceToken=, isSecondProfile=false, rxInstantConnectionAdv=null}.
11-14 11:06:11.241 14339 4418 I NearbyConnections: Lost BleEndpoint for BlePeripheral BlePeripheral{advertisement=BleAdvertisement { version=2, socketVersion=2, isFast=true, serviceIdHash=null, data=[ 0x23 0x57 0x52 0x4c 0x4d 0x11 0x32 0xd7 0x25 0x18 0xad 0x25 0xc2 0x9b 0xec 0xb8 0x99 0x1e 0x19 0xd0 0x09 0x6d 0xcb ], deviceToken=[ 0xb7 0xbe ], rxAdvertisement=null }, address=null, psm=0, deviceToken=, isSecondProfile=false, rxInstantConnectionAdv=null} (with EndpointId WRLM and EndpointInfo [ 0x32 0xd7 0x25 0x18 0xad 0x25 0xc2 0x9b 0xec 0xb8 0x99 0x1e 0x19 0xd0 0x09 0x6d 0xcb ]).
11-14 11:06:11.241 14339 4511 I NearbySharing: Endpoint XXSD lost over Nearby Connections
11-14 11:06:11.241 14339 4511 I NearbySharing: Endpoint WRLM lost over Nearby Connections
11-14 11:06:11.242 14339 4418 I NearbyConnections: ClientProxy(229990993) reporting onEndpointLost(WRLM)
11-14 11:06:11.242 14339 4505 I NearbySharing: Ignoring lost endpoint XXSD because we don't have an associated ShareTarget
11-14 11:06:11.242 14339 4505 I NearbySharing: Ignoring lost endpoint WRLM because we don't have an associated ShareTarget
11-14 11:06:11.411 1740 1740 W AccessibilityManagerService: wait for adding window timeout: 427
11-14 11:06:11.506 2865 2876 I putmethod.latin: oneway function results for code 2 on binder at 0xb40000747323e340 will be dropped but finished with status UNKNOWN_TRANSACTION
11-14 11:06:11.538 1740 3304 W PresentationStatsEventLogger: Shouldn't be logging AutofillPresentationEventReported again for same event
11-14 11:06:11.813 4589 4925 W SyncManagerImpl: Sync for AccountId_40a47788 took 803 ms
11-14 11:06:11.813 4589 4925 W SyncManagerImpl: Sync for AccountId_40a47788 took 803 ms
11-14 11:06:11.823 1740 10501 I WifiService: releaseWifiLock uid=10161
11-14 11:06:11.824 4560 4699 W DocumentsContract: Failed to load thumbnail for content://com.google.android.apps.docs.storage/document/acc%3D12%3Bdoc%3Dencoded%3DAXVpAvfFKxyaMJ0DeafmQgcoQLM81oPHCZlcEw_J3R_wVvyjPhmxbWbwJJ64p-Oe-FI%3D: java.io.IOException: java.lang.NullPointerException: Attempt to invoke virtual method 'android.os.Bundle android.content.res.AssetFileDescriptor.getExtras()' on a null object reference
11-14 11:06:11.824 4589 4925 W SyncManagerImpl: Sync completed for AccountId_40a47788 (com.google.android.apps.docs)
11-14 11:06:11.824 4589 4925 W SyncManagerImpl: Sync completed for AccountId_40a47788 (com.google.android.apps.docs)
11-14 11:06:11.946 4560 4560 D DefaultSelectionTracker: Ignoring onDataSetChange. No active selection.
11-14 11:06:12.006 4589 4803 D TrafficStats: tagSocket(5) with statsTag=0xffffffff, statsUid=-1
11-14 11:06:12.917 1972 1983 I native : I0000 00:00:1731611172.917437 1983 tf_lite_classifier.cc:383] Event stream classified as kNone
11-14 11:06:12.921 4560 4699 W DocumentsContract: Failed to load thumbnail for content://com.google.android.apps.docs.storage/document/acc%3D12%3Bdoc%3Dencoded%3DAXVpAvfFKxyaMJ0DeafmQgcoQLM81oPHCZlcEw_J3R_wVvyjPhmxbWbwJJ64p-Oe-FI%3D: java.io.IOException: java.lang.NullPointerException: Attempt to invoke virtual method 'android.os.Bundle android.content.res.AssetFileDescriptor.getExtras()' on a null object reference
11-14 11:06:12.972 1740 10527 W AutofillManagerServiceImpl: getFillEventHistory() called by UID 10133, but service UID is 10139
11-14 11:06:13.383 1740 3304 W AutofillManagerServiceImpl: getFillEventHistory() called by UID 10133, but service UID is 10139
11-14 11:06:13.462 1740 10501 D CoreBackPreview: Window{901bc2e u0 com.extron.sharelinkpro1k/crc64ba438d8f48cf7e75.IntermediateActivity}: Setting back callback null
11-14 11:06:13.463 1740 10501 W InputManager-JNI: Input channel object '901bc2e com.extron.sharelinkpro1k/crc64ba438d8f48cf7e75.IntermediateActivity (client)' was disposed without first being removed with the input manager!
11-14 11:06:13.531 2865 2865 I GoogleInputMethodService: GoogleInputMethodService.onFinishInput():3086
11-14 11:06:13.533 2865 2865 I GoogleInputMethodService: GoogleInputMethodService.updateDeviceLockedStatus():2155 repeatCheckTimes = 0, locked = false
11-14 11:06:13.534 2865 2865 I GoogleInputMethodService: GoogleInputMethodService.onStartInput():1899 onStartInput(EditorInfo{EditorInfo{packageName=com.extron.sharelinkpro1k, inputType=0, inputTypeString=NULL, enableLearning=false, autoCorrection=false, autoComplete=false, imeOptions=0, privateImeOptions=null, actionName=UNSPECIFIED, actionLabel=null, initialSelStart=-1, initialSelEnd=-1, initialCapsMode=0, label=null, fieldId=-1, fieldName=null, extras=null, hintText=null, hintLocales=[]}}, false)
11-14 11:06:13.534 2865 2865 I GoogleInputMethodService: GoogleInputMethodService.updateDeviceLockedStatus():2155 repeatCheckTimes = 1, locked = false
11-14 11:06:13.535 2865 2865 I AndroidIME: InputBundleManager.loadActiveInputBundleId():450 loadActiveInputBundleId: und-Latn-x-password, password
11-14 11:06:13.870 1740 1740 W AccessibilityManagerService: wait for adding window timeout: 427
11-14 11:06:13.990 1740 10501 D CoreBackPreview: Window{d6f2753 u0 com.google.android.documentsui/com.android.documentsui.picker.PickActivity}: Setting back callback null
11-14 11:06:13.998 1740 10501 W InputManager-JNI: Input channel object 'd6f2753 com.google.android.documentsui/com.android.documentsui.picker.PickActivity (client)' was disposed without first being removed with the input manager!
11-14 11:06:14.046 4285 4285 I .sharelinkpro1k: Explicit concurrent mark compact GC freed 1205KB AllocSpace bytes, 147(17MB) LOS objects, 75% free, 9641KB/37MB, paused 135us,885us total 18.571ms
11-14 11:06:14.064 4285 4292 W System : A resource failed to call AbstractCursor.close.
11-14 11:06:14.065 4285 4292 W System : A resource failed to call CursorWrapperInner.close.
11-14 11:06:14.065 4285 4292 W System : A resource failed to call AbstractCursor.close.
11-14 11:06:14.065 4285 4292 W System : A resource failed to call CursorWrapperInner.close.
11-14 11:06:14.217 1163 1163 I WifiHAL : Creating message to get link statistics; iface = 47
11-14 11:06:14.227 1312 8093 W Parcel : Expecting binder but got null!
11-14 11:06:14.255 4285 4285 W MaterialButton: MaterialButton manages its own background to control elevation, shape, color and states. Consider using backgroundTint, shapeAppearance and other attributes where available. A custom background will ignore these attributes and you should consider handling interaction states such as pressed, focused and disabled
11-14 11:06:14.257 4285 4285 W MaterialButton: MaterialButton manages its own background to control elevation, shape, color and states. Consider using backgroundTint, shapeAppearance and other attributes where available. A custom background will ignore these attributes and you should consider handling interaction states such as pressed, focused and disabled
11-14 11:06:14.263 1163 1163 I WifiHAL : In GetLinkStatsCommand::handleResponse
11-14 11:06:14.289 1740 2058 D ConnectivityService: NetReassign [no changes] [c 1] [a 0] [i 2]
11-14 11:06:16.608 1972 1983 I native : I0000 00:00:1731611176.608616 1983 tf_lite_classifier.cc:383] Event stream classified as kNone
11-14 11:06:16.836 4285 4285 W MaterialButton: MaterialButton manages its own background to control elevation, shape, color and states. Consider using backgroundTint, shapeAppearance and other attributes where available. A custom background will ignore these attributes and you should consider handling interaction states such as pressed, focused and disabled
11-14 11:06:17.288 1163 1163 I WifiHAL : Creating message to get link statistics; iface = 47
11-14 11:06:17.334 1163 1163 I WifiHAL : In GetLinkStatsCommand::handleResponse
11-14 11:06:17.368 1740 2058 D ConnectivityService: NetReassign [no changes] [c 0] [a 0] [i 4]
11-14 11:06:18.035 4285 4368 I .sharelinkpro1k: Explicit concurrent mark compact GC freed 11MB AllocSpace bytes, 5(100KB) LOS objects, 75% free, 9964KB/38MB, paused 190us,944us total 20.063ms
11-14 11:06:18.048 4793 4793 I EuiccGoogle: [2] EuiccServiceImpl.onDestroy: onDestroy: EuiccService on destroy.
11-14 11:06:18.693 4285 4346 I .sharelinkpro1k: Explicit concurrent mark compact GC freed 1537KB AllocSpace bytes, 2(40KB) LOS objects, 75% free, 9686KB/37MB, paused 279us,1.508ms total 31.327ms
11-14 11:06:20.366 1163 1163 I WifiHAL : Creating message to get link statistics; iface = 47
11-14 11:06:20.417 1163 1163 I WifiHAL : In GetLinkStatsCommand::handleResponse
11-14 11:06:20.473 2729 2816 D IwlanNetworkService: onCapabilitiesChanged: 134
11-14 11:06:20.473 2729 2795 D IwlanDataService: onCapabilitiesChanged: 134 [ Transports: WIFI Capabilities: INTERNET&NOT_RESTRICTED&TRUSTED&NOT_VPN&VALIDATED&NOT_ROAMING&FOREGROUND&NOT_CONGESTED&NOT_SUSPENDED&NOT_VCN_MANAGED LinkUpBandwidth>=10480Kbps LinkDnBandwidth>=14887Kbps TransportInfo: , BSSID: 02:00:00:00:00:00, MAC: 02:00:00:00:00:00, IP: /192.168.196.140, Security type: 2, Supplicant state: COMPLETED, Wi-Fi standard: 11n, RSSI: -14, Link speed: 173Mbps, Tx Link speed: 173Mbps, Max Supported Tx Link speed: 144Mbps, Rx Link speed: 192Mbps, Max Supported Rx Link speed: 144Mbps, Frequency: 2462MHz, Net ID: -1, Metered hint: true, score: 60, isUsable: true, CarrierMerged: false, SubscriptionId: -1, IsPrimary: 1, Trusted: true, Restricted: false, Ephemeral: false, OEM paid: false, OEM private: false, OSU AP: false, FQDN: , Provider friendly name: , Requesting package name: MLO Information: , Is TID-To-Link negotiation supported by the AP: false, AP MLD Address: , AP MLO Link Id: , AP MLO Affiliated links: , Vendor Data: > SignalStrength: -14 AdminUids: [1000] SSID: "Pixel_5100" UnderlyingNetworks: Null]
11-14 11:06:20.473 2729 2795 D IwlanDataService: Network 134 connected using transport WIFI
11-14 11:06:20.477 14339 14645 I ChimeraSrvcProxy: NullBinder for android.net.action.RECOMMEND_NETWORKS triggering remote TransactionTooLargeException due to Service without Chimera impl
11-14 11:06:20.477 14339 14645 W .gms.persistent: Large reply transaction of 1056768 bytes, interface descriptor , code 1
11-14 11:06:20.485 8283 9324 D DeviceStateHelper: Wifi freq: 2462
11-14 11:06:20.485 18277 18442 D WM-NetworkStateTracker: Network capabilities changed: [ Transports: WIFI Capabilities: INTERNET&NOT_RESTRICTED&TRUSTED&NOT_VPN&VALIDATED&NOT_ROAMING&FOREGROUND&NOT_CONGESTED&NOT_SUSPENDED&NOT_VCN_MANAGED LinkUpBandwidth>=10480Kbps LinkDnBandwidth>=14887Kbps TransportInfo: , BSSID: 02:00:00:00:00:00, MAC: 02:00:00:00:00:00, IP: /192.168.196.140, Security type: 2, Supplicant state: COMPLETED, Wi-Fi standard: 11n, RSSI: -14, Link speed: 173Mbps, Tx Link speed: 173Mbps, Max Supported Tx Link speed: 144Mbps, Rx Link speed: 192Mbps, Max Supported Rx Link speed: 144Mbps, Frequency: 2462MHz, Net ID: -1, Metered hint: true, score: 60, isUsable: true, CarrierMerged: false, SubscriptionId: -1, IsPrimary: -1, Trusted: true, Restricted: false, Ephemeral: false, OEM paid: false, OEM private: false, OSU AP: false, FQDN: , Provider friendly name: , Requesting package name: MLO Information: , Is TID-To-Link negotiation supported by the AP: false, AP MLD Address: , AP MLO Link Id: , AP MLO Affiliated links: , Vendor Data: > SignalStrength: -14 UnderlyingNetworks: Null]
11-14 11:06:20.488 1740 2058 D ConnectivityService: NetReassign [no changes] [c 0] [a 0] [i 3]
11-14 11:06:20.629 4285 4368 I .sharelinkpro1k: Explicit concurrent mark compact GC freed 11MB AllocSpace bytes, 11(220KB) LOS objects, 75% free, 9798KB/38MB, paused 452us,1.882ms total 46.333ms
11-14 11:06:20.692 4285 4368 I .sharelinkpro1k: Explicit concurrent mark compact GC freed 276KB AllocSpace bytes, 1(20KB) LOS objects, 75% free, 9598KB/37MB, paused 140us,850us total 15.443ms
11-14 11:06:20.764 14339 4505 I NearbyConnections: Found BleAdvertisement [ 0x23 0x58 0x58 0x53 0x44 0x11 0x32 0x92 0xec 0xdb 0xa7 0x45 0x2c 0x10 0x52 0xa5 0xa3 0x8c 0x38 0xb4 0x73 0xc3 0x84 ] (with EndpointId XXSD and EndpointInfo [ 0x32 0x92 0xec 0xdb 0xa7 0x45 0x2c 0x10 0x52 0xa5 0xa3 0x8c 0x38 0xb4 0x73 0xc3 0x84 ])
11-14 11:06:20.765 14339 4505 I NearbyConnections: ClientProxy(229990993) reporting onEndpointFound(XXSD)
11-14 11:06:20.765 14339 4505 I NearbyConnections: ClientProxy(229990993) reporting onEndpointDistanceChanged(XXSD, UNKNOWN)
11-14 11:06:20.765 14339 4505 I NearbyConnections: No Bluetooth Classic MAC address found in [ 0x23 0x58 0x58 0x53 0x44 0x11 0x32 0x92 0xec 0xdb 0xa7 0x45 0x2c 0x10 0x52 0xa5 0xa3 0x8c 0x38 0xb4 0x73 0xc3 0x84 ]
11-14 11:06:20.766 14339 4506 I NearbySharing: Endpoint XXSD discovered over Nearby Connections
11-14 11:06:20.767 14339 4505 I NearbySharing: Failed to convert given advertisement (XXSD)[ 0x32 0x92 0xec 0xdb 0xa7 0x45 0x2c 0x10 0x52 0xa5 0xa3 0x8c 0x38 0xb4 0x73 0xc3 0x84 ] to share target from discovered advertisement. Ignoring.
11-14 11:06:20.767 14339 4505 I NearbySharing: Report endpoint XXSD as lost, since we cannot recognize this endpoint anymore
11-14 11:06:20.767 14339 4505 I NearbySharing: Ignoring lost endpoint XXSD because we don't have an associated ShareTarget
11-14 11:06:21.243 14339 4505 I NearbyMediums: Found Fast Ble Advertisements :
11-14 11:06:21.243 14339 4505 I NearbyMediums: BleAdvertisement { version=2, socketVersion=2, isFast=true, serviceIdHash=null, data=[ 0x23 0x56 0x46 0x53 0x5a 0x11 0x32 0x5c 0xec 0x05 0xee 0x3f 0x22 0x6f 0x3d 0xea 0x63 0x99 0xa4 0xee 0x6a 0x9d 0xcf ], deviceToken=[ 0xd9 0x7f ], rxAdvertisement=null } : 6 times.
11-14 11:06:21.243 14339 4505 I NearbyMediums: BleAdvertisement { version=2, socketVersion=2, isFast=true, serviceIdHash=null, data=[ 0x23 0x58 0x58 0x53 0x44 0x11 0x32 0x92 0xec 0xdb 0xa7 0x45 0x2c 0x10 0x52 0xa5 0xa3 0x8c 0x38 0xb4 0x73 0xc3 0x84 ], deviceToken=[ 0xa5 0x93 ], rxAdvertisement=null } : 1 times.
11-14 11:06:21.243 14339 4505 I NearbyMediums: BleAdvertisement { version=2, socketVersion=2, isFast=true, serviceIdHash=null, data=[ 0x23 0x34 0x58 0x46 0x43 0x11 0x32 0x12 0xce 0xf5 0x92 0x08 0x18 0x78 0x13 0x9e 0x07 0xf2 0xca 0x53 0x25 0x93 0x9a ], deviceToken=[ 0x27 0x94 ], rxAdvertisement=null } : 1 times.
11-14 11:06:21.243 14339 4505 I NearbyMediums: BleAdvertisement { version=2, socketVersion=2, isFast=true, serviceIdHash=null, data=[ 0x23 0x42 0x53 0x36 0x59 0x11 0x34 0xff 0x1e 0x52 0x02 0x1a 0x65 0xc5 0xe8 0x10 0x1d 0xe4 0xd9 0xeb 0x6a 0x2e 0x24 ], deviceToken=[ 0x18 0x70 ], rxAdvertisement=null } : 2 times.
11-14 11:06:21.243 14339 4505 I NearbyMediums: Total 10 fast advertisements from 4 unique advertisers.
11-14 11:06:22.542 4285 4338 I .sharelinkpro1k: Explicit concurrent mark compact GC freed 12MB AllocSpace bytes, 10(200KB) LOS objects, 75% free, 9802KB/38MB, paused 378us,2.054ms total 49.108ms
11-14 11:06:22.600 4285 4338 I .sharelinkpro1k: Explicit concurrent mark compact GC freed 216KB AllocSpace bytes, 1(20KB) LOS objects, 75% free, 9598KB/37MB, paused 140us,819us total 15.834ms
11-14 11:06:22.693 25379 25403 I bcoj : (REDACTED) getHotwordActive::active query: %s, watch: %s, devices connected: %s
11-14 11:06:23.466 1163 1163 I WifiHAL : Creating message to get link statistics; iface = 47
11-14 11:06:23.511 1163 1163 I WifiHAL : In GetLinkStatsCommand::handleResponse
11-14 11:06:23.539 1740 2058 D ConnectivityService: NetReassign [no changes] [c 0] [a 0] [i 4]
11-14 11:06:24.202 4285 4346 I .sharelinkpro1k: Explicit concurrent mark compact GC freed 10MB AllocSpace bytes, 9(180KB) LOS objects, 75% free, 9802KB/38MB, paused 195us,900us total 18.231ms
11-14 11:06:24.403 14339 4506 I NearbyConnections: Found BleAdvertisement [ 0x23 0x31 0x49 0x47 0x35 0x11 0x16 0xb3 0x77 0x0a 0x00 0x8f 0xf1 0x4c 0xc1 0x25 0xce 0xb3 0xa8 0x70 0xc6 0x60 0x38 ] (with EndpointId 1IG5 and EndpointInfo [ 0x16 0xb3 0x77 0x0a 0x00 0x8f 0xf1 0x4c 0xc1 0x25 0xce 0xb3 0xa8 0x70 0xc6 0x60 0x38 ])
11-14 11:06:24.404 14339 4506 I NearbyConnections: ClientProxy(229990993) reporting onEndpointFound(1IG5)
11-14 11:06:24.405 14339 4505 I NearbySharing: Endpoint 1IG5 discovered over Nearby Connections
11-14 11:06:24.406 14339 4418 I NearbySharing: Failed to convert given advertisement (1IG5)[ 0x16 0xb3 0x77 0x0a 0x00 0x8f 0xf1 0x4c 0xc1 0x25 0xce 0xb3 0xa8 0x70 0xc6 0x60 0x38 ] to share target from discovered advertisement. Ignoring.
11-14 11:06:24.406 14339 4418 I NearbySharing: Report endpoint 1IG5 as lost, since we cannot recognize this endpoint anymore
11-14 11:06:24.406 14339 4418 I NearbySharing: Ignoring lost endpoint 1IG5 because we don't have an associated ShareTarget
11-14 11:06:24.407 14339 4506 I NearbyConnections: ClientProxy(229990993) reporting onEndpointDistanceChanged(1IG5, UNKNOWN)
11-14 11:06:24.407 14339 4506 I NearbyConnections: No Bluetooth Classic MAC address found in [ 0x23 0x31 0x49 0x47 0x35 0x11 0x16 0xb3 0x77 0x0a 0x00 0x8f 0xf1 0x4c 0xc1 0x25 0xce 0xb3 0xa8 0x70 0xc6 0x60 0x38 ]
11-14 11:06:24.532 4285 4338 I .sharelinkpro1k: Explicit concurrent mark compact GC freed 19MB AllocSpace bytes, 6(120KB) LOS objects, 75% free, 10010KB/39MB, paused 140us,892us total 20.425ms
11-14 11:06:26.542 1163 1163 I WifiHAL : Creating message to get link statistics; iface = 47
11-14 11:06:26.592 1163 1163 I WifiHAL : In GetLinkStatsCommand::handleResponse
11-14 11:06:26.626 1740 2058 D ConnectivityService: NetReassign [no changes] [c 0] [a 1] [i 3]
11-14 11:06:26.782 4285 4338 I .sharelinkpro1k: Explicit concurrent mark compact GC freed 12MB AllocSpace bytes, 11(220KB) LOS objects, 75% free, 9802KB/38MB, paused 297us,1.642ms total 34.033ms
11-14 11:06:27.230 4285 4305 I .sharelinkpro1k: Explicit concurrent mark compact GC freed 19MB AllocSpace bytes, 5(100KB) LOS objects, 75% free, 10010KB/39MB, paused 151us,1.019ms total 21.794ms
11-14 11:06:28.543 4285 4346 I .sharelinkpro1k: Explicit concurrent mark compact GC freed 21MB AllocSpace bytes, 12(240KB) LOS objects, 75% free, 9966KB/38MB, paused 443us,2.139ms total 66.923ms
11-14 11:06:28.616 4285 4346 I .sharelinkpro1k: Explicit concurrent mark compact GC freed 360KB AllocSpace bytes, 2(40KB) LOS objects, 75% free, 9618KB/37MB, paused 228us,1.243ms total 20.969ms
11-14 11:06:29.622 1163 1163 I WifiHAL : Creating message to get link statistics; iface = 47
11-14 11:06:29.667 1163 1163 I WifiHAL : In GetLinkStatsCommand::handleResponse
11-14 11:06:29.692 1740 2058 D ConnectivityService: NetReassign [no changes] [c 0] [a 0] [i 1]
11-14 11:06:30.080 18277 18388 D WM-DelayedWorkTracker: Scheduling work 7c1bea68-423a-4f3f-bb35-7317f4c03593
11-14 11:06:30.081 18277 18388 D WM-GreedyScheduler: Starting work for 7c1bea68-423a-4f3f-bb35-7317f4c03593
11-14 11:06:30.084 18277 18349 D WM-Processor: kpz: processing WorkGenerationalId(workSpecId=7c1bea68-423a-4f3f-bb35-7317f4c03593, generation=0)
11-14 11:06:30.091 18277 18277 D WM-WorkerWrapper: Starting work for com.google.apps.tiktok.contrib.work.TikTokListenableWorker
11-14 11:06:30.093 18277 18277 I azat : Local calendar periodic scheduler worker starts.
11-14 11:06:30.093 18277 18277 I A : Scheduling the PCP local calendar update worker.
11-14 11:06:30.101 18277 18397 I A : Calendar refresh worker found. Do not schedule new one.
11-14 11:06:30.102 18277 18349 I WM-WorkerWrapper: Worker result SUCCESS for Work [ id=7c1bea68-423a-4f3f-bb35-7317f4c03593, tags={ com.google.apps.tiktok.contrib.work.TikTokListenableWorker,TikTokWorker#com.google.android.apps.search.assistant.platform.pcp.featuredata.localcalendar.LocalCalendarPeriodicSchedulerWorker } ]
11-14 11:06:30.113 18277 18277 D WM-Processor: kpz 7c1bea68-423a-4f3f-bb35-7317f4c03593 executed; reschedule = false
11-14 11:06:30.117 18277 18353 D WM-GreedyScheduler: Cancelling work ID 7c1bea68-423a-4f3f-bb35-7317f4c03593
11-14 11:06:30.121 18277 18353 D WM-GreedyScheduler: Ignoring {WorkSpec: 82b3bccf-99c0-43aa-89b4-ecf2b30b9cd0}. Requires device idle.
11-14 11:06:30.122 18277 18353 D WM-GreedyScheduler: Ignoring {WorkSpec: 46d36295-562d-4c9b-9a41-c584b6192126}. Requires device idle.
11-14 11:06:30.122 18277 18353 D WM-GreedyScheduler: Ignoring {WorkSpec: f0cbccfa-7640-4428-837f-f8223213ab07}. Requires device idle.
11-14 11:06:30.122 18277 18353 D WM-GreedyScheduler: Ignoring {WorkSpec: 52c58b3d-f68c-4109-8bbd-d32aa7f5ecff}. Requires device idle.
11-14 11:06:30.122 18277 18353 D WM-GreedyScheduler: Ignoring {WorkSpec: 2ddefc48-fd49-43f0-9782-be4ae73b72fd}. Requires device idle.
11-14 11:06:30.122 18277 18353 D WM-GreedyScheduler: Ignoring {WorkSpec: 67df5475-1987-4f38-96fa-13916d8234e1}. Requires ContentUri triggers.
11-14 11:06:30.122 18277 18353 D WM-GreedyScheduler: Starting tracking for 0d39f924-f305-4971-98da-c36ec5ef6677,d92fe96a-1e67-4a1d-8a52-eae99229299c,5ca5790e-54f5-4663-8d1b-74c86fd0af7a,5b752478-d386-42b9-a2b6-e5248783d3eb,c53a4aec-c24c-432c-9123-37d29fefbf89
11-14 11:06:30.411 4285 4346 I .sharelinkpro1k: Explicit concurrent mark compact GC freed 11MB AllocSpace bytes, 9(180KB) LOS objects, 75% free, 9802KB/38MB, paused 146us,848us total 17.655ms
11-14 11:06:30.701 4285 4368 I .sharelinkpro1k: Explicit concurrent mark compact GC freed 19MB AllocSpace bytes, 6(120KB) LOS objects, 75% free, 10010KB/39MB, paused 138us,1.309ms total 23.271ms
11-14 11:06:31.246 14339 4506 I NearbyMediums: Found Fast Ble Advertisements :
11-14 11:06:31.246 14339 4506 I NearbyMediums: BleAdvertisement { version=2, socketVersion=2, isFast=true, serviceIdHash=null, data=[ 0x23 0x56 0x46 0x53 0x5a 0x11 0x32 0x5c 0xec 0x05 0xee 0x3f 0x22 0x6f 0x3d 0xea 0x63 0x99 0xa4 0xee 0x6a 0x9d 0xcf ], deviceToken=[ 0xd9 0x7f ], rxAdvertisement=null } : 4 times.
11-14 11:06:31.246 14339 4506 I NearbyMediums: BleAdvertisement { version=2, socketVersion=2, isFast=true, serviceIdHash=null, data=[ 0x23 0x31 0x49 0x47 0x35 0x11 0x16 0xb3 0x77 0x0a 0x00 0x8f 0xf1 0x4c 0xc1 0x25 0xce 0xb3 0xa8 0x70 0xc6 0x60 0x38 ], deviceToken=[ 0x7e 0x1c ], rxAdvertisement=null } : 2 times.
11-14 11:06:31.246 14339 4506 I NearbyMediums: BleAdvertisement { version=2, socketVersion=2, isFast=true, serviceIdHash=null, data=[ 0x23 0x34 0x58 0x46 0x43 0x11 0x32 0x12 0xce 0xf5 0x92 0x08 0x18 0x78 0x13 0x9e 0x07 0xf2 0xca 0x53 0x25 0x93 0x9a ], deviceToken=[ 0x27 0x94 ], rxAdvertisement=null } : 2 times.
11-14 11:06:31.246 14339 4506 I NearbyMediums: BleAdvertisement { version=2, socketVersion=2, isFast=true, serviceIdHash=null, data=[ 0x23 0x42 0x53 0x36 0x59 0x11 0x34 0xff 0x1e 0x52 0x02 0x1a 0x65 0xc5 0xe8 0x10 0x1d 0xe4 0xd9 0xeb 0x6a 0x2e 0x24 ], deviceToken=[ 0x18 0x70 ], rxAdvertisement=null } : 5 times.
11-14 11:06:31.246 14339 4506 I NearbyMediums: Total 13 fast advertisements from 4 unique advertisers.
11-14 11:06:31.247 14339 4418 I NearbyConnections: Processing lost BlePeripheral BlePeripheral{advertisement=BleAdvertisement { version=2, socketVersion=2, isFast=true, serviceIdHash=null, data=[ 0x23 0x58 0x58 0x53 0x44 0x11 0x32 0x92 0xec 0xdb 0xa7 0x45 0x2c 0x10 0x52 0xa5 0xa3 0x8c 0x38 0xb4 0x73 0xc3 0x84 ], deviceToken=[ 0xa5 0x93 ], rxAdvertisement=null }, address=null, psm=0, deviceToken=, isSecondProfile=false, rxInstantConnectionAdv=null}.
11-14 11:06:31.247 14339 4418 I NearbyConnections: Lost BleEndpoint for BlePeripheral BlePeripheral{advertisement=BleAdvertisement { version=2, socketVersion=2, isFast=true, serviceIdHash=null, data=[ 0x23 0x58 0x58 0x53 0x44 0x11 0x32 0x92 0xec 0xdb 0xa7 0x45 0x2c 0x10 0x52 0xa5 0xa3 0x8c 0x38 0xb4 0x73 0xc3 0x84 ], deviceToken=[ 0xa5 0x93 ], rxAdvertisement=null }, address=null, psm=0, deviceToken=, isSecondProfile=false, rxInstantConnectionAdv=null} (with EndpointId XXSD and EndpointInfo [ 0x32 0x92 0xec 0xdb 0xa7 0x45 0x2c 0x10 0x52 0xa5 0xa3 0x8c 0x38 0xb4 0x73 0xc3 0x84 ]).
11-14 11:06:31.247 14339 4418 I NearbyConnections: ClientProxy(229990993) reporting onEndpointLost(XXSD)
11-14 11:06:31.250 14339 4506 I NearbySharing: Endpoint XXSD lost over Nearby Connections
11-14 11:06:31.250 14339 4505 I NearbySharing: Ignoring lost endpoint XXSD because we don't have an associated ShareTarget
11-14 11:06:31.520 14339 4505 I NearbyConnections: Found BleAdvertisement [ 0x23 0x58 0x58 0x53 0x44 0x11 0x32 0x92 0xec 0xdb 0xa7 0x45 0x2c 0x10 0x52 0xa5 0xa3 0x8c 0x38 0xb4 0x73 0xc3 0x84 ] (with EndpointId XXSD and EndpointInfo [ 0x32 0x92 0xec 0xdb 0xa7 0x45 0x2c 0x10 0x52 0xa5 0xa3 0x8c 0x38 0xb4 0x73 0xc3 0x84 ])
11-14 11:06:31.523 14339 4505 I NearbyConnections: ClientProxy(229990993) reporting onEndpointFound(XXSD)
11-14 11:06:31.523 14339 4505 I NearbyConnections: ClientProxy(229990993) reporting onEndpointDistanceChanged(XXSD, UNKNOWN)
11-14 11:06:31.523 14339 4505 I NearbyConnections: No Bluetooth Classic MAC address found in [ 0x23 0x58 0x58 0x53 0x44 0x11 0x32 0x92 0xec 0xdb 0xa7 0x45 0x2c 0x10 0x52 0xa5 0xa3 0x8c 0x38 0xb4 0x73 0xc3 0x84 ]
11-14 11:06:31.524 14339 4418 I NearbySharing: Endpoint XXSD discovered over Nearby Connections
11-14 11:06:31.527 14339 4506 I NearbySharing: Failed to convert given advertisement (XXSD)[ 0x32 0x92 0xec 0xdb 0xa7 0x45 0x2c 0x10 0x52 0xa5 0xa3 0x8c 0x38 0xb4 0x73 0xc3 0x84 ] to share target from discovered advertisement. Ignoring.
11-14 11:06:31.527 14339 4506 I NearbySharing: Report endpoint XXSD as lost, since we cannot recognize this endpoint anymore
11-14 11:06:31.528 14339 4506 I NearbySharing: Ignoring lost endpoint XXSD because we don't have an associated ShareTarget
11-14 11:06:32.405 4285 4285 I .sharelinkpro1k: Explicit concurrent mark compact GC freed 21MB AllocSpace bytes, 27(540KB) LOS objects, 75% free, 9966KB/38MB, paused 149us,929us total 19.172ms
11-14 11:06:32.465 4285 4285 I .sharelinkpro1k: Explicit concurrent mark compact GC freed 424KB AllocSpace bytes, 2(40KB) LOS objects, 75% free, 9598KB/37MB, paused 120us,838us total 14.125ms
11-14 11:06:32.575 4285 4285 I .sharelinkpro1k: Explicit concurrent mark compact GC freed 188KB AllocSpace bytes, 0(0B) LOS objects, 75% free, 9602KB/37MB, paused 119us,733us total 13.559ms
11-14 11:06:32.694 1163 1163 I WifiHAL : Creating message to get link statistics; iface = 47
11-14 11:06:32.743 1163 1163 I WifiHAL : In GetLinkStatsCommand::handleResponse
11-14 11:06:32.778 1740 2058 D ConnectivityService: NetReassign [no changes] [c 0] [a 1] [i 3]
11-14 11:06:34.731 4285 4285 I .sharelinkpro1k: Explicit concurrent mark compact GC freed 484KB AllocSpace bytes, 19(716KB) LOS objects, 75% free, 9598KB/37MB, paused 129us,838us total 13.904ms
11-14 11:06:34.862 4285 4285 I .sharelinkpro1k: Explicit concurrent mark compact GC freed 132KB AllocSpace bytes, 0(0B) LOS objects, 75% free, 9594KB/37MB, paused 133us,800us total 13.674ms
11-14 11:06:34.994 4285 4285 I .sharelinkpro1k: Explicit concurrent mark compact GC freed 384KB AllocSpace bytes, 0(0B) LOS objects, 75% free, 9594KB/37MB, paused 161us,892us total 14.354ms
11-14 11:06:35.110 4285 4285 I .sharelinkpro1k: Explicit concurrent mark compact GC freed 456KB AllocSpace bytes, 1(20KB) LOS objects, 75% free, 9778KB/38MB, paused 124us,776us total 14.107ms
11-14 11:06:35.140 4285 4285 I Choreographer: Skipped 31 frames! The application may be doing too much work on its main thread.
11-14 11:06:35.778 1163 1163 I WifiHAL : Creating message to get link statistics; iface = 47
11-14 11:06:35.829 1163 1163 I WifiHAL : In GetLinkStatsCommand::handleResponse
11-14 11:06:35.877 1740 2058 D ConnectivityService: NetReassign [no changes] [c 1] [a 1] [i 11]
11-14 11:06:36.478 4285 4352 I .sharelinkpro1k: Explicit concurrent mark compact GC freed 656KB AllocSpace bytes, 26(520KB) LOS objects, 75% free, 9902KB/38MB, paused 214us,1.106ms total 20.532ms
11-14 11:06:36.657 4285 4285 I .sharelinkpro1k: Explicit concurrent mark compact GC freed 412KB AllocSpace bytes, 18(2264KB) LOS objects, 75% free, 9822KB/38MB, paused 122us,798us total 15.252ms
11-14 11:06:36.794 4285 4285 I .sharelinkpro1k: Explicit concurrent mark compact GC freed 264KB AllocSpace bytes, 5(660KB) LOS objects, 75% free, 9814KB/38MB, paused 135us,814us total 14.022ms
11-14 11:06:36.937 4285 4285 I .sharelinkpro1k: Explicit concurrent mark compact GC freed 316KB AllocSpace bytes, 0(0B) LOS objects, 75% free, 9818KB/38MB, paused 131us,812us total 13.889ms
11-14 11:06:37.086 4285 4285 I .sharelinkpro1k: Explicit concurrent mark compact GC freed 512KB AllocSpace bytes, 0(0B) LOS objects, 75% free, 9818KB/38MB, paused 132us,822us total 14.031ms
11-14 11:06:37.147 4285 4285 I Choreographer: Skipped 38 frames! The application may be doing too much work on its main thread.
11-14 11:06:38.866 1163 1163 I WifiHAL : Creating message to get link statistics; iface = 47
11-14 11:06:38.911 1163 1163 I WifiHAL : In GetLinkStatsCommand::handleResponse
11-14 11:06:38.939 1740 2058 D ConnectivityService: NetReassign [no changes] [c 0] [a 0] [i 3]
11-14 11:06:38.992 4285 4285 I .sharelinkpro1k: Explicit concurrent mark compact GC freed 892KB AllocSpace bytes, 28(2800KB) LOS objects, 75% free, 10014KB/39MB, paused 140us,845us total 14.917ms
11-14 11:06:39.210 4285 4338 I .sharelinkpro1k: Explicit concurrent mark compact GC freed 236KB AllocSpace bytes, 1(132KB) LOS objects, 75% free, 10002KB/39MB, paused 222us,776us total 16.176ms
11-14 11:06:39.352 4285 4943 I .sharelinkpro1k: Explicit concurrent mark compact GC freed 396KB AllocSpace bytes, 8(944KB) LOS objects, 75% free, 10038KB/39MB, paused 160us,936us total 17.702ms
11-14 11:06:41.249 14339 4506 I NearbyMediums: Found Fast Ble Advertisements :
11-14 11:06:41.249 14339 4506 I NearbyMediums: BleAdvertisement { version=2, socketVersion=2, isFast=true, serviceIdHash=null, data=[ 0x23 0x56 0x46 0x53 0x5a 0x11 0x32 0x5c 0xec 0x05 0xee 0x3f 0x22 0x6f 0x3d 0xea 0x63 0x99 0xa4 0xee 0x6a 0x9d 0xcf ], deviceToken=[ 0xd9 0x7f ], rxAdvertisement=null } : 4 times.
11-14 11:06:41.249 14339 4506 I NearbyMediums: BleAdvertisement { version=2, socketVersion=2, isFast=true, serviceIdHash=null, data=[ 0x23 0x58 0x58 0x53 0x44 0x11 0x32 0x92 0xec 0xdb 0xa7 0x45 0x2c 0x10 0x52 0xa5 0xa3 0x8c 0x38 0xb4 0x73 0xc3 0x84 ], deviceToken=[ 0xa5 0x93 ], rxAdvertisement=null } : 1 times.
11-14 11:06:41.249 14339 4506 I NearbyMediums: BleAdvertisement { version=2, socketVersion=2, isFast=true, serviceIdHash=null, data=[ 0x23 0x42 0x53 0x36 0x59 0x11 0x34 0xff 0x1e 0x52 0x02 0x1a 0x65 0xc5 0xe8 0x10 0x1d 0xe4 0xd9 0xeb 0x6a 0x2e 0x24 ], deviceToken=[ 0x18 0x70 ], rxAdvertisement=null } : 5 times.
11-14 11:06:41.249 14339 4506 I NearbyMediums: Total 10 fast advertisements from 3 unique advertisers.
11-14 11:06:41.253 14339 4418 I NearbyConnections: Processing lost BlePeripheral BlePeripheral{advertisement=BleAdvertisement { version=2, socketVersion=2, isFast=true, serviceIdHash=null, data=[ 0x23 0x31 0x49 0x47 0x35 0x11 0x16 0xb3 0x77 0x0a 0x00 0x8f 0xf1 0x4c 0xc1 0x25 0xce 0xb3 0xa8 0x70 0xc6 0x60 0x38 ], deviceToken=[ 0x7e 0x1c ], rxAdvertisement=null }, address=null, psm=0, deviceToken=, isSecondProfile=false, rxInstantConnectionAdv=null}.
11-14 11:06:41.253 14339 4418 I NearbyConnections: Lost BleEndpoint for BlePeripheral BlePeripheral{advertisement=BleAdvertisement { version=2, socketVersion=2, isFast=true, serviceIdHash=null, data=[ 0x23 0x31 0x49 0x47 0x35 0x11 0x16 0xb3 0x77 0x0a 0x00 0x8f 0xf1 0x4c 0xc1 0x25 0xce 0xb3 0xa8 0x70 0xc6 0x60 0x38 ], deviceToken=[ 0x7e 0x1c ], rxAdvertisement=null }, address=null, psm=0, deviceToken=, isSecondProfile=false, rxInstantConnectionAdv=null} (with EndpointId 1IG5 and EndpointInfo [ 0x16 0xb3 0x77 0x0a 0x00 0x8f 0xf1 0x4c 0xc1 0x25 0xce 0xb3 0xa8 0x70 0xc6 0x60 0x38 ]).
11-14 11:06:41.254 14339 4418 I NearbyConnections: ClientProxy(229990993) reporting onEndpointLost(1IG5)
11-14 11:06:41.255 14339 4418 I NearbyConnections: Processing lost BlePeripheral BlePeripheral{advertisement=BleAdvertisement { version=2, socketVersion=2, isFast=true, serviceIdHash=null, data=[ 0x23 0x34 0x58 0x46 0x43 0x11 0x32 0x12 0xce 0xf5 0x92 0x08 0x18 0x78 0x13 0x9e 0x07 0xf2 0xca 0x53 0x25 0x93 0x9a ], deviceToken=[ 0x27 0x94 ], rxAdvertisement=null }, address=null, psm=0, deviceToken=, isSecondProfile=false, rxInstantConnectionAdv=null}.
11-14 11:06:41.255 14339 4418 I NearbyConnections: Lost BleEndpoint for BlePeripheral BlePeripheral{advertisement=BleAdvertisement { version=2, socketVersion=2, isFast=true, serviceIdHash=null, data=[ 0x23 0x34 0x58 0x46 0x43 0x11 0x32 0x12 0xce 0xf5 0x92 0x08 0x18 0x78 0x13 0x9e 0x07 0xf2 0xca 0x53 0x25 0x93 0x9a ], deviceToken=[ 0x27 0x94 ], rxAdvertisement=null }, address=null, psm=0, deviceToken=, isSecondProfile=false, rxInstantConnectionAdv=null} (with EndpointId 4XFC and EndpointInfo [ 0x32 0x12 0xce 0xf5 0x92 0x08 0x18 0x78 0x13 0x9e 0x07 0xf2 0xca 0x53 0x25 0x93 0x9a ]).
11-14 11:06:41.255 14339 4418 I NearbyConnections: ClientProxy(229990993) reporting onEndpointLost(4XFC)
11-14 11:06:41.257 14339 4506 I NearbySharing: Endpoint 1IG5 lost over Nearby Connections
11-14 11:06:41.257 14339 4418 I NearbySharing: Ignoring lost endpoint 1IG5 because we don't have an associated ShareTarget
11-14 11:06:41.258 14339 4506 I NearbySharing: Endpoint 4XFC lost over Nearby Connections
