11-14 11:11:34.222 5140 5149 E RemoteProvisioningService: at android.security.IGenerateRkpKeyService$Stub.onTransact(IGenerateRkpKeyService.java:108)
11-14 11:11:34.222 5140 5149 E RemoteProvisioningService: at android.os.Binder.execTransactInternal(Binder.java:1285)
11-14 11:11:34.222 5140 5149 E RemoteProvisioningService: at android.os.Binder.execTransact(Binder.java:1244)
11-14 11:11:34.229 5140 5153 D CompatibilityChangeReporter: Compat change id reported: 160794467; UID 10198; state: ENABLED
11-14 11:11:34.232 14339 5135 E WorkSourceUtil: Could not find package: com.google.android.gms.westworld
11-14 11:11:34.345 4285 4285 I .sharelinkpro1k: Explicit concurrent mark compact GC freed 264KB AllocSpace bytes, 0(0B) LOS objects, 75% free, 13MB/54MB, paused 205us,1.166ms total 29.926ms
11-14 11:11:34.457 4285 4285 I .sharelinkpro1k: Explicit concurrent mark compact GC freed 128KB AllocSpace bytes, 0(0B) LOS objects, 75% free, 13MB/54MB, paused 185us,863us total 23.809ms
11-14 11:11:34.641 576 588 D libnos_transport: Calling App 0 with params 0x0200
11-14 11:11:34.644 576 588 D libnos_transport: App 0 inspection status=0x00000000 reply_len=0 protocol=1 flags=0x0000
11-14 11:11:34.644 576 588 D libnos_transport: Send app 0 command data (0 bytes)
11-14 11:11:34.645 576 588 D libnos_transport: Send app 0 go command 0x00000200
11-14 11:11:34.645 576 588 D libnos_transport: Polling app 0
11-14 11:11:34.650 576 588 D libnos_transport: App 0 poll=16 status=0x00000000 reply_len=0 flags=0x0001
11-14 11:11:34.655 576 588 D libnos_transport: App 0 poll=32 status=0x00000000 reply_len=0 flags=0x0001
11-14 11:11:34.660 576 588 D libnos_transport: App 0 poll=48 status=0x00000000 reply_len=0 flags=0x0001
11-14 11:11:34.663 576 588 D libnos_transport: App 0 poll=64 status=0x00000000 reply_len=0 flags=0x0001
11-14 11:11:34.666 576 588 D libnos_transport: App 0 poll=80 status=0x00000000 reply_len=0 flags=0x0001
11-14 11:11:34.669 576 588 D libnos_transport: App 0 poll=96 status=0x00000000 reply_len=0 flags=0x0001
11-14 11:11:34.672 576 588 D libnos_transport: App 0 poll=112 status=0x00000000 reply_len=0 flags=0x0001
11-14 11:11:34.672 576 588 D libnos_transport: App 0 polled=116 status=0x80000000 reply_len=92 flags=0x0000
11-14 11:11:34.672 576 588 D libnos_transport: Read app 0 reply data (92 bytes)
11-14 11:11:34.673 576 588 D libnos_transport: App 0 returning 0x0
11-14 11:11:34.955 1972 1983 I native : I0000 00:00:1731611494.955007 1983 tf_lite_classifier.cc:373] Event stream classified as kDeepPress
11-14 11:11:34.979 4285 4285 I .sharelinkpro1k: Explicit concurrent mark compact GC freed 224KB AllocSpace bytes, 0(0B) LOS objects, 75% free, 13MB/54MB, paused 192us,875us total 24.116ms
11-14 11:11:35.587 4285 4285 I .sharelinkpro1k: Explicit concurrent mark compact GC freed 916KB AllocSpace bytes, 2(40KB) LOS objects, 75% free, 14MB/56MB, paused 194us,892us total 25.068ms
11-14 11:11:35.674 4285 4285 I Choreographer: Skipped 129 frames! The application may be doing too much work on its main thread.
11-14 11:11:35.687 4285 5110 I OpenGLRenderer: Davey! duration=2180ms; Flags=0, FrameTimelineVsyncId=164027651, IntendedVsync=1444858555956506, Vsync=1444860711147767, InputEventId=257910172, HandleInputStart=1444860726698006, AnimationStart=1444860727401863, PerformTraversalsStart=1444860727489144, DrawStart=1444860729306201, FrameDeadline=1444858572556506, FrameInterval=1444860726662728, FrameStartTime=16706909, SyncQueued=1444860730253019, SyncStart=1444860730321256, IssueDrawCommandsStart=1444860731199796, SwapBuffers=1444860735177254, FrameCompleted=1444860736036792, DequeueBufferDuration=24577, QueueBufferDuration=455118, GpuCompleted=1444860736036792, SwapBuffersCompleted=1444860735766894, DisplayPresentTime=1444810004150048, CommandSubmissionCompleted=1444860735177254,
11-14 11:11:35.690 1740 10501 D WindowManager: perform drag: win=android.view.IWindow$Stub$Proxy@7adf508 surface=Surface(name=drag surface)/@0x1e9f4a1 flags=101 data=ClipData { text/plain hasLabel(0) {T(0)} }
11-14 11:11:35.690 1740 10501 D WindowManager: registering drag input channel
11-14 11:11:35.714 1740 10501 D WindowManager: broadcasting DRAG_STARTED at (280.0, 1466.0)
11-14 11:11:35.715 1740 1837 W WindowManager: Unexpected ACTION_DOWN in drag layer
11-14 11:11:35.715 2182 2214 V WindowManagerShell: Drag event: action=ACTION_DRAG_STARTED x=280.000000 y=1466.000000 xOffset=0.000000 yOffset=0.000000
11-14 11:11:35.715 2182 2214 V WindowManagerShell: Clip description: handlingDrag=false itemCount=1 mimeTypes=text/plain
11-14 11:11:35.739 1740 10501 D WindowManager: Drag into new candidate view @ android.os.BinderProxy@565c34f
11-14 11:11:35.787 4285 4285 W Choreographer: Frame time is 0.074167 ms in the future! Check that graphics HAL is generating vsync timestamps using the correct timebase.
11-14 11:11:36.169 1740 10501 D WindowManager: Drag from old candidate view @ android.os.BinderProxy@565c34f
11-14 11:11:36.176 1740 10501 D WindowManager: Drag into new candidate view @ android.os.BinderProxy@565c34f
11-14 11:11:36.441 1740 1837 W AccessibilityWindowsPopulator: Windows change within in 2 frames continuously over 500 ms and notify windows changed immediately
11-14 11:11:36.540 1163 1163 I WifiHAL : Creating message to get link statistics; iface = 47
11-14 11:11:36.585 1163 1163 I WifiHAL : In GetLinkStatsCommand::handleResponse
11-14 11:11:36.615 1740 2058 D ConnectivityService: NetReassign [no changes] [c 1] [a 0] [i 4]
11-14 11:11:36.668 1740 1837 D WindowManager: Got UP on move channel; dropping at 747.0,1333.0
11-14 11:11:36.668 1740 1837 D WindowManager: sending DROP to Window{bf06adc u0 com.extron.sharelinkpro1k/crc6498f27dbb9b7396c3.MainActivity}
11-14 11:11:36.671 4285 4285 I VRI[MainActivity]: Reporting drop result: true
11-14 11:11:36.671 1740 10527 D WindowManager: Drop result=true reported by android.os.BinderProxy@565c34f
11-14 11:11:36.671 1740 10527 D WindowManager: unregistering drag input channel
11-14 11:11:36.671 1740 10527 D WindowManager: broadcasting DRAG_ENDED
11-14 11:11:36.671 1740 1837 D WindowManager: Drag ending; tearing down input channel
11-14 11:11:36.674 1740 1837 W InputManager-JNI: Input channel object 'drag (client)' was disposed without first being removed with the input manager!
11-14 11:11:37.437 4285 5041 I .sharelinkpro1k: Explicit concurrent mark compact GC freed 1252KB AllocSpace bytes, 98(9800KB) LOS objects, 75% free, 13MB/55MB, paused 221us,1.353ms total 28.585ms
11-14 11:11:37.440 4285 4292 W System : A resource failed to call release.
11-14 11:11:37.513 4285 4285 I Choreographer: Skipped 37 frames! The application may be doing too much work on its main thread.
11-14 11:11:38.030 4285 5117 I .sharelinkpro1k: Explicit concurrent mark compact GC freed 456KB AllocSpace bytes, 24(480KB) LOS objects, 75% free, 13MB/55MB, paused 201us,1.044ms total 27.275ms
11-14 11:11:38.721 4285 4285 I .sharelinkpro1k: Explicit concurrent mark compact GC freed 128KB AllocSpace bytes, 0(0B) LOS objects, 75% free, 13MB/55MB, paused 198us,898us total 24.688ms
11-14 11:11:38.770 1972 1983 I native : I0000 00:00:1731611498.770309 1983 tf_lite_classifier.cc:383] Event stream classified as kNone
11-14 11:11:39.352 4285 4285 I .sharelinkpro1k: Explicit concurrent mark compact GC freed 456KB AllocSpace bytes, 2(40KB) LOS objects, 75% free, 13MB/55MB, paused 191us,901us total 24.070ms
11-14 11:11:39.613 1163 1163 I WifiHAL : Creating message to get link statistics; iface = 47
11-14 11:11:39.667 1163 1163 I WifiHAL : In GetLinkStatsCommand::handleResponse
11-14 11:11:39.697 1740 2058 D ConnectivityService: NetReassign [no changes] [c 0] [a 0] [i 2]
11-14 11:11:39.992 4285 4285 I .sharelinkpro1k: Explicit concurrent mark compact GC freed 820KB AllocSpace bytes, 22(2904KB) LOS objects, 75% free, 13MB/55MB, paused 195us,969us total 25.642ms
11-14 11:11:40.034 14339 4511 I NearbyConnections: Found BleAdvertisement [ 0x23 0x49 0x57 0x47 0x34 0x11 0x32 0x60 0xa5 0xa7 0xab 0xc8 0x31 0xa3 0x08 0x22 0xd3 0xd6 0xdb 0xe1 0x85 0x4a 0xc9 ] (with EndpointId IWG4 and EndpointInfo [ 0x32 0x60 0xa5 0xa7 0xab 0xc8 0x31 0xa3 0x08 0x22 0xd3 0xd6 0xdb 0xe1 0x85 0x4a 0xc9 ])
11-14 11:11:40.035 14339 4511 I NearbyConnections: ClientProxy(229990993) reporting onEndpointFound(IWG4)
11-14 11:11:40.035 14339 4511 I NearbyConnections: ClientProxy(229990993) reporting onEndpointDistanceChanged(IWG4, UNKNOWN)
11-14 11:11:40.035 14339 4511 I NearbyConnections: No Bluetooth Classic MAC address found in [ 0x23 0x49 0x57 0x47 0x34 0x11 0x32 0x60 0xa5 0xa7 0xab 0xc8 0x31 0xa3 0x08 0x22 0xd3 0xd6 0xdb 0xe1 0x85 0x4a 0xc9 ]
11-14 11:11:40.035 14339 4511 I NearbySharing: Endpoint IWG4 discovered over Nearby Connections
11-14 11:11:40.037 14339 4506 I NearbySharing: Failed to convert given advertisement (IWG4)[ 0x32 0x60 0xa5 0xa7 0xab 0xc8 0x31 0xa3 0x08 0x22 0xd3 0xd6 0xdb 0xe1 0x85 0x4a 0xc9 ] to share target from discovered advertisement. Ignoring.
11-14 11:11:40.037 14339 4506 I NearbySharing: Report endpoint IWG4 as lost, since we cannot recognize this endpoint anymore
11-14 11:11:40.038 14339 4506 I NearbySharing: Ignoring lost endpoint IWG4 because we don't have an associated ShareTarget
11-14 11:11:40.586 1972 1983 I native : I0000 00:00:1731611500.586195 1983 tf_lite_classifier.cc:373] Event stream classified as kDeepPress
11-14 11:11:40.614 1151 1871 I suez-nanoapp-clients: Barometric peak detected: magnitude = 0.120621 hPa (bucket: 3), duration = 120.000000 ms (bucket: 11).
11-14 11:11:40.614 1392 1546 I CHRE : @ 1448746.693: [ip] Peak detected: magnitude = 0.120620 hpa, duration = 119.999997 ms
11-14 11:11:40.614 1135 1152 D ContextHubHal: Got message from nanoapp: ID 0x476f6f676c001022
11-14 11:11:40.615 1740 2087 E ContextHubClientManager: Cannot send message to unregistered client (host endpoint ID = -28638)
11-14 11:11:40.615 1151 1871 I suez-nanoapp-clients: Vendor atom [id = 100047] reported.
11-14 11:11:40.636 4285 4285 I .sharelinkpro1k: Explicit concurrent mark compact GC freed 476KB AllocSpace bytes, 1(20KB) LOS objects, 75% free, 13MB/55MB, paused 200us,935us total 24.176ms
11-14 11:11:40.764 4285 4285 I Choreographer: Skipped 177 frames! The application may be doing too much work on its main thread.
11-14 11:11:40.765 1740 1965 I InputDispatcher: bf06adc com.extron.sharelinkpro1k/crc6498f27dbb9b7396c3.MainActivity (server) spent 2217ms processing MotionEvent
11-14 11:11:40.766 1740 1965 I InputDispatcher: bf06adc com.extron.sharelinkpro1k/crc6498f27dbb9b7396c3.MainActivity (server) spent 2212ms processing MotionEvent
11-14 11:11:40.766 1740 1965 I InputDispatcher: bf06adc com.extron.sharelinkpro1k/crc6498f27dbb9b7396c3.MainActivity (server) spent 2206ms processing MotionEvent
11-14 11:11:40.766 1740 1965 I InputDispatcher: bf06adc com.extron.sharelinkpro1k/crc6498f27dbb9b7396c3.MainActivity (server) spent 2201ms processing MotionEvent
11-14 11:11:40.766 1740 1965 I InputDispatcher: bf06adc com.extron.sharelinkpro1k/crc6498f27dbb9b7396c3.MainActivity (server) spent 2195ms processing MotionEvent
11-14 11:11:40.766 1740 1965 I InputDispatcher: bf06adc com.extron.sharelinkpro1k/crc6498f27dbb9b7396c3.MainActivity (server) spent 2189ms processing MotionEvent
11-14 11:11:40.766 1740 1965 I InputDispatcher: bf06adc com.extron.sharelinkpro1k/crc6498f27dbb9b7396c3.MainActivity (server) spent 2184ms processing MotionEvent
11-14 11:11:40.766 1740 1965 I InputDispatcher: bf06adc com.extron.sharelinkpro1k/crc6498f27dbb9b7396c3.MainActivity (server) spent 2178ms processing MotionEvent
11-14 11:11:40.766 1740 1965 I InputDispatcher: bf06adc com.extron.sharelinkpro1k/crc6498f27dbb9b7396c3.MainActivity (server) spent 2173ms processing MotionEvent
11-14 11:11:40.766 1740 1965 I InputDispatcher: bf06adc com.extron.sharelinkpro1k/crc6498f27dbb9b7396c3.MainActivity (server) spent 2167ms processing MotionEvent
11-14 11:11:40.766 1740 1965 I InputDispatcher: bf06adc com.extron.sharelinkpro1k/crc6498f27dbb9b7396c3.MainActivity (server) spent 2161ms processing MotionEvent
11-14 11:11:40.766 1740 1965 I InputDispatcher: bf06adc com.extron.sharelinkpro1k/crc6498f27dbb9b7396c3.MainActivity (server) spent 2156ms processing MotionEvent
11-14 11:11:40.766 1740 1965 I InputDispatcher: bf06adc com.extron.sharelinkpro1k/crc6498f27dbb9b7396c3.MainActivity (server) spent 2150ms processing MotionEvent
11-14 11:11:40.766 1740 1965 I InputDispatcher: bf06adc com.extron.sharelinkpro1k/crc6498f27dbb9b7396c3.MainActivity (server) spent 2145ms processing MotionEvent
11-14 11:11:40.766 1740 1965 I InputDispatcher: bf06adc com.extron.sharelinkpro1k/crc6498f27dbb9b7396c3.MainActivity (server) spent 2139ms processing MotionEvent
11-14 11:11:40.766 1740 1965 I InputDispatcher: bf06adc com.extron.sharelinkpro1k/crc6498f27dbb9b7396c3.MainActivity (server) spent 2134ms processing MotionEvent
11-14 11:11:40.766 1740 1965 I InputDispatcher: bf06adc com.extron.sharelinkpro1k/crc6498f27dbb9b7396c3.MainActivity (server) spent 2128ms processing MotionEvent
11-14 11:11:40.766 1740 1965 I InputDispatcher: bf06adc com.extron.sharelinkpro1k/crc6498f27dbb9b7396c3.MainActivity (server) spent 2122ms processing MotionEvent
11-14 11:11:40.766 1740 1965 I InputDispatcher: bf06adc com.extron.sharelinkpro1k/crc6498f27dbb9b7396c3.MainActivity (server) spent 2117ms processing MotionEvent
11-14 11:11:40.766 1740 1965 I InputDispatcher: bf06adc com.extron.sharelinkpro1k/crc6498f27dbb9b7396c3.MainActivity (server) spent 2111ms processing MotionEvent
11-14 11:11:40.766 1740 1965 I InputDispatcher: bf06adc com.extron.sharelinkpro1k/crc6498f27dbb9b7396c3.MainActivity (server) spent 2106ms processing MotionEvent
11-14 11:11:40.766 1740 1965 I InputDispatcher: bf06adc com.extron.sharelinkpro1k/crc6498f27dbb9b7396c3.MainActivity (server) spent 2100ms processing MotionEvent
11-14 11:11:40.766 1740 1965 I InputDispatcher: bf06adc com.extron.sharelinkpro1k/crc6498f27dbb9b7396c3.MainActivity (server) spent 2094ms processing MotionEvent
11-14 11:11:40.766 1740 1965 I InputDispatcher: bf06adc com.extron.sharelinkpro1k/crc6498f27dbb9b7396c3.MainActivity (server) spent 2089ms processing MotionEvent
11-14 11:11:40.767 1740 1965 I InputDispatcher: bf06adc com.extron.sharelinkpro1k/crc6498f27dbb9b7396c3.MainActivity (server) spent 2083ms processing MotionEvent
11-14 11:11:40.767 1740 1965 I InputDispatcher: bf06adc com.extron.sharelinkpro1k/crc6498f27dbb9b7396c3.MainActivity (server) spent 2078ms processing MotionEvent
11-14 11:11:40.767 1740 1965 I InputDispatcher: bf06adc com.extron.sharelinkpro1k/crc6498f27dbb9b7396c3.MainActivity (server) spent 2072ms processing MotionEvent
11-14 11:11:40.767 1740 1965 I InputDispatcher: bf06adc com.extron.sharelinkpro1k/crc6498f27dbb9b7396c3.MainActivity (server) spent 2067ms processing MotionEvent
11-14 11:11:40.767 1740 1965 I InputDispatcher: bf06adc com.extron.sharelinkpro1k/crc6498f27dbb9b7396c3.MainActivity (server) spent 2061ms processing MotionEvent
11-14 11:11:40.767 1740 1965 I InputDispatcher: bf06adc com.extron.sharelinkpro1k/crc6498f27dbb9b7396c3.MainActivity (server) spent 2056ms processing MotionEvent
11-14 11:11:40.767 1740 1965 I InputDispatcher: bf06adc com.extron.sharelinkpro1k/crc6498f27dbb9b7396c3.MainActivity (server) spent 2050ms processing MotionEvent
11-14 11:11:40.767 1740 1965 I InputDispatcher: bf06adc com.extron.sharelinkpro1k/crc6498f27dbb9b7396c3.MainActivity (server) spent 2044ms processing MotionEvent
11-14 11:11:40.767 1740 1965 I InputDispatcher: bf06adc com.extron.sharelinkpro1k/crc6498f27dbb9b7396c3.MainActivity (server) spent 2039ms processing MotionEvent
11-14 11:11:40.767 1740 1965 I InputDispatcher: bf06adc com.extron.sharelinkpro1k/crc6498f27dbb9b7396c3.MainActivity (server) spent 2034ms processing MotionEvent
11-14 11:11:40.767 1740 1965 I InputDispatcher: bf06adc com.extron.sharelinkpro1k/crc6498f27dbb9b7396c3.MainActivity (server) spent 2028ms processing MotionEvent
11-14 11:11:40.767 1740 1965 I InputDispatcher: bf06adc com.extron.sharelinkpro1k/crc6498f27dbb9b7396c3.MainActivity (server) spent 2023ms processing MotionEvent
11-14 11:11:40.767 1740 1965 I InputDispatcher: bf06adc com.extron.sharelinkpro1k/crc6498f27dbb9b7396c3.MainActivity (server) spent 2017ms processing MotionEvent
11-14 11:11:40.767 1740 1965 I InputDispatcher: bf06adc com.extron.sharelinkpro1k/crc6498f27dbb9b7396c3.MainActivity (server) spent 2011ms processing MotionEvent
11-14 11:11:40.767 1740 1965 I InputDispatcher: bf06adc com.extron.sharelinkpro1k/crc6498f27dbb9b7396c3.MainActivity (server) spent 2006ms processing MotionEvent
11-14 11:11:40.767 1740 1965 I InputDispatcher: bf06adc com.extron.sharelinkpro1k/crc6498f27dbb9b7396c3.MainActivity (server) spent 2000ms processing MotionEvent
11-14 11:11:40.779 4285 5110 I OpenGLRenderer: Davey! duration=2973ms; Flags=0, FrameTimelineVsyncId=164028334, IntendedVsync=1444862850897190, Vsync=1444865808502762, InputEventId=288902395, HandleInputStart=1444865816418671, AnimationStart=1444865817128062, PerformTraversalsStart=1444865817215993, DrawStart=1444865818777435, FrameDeadline=1444862867497190, FrameInterval=1444865816369761, FrameStartTime=16709636, SyncQueued=1444865819454193, SyncStart=1444865819533091, IssueDrawCommandsStart=1444865820331228, SwapBuffers=1444865823639618, FrameCompleted=1444865824337697, DequeueBufferDuration=18839, QueueBufferDuration=385661, GpuCompleted=1444865824337697, SwapBuffersCompleted=1444865824193044, DisplayPresentTime=1444810304800195, CommandSubmissionCompleted=1444865823639618,
11-14 11:11:41.301 1163 1163 I WifiHAL : Creating message to get link statistics; iface = 47
11-14 11:11:41.316 1130 2732 I bthal.flowcontrol: HciEventPreProcess: HCI Event 0xe Opcode 0xfd59 Length 22 unhandled by ControllerActivityWatcher
11-14 11:11:41.351 1163 1163 I WifiHAL : In GetLinkStatsCommand::handleResponse
11-14 11:11:41.375 14339 4506 I NearbyMediums: Found Fast Ble Advertisements :
11-14 11:11:41.375 14339 4506 I NearbyMediums: BleAdvertisement { version=2, socketVersion=2, isFast=true, serviceIdHash=null, data=[ 0x23 0x56 0x46 0x53 0x5a 0x11 0x32 0x5c 0xec 0x05 0xee 0x3f 0x22 0x6f 0x3d 0xea 0x63 0x99 0xa4 0xee 0x6a 0x9d 0xcf ], deviceToken=[ 0xd9 0x7f ], rxAdvertisement=null } : 2 times.
11-14 11:11:41.375 14339 4506 I NearbyMediums: BleAdvertisement { version=2, socketVersion=2, isFast=true, serviceIdHash=null, data=[ 0x23 0x49 0x57 0x47 0x34 0x11 0x32 0x60 0xa5 0xa7 0xab 0xc8 0x31 0xa3 0x08 0x22 0xd3 0xd6 0xdb 0xe1 0x85 0x4a 0xc9 ], deviceToken=[ 0x70 0xc1 ], rxAdvertisement=null } : 1 times.
11-14 11:11:41.375 14339 4506 I NearbyMediums: BleAdvertisement { version=2, socketVersion=2, isFast=true, serviceIdHash=null, data=[ 0x23 0x42 0x53 0x36 0x59 0x11 0x34 0xff 0x1e 0x52 0x02 0x1a 0x65 0xc5 0xe8 0x10 0x1d 0xe4 0xd9 0xeb 0x6a 0x2e 0x24 ], deviceToken=[ 0x18 0x70 ], rxAdvertisement=null } : 3 times.
11-14 11:11:41.375 14339 4506 I NearbyMediums: Total 6 fast advertisements from 3 unique advertisers.
11-14 11:11:41.379 14339 4511 I NearbyConnections: Processing lost BlePeripheral BlePeripheral{advertisement=BleAdvertisement { version=2, socketVersion=2, isFast=true, serviceIdHash=null, data=[ 0x23 0x34 0x58 0x46 0x43 0x11 0x32 0x12 0xce 0xf5 0x92 0x08 0x18 0x78 0x13 0x9e 0x07 0xf2 0xca 0x53 0x25 0x93 0x9a ], deviceToken=[ 0x27 0x94 ], rxAdvertisement=null }, address=null, psm=0, deviceToken=, isSecondProfile=false, rxInstantConnectionAdv=null}.
11-14 11:11:41.380 14339 4511 I NearbyConnections: Lost BleEndpoint for BlePeripheral BlePeripheral{advertisement=BleAdvertisement { version=2, socketVersion=2, isFast=true, serviceIdHash=null, data=[ 0x23 0x34 0x58 0x46 0x43 0x11 0x32 0x12 0xce 0xf5 0x92 0x08 0x18 0x78 0x13 0x9e 0x07 0xf2 0xca 0x53 0x25 0x93 0x9a ], deviceToken=[ 0x27 0x94 ], rxAdvertisement=null }, address=null, psm=0, deviceToken=, isSecondProfile=false, rxInstantConnectionAdv=null} (with EndpointId 4XFC and EndpointInfo [ 0x32 0x12 0xce 0xf5 0x92 0x08 0x18 0x78 0x13 0x9e 0x07 0xf2 0xca 0x53 0x25 0x93 0x9a ]).
11-14 11:11:41.381 14339 4506 I NearbySharing: Endpoint 4XFC lost over Nearby Connections
11-14 11:11:41.381 14339 4418 I NearbySharing: Ignoring lost endpoint 4XFC because we don't have an associated ShareTarget
11-14 11:11:41.382 14339 4511 I NearbyConnections: ClientProxy(229990993) reporting onEndpointLost(4XFC)
11-14 11:11:41.382 14339 4511 I NearbyConnections: Processing lost BlePeripheral BlePeripheral{advertisement=BleAdvertisement { version=2, socketVersion=2, isFast=true, serviceIdHash=null, data=[ 0x23 0x57 0x52 0x4c 0x4d 0x11 0x32 0xd7 0x25 0x18 0xad 0x25 0xc2 0x9b 0xec 0xb8 0x99 0x1e 0x19 0xd0 0x09 0x6d 0xcb ], deviceToken=[ 0xb7 0xbe ], rxAdvertisement=null }, address=null, psm=0, deviceToken=, isSecondProfile=false, rxInstantConnectionAdv=null}.
11-14 11:11:41.382 14339 4511 I NearbyConnections: Lost BleEndpoint for BlePeripheral BlePeripheral{advertisement=BleAdvertisement { version=2, socketVersion=2, isFast=true, serviceIdHash=null, data=[ 0x23 0x57 0x52 0x4c 0x4d 0x11 0x32 0xd7 0x25 0x18 0xad 0x25 0xc2 0x9b 0xec 0xb8 0x99 0x1e 0x19 0xd0 0x09 0x6d 0xcb ], deviceToken=[ 0xb7 0xbe ], rxAdvertisement=null }, address=null, psm=0, deviceToken=, isSecondProfile=false, rxInstantConnectionAdv=null} (with EndpointId WRLM and EndpointInfo [ 0x32 0xd7 0x25 0x18 0xad 0x25 0xc2 0x9b 0xec 0xb8 0x99 0x1e 0x19 0xd0 0x09 0x6d 0xcb ]).
11-14 11:11:41.382 14339 4511 I NearbyConnections: ClientProxy(229990993) reporting onEndpointLost(WRLM)
11-14 11:11:41.383 14339 4418 I NearbySharing: Endpoint WRLM lost over Nearby Connections
11-14 11:11:41.383 14339 4511 I NearbySharing: Ignoring lost endpoint WRLM because we don't have an associated ShareTarget
11-14 11:11:42.065 1972 1983 I native : I0000 00:00:1731611502.065259 1983 tf_lite_classifier.cc:373] Event stream classified as kDeepPress
11-14 11:11:42.098 1740 10501 D WindowManager: perform drag: win=android.view.IWindow$Stub$Proxy@e2cc423 surface=Surface(name=drag surface)/@0x2e45d20 flags=101 data=ClipData { text/plain hasLabel(0) {T(0)} }
11-14 11:11:42.098 1740 10501 D WindowManager: registering drag input channel
11-14 11:11:42.115 1740 10501 D WindowManager: broadcasting DRAG_STARTED at (831.0, 1466.0)
11-14 11:11:42.115 2182 2214 V WindowManagerShell: Drag event: action=ACTION_DRAG_STARTED x=831.000000 y=1466.000000 xOffset=0.000000 yOffset=0.000000
11-14 11:11:42.115 2182 2214 V WindowManagerShell: Clip description: handlingDrag=false itemCount=1 mimeTypes=text/plain
11-14 11:11:42.115 1740 1837 W WindowManager: Unexpected ACTION_DOWN in drag layer
11-14 11:11:42.147 1740 10501 D WindowManager: Drag into new candidate view @ android.os.BinderProxy@565c34f
11-14 11:11:42.625 4285 4353 I .sharelinkpro1k: Explicit concurrent mark compact GC freed 980KB AllocSpace bytes, 51(3708KB) LOS objects, 75% free, 13MB/55MB, paused 621us,2.278ms total 64.756ms
11-14 11:11:42.635 1740 10501 D WindowManager: Drag from old candidate view @ android.os.BinderProxy@565c34f
11-14 11:11:42.635 1740 10501 D WindowManager: Drag into new candidate view @ android.os.BinderProxy@565c34f
11-14 11:11:42.639 4285 4292 W System : A resource failed to call release.
11-14 11:11:42.650 1740 10501 D WindowManager: Drag from old candidate view @ android.os.BinderProxy@565c34f
11-14 11:11:42.661 1740 10501 D WindowManager: Drag into new candidate view @ android.os.BinderProxy@565c34f
11-14 11:11:42.695 1163 1163 I WifiHAL : Creating message to get link statistics; iface = 47
11-14 11:11:42.745 1163 1163 I WifiHAL : In GetLinkStatsCommand::handleResponse
11-14 11:11:42.776 1740 2058 D ConnectivityService: NetReassign [no changes] [c 0] [a 0] [i 4]
11-14 11:11:42.858 1740 1837 W AccessibilityWindowsPopulator: Windows change within in 2 frames continuously over 500 ms and notify windows changed immediately
11-14 11:11:43.169 1740 1837 D WindowManager: Got UP on move channel; dropping at 265.0,1047.0
11-14 11:11:43.169 1740 1837 D WindowManager: sending DROP to Window{bf06adc u0 com.extron.sharelinkpro1k/crc6498f27dbb9b7396c3.MainActivity}
11-14 11:11:43.172 4285 4285 I VRI[MainActivity]: Reporting drop result: true
11-14 11:11:43.173 1740 2255 D WindowManager: Drop result=true reported by android.os.BinderProxy@565c34f
11-14 11:11:43.173 1740 2255 D WindowManager: unregistering drag input channel
11-14 11:11:43.173 1740 2255 D WindowManager: broadcasting DRAG_ENDED
11-14 11:11:43.173 1740 1837 D WindowManager: Drag ending; tearing down input channel
11-14 11:11:43.175 1740 1837 W InputManager-JNI: Input channel object 'drag (client)' was disposed without first being removed with the input manager!
11-14 11:11:44.722 571 5138 I keystore2: keystore2::watchdog: Watchdog thread idle -> terminating. Have a great day.
11-14 11:11:44.939 4285 4285 I .sharelinkpro1k: Explicit concurrent mark compact GC freed 912KB AllocSpace bytes, 49(4004KB) LOS objects, 75% free, 13MB/55MB, paused 191us,891us total 25.417ms
11-14 11:11:45.586 4285 4285 I .sharelinkpro1k: Explicit concurrent mark compact GC freed 668KB AllocSpace bytes, 21(2772KB) LOS objects, 75% free, 13MB/55MB, paused 197us,987us total 26.854ms
11-14 11:11:45.775 1163 1163 I WifiHAL : Creating message to get link statistics; iface = 47
11-14 11:11:45.828 1163 1163 I WifiHAL : In GetLinkStatsCommand::handleResponse
11-14 11:11:45.860 1740 2058 D ConnectivityService: NetReassign [no changes] [c 1] [a 0] [i 2]
11-14 11:11:46.238 4285 4285 I .sharelinkpro1k: Explicit concurrent mark compact GC freed 540KB AllocSpace bytes, 0(0B) LOS objects, 75% free, 13MB/55MB, paused 195us,909us total 24.250ms
11-14 11:11:46.885 4285 4285 I .sharelinkpro1k: Explicit concurrent mark compact GC freed 464KB AllocSpace bytes, 3(60KB) LOS objects, 75% free, 13MB/55MB, paused 194us,943us total 23.913ms
11-14 11:11:47.569 4285 4285 I .sharelinkpro1k: Explicit concurrent mark compact GC freed 652KB AllocSpace bytes, 23(3036KB) LOS objects, 75% free, 14MB/56MB, paused 195us,985us total 24.749ms
11-14 11:11:47.643 1972 1983 I native : I0000 00:00:1731611507.643896 1983 tf_lite_classifier.cc:383] Event stream classified as kNone
11-14 11:11:47.686 4285 4285 I Choreographer: Skipped 204 frames! The application may be doing too much work on its main thread.
11-14 11:11:47.700 4285 4395 I OpenGLRenderer: Davey! duration=3429ms; Flags=0, FrameTimelineVsyncId=164029806, IntendedVsync=1444869318067651, Vsync=1444872728028223, InputEventId=322383389, HandleInputStart=1444872738029717, AnimationStart=1444872738205458, PerformTraversalsStart=1444872738289564, DrawStart=1444872740370619, FrameDeadline=1444869334667651, FrameInterval=1444872737994398, FrameStartTime=16715493, SyncQueued=1444872741102146, SyncStart=1444872741147719, IssueDrawCommandsStart=1444872742026259, SwapBuffers=1444872746713393, FrameCompleted=1444872747518853, DequeueBufferDuration=25757, QueueBufferDuration=494670, GpuCompleted=1444872747518853, SwapBuffersCompleted=1444872747416395, DisplayPresentTime=1444810538489322, CommandSubmissionCompleted=1444872746713393,
11-14 11:11:48.023 14339 4511 I NearbyConnections: Found BleAdvertisement [ 0x23 0x34 0x58 0x46 0x43 0x11 0x32 0x12 0xce 0xf5 0x92 0x08 0x18 0x78 0x13 0x9e 0x07 0xf2 0xca 0x53 0x25 0x93 0x9a ] (with EndpointId 4XFC and EndpointInfo [ 0x32 0x12 0xce 0xf5 0x92 0x08 0x18 0x78 0x13 0x9e 0x07 0xf2 0xca 0x53 0x25 0x93 0x9a ])
11-14 11:11:48.023 14339 4511 I NearbyConnections: ClientProxy(229990993) reporting onEndpointFound(4XFC)
11-14 11:11:48.024 14339 4511 I NearbyConnections: ClientProxy(229990993) reporting onEndpointDistanceChanged(4XFC, UNKNOWN)
11-14 11:11:48.024 14339 4511 I NearbyConnections: No Bluetooth Classic MAC address found in [ 0x23 0x34 0x58 0x46 0x43 0x11 0x32 0x12 0xce 0xf5 0x92 0x08 0x18 0x78 0x13 0x9e 0x07 0xf2 0xca 0x53 0x25 0x93 0x9a ]
11-14 11:11:48.024 14339 4418 I NearbySharing: Endpoint 4XFC discovered over Nearby Connections
11-14 11:11:48.028 14339 4511 I NearbySharing: Failed to convert given advertisement (4XFC)[ 0x32 0x12 0xce 0xf5 0x92 0x08 0x18 0x78 0x13 0x9e 0x07 0xf2 0xca 0x53 0x25 0x93 0x9a ] to share target from discovered advertisement. Ignoring.
11-14 11:11:48.028 14339 4511 I NearbySharing: Report endpoint 4XFC as lost, since we cannot recognize this endpoint anymore
11-14 11:11:48.029 14339 4511 I NearbySharing: Ignoring lost endpoint 4XFC because we don't have an associated ShareTarget
11-14 11:11:48.861 1163 1163 I WifiHAL : Creating message to get link statistics; iface = 47
11-14 11:11:48.920 1163 1163 I WifiHAL : In GetLinkStatsCommand::handleResponse
11-14 11:11:48.956 1740 2058 D ConnectivityService: NetReassign [no changes] [c 0] [a 1] [i 5]
11-14 11:11:49.062 1972 1983 I native : I0000 00:00:1731611509.062770 1983 tf_lite_classifier.cc:383] Event stream classified as kNone
11-14 11:11:49.343 1740 2255 D WindowManager: perform drag: win=android.view.IWindow$Stub$Proxy@822b4c surface=Surface(name=drag surface)/@0x965c795 flags=101 data=ClipData { text/plain hasLabel(0) {T(0)} }
11-14 11:11:49.343 1740 2255 D WindowManager: registering drag input channel
11-14 11:11:49.347 1740 2255 D WindowManager: broadcasting DRAG_STARTED at (884.0, 1466.0)
11-14 11:11:49.348 2182 2214 V WindowManagerShell: Drag event: action=ACTION_DRAG_STARTED x=884.000000 y=1466.000000 xOffset=0.000000 yOffset=0.000000
11-14 11:11:49.348 2182 2214 V WindowManagerShell: Clip description: handlingDrag=false itemCount=1 mimeTypes=text/plain
11-14 11:11:49.348 1740 1837 W WindowManager: Unexpected ACTION_DOWN in drag layer
11-14 11:11:49.398 1740 10527 D WindowManager: Drag into new candidate view @ android.os.BinderProxy@565c34f
11-14 11:11:49.818 1740 10527 D WindowManager: Drag from old candidate view @ android.os.BinderProxy@565c34f
11-14 11:11:49.830 1740 10527 D WindowManager: Drag into new candidate view @ android.os.BinderProxy@565c34f
11-14 11:11:50.142 1740 1837 W AccessibilityWindowsPopulator: Windows change within in 2 frames continuously over 500 ms and notify windows changed immediately
11-14 11:11:50.482 1740 1837 D WindowManager: Got UP on move channel; dropping at 773.0,1023.0
11-14 11:11:50.482 1740 1837 D WindowManager: sending DROP to Window{bf06adc u0 com.extron.sharelinkpro1k/crc6498f27dbb9b7396c3.MainActivity}
11-14 11:11:50.485 4285 4285 I VRI[MainActivity]: Reporting drop result: true
11-14 11:11:50.485 1740 2255 D WindowManager: Drop result=true reported by android.os.BinderProxy@565c34f
11-14 11:11:50.485 1740 2255 D WindowManager: unregistering drag input channel
11-14 11:11:50.485 1740 2255 D WindowManager: broadcasting DRAG_ENDED
11-14 11:11:50.485 1740 1837 D WindowManager: Drag ending; tearing down input channel
11-14 11:11:50.487 1740 1837 W InputManager-JNI: Input channel object 'drag (client)' was disposed without first being removed with the input manager!
11-14 11:11:50.617 1392 1546 I CHRE : @ 1448756.695: [ip] Peak detected: magnitude = 0.137718 hpa, duration = 199.000000 ms
11-14 11:11:50.617 1151 1871 I suez-nanoapp-clients: Barometric peak detected: magnitude = 0.137719 hPa (bucket: 3), duration = 199.000000 ms (bucket: 18).
11-14 11:11:50.617 1392 1546 I CHRE : @ 1448756.695: [ip] Peak detected: magnitude = 0.128813 hpa, duration = 199.000000 ms
11-14 11:11:50.618 1392 1546 I CHRE : @ 1448756.696: [ip] Peak detected: magnitude = 0.117644 hpa, duration = 159.999996 ms
11-14 11:11:50.618 1135 1152 D ContextHubHal: Got message from nanoapp: ID 0x476f6f676c001022
11-14 11:11:50.619 1151 1871 I suez-nanoapp-clients: Vendor atom [id = 100047] reported.
11-14 11:11:50.619 1740 2087 E ContextHubClientManager: Cannot send message to unregistered client (host endpoint ID = -28638)
11-14 11:11:50.619 1151 1871 I suez-nanoapp-clients: Barometric peak detected: magnitude = 0.128814 hPa (bucket: 3), duration = 199.000000 ms (bucket: 18).
11-14 11:11:50.619 1135 1152 D ContextHubHal: Got message from nanoapp: ID 0x476f6f676c001022
11-14 11:11:50.619 1740 2087 E ContextHubClientManager: Cannot send message to unregistered client (host endpoint ID = -28638)
11-14 11:11:50.620 1151 1871 I suez-nanoapp-clients: Vendor atom [id = 100047] reported.
11-14 11:11:50.620 1151 1871 I suez-nanoapp-clients: Barometric peak detected: magnitude = 0.117644 hPa (bucket: 3), duration = 160.000000 ms (bucket: 14).
11-14 11:11:50.620 1135 1152 D ContextHubHal: Got message from nanoapp: ID 0x476f6f676c001022
11-14 11:11:50.620 1151 1871 I suez-nanoapp-clients: Vendor atom [id = 100047] reported.
11-14 11:11:50.621 1740 2087 E ContextHubClientManager: Cannot send message to unregistered client (host endpoint ID = -28638)
11-14 11:11:51.380 14339 4511 I NearbyMediums: Found Fast Ble Advertisements :
11-14 11:11:51.380 14339 4511 I NearbyMediums: BleAdvertisement { version=2, socketVersion=2, isFast=true, serviceIdHash=null, data=[ 0x23 0x56 0x46 0x53 0x5a 0x11 0x32 0x5c 0xec 0x05 0xee 0x3f 0x22 0x6f 0x3d 0xea 0x63 0x99 0xa4 0xee 0x6a 0x9d 0xcf ], deviceToken=[ 0xd9 0x7f ], rxAdvertisement=null } : 6 times.
11-14 11:11:51.380 14339 4511 I NearbyMediums: BleAdvertisement { version=2, socketVersion=2, isFast=true, serviceIdHash=null, data=[ 0x23 0x49 0x57 0x47 0x34 0x11 0x32 0x60 0xa5 0xa7 0xab 0xc8 0x31 0xa3 0x08 0x22 0xd3 0xd6 0xdb 0xe1 0x85 0x4a 0xc9 ], deviceToken=[ 0x70 0xc1 ], rxAdvertisement=null } : 2 times.
11-14 11:11:51.380 14339 4511 I NearbyMediums: BleAdvertisement { version=2, socketVersion=2, isFast=true, serviceIdHash=null, data=[ 0x23 0x34 0x58 0x46 0x43 0x11 0x32 0x12 0xce 0xf5 0x92 0x08 0x18 0x78 0x13 0x9e 0x07 0xf2 0xca 0x53 0x25 0x93 0x9a ], deviceToken=[ 0x27 0x94 ], rxAdvertisement=null } : 1 times.
11-14 11:11:51.380 14339 4511 I NearbyMediums: BleAdvertisement { version=2, socketVersion=2, isFast=true, serviceIdHash=null, data=[ 0x23 0x42 0x53 0x36 0x59 0x11 0x34 0xff 0x1e 0x52 0x02 0x1a 0x65 0xc5 0xe8 0x10 0x1d 0xe4 0xd9 0xeb 0x6a 0x2e 0x24 ], deviceToken=[ 0x18 0x70 ], rxAdvertisement=null } : 3 times.
11-14 11:11:51.380 14339 4511 I NearbyMediums: Total 12 fast advertisements from 4 unique advertisers.
11-14 11:11:51.950 1163 1163 I WifiHAL : Creating message to get link statistics; iface = 47
11-14 11:11:52.000 1163 1163 I WifiHAL : In GetLinkStatsCommand::handleResponse
11-14 11:11:52.029 1740 2058 D ConnectivityService: NetReassign [no changes] [c 1] [a 0] [i 3]
11-14 11:11:52.555 4285 4285 I .sharelinkpro1k: Explicit concurrent mark compact GC freed 1364KB AllocSpace bytes, 99(7916KB) LOS objects, 75% free, 14MB/56MB, paused 180us,890us total 25.723ms
11-14 11:11:52.574 4285 4292 W System : A resource failed to call release.
11-14 11:11:53.229 4285 4285 I .sharelinkpro1k: Explicit concurrent mark compact GC freed 452KB AllocSpace bytes, 3(60KB) LOS objects, 75% free, 14MB/56MB, paused 177us,940us total 25.467ms
11-14 11:11:53.862 2926 2926 W TimedProcessReaper: Memory state is: 125
11-14 11:11:53.885 4285 4285 I .sharelinkpro1k: Explicit concurrent mark compact GC freed 836KB AllocSpace bytes, 23(3036KB) LOS objects, 75% free, 14MB/56MB, paused 175us,942us total 26.033ms
11-14 11:11:54.541 1972 1983 I native : I0000 00:00:1731611514.541113 1983 tf_lite_classifier.cc:383] Event stream classified as kNone
11-14 11:11:54.545 4285 4285 I .sharelinkpro1k: Explicit concurrent mark compact GC freed 476KB AllocSpace bytes, 0(0B) LOS objects, 75% free, 14MB/56MB, paused 172us,955us total 25.731ms
11-14 11:11:55.027 1163 1163 I WifiHAL : Creating message to get link statistics; iface = 47
11-14 11:11:55.073 1163 1163 I WifiHAL : In GetLinkStatsCommand::handleResponse
11-14 11:11:55.100 1740 2058 D ConnectivityService: NetReassign [no changes] [c 0] [a 0] [i 3]
11-14 11:11:55.215 4285 4285 I .sharelinkpro1k: Explicit concurrent mark compact GC freed 616KB AllocSpace bytes, 2(40KB) LOS objects, 75% free, 14MB/56MB, paused 178us,968us total 25.158ms
11-14 11:11:55.348 4285 4285 I Choreographer: Skipped 206 frames! The application may be doing too much work on its main thread.
11-14 11:11:55.362 1740 2255 D WindowManager: perform drag: win=android.view.IWindow$Stub$Proxy@7a84811 surface=Surface(name=drag surface)/@0x6c20d76 flags=101 data=ClipData { text/plain hasLabel(0) {T(0)} }
11-14 11:11:55.362 1740 2255 D WindowManager: registering drag input channel
11-14 11:11:55.364 4285 4297 I OpenGLRenderer: Davey! duration=3456ms; Flags=0, FrameTimelineVsyncId=164031621, IntendedVsync=1444876953125894, Vsync=1444880395352728, InputEventId=686312279, HandleInputStart=1444880400142840, AnimationStart=1444880400622169, PerformTraversalsStart=1444880400708391, DrawStart=1444880402269793, FrameDeadline=1444876969725894, FrameInterval=1444880400089780, FrameStartTime=16709839, SyncQueued=1444880402876401, SyncStart=1444880402941586, IssueDrawCommandsStart=1444880403793719, SwapBuffers=1444880408692115, FrameCompleted=1444880409228574, DequeueBufferDuration=23111, QueueBufferDuration=397868, GpuCompleted=1444880409228574, SwapBuffersCompleted=1444880409223325, DisplayPresentTime=1444818037686836, CommandSubmissionCompleted=1444880408692115,
11-14 11:11:55.379 1740 2255 D WindowManager: broadcasting DRAG_STARTED at (317.0, 1453.0)
11-14 11:11:55.379 2182 2214 V WindowManagerShell: Drag event: action=ACTION_DRAG_STARTED x=317.000000 y=1453.000000 xOffset=0.000000 yOffset=0.000000
11-14 11:11:55.379 2182 2214 V WindowManagerShell: Clip description: handlingDrag=false itemCount=1 mimeTypes=text/plain
11-14 11:11:55.380 1740 1837 W WindowManager: Unexpected ACTION_DOWN in drag layer
11-14 11:11:55.771 1740 10501 D WindowManager: Drag into new candidate view @ android.os.BinderProxy@565c34f
11-14 11:11:55.936 1740 10501 D WindowManager: Drag from old candidate view @ android.os.BinderProxy@565c34f
11-14 11:11:55.947 1740 10501 D WindowManager: Drag into new candidate view @ android.os.BinderProxy@565c34f
11-14 11:11:56.014 1740 10501 D WindowManager: Drag from old candidate view @ android.os.BinderProxy@565c34f
11-14 11:11:56.042 1740 10501 D WindowManager: Drag into new candidate view @ android.os.BinderProxy@565c34f
11-14 11:11:56.275 1740 1837 W AccessibilityWindowsPopulator: Windows change within in 2 frames continuously over 500 ms and notify windows changed immediately
11-14 11:11:56.481 1740 10501 D WindowManager: Drag from old candidate view @ android.os.BinderProxy@565c34f
11-14 11:11:56.492 1740 10527 D WindowManager: Drag into new candidate view @ android.os.BinderProxy@565c34f
11-14 11:11:56.776 1740 1837 W AccessibilityWindowsPopulator: Windows change within in 2 frames continuously over 500 ms and notify windows changed immediately
11-14 11:11:56.972 1740 1837 D WindowManager: Got UP on move channel; dropping at 331.0,1039.0
11-14 11:11:56.972 1740 1837 D WindowManager: sending DROP to Window{bf06adc u0 com.extron.sharelinkpro1k/crc6498f27dbb9b7396c3.MainActivity}
11-14 11:11:56.974 4285 4285 I VRI[MainActivity]: Reporting drop result: true
11-14 11:11:56.975 1740 10527 D WindowManager: Drop result=true reported by android.os.BinderProxy@565c34f
11-14 11:11:56.975 1740 10527 D WindowManager: unregistering drag input channel
11-14 11:11:56.975 1740 10527 D WindowManager: broadcasting DRAG_ENDED
11-14 11:11:56.975 1740 1837 D WindowManager: Drag ending; tearing down input channel
11-14 11:11:56.977 1740 1837 W InputManager-JNI: Input channel object 'drag (client)' was disposed without first being removed with the input manager!
11-14 11:11:57.473 14339 4418 I NearbyConnections: Found BleAdvertisement [ 0x23 0x31 0x49 0x47 0x35 0x11 0x16 0xb3 0x77 0x0a 0x00 0x8f 0xf1 0x4c 0xc1 0x25 0xce 0xb3 0xa8 0x70 0xc6 0x60 0x38 ] (with EndpointId 1IG5 and EndpointInfo [ 0x16 0xb3 0x77 0x0a 0x00 0x8f 0xf1 0x4c 0xc1 0x25 0xce 0xb3 0xa8 0x70 0xc6 0x60 0x38 ])
11-14 11:11:57.477 14339 4418 I NearbyConnections: ClientProxy(229990993) reporting onEndpointFound(1IG5)
11-14 11:11:57.478 14339 4418 I NearbyConnections: ClientProxy(229990993) reporting onEndpointDistanceChanged(1IG5, UNKNOWN)
11-14 11:11:57.478 14339 4418 I NearbyConnections: No Bluetooth Classic MAC address found in [ 0x23 0x31 0x49 0x47 0x35 0x11 0x16 0xb3 0x77 0x0a 0x00 0x8f 0xf1 0x4c 0xc1 0x25 0xce 0xb3 0xa8 0x70 0xc6 0x60 0x38 ]
11-14 11:11:57.480 14339 4511 I NearbySharing: Endpoint 1IG5 discovered over Nearby Connections
11-14 11:11:57.486 14339 4506 I NearbySharing: Failed to convert given advertisement (1IG5)[ 0x16 0xb3 0x77 0x0a 0x00 0x8f 0xf1 0x4c 0xc1 0x25 0xce 0xb3 0xa8 0x70 0xc6 0x60 0x38 ] to share target from discovered advertisement. Ignoring.
11-14 11:11:57.486 14339 4506 I NearbySharing: Report endpoint 1IG5 as lost, since we cannot recognize this endpoint anymore
11-14 11:11:57.487 14339 4506 I NearbySharing: Ignoring lost endpoint 1IG5 because we don't have an associated ShareTarget
11-14 11:11:58.105 1163 1163 I WifiHAL : Creating message to get link statistics; iface = 47
11-14 11:11:58.161 1163 1163 I WifiHAL : In GetLinkStatsCommand::handleResponse
11-14 11:11:58.212 1740 2058 D ConnectivityService: NetReassign [no changes] [c 2] [a 1] [i 11]
11-14 11:11:58.956 4285 4285 I .sharelinkpro1k: Explicit concurrent mark compact GC freed 1292KB AllocSpace bytes, 78(6712KB) LOS objects, 75% free, 14MB/56MB, paused 185us,981us total 26.219ms
11-14 11:11:58.964 4285 4292 W System : A resource failed to call release.
11-14 11:11:59.644 4285 4285 I .sharelinkpro1k: Explicit concurrent mark compact GC freed 408KB AllocSpace bytes, 3(60KB) LOS objects, 75% free, 14MB/56MB, paused 179us,920us total 25.655ms
11-14 11:12:00.009 3225 3821 I AiAiEcho: (REDACTED) Predicting[%d]: %s
11-14 11:12:00.010 3225 3821 I AiAiEcho: (REDACTED) EchoTargets: %s
11-14 11:12:00.010 3225 3821 I AiAiEcho: Filtered by AiAi flag check: %s
11-14 11:12:00.010 3225 3821 I AiAiEcho: (REDACTED) Ranked targets strategy: %s, count: %d, ranking metadata: %s
11-14 11:12:00.010 3225 3821 I AiAiEcho: (REDACTED) #weatherTwiddler: Weather removes SubtitleSupplementalItem in surface: %s
11-14 11:12:00.010 3225 3821 I AiAiEcho: #remoteViewsTwiddler: feature disabled.
11-14 11:12:00.011 3225 3821 I AiAiEcho: (REDACTED) Predicting[%d]: %s
11-14 11:12:00.011 3225 3821 I AiAiEcho: (REDACTED) EchoTargets: %s
11-14 11:12:00.011 3225 3821 I AiAiEcho: Filtered by AiAi flag check: %s
11-14 11:12:00.011 3225 3821 I AiAiEcho: (REDACTED) Ranked targets strategy: %s, count: %d, ranking metadata: %s
11-14 11:12:00.012 3225 3821 I AiAiEcho: (REDACTED) #weatherTwiddler: Weather removes SubtitleSupplementalItem in surface: %s
11-14 11:12:00.012 3225 3821 I AiAiEcho: #remoteViewsTwiddler: feature disabled.
11-14 11:12:00.017 3225 3821 I AiAiEcho: (REDACTED) #postPredictionTargets: Sending updates to UISurface %s with targets# %s (types=[%s])
11-14 11:12:00.021 3225 3821 I AiAiEcho: (REDACTED) #postPredictionTargets: Sending updates to UISurface %s with targets# %s (types=[%s])
11-14 11:12:00.023 2563 2563 D SsBaseTemplateCard: No text view can be set up
11-14 11:12:00.024 2563 2563 D SsBaseTemplateCard: Passed-in item info is null
11-14 11:12:00.024 2563 2563 D SsBaseTemplateCard: Passed-in item info is null
11-14 11:12:00.024 2563 2563 I SsBaseTemplateCard: Secondary card pane is null
11-14 11:12:00.028 2182 2182 D SsBaseTemplateCard: No text view can be set up
11-14 11:12:00.028 2182 2182 D SsBaseTemplateCard: Passed-in item info is null
11-14 11:12:00.028 2182 2182 D SsBaseTemplateCard: Passed-in item info is null
11-14 11:12:00.028 2182 2182 I SsBaseTemplateCard: Secondary card pane is null
11-14 11:12:00.329 4285 4285 I .sharelinkpro1k: Explicit concurrent mark compact GC freed 612KB AllocSpace bytes, 23(3036KB) LOS objects, 75% free, 14MB/56MB, paused 181us,866us total 26.033ms
11-14 11:12:00.453 1130 1212 I bthal.activitywatcher: getStateResidency: ActivityStat{0 : totalTimeMs 161866935 totalEntryCount 428689 lastEntryMs 4329717}
11-14 11:12:00.454 1130 1212 I bthal.activitywatcher: getStateResidency: ActivityStat{1 : totalTimeMs 61731467 totalEntryCount 431091 lastEntryMs 4329814}
11-14 11:12:00.454 1130 1212 I bthal.activitywatcher: getStateResidency: ActivityStat{2 : totalTimeMs 40597064 totalEntryCount 1917493 lastEntryMs 4330341}
11-14 11:12:00.454 1130 1212 I bthal.activitywatcher: getStateResidency: ActivityStat{3 : totalTimeMs 10523962 totalEntryCount 4091578 lastEntryMs 4329211}
11-14 11:12:00.454 2182 2182 D DLObserver: onReceive(); android.intent.action.BATTERY_CHANGED
11-14 11:12:00.455 2182 2182 D DLObserver: plugged=0
11-14 11:12:00.457 2182 2182 D PowerNotificationWarningsGoogleImpl: onReceive: android.intent.action.BATTERY_CHANGED
11-14 11:12:00.457 2182 2182 D BatteryDefenderNotification: isPlugged: false | isOverheated: false | defenderEnabled: false | isCharged: false | isPluggedInDock: false
11-14 11:12:00.466 1130 1212 I bthal.activitywatcher: send_hci_activities_vsc: Sent VSC <[4]{89, 253, 1, 1}>
11-14 11:12:00.467 1148 1148 W android.hardware.power.stats-service.pixel: getStateResidency latency for Bluetooth exceeded time allowed: 13385us
11-14 11:12:00.467 1130 2732 I bthal.activitywatcher: filter_hci_activities_vse: Filtered <[103]{14, 101, 1, 89, 253, 0, 1, 56, 0, 0, 0, 159, 33, 0, 0, 195, 4, 18, 0, 0, 0, 0, 0, 206, 4, 18, 0, 0, 0, 0, 0, 57, 0, 0, 0, 122, 41, 0, 0, 206, 4, 18, 0, 0, 0, 0, 0, 195, 4, 18, 0, 0, 0, 0, 0, 144, 1, 0, 0, 175, 0, 0, 0, 26, 4, 18, 0, 0, 0, 0, 0, 26, 4, 18, 0, 0, 0, 0, 0, 185, 8, 0, 0, 65, 16, 0, 0, 121, 4, 18, 0, 0, 0, 0, 0, 132, 4, 18, 0, 0, 0, 0, 0}>
11-14 11:12:00.467 1130 2732 I bthal.flowcontrol: HciEventPreProcess: HCI Event 0xe Opcode 0xfd59 Length 103 handled by ControllerActivityWatcher
11-14 11:12:00.468 1389 1389 D AOC : A3:MSG: controller.cc, 273: CNTRL: cmd ID: 0x000a, tag: 0xcc [cntr = 40910]
11-14 11:12:00.468 11381 14356 W Turbo.OnDeviceBatteryHistory: addEvents: loaded 0 battery events.
11-14 11:12:00.468 1389 1389 D AOC : A3:MSG: controller.cc, 811: CNTRL: ipc: control, cmd ID: 0x000a, tag: 0xcc, rc: 0
11-14 11:12:00.468 11381 14356 W Turbo.OnDeviceBatteryHistory: addEvents: loaded battery events completed.
11-14 11:12:00.469 1389 1389 D AOC : A3:MSG: controller.cc, 273: CNTRL: cmd ID: 0x000a, tag: 0xcd [cntr = 40911]
11-14 11:12:00.470 1389 1389 D AOC : A3:MSG: controller.cc, 811: CNTRL: ipc: control, cmd ID: 0x000a, tag: 0xcd, rc: 0
11-14 11:12:00.470 1389 1389 D AOC : A3:MSG: controller.cc, 273: CNTRL: cmd ID: 0x000a, tag: 0xce [cntr = 40912]
11-14 11:12:00.471 1389 1389 D AOC : A3:MSG: controller.cc, 811: CNTRL: ipc: control, cmd ID: 0x000a, tag: 0xce, rc: 0
11-14 11:12:00.472 1389 1389 D AOC : A3:MSG: controller.cc, 273: CNTRL: cmd ID: 0x000a, tag: 0xcf [cntr = 40913]
11-14 11:12:00.472 11381 14356 W Turbo.EstimatedTimeRemainingProvider: queryTimeToDischarge: 87305448
11-14 11:12:00.472 1389 1389 D AOC : A3:MSG: controller.cc, 811: CNTRL: ipc: control, cmd ID: 0x000a, tag: 0xcf, rc: 0
11-14 11:12:00.473 1389 1389 D AOC : A3:MSG: controller.cc, 273: CNTRL: cmd ID: 0x000a, tag: 0xd0 [cntr = 40914]
11-14 11:12:00.473 1389 1389 D AOC : A3:MSG: controller.cc, 811: CNTRL: ipc: control, cmd ID: 0x000a, tag: 0xd0, rc: 0
11-14 11:12:00.474 1389 1389 D AOC : A3:MSG: controller.cc, 273: CNTRL: cmd ID: 0x000a, tag: 0xd1 [cntr = 40915]
11-14 11:12:00.474 1389 1389 D AOC : A3:MSG: controller.cc, 811: CNTRL: ipc: control, cmd ID: 0x000a, tag: 0xd1, rc: 0
11-14 11:12:00.474 11381 8654 W Turbo.EstimatedTimeRemainingProvider: queryTimeToDischarge: 87305448
11-14 11:12:00.475 1389 1389 D AOC : A3:MSG: controller.cc, 273: CNTRL: cmd ID: 0x000a, tag: 0xd2 [cntr = 40916]
11-14 11:12:00.475 1389 1389 D AOC : A3:MSG: controller.cc, 811: CNTRL: ipc: control, cmd ID: 0x000a, tag: 0xd2, rc: 0
11-14 11:12:00.476 1389 1389 D AOC : A3:MSG: controller.cc, 273: CNTRL: cmd ID: 0x000a, tag: 0xd3 [cntr = 40917]
11-14 11:12:00.476 1389 1389 D AOC : A3:MSG: controller.cc, 811: CNTRL: ipc: control, cmd ID: 0x000a, tag: 0xd3, rc: 0
11-14 11:12:00.477 1389 1389 D AOC : A3:MSG: controller.cc, 273: CNTRL: cmd ID: 0x000a, tag: 0xd4 [cntr = 40918]
11-14 11:12:00.477 1389 1389 D AOC : A3:MSG: controller.cc, 811: CNTRL: ipc: control, cmd ID: 0x000a, tag: 0xd4, rc: 0
11-14 11:12:00.478 1389 1389 D AOC : A3:MSG: controller.cc, 273: CNTRL: cmd ID: 0x000a, tag: 0xd5 [cntr = 40919]
11-14 11:12:00.478 1389 1389 D AOC : A3:MSG: controller.cc, 811: CNTRL: ipc: control, cmd ID: 0x000a, tag: 0xd5, rc: 0
11-14 11:12:00.479 1389 1389 D AOC : A3:MSG: controller.cc, 273: CNTRL: cmd ID: 0x000a, tag: 0xd6 [cntr = 40920]
11-14 11:12:00.479 1389 1389 D AOC : A3:MSG: controller.cc, 811: CNTRL: ipc: control, cmd ID: 0x000a, tag: 0xd6, rc: 0
11-14 11:12:00.481 1389 1389 D AOC : A3:MSG: controller.cc, 273: CNTRL: cmd ID: 0x000a, tag: 0xd7 [cntr = 40921]
11-14 11:12:00.481 1389 1389 D AOC : A3:MSG: controller.cc, 811: CNTRL: ipc: control, cmd ID: 0x000a, tag: 0xd7, rc: 0
11-14 11:12:00.482 1389 1389 D AOC : A3:MSG: controller.cc, 273: CNTRL: cmd ID: 0x000a, tag: 0xd8 [cntr = 40922]
11-14 11:12:00.482 1389 1389 D AOC : A3:MSG: controller.cc, 811: CNTRL: ipc: control, cmd ID: 0x000a, tag: 0xd8, rc: 0
11-14 11:12:00.483 527 527 I servicemanager: Found vendor.google.google_battery.IGoogleBattery/default in device VINTF manifest.
11-14 11:12:00.483 1389 1389 D AOC : A3:MSG: controller.cc, 273: CNTRL: cmd ID: 0x000a, tag: 0xd9 [cntr = 40923]
11-14 11:12:00.483 1389 1389 D AOC : A3:MSG: controller.cc, 811: CNTRL: ipc: control, cmd ID: 0x000a, tag: 0xd9, rc: 0
11-14 11:12:00.485 1389 1389 D AOC : A3:MSG: controller.cc, 273: CNTRL: cmd ID: 0x000a, tag: 0xda [cntr = 40924]
11-14 11:12:00.485 1389 1389 D AOC : A3:MSG: controller.cc, 811: CNTRL: ipc: control, cmd ID: 0x000a, tag: 0xda, rc: 0
11-14 11:12:00.486 1389 1389 D AOC : A3:MSG: controller.cc, 273: CNTRL: cmd ID: 0x000a, tag: 0xdb [cntr = 40925]
11-14 11:12:00.486 1389 1389 D AOC : A3:MSG: controller.cc, 811: CNTRL: ipc: control, cmd ID: 0x000a, tag: 0xdb, rc: 0
11-14 11:12:00.487 1389 1389 D AOC : A3:MSG: controller.cc, 273: CNTRL: cmd ID: 0x000a, tag: 0xdc [cntr = 40926]
11-14 11:12:00.487 1389 1389 D AOC : A3:MSG: controller.cc, 811: CNTRL: ipc: control, cmd ID: 0x000a, tag: 0xdc, rc: 0
