12-10 17:39:42.776 873 6022 I Lyric : g3aa_pipeline.cc:1222: [PDAF1] Submitting repeating SOF-Sync transaction
12-10 17:39:42.776 873 6094 I G3ACoordinator: awb_input_parser_lyric.cc:1020: Starter frame: rel_frame_num [-3]
12-10 17:39:42.776 873 6022 I Lyric : g3aa_pipeline.cc:669: [PDAF1] Acquired pipeline. last_hw_frame_num=-1, last_sw_sof_event_count=-1, next_frame_number=1, next_trigger_count=0, next_shadow_set=0, session_first_frame_number=1, batch_size=1
12-10 17:39:42.776 873 6022 I Lyric : g3aa_pipeline.cc:815: [PDAF1] Enabling pipeline. Next frame number will be 1
12-10 17:39:42.776 873 6022 I Lyric : per_camera_barrier_impl.cc:47: Blocker for G3aaPDAF1BlockCam2ToStart acquired
12-10 17:39:42.776 873 6094 W G3ACoordinator: tuning_manager.h:71: Node type 2, Tuning key not found: Usecase: 13 Sensor mode: -1 Camera position: 1 Camera lens_type: 0 Camera spectrum: -1 Partial Usecases: {} load default tuning Usecase: 0 Sensor mode: -1 Camera position: 1 Camera lens_type: 0 Camera spectrum: -1 Partial Usecases: {}
12-10 17:39:42.776 873 6079 I G3ACoordinator: af_engine.cc:1136: Starter Frames
12-10 17:39:42.776 873 6022 I Lyric : g3aa_pipeline.cc:314: [Bayer1] Acquiring pipeline
12-10 17:39:42.776 873 6079 I G3ACoordinator: af_engine.cc:604: Starter Frames
12-10 17:39:42.776 873 6094 I G3ACoordinator: awb_engine.cc:1778: Load tuning with previous: Usecase: 1 Sensor mode: -1 Camera position: 1 Camera lens_type: 0 Camera spectrum: -1 Partial Usecases: {} current: Usecase: 13 Sensor mode: -1 Camera position: 1 Camera lens_type: 0 Camera spectrum: -1 Partial Usecases: {}
12-10 17:39:42.776 873 6022 I Lyric : g3aa_bayer_pipeline.cc:1219: [Bayer1] G3AA can NOT gracefully drop the first frame. Last HW programming changed Disabled;[0x0] --> Enabled;[4624x3472]
12-10 17:39:42.776 873 6022 I Lyric : g3aa_pipeline.cc:1222: [Bayer1] Submitting repeating SOF-Sync transaction
12-10 17:39:42.776 873 6022 I Lyric : g3aa_pipeline.cc:669: [Bayer1] Acquired pipeline. last_hw_frame_num=-1, last_sw_sof_event_count=-1, next_frame_number=1, next_trigger_count=0, next_shadow_set=0, session_first_frame_number=1, batch_size=1
12-10 17:39:42.776 873 6022 I Lyric : g3aa_pipeline.cc:815: [Bayer1] Enabling pipeline. Next frame number will be 1
12-10 17:39:42.776 873 6022 I Lyric : per_camera_barrier_impl.cc:47: Blocker for G3aaBayer1BlockCam2ToStart acquired
12-10 17:39:42.776 873 6022 I Lyric : g3aa_driver.cc:2008: Number of active HW contexts: 1, power-up-only contexts: 1. Details:
12-10 17:39:42.776 873 6022 I Lyric : g3aa_driver.cc:2019: Context 1, Bayer1 pipeline. Acquired: true. Enabled: true
12-10 17:39:42.776 873 6022 I Lyric : g3aa_driver.cc:2019: Context 1, PDAF1 pipeline. Acquired: true. Enabled: true
12-10 17:39:42.776 873 6022 I Lyric : per_camera_barrier_impl.cc:47: Blocker for IppBlockCam2ToStart acquired
12-10 17:39:42.776 873 6022 I Lyric : stream_interface_controller.cc:522: Compression(SBWC) enabled for CSIS -> DNS for camera Rear with instance id 0
12-10 17:39:42.776 873 6022 I Lyric : csi_driver.cc:773: CSI: using the existing context 0xb40000729174cf00 for binding 2
12-10 17:39:42.776 873 6022 I Lyric : csi_driver.cc:1000: Trying to initialize context with these resource assignments: Camera ID:N/A, CSIS LINK:-1, CSIS EBUF:-1, WDMA INPUT:-1, CSIS WDMA:-1, PDP WDMA:-1, ZSL WDMA:1, EBUF CH:-1, PDP CH:1, USAGE:0x41, sensor image: 0x0, sensor pd: has value:false: 0x0
12-10 17:39:42.776 873 6022 I Lyric : csi_context.cc:2166: [CSI BW] Camera ID(0) wdma: CsisZsl1, wdma_data_per_line 9248 bandwidth_peak 1019934720 width: 0 pixel rate 0 pixel sample rate 0 active line time 0 required bandwidth 1019934720
12-10 17:39:42.776 873 6022 I Lyric : csi_driver.cc:1490: [CSI BW] CSIS_D0 BW: 1019934720 wdmas: 1,
12-10 17:39:42.776 873 6022 I Lyric : csi_driver.cc:1492: [CSI BW] CSIS_D1 BW: 0 wdmas:
12-10 17:39:42.776 873 6022 I Lyric : csi_driver.cc:1494: [CSI BW] Update Required BW: 1019934720, Required Clock: 0, Required peak BW: 1019934720
12-10 17:39:42.776 873 6022 I Lyric : dpm_bandwidth_controller_v1.cc:175: dpm: updating bandwidth for device csi bandwidth_read: 0 bandwidth_write: 996030 bandwidth_peak: 996030 bandwidth_rt: 996030
12-10 17:39:42.776 873 6022 I Lyric : csi_driver.cc:1230: CSI-1: Acquire processing context done.
12-10 17:39:42.776 873 6022 I Lyric : csi_driver.cc:773: CSI: using the existing context 0xb40000729174cf00 for binding 2
12-10 17:39:42.776 873 6022 I Lyric : csi_context.cc:187: Context's CAMERA ID #2
12-10 17:39:42.776 873 6022 I Lyric : csi_driver.cc:1000: Trying to initialize context with these resource assignments: Camera ID:2, CSIS LINK:1, CSIS EBUF:0, WDMA INPUT:0, CSIS WDMA:6, PDP WDMA:-1, ZSL WDMA:1, EBUF CH:0, PDP CH:1, USAGE:0x65, sensor image: 4624x3472, sensor pd: has value:true: 4624x868
12-10 17:39:42.776 873 6022 I Lyric : csi_driver.cc:1581: Successfully configured EBUF for 3 cameras!
12-10 17:39:42.776 873 6022 I Lyric : csi_context.cc:2166: [CSI BW] Camera ID(2) wdma: CsisZsl1, wdma_data_per_line 9248 bandwidth_peak 1314383172 width: 4624 pixel rate 947930000 pixel sample rate 1359870000 active line time 7.036e-06 required bandwidth 1170445920
12-10 17:39:42.776 873 6022 I Lyric : csi_context.cc:2166: [CSI BW] Camera ID(2) wdma: CsisDma0, wdma_data_per_line 5780 bandwidth_peak 821489482 width: 4624 pixel rate 947930000 pixel sample rate 1359870000 active line time 7.036e-06 required bandwidth 1170445920
12-10 17:39:42.776 873 6022 I Lyric : csi_context.cc:2139: dpm: sensor width 4624 h: 3472 fps: 30 pixel rate 947930000 headroom: 0
12-10 17:39:42.776 873 6022 I Lyric : csi_driver.cc:1490: [CSI BW] CSIS_D0 BW: 1314383172 wdmas: 1,
12-10 17:39:42.776 873 6022 I Lyric : csi_driver.cc:1492: [CSI BW] CSIS_D1 BW: 821489482 wdmas: 6,
12-10 17:39:42.776 873 6022 I Lyric : csi_driver.cc:1494: [CSI BW] Update Required BW: 1170445920, Required Clock: 236982500, Required peak BW: 1314383172
12-10 17:39:42.776 873 6022 I Lyric : dpm_bandwidth_controller_v1.cc:175: dpm: updating bandwidth for device csi bandwidth_read: 0 bandwidth_write: 1143013 bandwidth_peak: 1283577 bandwidth_rt: 2085813
12-10 17:39:42.776 873 6022 I Lyric : csi_driver.cc:1230: CSI1: Acquire processing context done.
12-10 17:39:42.776 873 6022 I Lyric : per_camera_barrier_impl.cc:47: Blocker for CsiBlockCam2ToStop acquired
12-10 17:39:42.776 873 6022 I Lyric : csi_context.cc:2166: [CSI BW] Camera ID(2) wdma: CsisZsl1, wdma_data_per_line 9248 bandwidth_peak 1314383172 width: 4624 pixel rate 947930000 pixel sample rate 1359870000 active line time 7.036e-06 required bandwidth 1170445920
12-10 17:39:42.776 873 6022 I Lyric : csi_context.cc:2166: [CSI BW] Camera ID(2) wdma: CsisDma0, wdma_data_per_line 5780 bandwidth_peak 821489482 width: 4624 pixel rate 947930000 pixel sample rate 1359870000 active line time 7.036e-06 required bandwidth 1170445920
12-10 17:39:42.776 873 6022 I Lyric : csi_context.cc:2139: dpm: sensor width 4624 h: 3472 fps: 30 pixel rate 947930000 headroom: 0
12-10 17:39:42.776 873 6022 I Lyric : g3aa_driver.cc:1683: ------------------------------------------------------
12-10 17:39:42.776 873 6022 I Lyric : g3aa_driver.cc:1684: G3AA power mode for context 1 changing from Normal(Normal) -> Normal(Normal)
12-10 17:39:42.776 873 6022 I Lyric : g3aa_driver.cc:1689: ------------------------------------------------------
12-10 17:39:42.776 873 6022 I Lyric : front_end_controller.cc:2001: dpm: frontend context 2 power mode changed to normal mode
12-10 17:39:42.776 873 6022 I Lyric : per_camera_barrier_impl.cc:58: Blocker for FrontEndBlockCam2ToStart released with status: OK without lwis fence.
12-10 17:39:42.778 873 6096 I G3ACoordinator: ae_input_parser_lyric.cc:1871: Starter frame: rel_frame_num [-2]
12-10 17:39:42.778 873 6096 I G3ACoordinator: ae_engine.cc:409: Starter Frames
12-10 17:39:42.778 873 6097 I G3ACoordinator: awb_input_parser_lyric.cc:1020: Starter frame: rel_frame_num [-2]
12-10 17:39:42.779 873 6094 I G3ACoordinator: ae_input_parser_lyric.cc:1871: Starter frame: rel_frame_num [-1]
12-10 17:39:42.779 873 6094 I G3ACoordinator: ae_engine.cc:409: Starter Frames
12-10 17:39:42.780 873 6094 I G3ACoordinator: awb_input_parser_lyric.cc:1020: Starter frame: rel_frame_num [-1]
12-10 17:39:42.781 873 6079 I Lyric : generic_power_throttle_controller.cc:768: camera thermal status: dysco at 30fps for camera 2 at frame 0
12-10 17:39:42.781 873 6079 W Lyric : dysco_node.cc:177: LscStats payload is missing in frame 0 due to frame drop!
12-10 17:39:42.784 873 6079 I Lyric : dysco_controller_impl.cc:621: No fresh Dysco controller state found in cache for camera Rear
12-10 17:39:42.785 873 6082 I Lyric : front_end_controller.cc:1755: dpm: node type 1 frontend context 2 was already in activate mode
12-10 17:39:42.785 873 6079 I Lyric : front_end_controller.cc:1755: dpm: node type 0 frontend context 2 was already in activate mode
12-10 17:39:42.785 873 6079 I Lyric : common_fe.cc:1013: LocalToneMappingDataV1 payload is dropped.
12-10 17:39:42.785 873 6082 I Lyric : raw_preprocessor_node.cc:427: HalPixelFormat for RawPreprocessorNode RAW16_BAYER_SBWC
12-10 17:39:42.786 873 6079 I Lyric : dpm_bandwidth_controller_v1.cc:175: dpm: updating bandwidth for device ipp bandwidth_read: 0 bandwidth_write: 14188 bandwidth_peak: 14188 bandwidth_rt: 14188
12-10 17:39:42.787 873 6082 I Lyric : ipp_driver.cc:2488: IPP(1) block sensor since ipp configurations is not ready is_raw_config_ready? 1 is_gp_config_ready? 0
12-10 17:39:42.788 873 6082 I Lyric : csi_context.cc:1945: Camera ID(2) CSI PHY configuration.
12-10 17:39:42.788 873 6082 I Lyric : csi_wdma.cc:2199: Successfully configured common DMA!
12-10 17:39:42.788 873 6082 I Lyric : csi_context.cc:537: csi_link_info_.csis_link: 1
12-10 17:39:42.788 873 6082 I Lyric : csi_context.cc:538: w: 4624 h: 3472
12-10 17:39:42.789 873 6079 I Lyric : per_camera_barrier_impl.cc:58: Blocker for IppBlockCam2ToStart released with status: OK without lwis fence.
12-10 17:39:42.789 873 6079 I Lyric : ipp_driver.cc:2477: IPP(1) release sensor start blocker
12-10 17:39:42.789 873 6079 I Lyric : per_camera_barrier_impl.cc:47: Blocker for IppBlockCam2ToStop acquired
12-10 17:39:42.791 873 6022 I Lyric : per_camera_barrier_impl.cc:58: Blocker for CsiBlockCam2ToStart released with status: OK without lwis fence.
12-10 17:39:42.791 873 6022 I Lyric : csi_context.cc:1317: Camera ID(2) WDMA(CsisDma0) released sensor start blocker
12-10 17:39:42.795 873 6079 I Lyric : dpm_bandwidth_controller_v1.cc:175: dpm: updating bandwidth for device g3aa bandwidth_read: 0 bandwidth_write: 77923 bandwidth_peak: 429687 bandwidth_rt: 429687
12-10 17:39:42.795 873 6079 I Lyric : g3aa_pipeline.cc:2186: [Bayer1][Frame 1] Submitted transaction on shadow 0. TriggerAt: Immediate. Last received HW Frame -1 at SOF -1. Queue: [1]. Result: OK
12-10 17:39:42.795 873 6079 I Lyric : g3aa_pipeline.cc:2186: [PDAF1][Frame 1] Submitted transaction on shadow 0. TriggerAt: Immediate. Last received HW Frame -1 at SOF -1. Queue: [1]. Result: OK
12-10 17:39:42.797 873 6122 I Lyric : g3aa_pipeline.h:140: Releasing sensor start blocker for pipeline Bayer1 with status OK
12-10 17:39:42.797 873 6122 I Lyric : per_camera_barrier_impl.cc:58: Blocker for G3aaBayer1BlockCam2ToStart released with status: OK without lwis fence.
12-10 17:39:42.797 873 6122 I Lyric : g3aa_pipeline.h:140: Releasing sensor start blocker for pipeline PDAF1 with status OK
12-10 17:39:42.797 873 6122 I Lyric : per_camera_barrier_impl.cc:58: Blocker for G3aaPDAF1BlockCam2ToStart released with status: OK without lwis fence.
12-10 17:39:42.797 873 6072 I Lyric : multisensor_controller.cc:787: camera Rear start wait for barrier spend : 21.308798ms
12-10 17:39:42.797 873 6072 I Lyric : dpm_bandwidth_controller_v1.cc:489: Update minimum MIF clock to 1000000000 number of active sensor: 1
12-10 17:39:42.797 873 6072 I Lyric : whi_pro_dpm_bandwidth_controller.cc:98: dpm: required_clock is 223509825 min_frontend_clock_requirement_: 0 sensor streaming: 1
12-10 17:39:42.797 873 6072 I Lyric : whi_pro_dpm_bandwidth_controller.cc:104: Vote for front-end clock for freq 223509825
12-10 17:39:42.797 873 6072 W Lyric : actuator_driver.cc:874: act-rear-normal: Periodic IO is already started.
12-10 17:39:42.797 873 6072 I Lyric : sensor_generic_driver.cc:1294: OKSOKO stream on, size: {width: 4624, height: 3472}, frame rate range: [7.5, 30], sensor ispfe sync in userspace
12-10 17:39:42.797 873 6072 I Lyric : per_camera_barrier_impl.cc:47: Blocker for MultiSensorController_Stop acquired
12-10 17:39:42.798 873 6151 I Lyric : sensor_generic_driver.cc:1046: OKSOKO stream on success. Transaction delay: 261.271us
12-10 17:39:42.798 873 6082 W Lyric : dysco_node.cc:177: LscStats payload is missing in frame 1 due to frame drop!
12-10 17:39:42.798 873 6022 I G3ACoordinator: af_engine.cc:1136: Starter Frames
12-10 17:39:42.798 873 6022 I G3ACoordinator: af_engine.cc:604: Starter Frames
12-10 17:39:42.798 873 6082 I Lyric : dysco_controller_impl.cc:621: No fresh Dysco controller state found in cache for camera Rear
12-10 17:39:42.798 873 6082 I Lyric : common_fe.cc:1013: LocalToneMappingDataV1 payload is dropped.
12-10 17:39:42.798 873 6078 W Lyric : dysco_node.cc:177: LscStats payload is missing in frame 2 due to frame drop!
12-10 17:39:42.798 873 6078 I Lyric : dysco_controller_impl.cc:621: No fresh Dysco controller state found in cache for camera Rear
12-10 17:39:42.800 873 6022 I Lyric : csi_wdma.cc:1309: Camera ID(2) WDMA(CsisZsl1) drops(1) frames!! last frame(1) next frame(3) target frame = 3, batch size = 1
12-10 17:39:42.807 873 6082 W Lyric : g3aa_pipeline.cc:936: [Bayer1][Frame 3] Skipping configuration of frames 2-2. Last received HW Frame -1 at SOF -1. Next trigger count updated from 1 to 2. Queue: [1].
12-10 17:39:42.807 873 6151 I Lyric : sensor_generic_driver.cc:907: OKSOKO 1st SOF arrived. Delay from stream on: 9.571533ms Delay from stream on transaction: 9.132935ms (Delay - exposure time): 2.687959ms
12-10 17:39:42.807 873 6121 I Lyric : csi_context.cc:928: Camera ID(2) Csi Link(1), SOF 1, frame seq count:1, timestamp 111230332220739
12-10 17:39:42.807 873 6119 I Lyric : ipp_driver.cc:1208: Ipp context(1), SOF 1 timestamp 111230332292923
12-10 17:39:42.807 873 6120 I Lyric : pdp_driver.cc:697: Pdp context(1), SOF 1 timestamp 111230332420608
12-10 17:39:42.807 873 6121 I Lyric : dpm_bandwidth_controller_v1.cc:424: Current MIF clock 3172000
12-10 17:39:42.807 873 6122 I Lyric : g3aa_driver.cc:1408: [FEIRQ] Received G3AA bayer event: G3aa.Interrupts.Context1BayerStartOfFrame counter: 1 time: 111230332477493
12-10 17:39:42.807 873 6121 I Lyric : dpm_bandwidth_controller_v1.cc:424: Current INT clock 533000
12-10 17:39:42.807 873 6121 I Lyric : dpm_bandwidth_controller_v1.cc:424: Current CAM clock 233000
12-10 17:39:42.807 873 6121 I Lyric : dpm_bandwidth_controller_v1.cc:424: Current INTCAM clock 664000
12-10 17:39:42.807 873 6121 I Lyric : dpm_bandwidth_controller_v1.cc:424: Current TNR clock 664000
12-10 17:39:42.807 873 6082 I Lyric : g3aa_pipeline.cc:2186: [Bayer1][Frame 3] Submitted transaction on shadow 1. TriggerAt: SOF 2. Last received HW Frame -1 at SOF -1. Queue: [1 3]. Result: OK
12-10 17:39:42.807 873 6082 W Lyric : g3aa_pipeline.cc:936: [PDAF1][Frame 3] Skipping configuration of frames 2-2. Last received HW Frame -1 at SOF -1. Next trigger count updated from 1 to 2. Queue: [1].
12-10 17:39:42.807 873 6121 I Lyric : csi_wdma.cc:1828: Camera ID(2) WDMA(CsisDma0) Channel(0) dma enable = 0, expected frame = 0, active frame ptr = 31, active_dma_ctr = 7c, current fro frame = 0, dma_addr = 0xdeadbeef, dma_ctrl = 0x0
12-10 17:39:42.807 873 6121 I Lyric : csi_wdma.cc:1828: Camera ID(2) WDMA(CsisDma0) Channel(1) dma enable = 1, expected frame = 0, active frame ptr = 0, active_dma_ctr = f81, current fro frame = 0, dma_addr = 0xf7600000, dma_ctrl = 0x1
12-10 17:39:42.807 873 6121 I Lyric : csi_wdma.cc:1828: Camera ID(2) WDMA(CsisDma0) Channel(2) dma enable = 0, expected frame = 0, active frame ptr = 31, active_dma_ctr = 7c, current fro frame = 0, dma_addr = 0x0, dma_ctrl = 0x0
12-10 17:39:42.807 873 6121 I Lyric : csi_wdma.cc:1828: Camera ID(2) WDMA(CsisZsl1) Channel(0) dma enable = 1, expected frame = 1, active frame ptr = 0, active_dma_ctr = f81, current fro frame = 0, dma_addr = 0xf8836400, dma_ctrl = 0x1
12-10 17:39:42.808 873 6082 I Lyric : g3aa_pipeline.cc:2186: [PDAF1][Frame 3] Submitted transaction on shadow 1. TriggerAt: SOF 2. Last received HW Frame -1 at SOF -1. Queue: [1 3]. Result: OK
12-10 17:39:42.808 873 6109 I Lyric : generic_power_throttle_controller.cc:768: camera thermal status: face detection at 30fps for camera 2 at frame 1
12-10 17:39:42.808 873 6022 I Lyric : common_fe.cc:1013: LocalToneMappingDataV1 payload is dropped.
12-10 17:39:42.809 873 6122 I Lyric : g3aa_pipeline.cc:2158: [Bayer1][Frame 1][SOF 1][ VALID ] frame_id: [1]:265282324, Timestamp: 111230332515172, HW was last programmed at SOF of Frame 0 Queue: [1 3].
12-10 17:39:42.809 873 8275 I Lyric : multicam_stprocessor.cc:527: ST: Received new 3A overwrite vote: WideVirtual, frame: 4
12-10 17:39:42.809 873 6122 I Lyric : g3aa_driver.cc:1434: [FEIRQ] Received G3AA bayer event: G3aa.Interrupts.Context1PdafStartOfFrame counter: 1 time: 111230332518020
12-10 17:39:42.809 873 6122 I Lyric : g3aa_pipeline.cc:2158: [PDAF1][Frame 1][SOF 1][ VALID ] frame_id: [1]:912922272, Timestamp: 111230332527461, HW was last programmed at SOF of Frame 0 Queue: [1 3].
12-10 17:39:42.814 873 6022 I Lyric : g3aa_pipeline.cc:2186: [Bayer1][Frame 4] Submitted transaction on shadow 0. TriggerAt: SOF 3. Last received HW Frame 1 at SOF 1. Queue: [1 3 4]. Result: OK
12-10 17:39:42.814 873 6022 I Lyric : g3aa_pipeline.cc:2186: [PDAF1][Frame 4] Submitted transaction on shadow 0. TriggerAt: SOF 3. Last received HW Frame 1 at SOF 1. Queue: [1 3 4]. Result: OK
12-10 17:39:42.832 873 6121 I Lyric : csi_context.cc:990: Camera ID(2) Csi Link(1), EOF 1, timestamp 111230356792272
12-10 17:39:42.832 873 6119 I Lyric : ipp_driver.cc:1229: Ipp context(1), EOF 1 timestamp 111230356931066
12-10 17:39:42.832 873 6122 I Lyric : g3aa_driver.cc:1408: [FEIRQ] Received G3AA bayer event: G3aa.Interrupts.Context1BayerEndOfFrame counter: 1 time: 111230357027827
12-10 17:39:42.832 873 6120 I Lyric : pdp_driver.cc:713: Pdp context(1), EOF 1 timestamp 111230357298457
12-10 17:39:42.832 873 6122 I Lyric : g3aa_bayer_pipeline.cc:628: [Bayer1][Frame 1][EOF 1] Queue: [1 3 4]
12-10 17:39:42.832 873 6103 W Lyric : face_detection_node.cc:774: 5 calls in 6979 sec(s): Face Detection: processing stage skipped due to controller IO frame drop
12-10 17:39:42.832 873 6122 I Lyric : g3aa_driver.cc:1434: [FEIRQ] Received G3AA bayer event: G3aa.Interrupts.Context1PdafEndOfFrame counter: 1 time: 111230357278844
12-10 17:39:42.832 873 6122 I Lyric : g3aa_pdaf_pipeline.cc:252: [PDAF1][Frame 1][EOF 1] Queue: [1 3 4]
12-10 17:39:42.841 873 6015 W Lyric : tnr_align_node.cc:307: Using previous gaussian pyramid from frame -1 as the reference gaussian pyramid for frame 0
12-10 17:39:42.841 873 6015 W Lyric : tnr_align_node.cc:313: No valid previous gaussian pyramid to use for frame 0
12-10 17:39:42.841 873 6122 I Lyric : g3aa_pipeline.cc:2158: [Bayer1][Frame 2][SOF 2][DROPPED] frame_id: [1]:265282324, Timestamp: 111230366402664, HW was last programmed at SOF of Frame 0 Queue: [3 4].
12-10 17:39:42.841 873 6122 I Lyric : g3aa_pipeline.cc:2158: [PDAF1][Frame 2][SOF 2][DROPPED] frame_id: [1]:912922272, Timestamp: 111230366431147, HW was last programmed at SOF of Frame 0 Queue: [3 4].
12-10 17:39:42.842 873 6110 I Lyric : raw_to_yuv_node.cc:1145: ITP decide to switch dma_sync from 0 to 1 on raw frame num : 0 exposure frame num 0 gain = 1.29 power mode = 0 camera id : 2
12-10 17:39:42.844 873 6110 I Lyric : raw_to_yuv_node.cc:1293: HalImageFormat for YUV output: HalImageFormat{ pixel_format = YCBCR_420_SPN_S10B_SBWC_L40, stride_alignment = 64, num_buffers = 1 }
12-10 17:39:42.844 873 6110 I Lyric : stream_interface_controller.cc:160: Image format set to {type: ImageFormat, HalImageFormat: HalImageFormat{ pixel_format = YCBCR_420_SPN_S10B_SBWC_L40, stride_alignment = 64, num_buffers = 1 }, Width: 3184, Height: 1792} for producer TNR, consumer ITSC at frame 0 by the producer
12-10 17:39:42.845 873 6107 I Lyric : whi_rectiface_controller.cc:898: Bypass rectiface algo processing for the first frame
12-10 17:39:42.851 873 6107 I Lyric : tnr_merge_node.cc:996: TNR merge decide to switch dpm_mode from -1 to 0 on frame : 0 exposure frame num : 0 gain = 1.29 camera id : 2
12-10 17:39:42.851 873 6107 I Lyric : gtnr_merge_driver.cc:2307: update power mode = 0 for context 0xb4000073a1c63a98
12-10 17:39:42.851 873 6107 I Lyric : gtnr_merge_driver.cc:2307: update power mode = 0 for context 0xb4000073a1c638f8
12-10 17:39:42.851 873 6107 I Lyric : dpm_bandwidth_controller_v1.cc:175: dpm: updating bandwidth for device gtnr-merge bandwidth_read: 334320 bandwidth_write: 334320 bandwidth_peak: 334320 bandwidth_rt: 0
12-10 17:39:42.853 873 6107 I Lyric : tnr_merge_node.cc:1351: HalPixelFormat for TnrMergeNode YCBCR_420_SPN_S10B_SBWC_L40
12-10 17:39:42.853 873 6107 I Lyric : gtnr_merge_controller.cc:305: Force sharpen only process, due to: FAILED_PRECONDITION: Invalid feedback image, force sharpen only process!
12-10 17:39:42.853 873 6107 I Lyric : stream_interface_controller.cc:273: WhiStreamInterfaceController: VOTF connected, producer: 7 consumer: 4
12-10 17:39:42.854 873 6107 I Lyric : gtnr_merge_driver.cc:1141: Enqueue a frame command with votf enable = 1, ack = 0xe7400000
12-10 17:39:42.854 873 6138 I Lyric : gtnr_merge_driver.cc:1384: GTNR merge frame start! curr time: 111230379 ms
12-10 17:39:42.854 873 1346 I Lyric : dpm_bandwidth_controller_v1.cc:175: dpm: updating bandwidth for device itp bandwidth_read: 996030 bandwidth_write: 12600 bandwidth_peak: 996030 bandwidth_rt: 0
12-10 17:39:42.862 873 6138 I Lyric : gtnr_merge_driver.cc:1426: GTNR merge all frame(s) done! curr time: 111230387 ms
12-10 17:39:42.862 873 6138 I Lyric : gtnr_merge_driver.cc:1477: GTNR merge SW frame(s) done transaction complete!
12-10 17:39:42.865 873 6015 I Lyric : mesh_warp_node.cc:573: HalPixelFormat for MeshWarpNode YCBCR_420_SPN_S10B_SBWC_L40
12-10 17:39:42.865 873 6015 I Lyric : stream_interface_controller.cc:160: Image format set to {type: ImageFormat, HalImageFormat: HalImageFormat{ pixel_format = YCBCR_420_SPN_S10B_SBWC_L40, stride_alignment = 64, num_buffers = 1 }, Width: 3184, Height: 1792} for producer MCSC, consumer GDC0 at frame 0 by the producer
12-10 17:39:42.865 873 6021 I Lyric : dpm_bandwidth_controller_v1.cc:175: dpm: updating bandwidth for device mcsc bandwidth_read: 12600 bandwidth_write: 131640 bandwidth_peak: 131640 bandwidth_rt: 0
12-10 17:39:42.865 873 6082 I Lyric : common_fe.cc:1013: LocalToneMappingDataV1 payload is dropped.
12-10 17:39:42.865 873 6021 I Lyric : stream_interface_controller.cc:273: WhiStreamInterfaceController: VOTF connected, producer: 10 consumer: 8
12-10 17:39:42.868 873 6015 I Lyric : dpm_bandwidth_controller_v1.cc:175: dpm: updating bandwidth for device gdc0 bandwidth_read: 126003 bandwidth_write: 12600 bandwidth_peak: 126003 bandwidth_rt: 0
12-10 17:39:42.871 873 6082 I Lyric : g3aa_pipeline.cc:2186: [Bayer1][Frame 5] Submitted transaction on shadow 1. TriggerAt: SOF 4. Last received HW Frame 2 at SOF 2. Queue: [3 4 5]. Result: OK
12-10 17:39:42.872 873 6082 I Lyric : g3aa_pipeline.cc:2186: [PDAF1][Frame 5] Submitted transaction on shadow 1. TriggerAt: SOF 4. Last received HW Frame 2 at SOF 2. Queue: [3 4 5]. Result: OK
12-10 17:39:42.873 873 6055 I Lyric : camera_latency_analyzer.cc:99: [CLA] Cam0-Open
12-10 17:39:42.873 873 6055 I Lyric : camera_latency_analyzer.cc:101: [CLA] Open latency: 54.4892
12-10 17:39:42.873 873 6055 I Lyric : camera_latency_analyzer.cc:101: [CLA] <-- IDLE --> latency: 15.8676
12-10 17:39:42.873 873 6055 I Lyric : camera_latency_analyzer.cc:101: [CLA] ConfigureStream latency: 185.533
12-10 17:39:42.873 873 6055 I Lyric : camera_latency_analyzer.cc:101: [CLA] <-- IDLE --> latency: 1.47489
12-10 17:39:42.873 873 6055 I Lyric : camera_latency_analyzer.cc:101: [CLA] First frame latency: 108.403
12-10 17:39:42.873 873 6055 I Lyric : camera_latency_analyzer.cc:101: [CLA] Overall latency: 365.882
12-10 17:39:42.875 873 6122 I Lyric : g3aa_pipeline.cc:2158: [Bayer1][Frame 3][SOF 3][ VALID ] frame_id: 1:[3], Timestamp: 111230400360509, HW was last programmed at SOF of Frame 2 Queue: [3 4 5].
12-10 17:39:42.875 873 6122 I Lyric : g3aa_pipeline.cc:2158: [PDAF1][Frame 3][SOF 3][ VALID ] frame_id: 1:[3], Timestamp: 111230400394282, HW was last programmed at SOF of Frame 2 Queue: [3 4 5].
12-10 17:39:42.900 873 6122 I Lyric : g3aa_bayer_pipeline.cc:628: [Bayer1][Frame 3][EOF 2] Queue: [3 4 5]
12-10 17:39:42.900 873 6122 I Lyric : g3aa_pdaf_pipeline.cc:252: [PDAF1][Frame 3][EOF 2] Queue: [3 4 5]
12-10 17:39:42.909 873 6122 I Lyric : g3aa_pipeline.cc:2158: [Bayer1][Frame 4][SOF 4][ VALID ] frame_id: [4]:3, Timestamp: 111230434306717, HW was last programmed at SOF of Frame 3 Queue: [4 5].
12-10 17:39:42.909 873 6122 I Lyric : g3aa_pipeline.cc:2158: [PDAF1][Frame 4][SOF 4][ VALID ] frame_id: [4]:3, Timestamp: 111230434335647, HW was last programmed at SOF of Frame 3 Queue: [4 5].
12-10 17:39:42.912 873 6015 I Lyric : dpm_bandwidth_controller_v1.cc:175: dpm: updating bandwidth for device gtnr-align bandwidth_read: 28363 bandwidth_write: 1548 bandwidth_peak: 28363 bandwidth_rt: 0
12-10 17:39:42.918 873 6103 W Lyric : tnr_merge_node.cc:1213: TNR merge uses the previous initial image frame instead of merge feedback for denoise for frame/batch: 1 in context 0xb4000073517666e8
12-10 17:39:42.919 1383 3417 I ActivityManager: Process com.google.android.accessibility.switchaccess (pid 8488) has died: cch+85 CEM
12-10 17:39:42.920 873 6103 I Lyric : tnr_merge_node.cc:1406: HalImageFormat for TnrMergeNode feedback HalImageFormat{ pixel_format = YCBCR_420_SPN_S10B_SBWC_L40, stride_alignment = 64, num_buffers = 1 }
12-10 17:39:42.920 873 6107 W Lyric : face_detection_thread_pool.cc:169: The workload can not be finished successfully in time: DEADLINE_EXCEEDED: timed out waiting for fence with a timeout duration: 20ms will return last valid result instead.
12-10 17:39:42.921 873 6103 I Lyric : gtnr_merge_driver.cc:2111: Created luma module with input size 3184 x 1792
12-10 17:39:42.921 1383 1641 D DisplayManagerService: Drop pending events for gone uid 10199
12-10 17:39:42.925 873 6103 I Lyric : luma_denoise_module.cc:201: GTNR merge allocate luma buffer for pyramid level 0 FD: 496
12-10 17:39:42.925 873 6103 I Lyric : luma_denoise_module.cc:201: GTNR merge allocate luma buffer for pyramid level 1 FD: 496
12-10 17:39:42.925 873 6103 I Lyric : luma_denoise_module.cc:201: GTNR merge allocate luma buffer for pyramid level 2 FD: 496
12-10 17:39:42.925 873 6103 I Lyric : luma_denoise_module.cc:201: GTNR merge allocate luma buffer for pyramid level 3 FD: 496
12-10 17:39:42.925 873 6103 I Lyric : luma_denoise_module.cc:201: GTNR merge allocate luma buffer for pyramid level 4 FD: 496
12-10 17:39:42.927 873 6103 I Lyric : luma_denoise_module.cc:232: GTNR merge enroll luma buffer for pyramid level 0 FD: 496 addr: 3749707776
12-10 17:39:42.927 873 6103 I Lyric : luma_denoise_module.cc:274: GTNR merge enroll luma buffer for pyramid level1 FD: 496 addr: 3761176576
12-10 17:39:42.927 873 6103 I Lyric : luma_denoise_module.cc:274: GTNR merge enroll luma buffer for pyramid level2 FD: 496 addr: 3763355648
12-10 17:39:42.927 873 6103 I Lyric : luma_denoise_module.cc:274: GTNR merge enroll luma buffer for pyramid level3 FD: 496 addr: 3763900416
12-10 17:39:42.927 873 6103 I Lyric : luma_denoise_module.cc:274: GTNR merge enroll luma buffer for pyramid level4 FD: 496 addr: 3764043776
12-10 17:39:42.927 873 6103 I Lyric : gtnr_merge_driver.cc:2146: Created chroma module with input size 3184 x 1792
12-10 17:39:42.928 873 6103 I Lyric : chroma_denoise_module.cc:88: GTNR merge allocate chroma buffer FD: 497
12-10 17:39:42.929 873 6103 I Lyric : chroma_denoise_module.cc:99: GTNR merge enroll chroma buffer FD: 497 addr: 3739222016
12-10 17:39:42.929 873 6103 I Lyric : dpm_bandwidth_controller_v1.cc:175: dpm: updating bandwidth for device gtnr-merge bandwidth_read: 199057 bandwidth_write: 310912 bandwidth_peak: 310912 bandwidth_rt: 0
12-10 17:39:42.929 873 6103 I Lyric : gtnr_merge_driver.cc:1141: Enqueue a frame command with votf enable = 1, ack = 0xe7400000
12-10 17:39:42.934 873 6122 I Lyric : g3aa_bayer_pipeline.cc:628: [Bayer1][Frame 4][EOF 3] Queue: [4 5 6]
12-10 17:39:42.934 873 6122 I Lyric : g3aa_pdaf_pipeline.cc:252: [PDAF1][Frame 4][EOF 3] Queue: [4 5 6]
12-10 17:39:42.944 873 6122 I Lyric : g3aa_pipeline.cc:2158: [Bayer1][Frame 5][SOF 5][ VALID ] frame_id: 4:[5], Timestamp: 111230468492182, HW was last programmed at SOF of Frame 4 Queue: [5 6].
12-10 17:39:42.944 873 6122 I Lyric : g3aa_pipeline.cc:2158: [PDAF1][Frame 5][SOF 5][ VALID ] frame_id: 4:[5], Timestamp: 111230468520950, HW was last programmed at SOF of Frame 4 Queue: [5 6].
12-10 17:39:42.959 1383 2164 I ActivityManager: Process com.android.traceur (pid 8474) has died: cch+85 CEM
12-10 17:39:42.960 1383 1641 D DisplayManagerService: Drop pending events for gone uid 10108
12-10 17:39:42.968 873 6122 I Lyric : g3aa_bayer_pipeline.cc:628: [Bayer1][Frame 5][EOF 4] Queue: [5 6 7]
12-10 17:39:42.968 873 6122 I Lyric : g3aa_pdaf_pipeline.cc:252: [PDAF1][Frame 5][EOF 4] Queue: [5 6 7]
12-10 17:39:42.996 1383 2589 I ActivityManager: Process com.android.angle (pid 6451) has died: cch+85 CEM
12-10 17:39:42.997 1383 1641 D DisplayManagerService: Drop pending events for gone uid 10175
12-10 17:39:43.013 873 6151 W Lyric : shutter_notification_manager.cc:229: 3 calls in 6981 sec(s): vsync timeout for frame 7
12-10 17:39:43.013 873 6151 I Lyric : shutter_notification_manager.cc:271: 3 calls in 6981 sec(s): vsync_timestamp unavailable. Apply previous vsync_sof_offset -298151
12-10 17:39:43.017 1383 9736 I ActivityManager: Process com.google.android.calculator (pid 2932) has died: cch+85 CEM
12-10 17:39:43.020 1383 1641 D DisplayManagerService: Drop pending events for gone uid 10203
12-10 17:39:43.052 1383 2164 I ActivityManager: Process com.google.android.apps.accessibility.voiceaccess (pid 2073) has died: cch+85 CEM
12-10 17:39:43.053 1383 1641 D DisplayManagerService: Drop pending events for gone uid 10211
12-10 17:39:43.561 1383 1640 D HintManagerService: Sent cleanup message for uid 10198
12-10 17:39:43.613 2025 2045 D WindowManagerShell: onKeepClearAreasChanged: restricted={}, unrestricted={}
12-10 17:39:43.784 1383 3442 W PackageConfigPersister: App-specific configuration not found for packageName: org.telegram.messenger and userId: 0
12-10 17:39:43.850 2025 2045 D WindowManagerShell: onKeepClearAreasChanged: restricted={}, unrestricted={Rect(0, 1517 - 1080, 2400)}
12-10 17:39:44.566 1383 1874 D HintManagerService: Starts cleaning for 10198
12-10 17:39:44.877 873 6079 I Lyric : retiming_node.cc:821: Camera: Rear, Over the past 2.004934246s there were 58 responses sent and 58 of them had no error. FPS: 28.9286 Non-error FPS: 28.9286
12-10 17:39:46.287 873 6022 I G3ACoordinator: af_state_machine.cc:256: camera_name=RearNormal: af_mode=ContinuousPicture, event=ScanSuccess, af_state=PassiveScan->PassiveFocused
12-10 17:39:46.892 873 6022 I Lyric : retiming_node.cc:821: Camera: Rear, Over the past 2.014455323s there were 59 responses sent and 59 of them had no error. FPS: 29.2883 Non-error FPS: 29.2883
12-10 17:39:47.010 873 6097 W G3ACoordinator: data_manager.cc:154: [5, 25, 9000] can't be found
12-10 17:39:47.747 873 6079 I G3ACoordinator: af_state_machine.cc:256: camera_name=RearNormal: af_mode=ContinuousPicture, event=ScanStart, af_state=PassiveFocused->PassiveScan
12-10 17:39:47.833 873 6122 I Lyric : g3aa_pipeline.cc:2224: [Bayer1] Frame Drop Dump; Skipped: [2]. Frame drop rate: 0.65%
12-10 17:39:47.833 873 6122 I Lyric : g3aa_pipeline.cc:2158: [Bayer1][Frame 149][SOF 149][ VALID ] frame_id: 148:[149], Timestamp: 111235358050982, HW was last programmed at SOF of Frame 148 Queue: [149 150 151].
12-10 17:39:47.833 873 6122 I Lyric : g3aa_pipeline.cc:2224: [PDAF1] Frame Drop Dump; Skipped: [2]. Frame drop rate: 0.65%
12-10 17:39:47.833 873 6122 I Lyric : g3aa_pipeline.cc:2158: [PDAF1][Frame 149][SOF 149][ VALID ] frame_id: 148:[149], Timestamp: 111235358093951, HW was last programmed at SOF of Frame 148 Queue: [149 150 151].
12-10 17:39:47.872 873 6079 I Lyric : g3aa_pipeline.cc:2186: [Bayer1][Frame 152] Submitted transaction on shadow 0. TriggerAt: SOF 151. Last received HW Frame 150 at SOF 150. Queue: [150 151 152]. Result: OK
12-10 17:39:47.873 873 6079 I Lyric : g3aa_pipeline.cc:2186: [PDAF1][Frame 152] Submitted transaction on shadow 0. TriggerAt: SOF 151. Last received HW Frame 150 at SOF 150. Queue: [150 151 152]. Result: OK
12-10 17:39:47.984 873 6022 I G3ACoordinator: af_state_machine.cc:256: camera_name=RearNormal: af_mode=ContinuousPicture, event=ScanSuccess, af_state=PassiveScan->PassiveFocused
12-10 17:39:48.341 1383 1864 W ProcessStats: Tracking association SourceState{a2b2631 org.telegram.messenger/10284 BTop #77286} whose proc state 2 is better than process ProcessState{e46a0b com.google.android.webview:sandboxed_process0:org.chromium.content.app.SandboxedProcessService0:0/10284 pkg=org.telegram.messenger} proc state 14 (17 skipped)
12-10 17:39:48.548 873 6151 W Lyric : shutter_notification_manager.cc:229: 10 calls in 5 sec(s): vsync timeout for frame 170
12-10 17:39:48.925 873 6079 I Lyric : retiming_node.cc:821: Camera: Rear, Over the past 2.032533327s there were 60 responses sent and 60 of them had no error. FPS: 29.5198 Non-error FPS: 29.5198
12-10 17:39:50.294 873 6022 I G3ACoordinator: af_state_machine.cc:256: camera_name=RearNormal: af_mode=ContinuousPicture, event=ScanStart, af_state=PassiveFocused->PassiveScan
12-10 17:39:50.362 873 6079 W Lyric : external_auto_focus_controller_proxy.cc:641: 9 calls in 6987 sec(s): In EarlyInterrupt: Set focus happens 35671998 ns after start of exposure time
12-10 17:39:50.565 873 6079 I G3ACoordinator: af_state_machine.cc:256: camera_name=RearNormal: af_mode=ContinuousPicture, event=ScanSuccess, af_state=PassiveScan->PassiveFocused
12-10 17:39:50.928 873 6079 I Lyric : retiming_node.cc:821: Camera: Rear, Over the past 2.002965902s there were 59 responses sent and 59 of them had no error. FPS: 29.4563 Non-error FPS: 29.4563
12-10 17:39:50.976 873 6079 I G3ACoordinator: af_state_machine.cc:256: camera_name=RearNormal: af_mode=ContinuousPicture, event=ScanStart, af_state=PassiveFocused->PassiveScan
12-10 17:39:51.007 873 6079 W Lyric : external_auto_focus_controller_proxy.cc:641: 7 calls in 1 sec(s): In EarlyInterrupt: Set focus happens 36480073 ns after start of exposure time
12-10 17:39:51.552 873 6022 I G3ACoordinator: af_state_machine.cc:256: camera_name=RearNormal: af_mode=ContinuousPicture, event=ScanSuccess, af_state=PassiveScan->PassiveFocused
12-10 17:39:52.000 873 6079 W Lyric : generic_power_throttle_controller.cc:764: 2448 calls in 10 sec(s): Unsupported thermal policy: RoiTracker
12-10 17:39:52.001 873 6096 W G3ACoordinator: data_manager.cc:154: [5, 25, 9000] can't be found
12-10 17:39:52.194 526 5993 I keystore2: system/security/keystore2/watchdog/src/lib.rs:319 - Watchdog thread idle -> terminating. Have a great day.
12-10 17:39:52.860 873 6122 I Lyric : g3aa_pipeline.cc:2158: [Bayer1][Frame 297][SOF 297][ VALID ] frame_id: 296:[297], Timestamp: 111240383456217, HW was last programmed at SOF of Frame 296 Queue: [297 298 299].
12-10 17:39:52.860 873 6122 I Lyric : g3aa_pipeline.cc:2158: [PDAF1][Frame 297][SOF 297][ VALID ] frame_id: 296:[297], Timestamp: 111240383502685, HW was last programmed at SOF of Frame 296 Queue: [297 298 299].
12-10 17:39:52.875 873 6079 I G3ACoordinator: af_state_machine.cc:256: camera_name=RearNormal: af_mode=ContinuousPicture, event=ScanStart, af_state=PassiveFocused->PassiveScan
12-10 17:39:52.901 873 6079 I Lyric : g3aa_pipeline.cc:2186: [Bayer1][Frame 300] Submitted transaction on shadow 0. TriggerAt: SOF 299. Last received HW Frame 298 at SOF 298. Queue: [298 299 300]. Result: OK
12-10 17:39:52.901 873 6079 I Lyric : g3aa_pipeline.cc:2186: [PDAF1][Frame 300] Submitted transaction on shadow 0. TriggerAt: SOF 299. Last received HW Frame 298 at SOF 298. Queue: [298 299 300]. Result: OK
12-10 17:39:52.910 873 6022 W Lyric : external_auto_focus_controller_proxy.cc:641: 4 calls in 1 sec(s): In EarlyInterrupt: Set focus happens 38236259 ns after start of exposure time
12-10 17:39:52.934 873 6022 I Lyric : retiming_node.cc:821: Camera: Rear, Over the past 2.00584074s there were 59 responses sent and 59 of them had no error. FPS: 29.4141 Non-error FPS: 29.4141
12-10 17:39:53.010 873 6079 W Lyric : external_auto_focus_controller_proxy.cc:641: 3 calls in 1 sec(s): In EarlyInterrupt: Set focus happens 36327933 ns after start of exposure time
12-10 17:39:53.437 873 6151 W Lyric : shutter_notification_manager.cc:229: 7 calls in 5 sec(s): vsync timeout for frame 314
12-10 17:39:54.028 873 6022 W Lyric : external_auto_focus_controller_proxy.cc:641: 14 calls in 1 sec(s): In EarlyInterrupt: Set focus happens 36163301 ns after start of exposure time
12-10 17:39:54.472 873 6022 I G3ACoordinator: af_state_machine.cc:256: camera_name=RearNormal: af_mode=ContinuousPicture, event=ScanSuccess, af_state=PassiveScan->PassiveFocused
12-10 17:39:54.966 873 6105 I Lyric : retiming_node.cc:821: Camera: Rear, Over the past 2.03262081s there were 60 responses sent and 60 of them had no error. FPS: 29.5185 Non-error FPS: 29.5185
12-10 17:39:56.134 873 6022 I G3ACoordinator: af_state_machine.cc:256: camera_name=RearNormal: af_mode=ContinuousPicture, event=ScanStart, af_state=PassiveFocused->PassiveScan
12-10 17:39:56.168 873 6022 W Lyric : external_auto_focus_controller_proxy.cc:641: 12 calls in 2 sec(s): In EarlyInterrupt: Set focus happens 46183752 ns after start of exposure time
12-10 17:39:56.970 873 6079 I Lyric : retiming_node.cc:821: Camera: Rear, Over the past 2.002928916s there were 59 responses sent and 59 of them had no error. FPS: 29.4569 Non-error FPS: 29.4569
12-10 17:39:57.016 873 6079 W G3ACoordinator: data_manager.cc:154: [5, 27, 9001] can't be found
12-10 17:39:57.016 873 6079 W Lyric : external_auto_focus_controller_proxy.cc:641: 18 calls in 1 sec(s): In EarlyInterrupt: Set focus happens 36275240 ns after start of exposure time
12-10 17:39:57.476 873 1667 I Lyric : camera_device_session_hwl_impl.cc:1362: Flush entered, camera_id: 0
12-10 17:39:57.476 873 1667 I Lyric : camera_powerhal.cc:172: SetPowerBoost Trigger CAMERA_LAUNCH for 200ms
12-10 17:39:57.476 873 1667 I Lyric : camera_device_session_manager_base.cc:1174: Attempting to flush graph:top_graph_for_camera_RearMultiFov
12-10 17:39:57.477 873 6077 W Lyric : auto_focus_node.cc:1295: 4 calls in 6994 sec(s): cam2_af, frame_number: 431, shutter notification is not available. Update vsync with current boottime and previous offset.
12-10 17:39:57.477 873 6078 I Lyric : camera_device_session_manager_base.cc:1054: Reporting metadata frame drop for camera: RearMultiFov, request id: 429, partial result count: 2
12-10 17:39:57.478 873 6015 W Lyric : tnr_align_node.cc:525: 5 calls in 6994 sec(s): TnrAlignNode producing alignment and noise frame drops for batch with first frame number: 430 due to error: FAILED_PRECONDITION: TNR stats of the frame is dropped.; Produced 1 alignment and noise frame drops since started. The corresponding image frame(s) will still be processed without denoising in TNR merge.
12-10 17:39:57.478 873 6089 W Lyric : auto_focus_node.cc:1229: Request payload nullptr
12-10 17:39:57.478 873 6022 I Lyric : retiming_node.cc:548: cam2_retiming Reporting image frame drop to framework for stream id: 32768, request id: 429
12-10 17:39:57.478 873 6103 W Lyric : face_detection_node.cc:774: 1 calls in 15 sec(s): Face Detection: processing stage skipped due to controller IO frame drop
12-10 17:39:57.478 873 6103 W Lyric : tnr_merge_node.cc:561: TnrMergeNode producing frame drops from context 0xb4000073517666e8 starting at frame number: 430 due to error: FAILED_PRECONDITION: Cannot correctly sharpen TNR image without GTM when tone mapping is supposed to be available.; TNR merge failed to get tuning data in context 0xb4000073517666e8
12-10 17:39:57.479 873 6022 W Lyric : auto_focus_node.cc:1150: cam2_af Request frame is drop, drop all algorithm output forframe 434
12-10 17:39:57.479 873 6022 I Lyric : raw_preprocessor_node.cc:789: cam2_raw_preprocessor received incomplete request at frame number: 433, request dropped: 1, raw_otf dropped: 1, sensor_properties dropped: 1
12-10 17:39:57.479 873 6022 W Lyric : common_fe.cc:666: 2 calls in 6994 sec(s): white_balance_config is dropped on frame: 433
12-10 17:39:57.480 873 6106 I Lyric : camera_device_session_manager_base.cc:1054: Reporting metadata frame drop for camera: RearMultiFov, request id: 431, partial result count: 1
12-10 17:39:57.480 873 6015 W Lyric : mesh_warp_node.cc:457: cam2_preview_mesh_warp Request frame is drop, drop all output for frame 430
12-10 17:39:57.480 873 6109 W Lyric : tnr_merge_node.cc:561: TnrMergeNode producing frame drops from context 0xb4000073517666e8 starting at frame number: 431 due to error: INVALID_ARGUMENT: TNR merge tuning frame is dropped.; TNR merge failed to get tuning data in context 0xb4000073517666e8
12-10 17:39:57.480 873 6106 I Lyric : camera_device_session_manager_base.cc:1054: Reporting metadata frame drop for camera: RearMultiFov, request id: 432, partial result count: 1
12-10 17:39:57.480 873 6079 W Lyric : camera_interface_node.cc:938: cam2_camera_interface to drop frame 433 framework request id 433 due to front end abort processing or still recovering: ABORTED: graph flush; Error signaled on ready-to-start for fence #0; whi-front-end-controller: Wait the ready-to-process fence failed!
12-10 17:39:57.480 873 6106 I Lyric : camera_device_session_manager_base.cc:1054: Reporting metadata frame drop for camera: RearMultiFov, request id: 433, partial result count: 1
12-10 17:39:57.480 873 6082 W Lyric : statistics_node.cc:435: cam2_statistics producing a frame drop for frame 433:INVALID_ARGUMENT: Sensor image input is dropped.
12-10 17:39:57.480 873 6027 W Lyric : mesh_warp_node.cc:457: cam2_preview_mesh_warp Request frame is drop, drop all output for frame 431
12-10 17:39:57.480 873 6028 W Lyric : scaler_node.cc:642: 6 calls in 6994 sec(s): cam2_preview_scaler Input is drop, drop all outputs for frame 430
12-10 17:39:57.480 873 6028 W Lyric : scaler_node.cc:837: 6 calls in 6994 sec(s): FAILED_PRECONDITION: cam2_preview_scaler producing drops as all input frames are dropped
12-10 17:39:57.481 873 6022 I Lyric : retiming_node.cc:548: cam2_retiming Reporting image frame drop to framework for stream id: 32774, request id: 430
12-10 17:39:57.481 873 6105 W Lyric : ois_node.cc:332: 3 calls in 6994 sec(s): cam2_ois, frame_number: 431, shutter notification is not available. Update vsync with current boottime and previous offset.
12-10 17:39:57.481 873 6109 W Lyric : face_detection_node.cc:620: 2 calls in 6994 sec(s): Face Detection: producing frame drops due to request frame drop
12-10 17:39:57.481 873 6107 W Lyric : tnr_merge_node.cc:561: TnrMergeNode producing frame drops from context 0xb4000073517666e8 starting at frame number: 432 due to error: INVALID_ARGUMENT: TNR merge tuning frame is dropped.; TNR merge failed to get tuning data in context 0xb4000073517666e8
12-10 17:39:57.481 873 6072 W Lyric : sensor_node.cc:662: SensorNode producing drops due to frame request drop on frame 434
12-10 17:39:57.481 873 6109 W Lyric : tnr_merge_node.cc:561: TnrMergeNode producing frame drops from context 0xb4000073517666e8 starting at frame number: 433 due to error: INVALID_ARGUMENT: TNR merge tuning frame is dropped.; TNR merge failed to get tuning data in context 0xb4000073517666e8
12-10 17:39:57.481 873 6015 W Lyric : mesh_warp_node.cc:457: cam2_preview_mesh_warp Request frame is drop, drop all output for frame 432
12-10 17:39:57.481 873 6106 I Lyric : camera_device_session_manager_base.cc:1054: Reporting metadata frame drop for camera: RearMultiFov, request id: 430, partial result count: 2
12-10 17:39:57.482 873 6015 W Lyric : mesh_warp_node.cc:457: cam2_preview_mesh_warp Request frame is drop, drop all output for frame 433
12-10 17:39:57.482 873 1667 I Lyric : statistics_node.cc:611: Statistics output frame stats (ignores fence-signaled drops): {process_input_count = 0, dropped_all_outputs = 0, valid_ae = 0, valid_pre_lsc_ae = 0, valid_uae = 0, valid_awb = 0, valid_histogram = 0, valid_flicker = 0, valid_motion = 0, valid_cdaf = 0, valid_pdaf = 0, valid_align = 0, valid_alias_map = 0, valid_gaussian_pyramid = 0, valid_scaled_rgb_stats = 0, valid_scaled_yuv_stats = 0, valid_lsc = 0, valid_bilateral_grid = 0, valid_scaled_rgb = 0, valid_scaled_yuv = 0, valid_cam_data_dump = 0, valid_pixel_patch = 0}
12-10 17:39:57.482 873 1667 I Lyric : statistics_node.cc:611: Statistics output frame stats (ignores fence-signaled drops): {process_input_count = 0, dropped_all_outputs = 0, valid_ae = 0, valid_pre_lsc_ae = 0, valid_uae = 0, valid_awb = 0, valid_histogram = 0, valid_flicker = 0, valid_motion = 0, valid_cdaf = 0, valid_pdaf = 0, valid_align = 0, valid_alias_map = 0, valid_gaussian_pyramid = 0, valid_scaled_rgb_stats = 0, valid_scaled_yuv_stats = 0, valid_lsc = 0, valid_bilateral_grid = 0, valid_scaled_rgb = 0, valid_scaled_yuv = 0, valid_cam_data_dump = 0, valid_pixel_patch = 0}
12-10 17:39:57.482 873 1667 I Lyric : statistics_node.cc:611: Statistics output frame stats (ignores fence-signaled drops): {process_input_count = 434, dropped_all_outputs = 1, valid_ae = 433, valid_pre_lsc_ae = 433, valid_uae = 0, valid_awb = 433, valid_histogram = 433, valid_flicker = 433, valid_motion = 433, valid_cdaf = 433, valid_pdaf = 433, valid_align = 433, valid_alias_map = 433, valid_gaussian_pyramid = 433, valid_scaled_rgb_stats = 433, valid_scaled_yuv_stats = 433, valid_lsc = 433, valid_bilateral_grid = 0, valid_scaled_rgb = 0, valid_scaled_yuv = 0, valid_cam_data_dump = 0, valid_pixel_patch = 0}
12-10 17:39:57.482 873 1667 I Lyric : csi_wdma.cc:2229: Camera ID(2) WDMA(CsisZsl1) Flush() ++++++++++++++++++++++++++++++++++++++++++++
12-10 17:39:57.482 873 1667 I Lyric : csi_wdma.cc:2257: Camera ID(2) Failed to cancel transaction ID: 28527: NOT_FOUND: Lwis TransactionCancel failed for LwisClient(csi)
12-10 17:39:57.482 873 1667 I Lyric : csi_wdma.cc:2257: Camera ID(2) Failed to cancel transaction ID: 28531: NOT_FOUND: Lwis TransactionCancel failed for LwisClient(csi)
12-10 17:39:57.482 873 6082 W Lyric : tuning_node.cc:526: 2 calls in 6994 sec(s): TuningNode producing frame drop because request frame is drop
12-10 17:39:57.482 873 6082 E Lyric : dysco_node.cc:112: tuning_point payload is missing due to frame drop!
12-10 17:39:57.482 873 6082 W Lyric : dysco_node.cc:177: LscStats payload is missing in frame 434 due to frame drop!
12-10 17:39:57.482 873 6082 E Lyric : dysco_controller_impl.cc:207: 2 calls in 6994 sec(s): One of InputData fields is nullptr.
12-10 17:39:57.482 873 6082 W Lyric : statistics_node.cc:435: cam2_statistics producing a frame drop for frame 434:INVALID_ARGUMENT: Sensor image input is dropped.
12-10 17:39:57.482 873 6082 I Lyric : raw_preprocessor_node.cc:789: cam2_raw_preprocessor received incomplete request at frame number: 434, request dropped: 1, raw_otf dropped: 1, sensor_properties dropped: 1
12-10 17:39:57.482 1383 1640 D HintManagerService: Sent cleanup message for uid 10198
12-10 17:39:57.482 873 6103 W Lyric : tnr_merge_node.cc:561: TnrMergeNode producing frame drops from context 0xb4000073517666e8 starting at frame number: 434 due to error: INVALID_ARGUMENT: TNR merge tuning frame is dropped.; TNR merge failed to get tuning data in context 0xb4000073517666e8
12-10 17:39:57.482 873 1667 I Lyric : csi_wdma.cc:2365: [CSI DMA] Camera ID(2) infight buffer queue size: IMG(2), PD(0)
12-10 17:39:57.482 873 1667 I Lyric : csi_wdma.cc:2371: [CSI DMA] Camera ID(2) dma_to_buffer size: (4)
12-10 17:39:57.482 873 1667 I Lyric : csi_wdma.cc:2375: [CSI DMA] Camera ID(2) dma_to_buffer dma_addr: 0xe5a00000)
12-10 17:39:57.482 873 1667 I Lyric : csi_wdma.cc:2375: [CSI DMA] Camera ID(2) dma_to_buffer dma_addr: 0xf3036400)
12-10 17:39:57.482 873 1667 I Lyric : csi_wdma.cc:2375: [CSI DMA] Camera ID(2) dma_to_buffer dma_addr: 0xf7600000)
12-10 17:39:57.482 873 1667 I Lyric : csi_wdma.cc:2375: [CSI DMA] Camera ID(2) dma_to_buffer dma_addr: 0xda836400)
12-10 17:39:57.482 873 1667 I Lyric : csi_wdma.cc:2380: Camera ID(2) WDMA(CsisZsl1) Flush() --------------------------------------------
12-10 17:39:57.482 873 1667 I Lyric : csi_wdma.cc:2229: Camera ID(2) WDMA(CsisDma0) Flush() ++++++++++++++++++++++++++++++++++++++++++++
12-10 17:39:57.483 873 1667 I Lyric : csi_wdma.cc:2257: Camera ID(2) Failed to cancel transaction ID: 28533: NOT_FOUND: Lwis TransactionCancel failed for LwisClient(csi)
12-10 17:39:57.483 873 1667 I Lyric : csi_wdma.cc:2257: Camera ID(2) Failed to cancel transaction ID: 28529: NOT_FOUND: Lwis TransactionCancel failed for LwisClient(csi)
12-10 17:39:57.483 873 1667 I Lyric : csi_wdma.cc:2365: [CSI DMA] Camera ID(2) infight buffer queue size: IMG(0), PD(2)
12-10 17:39:57.483 873 1667 I Lyric : csi_wdma.cc:2371: [CSI DMA] Camera ID(2) dma_to_buffer size: (4)
12-10 17:39:57.483 873 1667 I Lyric : csi_wdma.cc:2375: [CSI DMA] Camera ID(2) dma_to_buffer dma_addr: 0xe5a00000)
12-10 17:39:57.483 873 1667 I Lyric : csi_wdma.cc:2375: [CSI DMA] Camera ID(2) dma_to_buffer dma_addr: 0xf3036400)
12-10 17:39:57.483 873 1667 I Lyric : csi_wdma.cc:2375: [CSI DMA] Camera ID(2) dma_to_buffer dma_addr: 0xf7600000)
12-10 17:39:57.483 873 1667 I Lyric : csi_wdma.cc:2375: [CSI DMA] Camera ID(2) dma_to_buffer dma_addr: 0xda836400)
