12-10 17:58:58.443 1285 9628 D Vibrator: waitForComplete: Vibrator is already off
12-10 17:58:58.448 29146 29146 D BoundBrokerSvc: onUnbind: Intent { act=com.google.firebase.dynamiclinks.service.START pkg=com.google.android.gms }
12-10 17:58:58.478 2121 2134 I deeptouch: I0000 00:00:1733846338.478483 2134 tf_lite_classifier.cc:413] Event stream classified as kNone
12-10 17:58:58.855 18720 18720 W Thread-15: type=1400 audit(0.0:83388): avc: denied { bind } for scontext=u:r:untrusted_app:s0:c101,c257,c512,c768 tcontext=u:r:untrusted_app:s0:c101,c257,c512,c768 tclass=netlink_route_socket permissive=0 bug=b/155595000 app=im.status.ethereum
12-10 17:58:58.855 18720 18720 W Thread-15: type=1400 audit(0.0:83389): avc: denied { bind } for scontext=u:r:untrusted_app:s0:c101,c257,c512,c768 tcontext=u:r:untrusted_app:s0:c101,c257,c512,c768 tclass=netlink_route_socket permissive=0 bug=b/155595000 app=im.status.ethereum
12-10 17:58:58.855 18720 18720 W Thread-15: type=1400 audit(0.0:83390): avc: denied { bind } for scontext=u:r:untrusted_app:s0:c101,c257,c512,c768 tcontext=u:r:untrusted_app:s0:c101,c257,c512,c768 tclass=netlink_route_socket permissive=0 bug=b/155595000 app=im.status.ethereum
12-10 17:58:58.879 18720 18720 W Thread-15: type=1400 audit(0.0:83391): avc: denied { bind } for scontext=u:r:untrusted_app:s0:c101,c257,c512,c768 tcontext=u:r:untrusted_app:s0:c101,c257,c512,c768 tclass=netlink_route_socket permissive=0 bug=b/155595000 app=im.status.ethereum
12-10 17:58:58.888 18720 18816 D ReactNativeJS: 2024-12-10T15:58:58.873Z DEBUG [status-im.common.signals.events:33] - Signal received {:type "wakuv2.peerstats"}
12-10 17:58:58.893 18720 18816 D ReactNativeJS: 2024-12-10T15:58:58.888Z DEBUG [status-im.common.signals.events:107] - Event wakuv2.peerstats not handled
12-10 17:58:59.141 1285 9631 D Vibrator: waitForComplete: Vibrator is already off
12-10 17:58:59.190 2121 2134 I deeptouch: I0000 00:00:1733846339.190666 2134 tf_lite_classifier.cc:413] Event stream classified as kNone
12-10 17:58:59.609 873 9448 I G3ACoordinator: af_state_machine.cc:256: camera_name=RearNormal: af_mode=ContinuousPicture, event=ScanStart, af_state=PassiveFocused->PassiveScan
12-10 17:58:59.829 2121 2134 I deeptouch: I0000 00:00:1733846339.829011 2134 tf_lite_classifier.cc:413] Event stream classified as kNone
12-10 17:58:59.850 902 1637 D usf_sensor_hal: accelerometer: Enter Batch. period = 66667000, latency = 0.
12-10 17:58:59.850 902 1637 D usf_sensor_hal: IMU temperature: Enter Batch. period = 533334000, latency = 0.
12-10 17:58:59.851 873 19909 I Lyric : camera_device_session_hwl_impl.cc:1362: Flush entered, camera_id: 0
12-10 17:58:59.851 15685 15685 I ImeTracker: org.telegram.messenger:e98c666f: onRequestHide at ORIGIN_CLIENT reason HIDE_SOFT_INPUT fromUser false
12-10 17:58:59.852 873 19909 I Lyric : camera_powerhal.cc:172: SetPowerBoost Trigger CAMERA_LAUNCH for 200ms
12-10 17:58:59.852 873 19909 I Lyric : camera_device_session_manager_base.cc:1174: Attempting to flush graph:top_graph_for_camera_RearMultiFov
12-10 17:58:59.852 15685 15685 I ImeTracker: org.telegram.messenger:9cc27d08: onRequestHide at ORIGIN_CLIENT reason HIDE_SOFT_INPUT fromUser false
12-10 17:58:59.853 15512 15512 I GoogleInputMethodService: GoogleInputMethodService.onFinishInputView():2352
12-10 17:58:59.854 873 9448 W Lyric : auto_focus_node.cc:1295: 4 calls in 1142 sec(s): cam2_af, frame_number: 526, shutter notification is not available. Update vsync with current boottime and previous offset.
12-10 17:58:59.854 15512 15512 I NgaExtension: NgaExtension.onDeactivate():566 NgaExtension#onDeactivate [SDG]
12-10 17:58:59.854 15512 9036 I NgaDataShareClient: NgaDataShareClient.sendCorrectionsAndEndSession():377 endDataPushSession() [SDG]
12-10 17:58:59.854 15512 9036 I NgaDataShareClient: NgaDataShareClient.sendCorrectionsList():385 sendCorrectionsList() [SDG]
12-10 17:58:59.854 15512 9036 W NgaDataShareClient: NgaDataShareClient.getClientInfo():478 null TriggerApplicationId provided. [SDG]
12-10 17:58:59.854 15512 15512 W NotificationCenter: NotificationCenter.unregisterListener():469 Listener fgk@eedb642 was not registered for notification class jvn
12-10 17:58:59.854 15512 9036 W NotificationCenter: NotificationCenter.unregisterListener():469 Listener fhg@4353ca8 was not registered for notification class jzx
12-10 17:58:59.854 15512 9036 W NotificationCenter: NotificationCenter.unregisterListener():469 Listener fhf@51633c1 was not registered for notification class jvn
12-10 17:58:59.855 873 9457 W Lyric : face_detection_node.cc:774: 1 calls in 18 sec(s): Face Detection: processing stage skipped due to controller IO frame drop
12-10 17:58:59.855 873 9459 I Lyric : camera_device_session_manager_base.cc:1054: Reporting metadata frame drop for camera: RearMultiFov, request id: 526, partial result count: 1
12-10 17:58:59.855 1383 1640 D HintManagerService: Sent cleanup message for uid 10198
12-10 17:58:59.855 1063 1063 W Camera2Client: notifyError: Received recoverable error 3 from HAL - ignoring, requestId 10000002
12-10 17:58:59.855 873 9457 I Lyric : camera_device_session_manager_base.cc:1054: Reporting metadata frame drop for camera: RearMultiFov, request id: 527, partial result count: 1
12-10 17:58:59.855 1063 1063 W Camera2Client: notifyError: Received recoverable error 3 from HAL - ignoring, requestId 10000002
12-10 17:58:59.856 873 9456 W Lyric : ois_node.cc:332: 1 calls in 1142 sec(s): cam2_ois, frame_number: 526, shutter notification is not available. Update vsync with current boottime and previous offset.
12-10 17:58:59.856 873 9474 W Lyric : tnr_align_node.cc:525: 5 calls in 1142 sec(s): TnrAlignNode producing alignment and noise frame drops for batch with first frame number: 525 due to error: FAILED_PRECONDITION: TNR stats of the frame is dropped.; Produced 1 alignment and noise frame drops since started. The corresponding image frame(s) will still be processed without denoising in TNR merge.
12-10 17:58:59.857 19186 19218 I bezf : (REDACTED) Handling KeyboardVisibilityEvent: %s [SD]
12-10 17:58:59.857 873 9421 W Lyric : sensor_node.cc:662: SensorNode producing drops due to frame request drop on frame 528
12-10 17:58:59.857 873 9444 W Lyric : auto_focus_node.cc:1150: cam2_af Request frame is drop, drop all algorithm output forframe 529
12-10 17:58:59.857 873 9447 W Lyric : tuning_node.cc:526: 1 calls in 1142 sec(s): TuningNode producing frame drop because request frame is drop
12-10 17:58:59.857 873 9446 E Lyric : dysco_node.cc:112: tuning_point payload is missing due to frame drop!
12-10 17:58:59.857 873 9446 W Lyric : dysco_node.cc:177: LscStats payload is missing in frame 528 due to frame drop!
12-10 17:58:59.857 873 9446 E Lyric : dysco_controller_impl.cc:207: 1 calls in 1142 sec(s): One of InputData fields is nullptr.
12-10 17:58:59.857 873 9459 I Lyric : camera_device_session_manager_base.cc:1054: Reporting metadata frame drop for camera: RearMultiFov, request id: 528, partial result count: 1
12-10 17:58:59.857 873 9446 W Lyric : statistics_node.cc:435: cam2_statistics producing a frame drop for frame 528:INVALID_ARGUMENT: Sensor image input is dropped.
12-10 17:58:59.857 1063 1063 W Camera2Client: notifyError: Received recoverable error 3 from HAL - ignoring, requestId 10000002
12-10 17:58:59.857 873 9446 I Lyric : raw_preprocessor_node.cc:789: cam2_raw_preprocessor received incomplete request at frame number: 528, request dropped: 1, raw_otf dropped: 1, sensor_properties dropped: 1
12-10 17:58:59.857 873 9446 W Lyric : common_fe.cc:666: 2 calls in 1142 sec(s): white_balance_config is dropped on frame: 528
12-10 17:58:59.857 873 9456 W Lyric : face_detection_node.cc:620: 2 calls in 1142 sec(s): Face Detection: producing frame drops due to request frame drop
12-10 17:58:59.858 873 9421 W Lyric : sensor_node.cc:662: SensorNode producing drops due to frame request drop on frame 529
12-10 17:58:59.858 873 9459 I Lyric : camera_device_session_manager_base.cc:1054: Reporting metadata frame drop for camera: RearMultiFov, request id: 529, partial result count: 1
12-10 17:58:59.858 873 9447 E Lyric : dysco_node.cc:112: tuning_point payload is missing due to frame drop!
12-10 17:58:59.858 873 9447 W Lyric : dysco_node.cc:177: LscStats payload is missing in frame 529 due to frame drop!
12-10 17:58:59.858 873 9448 I Lyric : raw_preprocessor_node.cc:789: cam2_raw_preprocessor received incomplete request at frame number: 529, request dropped: 1, raw_otf dropped: 1, sensor_properties dropped: 1
12-10 17:58:59.858 1063 1063 W Camera2Client: notifyError: Received recoverable error 3 from HAL - ignoring, requestId 10000002
12-10 17:58:59.858 873 9448 W Lyric : statistics_node.cc:435: cam2_statistics producing a frame drop for frame 529:INVALID_ARGUMENT: Sensor image input is dropped.
12-10 17:58:59.858 873 19909 I Lyric : statistics_node.cc:611: Statistics output frame stats (ignores fence-signaled drops): {process_input_count = 530, dropped_all_outputs = 2, valid_ae = 528, valid_pre_lsc_ae = 528, valid_uae = 0, valid_awb = 528, valid_histogram = 528, valid_flicker = 528, valid_motion = 528, valid_cdaf = 528, valid_pdaf = 528, valid_align = 528, valid_alias_map = 528, valid_gaussian_pyramid = 528, valid_scaled_rgb_stats = 528, valid_scaled_yuv_stats = 528, valid_lsc = 528, valid_bilateral_grid = 0, valid_scaled_rgb = 0, valid_scaled_yuv = 0, valid_cam_data_dump = 0, valid_pixel_patch = 0}
12-10 17:58:59.858 873 19909 I Lyric : csi_wdma.cc:2229: Camera ID(2) WDMA(CsisZsl1) Flush() ++++++++++++++++++++++++++++++++++++++++++++
12-10 17:58:59.858 873 19909 I Lyric : csi_wdma.cc:2257: Camera ID(2) Failed to cancel transaction ID: 30648: NOT_FOUND: Lwis TransactionCancel failed for LwisClient(csi)
12-10 17:58:59.858 873 19909 I Lyric : csi_wdma.cc:2350: [CSI DMA] Camera ID(2) dma_addr: 0xf3036400 is signaled due to flush
12-10 17:58:59.859 873 19909 I Lyric : csi_wdma.cc:2365: [CSI DMA] Camera ID(2) infight buffer queue size: IMG(1), PD(0)
12-10 17:58:59.859 873 19909 I Lyric : csi_wdma.cc:2371: [CSI DMA] Camera ID(2) dma_to_buffer size: (3)
12-10 17:58:59.859 873 19909 I Lyric : csi_wdma.cc:2375: [CSI DMA] Camera ID(2) dma_to_buffer dma_addr: 0xe9236400)
12-10 17:58:59.859 873 19909 I Lyric : csi_wdma.cc:2375: [CSI DMA] Camera ID(2) dma_to_buffer dma_addr: 0xe8600000)
12-10 17:58:59.859 873 19909 I Lyric : csi_wdma.cc:2375: [CSI DMA] Camera ID(2) dma_to_buffer dma_addr: 0xe0e00000)
12-10 17:58:59.859 873 19909 I Lyric : csi_wdma.cc:2380: Camera ID(2) WDMA(CsisZsl1) Flush() --------------------------------------------
12-10 17:58:59.859 873 19909 I Lyric : csi_wdma.cc:2229: Camera ID(2) WDMA(CsisDma0) Flush() ++++++++++++++++++++++++++++++++++++++++++++
12-10 17:58:59.859 873 9463 E Lyric : gtnr_merge_driver.cc:1209: Error! TNR sharpener output error in sync mode due to ABORTED: graph flush; Votf producer encountered error at image 0xb400007221718208 in context 0xb4000073a1c638f8 Input current image is 0xb400007221718208 from context 0xb4000073a1c638f8
12-10 17:58:59.859 873 19909 I Lyric : csi_wdma.cc:2257: Camera ID(2) Failed to cancel transaction ID: 30650: NOT_FOUND: Lwis TransactionCancel failed for LwisClient(csi)
12-10 17:58:59.859 873 19909 I Lyric : csi_wdma.cc:2350: [CSI DMA] Camera ID(2) dma_addr: 0xe0e00000 is signaled due to flush
12-10 17:58:59.859 873 9463 W Lyric : tnr_merge_node.cc:561: TnrMergeNode producing frame drops from context 0xb40000735173ede8 starting at frame number: 524 due to error: INTERNAL: Error calling process on controller: graph flush; Votf producer encountered error at image 0xb400007221718208 in context 0xb4000073a1c638f8
12-10 17:58:59.859 873 19909 I Lyric : csi_wdma.cc:2365: [CSI DMA] Camera ID(2) infight buffer queue size: IMG(0), PD(1)
12-10 17:58:59.859 873 19909 I Lyric : csi_wdma.cc:2371: [CSI DMA] Camera ID(2) dma_to_buffer size: (2)
12-10 17:58:59.859 873 19909 I Lyric : csi_wdma.cc:2375: [CSI DMA] Camera ID(2) dma_to_buffer dma_addr: 0xe9236400)
12-10 17:58:59.859 873 19909 I Lyric : csi_wdma.cc:2375: [CSI DMA] Camera ID(2) dma_to_buffer dma_addr: 0xe8600000)
12-10 17:58:59.859 873 19909 I Lyric : csi_wdma.cc:2380: Camera ID(2) WDMA(CsisDma0) Flush() --------------------------------------------
12-10 17:58:59.859 873 9472 W Lyric : mesh_warp_node.cc:457: cam2_preview_mesh_warp Request frame is drop, drop all output for frame 524
12-10 17:58:59.859 873 19909 I Lyric : ipp_driver.cc:2092: IPP(1) flushing gp2: 0xe8480000, alias: 0xe7fff000
12-10 17:58:59.859 873 19909 I Lyric : ipp_driver.cc:2530: IPP(1) flush, count of remaining GP: 1
12-10 17:58:59.859 873 19909 I Lyric : g3aa_driver.cc:1775: Flush() begin
12-10 17:58:59.859 873 19909 I Lyric : g3aa_driver.cc:1792: Flush() end
12-10 17:58:59.859 873 9474 W Lyric : scaler_node.cc:642: 5 calls in 1142 sec(s): cam2_preview_scaler Input is drop, drop all outputs for frame 524
12-10 17:58:59.859 873 9474 W Lyric : scaler_node.cc:837: 5 calls in 1142 sec(s): FAILED_PRECONDITION: cam2_preview_scaler producing drops as all input frames are dropped
12-10 17:58:59.859 873 19909 I Lyric : statistics_node.cc:611: Statistics output frame stats (ignores fence-signaled drops): {process_input_count = 0, dropped_all_outputs = 0, valid_ae = 0, valid_pre_lsc_ae = 0, valid_uae = 0, valid_awb = 0, valid_histogram = 0, valid_flicker = 0, valid_motion = 0, valid_cdaf = 0, valid_pdaf = 0, valid_align = 0, valid_alias_map = 0, valid_gaussian_pyramid = 0, valid_scaled_rgb_stats = 0, valid_scaled_yuv_stats = 0, valid_lsc = 0, valid_bilateral_grid = 0, valid_scaled_rgb = 0, valid_scaled_yuv = 0, valid_cam_data_dump = 0, valid_pixel_patch = 0}
12-10 17:58:59.859 873 9459 W Lyric : tnr_merge_node.cc:561: TnrMergeNode producing frame drops from context 0xb40000735173ede8 starting at frame number: 525 due to error: INVALID_ARGUMENT: TNR merge tuning frame is dropped.; TNR merge failed to get tuning data in context 0xb40000735173ede8
12-10 17:58:59.859 873 9448 I Lyric : retiming_node.cc:548: cam2_retiming Reporting image frame drop to framework for stream id: 32768, request id: 524
12-10 17:58:59.859 873 9472 W Lyric : mesh_warp_node.cc:457: cam2_preview_mesh_warp Request frame is drop, drop all output for frame 525
12-10 17:58:59.859 873 9444 I Lyric : retiming_node.cc:548: cam2_retiming Reporting image frame drop to framework for stream id: 32774, request id: 524
12-10 17:58:59.859 873 9447 I Lyric : camera_device_session_manager_base.cc:1054: Reporting metadata frame drop for camera: RearMultiFov, request id: 524, partial result count: 2
12-10 17:58:59.859 873 9456 W Lyric : tnr_merge_node.cc:561: TnrMergeNode producing frame drops from context 0xb40000735173ede8 starting at frame number: 526 due to error: INVALID_ARGUMENT: TNR merge tuning frame is dropped.; TNR merge failed to get tuning data in context 0xb40000735173ede8
12-10 17:58:59.859 873 9472 W Lyric : mesh_warp_node.cc:457: cam2_preview_mesh_warp Request frame is drop, drop all output for frame 526
12-10 17:58:59.859 873 19909 I Lyric : itp_driver.cc:1288: ITP skip flushing because it's a standby context 0xb40000730180b370, dimension: 4624x3472 (non-VOTF)
12-10 17:58:59.859 873 9459 W Lyric : tnr_merge_node.cc:561: TnrMergeNode producing frame drops from context 0xb40000735173ede8 starting at frame number: 527 due to error: INVALID_ARGUMENT: TNR merge tuning frame is dropped.; TNR merge failed to get tuning data in context 0xb40000735173ede8
12-10 17:58:59.859 873 9472 W Lyric : mesh_warp_node.cc:457: cam2_preview_mesh_warp Request frame is drop, drop all output for frame 527
12-10 17:58:59.859 873 9459 W Lyric : tnr_merge_node.cc:561: TnrMergeNode producing frame drops from context 0xb40000735173ede8 starting at frame number: 528 due to error: INVALID_ARGUMENT: TNR merge tuning frame is dropped.; TNR merge failed to get tuning data in context 0xb40000735173ede8
12-10 17:58:59.859 873 19909 I Lyric : itp_driver.cc:1302: ITP continue flushing context 0xb40000730180d1d0, dimension: 4624x3472 (VOTF)
12-10 17:58:59.859 873 9448 I Lyric : retiming_node.cc:548: cam2_retiming Reporting image frame drop to framework for stream id: 32768, request id: 525
12-10 17:58:59.859 873 9456 W Lyric : tnr_merge_node.cc:561: TnrMergeNode producing frame drops from context 0xb40000735173ede8 starting at frame number: 529 due to error: INVALID_ARGUMENT: TNR merge tuning frame is dropped.; TNR merge failed to get tuning data in context 0xb40000735173ede8
12-10 17:58:59.859 1063 7223 W Camera2Client: notifyError: Received recoverable error 3 from HAL - ignoring, requestId 10000002
12-10 17:58:59.859 873 9472 W Lyric : mesh_warp_node.cc:457: cam2_preview_mesh_warp Request frame is drop, drop all output for frame 528
12-10 17:58:59.859 873 9475 W Lyric : mesh_warp_node.cc:457: cam2_preview_mesh_warp Request frame is drop, drop all output for frame 529
12-10 17:58:59.859 873 9444 I Lyric : retiming_node.cc:548: cam2_retiming Reporting image frame drop to framework for stream id: 32774, request id: 525
12-10 17:58:59.859 873 9447 I Lyric : camera_device_session_manager_base.cc:1054: Reporting metadata frame drop for camera: RearMultiFov, request id: 525, partial result count: 2
12-10 17:58:59.860 873 9448 I Lyric : retiming_node.cc:548: cam2_retiming Reporting image frame drop to framework for stream id: 32768, request id: 526
12-10 17:58:59.860 1063 19987 W Camera2Client: notifyError: Received recoverable error 3 from HAL - ignoring, requestId 10000002
12-10 17:58:59.860 873 9447 I Lyric : camera_device_session_manager_base.cc:1054: Reporting metadata frame drop for camera: RearMultiFov, request id: 526, partial result count: 2
12-10 17:58:59.860 873 9447 I Lyric : camera_device_session_manager_base.cc:1054: Reporting metadata frame drop for camera: RearMultiFov, request id: 527, partial result count: 2
12-10 17:58:59.860 873 9447 I Lyric : camera_device_session_manager_base.cc:1054: Reporting metadata frame drop for camera: RearMultiFov, request id: 528, partial result count: 2
12-10 17:58:59.860 873 9447 I Lyric : camera_device_session_manager_base.cc:1054: Reporting metadata frame drop for camera: RearMultiFov, request id: 529, partial result count: 2
12-10 17:58:59.860 873 19909 I Lyric : itp_core_whi_pro.cc:88: Applying ITP/DNS WA SwReset sequence
12-10 17:58:59.860 873 9447 I Lyric : retiming_node.cc:548: cam2_retiming Reporting image frame drop to framework for stream id: 32768, request id: 527
12-10 17:58:59.860 873 9447 I Lyric : retiming_node.cc:548: cam2_retiming Reporting image frame drop to framework for stream id: 32768, request id: 528
12-10 17:58:59.860 873 9447 I Lyric : retiming_node.cc:548: cam2_retiming Reporting image frame drop to framework for stream id: 32768, request id: 529
12-10 17:58:59.860 873 9437 I GCH_CameraDeviceSession: UpdatePendingRequest: [sbc] All inflight requests/streams cleared. Notified SBC for flushing.
12-10 17:58:59.861 873 9509 E GCH_PendingRequestsTracker: TrackReturnedAcquiredBuffers: stream 0 should not have any pending acquired buffers.
12-10 17:58:59.861 873 9509 I GCH_CameraDeviceSession: operator(): [sbc] Flushed buf[0xb4000072217ac730] bid[2] strm[0] frm[xx]
12-10 17:58:59.861 873 19909 I Lyric : itp_core_whi_pro.cc:195: ITP Version: 1.0.0
12-10 17:58:59.861 873 19909 I Lyric : itp_core_whi_pro.cc:197: ITSC Version: 8.7.0
12-10 17:58:59.861 873 19909 I Lyric : itp_driver.cc:1345: ITP driver flush completed for context 0xb40000730180d1d0, dimension: 4624x3472 (VOTF)
12-10 17:58:59.862 873 19909 I Lyric : whi_scaler_controller.cc:144: flush votf and scaler
12-10 17:58:59.862 873 19909 I Lyric : common_scaler_driver.cc:618: whi-mcsc: flushed 0 frames; took 3.173us
12-10 17:58:59.862 873 19909 I Lyric : whi_scaler_controller.cc:153: flush votf and scaler completed
12-10 17:58:59.862 873 19909 I Lyric : whi_mesh_warp_controller.cc:438: Flush votf and whi-common-gdc0
12-10 17:58:59.862 873 19909 I Lyric : whi_mesh_warp_controller.cc:445: whi-common-gdc0 flush completed.
12-10 17:58:59.862 873 19909 I Lyric : whi_scaler_controller.cc:144: flush votf and scaler
12-10 17:58:59.862 873 19909 I Lyric : common_scaler_driver.cc:618: whi-mcsc: flushed 0 frames; took 610ns
12-10 17:58:59.862 873 19909 I Lyric : whi_scaler_controller.cc:153: flush votf and scaler completed
12-10 17:58:59.862 873 19909 I Lyric : auto_focus_node.cc:2280: cam4_af: af context is flushed successfully
12-10 17:58:59.862 873 19909 I Lyric : auto_focus_node.cc:2282: cam4_af: actuator controller is flushed successfully
12-10 17:58:59.862 873 19909 I Lyric : phase_detection_node.cc:635: cam4_pd: Flush done
12-10 17:58:59.862 873 19909 I Lyric : auto_focus_node.cc:2273: cam2_af: session statistics: {process_input_count = 530, started_late_count = 0, completed_late_count = 0, no_deadline_count = 3, controller_timed_out = 0, dropped_requests = 1}
12-10 17:58:59.862 873 19909 I Lyric : auto_focus_node.cc:2280: cam2_af: af context is flushed successfully
12-10 17:58:59.862 873 19909 I Lyric : auto_focus_node.cc:2282: cam2_af: actuator controller is flushed successfully
12-10 17:58:59.862 873 19909 I Lyric : phase_detection_node.cc:635: cam2_pd: Flush done
12-10 17:58:59.862 873 19909 I Lyric : auto_exposure_node.cc:1099: {type: Node, name: top_graph_for_camera_RearMultiFov.cam2_ae, class_name: AutoExposureNode}: AE input statistics: {process_input_count = 530, dropped_requests = 2, stats_not_ready_count = 0, motion_stats_not_ready_count = 0, face_detect_data_not_ready_count = 0, eis_result_not_ready_count = 0, segmentation_mask_not_ready_count = 0, stage_detection_result_not_ready_count = 0, saliency_data_not_ready_count = 0, valid_flash_state = 528, valid_exposure_timestamp = 525, valid_lens_info = 528, valid_sensor_properties = 525, valid_crop_roi = 0, valid_ae_stats = 525, valid_uae_stats = 0, valid_awb_stats = 525, valid_histogram = 525, valid_flicker_stats = 525, valid_motion_stats = 525, valid_wb_config = 527, valid_color_correction = 527, valid_face_rois = 523}
12-10 17:58:59.862 873 19909 I Lyric : statistics_node.cc:611: Statistics output frame stats (ignores fence-signaled drops): {process_input_count = 0, dropped_all_outputs = 0, valid_ae = 0, valid_pre_lsc_ae = 0, valid_uae = 0, valid_awb = 0, valid_histogram = 0, valid_flicker = 0, valid_motion = 0, valid_cdaf = 0, valid_pdaf = 0, valid_align = 0, valid_alias_map = 0, valid_gaussian_pyramid = 0, valid_scaled_rgb_stats = 0, valid_scaled_yuv_stats = 0, valid_lsc = 0, valid_bilateral_grid = 0, valid_scaled_rgb = 0, valid_scaled_yuv = 0, valid_cam_data_dump = 0, valid_pixel_patch = 0}
12-10 17:58:59.862 873 19909 I Lyric : itp_driver.cc:1276: ITP skip flushing because driver is not running; context 0xb4000073017f9d90, dimension: 4208x2368 (non-VOTF)
12-10 17:58:59.862 873 19909 I Lyric : whi_scaler_controller.cc:144: flush votf and scaler
12-10 17:58:59.862 873 19909 I Lyric : common_scaler_driver.cc:618: whi-mcsc: flushed 0 frames; took 1.261us
12-10 17:58:59.862 873 19909 I Lyric : whi_scaler_controller.cc:153: flush votf and scaler completed
12-10 17:58:59.863 873 9448 I Lyric : retiming_node.cc:548: cam2_retiming Reporting image frame drop to framework for stream id: 32774, request id: 526
12-10 17:58:59.863 1383 1894 I ImeTracker: org.telegram.messenger:9cc27d08: onCancelled at PHASE_SERVER_SHOULD_HIDE
12-10 17:58:59.863 873 9444 I Lyric : retiming_node.cc:548: cam2_retiming Reporting image frame drop to framework for stream id: 32774, request id: 527
12-10 17:58:59.864 873 9448 I Lyric : retiming_node.cc:548: cam2_retiming Reporting image frame drop to framework for stream id: 32774, request id: 528
12-10 17:58:59.864 873 9444 I Lyric : retiming_node.cc:548: cam2_retiming Reporting image frame drop to framework for stream id: 32774, request id: 529
12-10 17:58:59.864 873 19909 I Lyric : camera_device_session_manager_base.cc:1225: Finished flushing graph:top_graph_for_camera_RearMultiFov
12-10 17:58:59.864 873 9482 I Lyric : csi_context.cc:928: Camera ID(2) Csi Link(1), SOF 528, frame seq count:528, timestamp 112387389188467
12-10 17:58:59.864 873 9482 I Lyric : csi_wdma.cc:1828: Camera ID(2) WDMA(CsisDma0) Channel(0) dma enable = 0, expected frame = 0, active frame ptr = 31, active_dma_ctr = 7c, current fro frame = 0, dma_addr = 0xdeadbeef, dma_ctrl = 0x0
12-10 17:58:59.864 873 9482 I Lyric : csi_wdma.cc:1828: Camera ID(2) WDMA(CsisDma0) Channel(1) dma enable = 1, expected frame = 0, active frame ptr = 0, active_dma_ctr = f81, current fro frame = 0, dma_addr = 0xe8600000, dma_ctrl = 0xf82
12-10 17:58:59.864 873 9482 I Lyric : csi_wdma.cc:1828: Camera ID(2) WDMA(CsisDma0) Channel(2) dma enable = 0, expected frame = 0, active frame ptr = 31, active_dma_ctr = 7c, current fro frame = 0, dma_addr = 0x0, dma_ctrl = 0x0
12-10 17:58:59.864 873 9482 I Lyric : csi_wdma.cc:1828: Camera ID(2) WDMA(CsisZsl1) Channel(0) dma enable = 1, expected frame = 1, active frame ptr = 0, active_dma_ctr = f81, current fro frame = 0, dma_addr = 0xe9236400, dma_ctrl = 0xf82
12-10 17:58:59.864 873 9482 I Lyric : csi_context.cc:2393: Starting FlushMonitor for CSI1
12-10 17:58:59.864 873 9482 I Lyric : csi_wdma.cc:1706: [FEIRQ] Received ZSL WDMA 1 event: CsiZslDma.Int.Context1FrameStart0 counter: 527 time: 112387389436676
12-10 17:58:59.864 873 9482 I Lyric : csi_context.cc:1036: Camera ID(2) WDMA(CsisZsl1), logical channel(0), [SOF] SW frame count:527, CSIS LINK frame count:528, inflight buf =Inflight size: 1
12-10 17:58:59.864 873 9482 I Lyric : csi_wdma.cc:1733: [FEIRQ] Received CSIS WDMA 0 event: CsiCsisDma.Int.Context0FrameStart1 counter: 527 time: 112387389446157
12-10 17:58:59.864 873 9482 I Lyric : csi_context.cc:1036: Camera ID(2) WDMA(CsisDma0), logical channel(1), [SOF] SW frame count:527, CSIS LINK frame count:528, inflight buf =Inflight size: 1
12-10 17:58:59.867 873 19909 I Lyric : camera_device_session_hwl_impl.cc:1362: Flush entered, camera_id: 0
12-10 17:58:59.870 19186 19237 I faef : shareCorrections()
12-10 17:58:59.873 1063 2195 I CameraLatencyHistogram: Stream 0 dequeueBuffer latency histogram (525) samples:
12-10 17:58:59.873 1063 2195 I CameraLatencyHistogram: 5 10 15 20 25 30 35 40 45 inf (max ms)
12-10 17:58:59.873 1063 2195 I CameraLatencyHistogram: 99.24 0.76 0.00 0.00 0.00 0.00 0.00 0.00 0.00 0.00 (%)
12-10 17:58:59.873 1063 2195 I Camera3-Device: disconnectImpl: E
12-10 17:58:59.873 1063 2195 I CameraLatencyHistogram: ProcessCaptureRequest latency histogram (530) samples:
12-10 17:58:59.873 1063 2195 I CameraLatencyHistogram: 40 80 120 160 200 240 280 320 360 inf (max ms)
12-10 17:58:59.873 1063 2195 I CameraLatencyHistogram: 99.81 0.19 0.00 0.00 0.00 0.00 0.00 0.00 0.00 0.00 (%)
12-10 17:58:59.873 1779 1779 I pixel-thermal: a callback has been unregistered to ThermalHAL, isFilter: 0 Type: UNKNOWN
12-10 17:58:59.873 15685 15685 D InsetsController: hide(ime(), fromIme=true)
12-10 17:58:59.873 873 19909 I Lyric : camera_device_session_hwl_impl.cc:1018: DestroyPipelines entered, camera_id: 0
12-10 17:58:59.873 873 19909 I Lyric : camera_powerhal.cc:285: CAMERA_STREAMING_STANDARD mode unset
12-10 17:58:59.873 873 19909 I Lyric : camera_powerhal.cc:285: CAMERA_GPU_STANDARD mode unset
12-10 17:58:59.873 873 19909 I Lyric : camera_device_session_manager_base.cc:915: Attempting to stop graph:top_graph_for_camera_RearMultiFov
12-10 17:58:59.874 873 19909 I Lyric : statistics_node.cc:611: Statistics output frame stats (ignores fence-signaled drops): {process_input_count = 0, dropped_all_outputs = 0, valid_ae = 0, valid_pre_lsc_ae = 0, valid_uae = 0, valid_awb = 0, valid_histogram = 0, valid_flicker = 0, valid_motion = 0, valid_cdaf = 0, valid_pdaf = 0, valid_align = 0, valid_alias_map = 0, valid_gaussian_pyramid = 0, valid_scaled_rgb_stats = 0, valid_scaled_yuv_stats = 0, valid_lsc = 0, valid_bilateral_grid = 0, valid_scaled_rgb = 0, valid_scaled_yuv = 0, valid_cam_data_dump = 0, valid_pixel_patch = 0}
12-10 17:58:59.875 873 19909 I Lyric : ipp_driver.cc:2530: IPP(1) flush, count of remaining GP: 1
12-10 17:58:59.875 873 19909 I Lyric : g3aa_driver.cc:1775: Flush() begin
12-10 17:58:59.875 873 19909 I Lyric : g3aa_driver.cc:1792: Flush() end
12-10 17:58:59.875 873 19909 I Lyric : statistics_node.cc:611: Statistics output frame stats (ignores fence-signaled drops): {process_input_count = 0, dropped_all_outputs = 0, valid_ae = 0, valid_pre_lsc_ae = 0, valid_uae = 0, valid_awb = 0, valid_histogram = 0, valid_flicker = 0, valid_motion = 0, valid_cdaf = 0, valid_pdaf = 0, valid_align = 0, valid_alias_map = 0, valid_gaussian_pyramid = 0, valid_scaled_rgb_stats = 0, valid_scaled_yuv_stats = 0, valid_lsc = 0, valid_bilateral_grid = 0, valid_scaled_rgb = 0, valid_scaled_yuv = 0, valid_cam_data_dump = 0, valid_pixel_patch = 0}
12-10 17:58:59.875 873 19909 I Lyric : itp_driver.cc:1276: ITP skip flushing because driver is not running; context 0xb40000730180b370, dimension: 4624x3472 (non-VOTF)
12-10 17:58:59.875 873 19909 I Lyric : itp_driver.cc:1276: ITP skip flushing because driver is not running; context 0xb40000730180d1d0, dimension: 4624x3472 (VOTF)
12-10 17:58:59.875 873 19909 I Lyric : whi_scaler_controller.cc:144: flush votf and scaler
12-10 17:58:59.875 873 19909 I Lyric : common_scaler_driver.cc:618: whi-mcsc: flushed 0 frames; took 2.766us
12-10 17:58:59.875 873 19909 I Lyric : whi_scaler_controller.cc:153: flush votf and scaler completed
12-10 17:58:59.875 873 19909 I Lyric : whi_mesh_warp_controller.cc:438: Flush votf and whi-common-gdc0
12-10 17:58:59.875 873 19909 I Lyric : whi_mesh_warp_controller.cc:445: whi-common-gdc0 flush completed.
12-10 17:58:59.875 873 19909 I Lyric : whi_scaler_controller.cc:144: flush votf and scaler
12-10 17:58:59.875 873 19909 I Lyric : common_scaler_driver.cc:618: whi-mcsc: flushed 0 frames; took 284ns
12-10 17:58:59.875 873 19909 I Lyric : whi_scaler_controller.cc:153: flush votf and scaler completed
12-10 17:58:59.875 873 19909 I Lyric : auto_focus_node.cc:2280: cam4_af: af context is flushed successfully
12-10 17:58:59.875 873 19909 I Lyric : auto_focus_node.cc:2282: cam4_af: actuator controller is flushed successfully
12-10 17:58:59.875 873 19909 I Lyric : phase_detection_node.cc:635: cam4_pd: Flush done
12-10 17:58:59.875 873 19909 I Lyric : auto_focus_node.cc:2280: cam2_af: af context is flushed successfully
12-10 17:58:59.875 873 19909 I Lyric : auto_focus_node.cc:2282: cam2_af: actuator controller is flushed successfully
12-10 17:58:59.875 873 19909 I Lyric : phase_detection_node.cc:635: cam2_pd: Flush done
12-10 17:58:59.875 873 19909 I Lyric : statistics_node.cc:611: Statistics output frame stats (ignores fence-signaled drops): {process_input_count = 0, dropped_all_outputs = 0, valid_ae = 0, valid_pre_lsc_ae = 0, valid_uae = 0, valid_awb = 0, valid_histogram = 0, valid_flicker = 0, valid_motion = 0, valid_cdaf = 0, valid_pdaf = 0, valid_align = 0, valid_alias_map = 0, valid_gaussian_pyramid = 0, valid_scaled_rgb_stats = 0, valid_scaled_yuv_stats = 0, valid_lsc = 0, valid_bilateral_grid = 0, valid_scaled_rgb = 0, valid_scaled_yuv = 0, valid_cam_data_dump = 0, valid_pixel_patch = 0}
12-10 17:58:59.875 873 19909 I Lyric : itp_driver.cc:1276: ITP skip flushing because driver is not running; context 0xb4000073017f9d90, dimension: 4208x2368 (non-VOTF)
12-10 17:58:59.875 873 19909 I Lyric : whi_scaler_controller.cc:144: flush votf and scaler
12-10 17:58:59.875 873 19909 I Lyric : common_scaler_driver.cc:618: whi-mcsc: flushed 0 frames; took 326ns
12-10 17:58:59.875 873 19909 I Lyric : whi_scaler_controller.cc:153: flush votf and scaler completed
12-10 17:58:59.875 1280 1707 I twoshay.TouchContextService: Got new packet! ContextPacket{orientation: PORTRAIT, audioMode: NORMAL, adaptiveTouchSensitivity: UNSPECIFIED, screenProtectorMode: UNSPECIFIED, imeState: (null)}
12-10 17:58:59.876 873 1320 I Lyric : multisensor_controller.cc:898: Resetting stream_on_framework_request_id for camera 2
12-10 17:58:59.876 873 1320 I Lyric : multisensor_controller.cc:930: Rear StopStreaming, waiting on barrier
12-10 17:58:59.876 873 1318 I Lyric : whi_autocal_controller.cc:470: WhiAutocalController: reset context, after which active_contexts=2
12-10 17:58:59.876 873 1318 I Lyric : whi_autocal_controller.cc:470: WhiAutocalController: reset context, after which active_contexts=1
12-10 17:58:59.876 873 1318 I Lyric : eaf_node.cc:226: cam2_eaf: Total 530, Drop counts: Image 6, Request 6, Alignmap 0, Warp_mesh 0, Scaled_yuv 0, segmentation 0, Eco active counts 0
12-10 17:58:59.876 873 1318 I Lyric : eaf_node.cc:226: cam4_eaf: Total 0, Drop counts: Image 0, Request 0, Alignmap 0, Warp_mesh 0, Scaled_yuv 0, segmentation 0, Eco active counts 0
12-10 17:58:59.877 15512 15512 I NgaVoiceInputHandler: NgaVoiceInputHandler.onDeactivateIme():259 VoiceInputHandler:deactivating [SDG]
12-10 17:58:59.877 15512 15512 W NotificationCenter: NotificationCenter.unregisterListener():469 Listener kuc@bd2891d was not registered for notification class kud
12-10 17:58:59.878 873 1319 I Lyric : front_end_controller.cc:1755: dpm: node type 0 frontend context 4 was already in deactivate mode
12-10 17:58:59.878 15512 15512 W TooltipLifecycleManager: TooltipLifecycleManager.dismissTooltips():154 Tooltip with id spell_check_add_to_dictionary not found in tooltipManager.
12-10 17:58:59.879 15512 15512 I InputBundle: InputBundle.consumeEvent():911 Skip consuming an event as keyboard status is 0
12-10 17:58:59.880 2025 2045 D WindowManagerShell: onKeepClearAreasChanged: restricted={}, unrestricted={}
12-10 17:58:59.881 873 1318 I Lyric : front_end_controller.cc:2026: dpm: frontend context 2 updating power mode to standby mode node_type: 1
12-10 17:58:59.881 873 1318 I Lyric : csi_context.cc:2457: CSI context 2 start to wait [Number of pending buffers:2. Pending dma_to_buffer dma_addr: (0xe9236400) target frame count 528 target frame time: 33.96677925ms Pending dma_to_buffer dma_addr: (0xe8600000) target frame count 528 target frame time: 33.96677925ms] for 403.8006755ms
12-10 17:58:59.882 15512 15512 I AndroidIME: AbstractIme.onDeactivate():203 LatinIme.onDeactivate()
12-10 17:58:59.884 15512 15512 W TooltipLifecycleManager: TooltipLifecycleManager.dismissTooltips():154 Tooltip with id undo_access_point_promotion_banner not found in tooltipManager.
12-10 17:58:59.885 15685 9637 D ExifInterface: No image meets the size requirements of a thumbnail image.
12-10 17:58:59.885 15512 15512 I WindowMetricsNotification: WindowMetricsNotification.notifyWithWindow():175
12-10 17:58:59.885 15512 15512 I WindowMetricsNotification: WindowMetricsNotification.notify():168 WindowMetricsNotification{bounds=Rect(0, 118 - 1080, 2400), insets=Rect(0, 0 - 0, 126), densityDpi=420, smallestScreenWidthDp=411, displayWidth=1080, displayHeight=2400, xdpi=391.885, ydpi=409.127, isTrustable=true, displayId=0}; DisplayMetrics{density=2.625, width=1080, height=2400, scaledDensity=2.625, xdpi=391.885, ydpi=409.127}
12-10 17:58:59.888 873 9482 I Lyric : csi_wdma.cc:1733: [FEIRQ] Received CSIS WDMA 0 event: CsiCsisDma.Int.Context0FrameEnd1 counter: 527 time: 112387413834259
12-10 17:58:59.889 873 9482 I Lyric : csi_context.cc:1065: Camera ID(2) WDMA(CsisDma0), logical channel(1), [EOF] SW frame count:527, inflight buf =Inflight size: 1
12-10 17:58:59.889 873 9482 I Lyric : csi_wdma.cc:2026: [CSI DMA] Camera ID(2) WDMA(CsisDma0) logical channel(1) DequeueBuffer() -> inflight buffer queue size: 0, dequeued dma_addr: 0xe8600000
12-10 17:58:59.889 873 9482 I Lyric : csi_wdma.cc:1706: [FEIRQ] Received ZSL WDMA 1 event: CsiZslDma.Int.Context1FrameEnd0 counter: 527 time: 112387413896800
12-10 17:58:59.889 873 9482 I Lyric : csi_context.cc:1065: Camera ID(2) WDMA(CsisZsl1), logical channel(0), [EOF] SW frame count:527, inflight buf =Inflight size: 1
12-10 17:58:59.889 873 9482 I Lyric : csi_wdma.cc:2026: [CSI DMA] Camera ID(2) WDMA(CsisZsl1) logical channel(0) DequeueBuffer() -> inflight buffer queue size: 0, dequeued dma_addr: 0xe9236400
12-10 17:58:59.889 873 9482 I Lyric : per_camera_barrier_impl.cc:58: Blocker for CsiBlockCam2ToStop released with status: OK without lwis fence.
12-10 17:58:59.889 873 9482 I Lyric : per_camera_barrier_impl.cc:47: Blocker for CsiBlockCam2ToStart acquired
12-10 17:58:59.889 873 1318 I Lyric : csi_context.cc:2139: dpm: sensor width 4624 h: 3472 fps: 30 pixel rate 947930000 headroom: 0
12-10 17:58:59.889 873 1318 I Lyric : csi_driver.cc:1490: [CSI BW] CSIS_D0 BW: 0 wdmas:
12-10 17:58:59.889 873 1318 I Lyric : csi_driver.cc:1492: [CSI BW] CSIS_D1 BW: 0 wdmas:
12-10 17:58:59.889 873 1318 I Lyric : csi_driver.cc:1494: [CSI BW] Update Required BW: 0, Required Clock: 236982500, Required peak BW: 0
12-10 17:58:59.889 873 1318 I Lyric : dpm_bandwidth_controller_v1.cc:175: dpm: updating bandwidth for device csi bandwidth_read: 0 bandwidth_write: 0 bandwidth_peak: 0 bandwidth_rt: 0
12-10 17:58:59.889 873 9480 I Lyric : per_camera_barrier_impl.cc:58: Blocker for IppBlockCam2ToStop released with status: OK without lwis fence.
12-10 17:58:59.889 873 1318 I Lyric : dpm_bandwidth_controller_v1.cc:175: dpm: updating bandwidth for device ipp bandwidth_read: 0 bandwidth_write: 0 bandwidth_peak: 0 bandwidth_rt: 0
12-10 17:58:59.889 873 1318 I Lyric : g3aa_driver.cc:1683: ------------------------------------------------------
12-10 17:58:59.889 873 1318 I Lyric : g3aa_driver.cc:1684: G3AA power mode for context 1 changing from Normal(Normal) -> Standby(Standby)
12-10 17:58:59.889 873 1318 I Lyric : g3aa_driver.cc:1689: ------------------------------------------------------
12-10 17:58:59.889 873 1318 I Lyric : g3aa_pipeline.cc:840: [Bayer1] Disabling pipeline
12-10 17:58:59.890 873 9512 I Lyric : sensor_generic_driver.cc:1107: OKSOKO stream off success.
12-10 17:58:59.890 873 1320 I Lyric : sensor_generic_driver.cc:5900: OKSOKO is IDLE : is_reading_frame:0, frame count:255, eof event count:20
12-10 17:58:59.890 873 1320 I Lyric : sensor_generic_driver.cc:1481: OKSOKO sensor frame drop rate at stream off: 0.189394%. drop rate for hw sync: 0%
12-10 17:58:59.890 873 1320 I Lyric : sensor_generic_driver.cc:1515: OKSOKO stream off, size: {width: 4624, height: 3472}, frame rate range: [7.5, 30]
12-10 17:58:59.890 873 1320 I Lyric : per_camera_barrier_impl.cc:58: Blocker for MultiSensorController_Stop released with status: OK without lwis fence.
12-10 17:58:59.890 873 1320 I Lyric : dpm_bandwidth_controller_v1.cc:489: Update minimum MIF clock to 0 number of active sensor: 0
12-10 17:58:59.890 873 1320 I Lyric : whi_pro_dpm_bandwidth_controller.cc:98: dpm: required_clock is 223509825 min_frontend_clock_requirement_: 223509825 sensor streaming: 0
12-10 17:58:59.890 873 1320 I Lyric : multisensor_controller.cc:1559: Rear created transition fence, stream-on ID: 4294967295
12-10 17:58:59.890 873 1320 I Lyric : multisensor_controller.cc:1584: Rear signalled transition fence with stream-on ID: 4294967295
12-10 17:58:59.891 873 1318 I Lyric : g3aa_pipeline.cc:840: [PDAF1] Disabling pipeline
12-10 17:58:59.891 873 1318 I Lyric : g3aa_pipeline.cc:691: [Bayer1] Drain(timeout=0) entered. next_frame_number=530, next_shadow_set=0, last_hw_frame_num=528, last_sw_sof_event_count=528
12-10 17:58:59.891 873 1318 W Lyric : g3aa_pipeline.cc:705: [Bayer1] Draining the pipeline without waiting for the HW to finish. This is safe only if the HW has already been globally reset
12-10 17:58:59.891 873 1318 I Lyric : g3aa_pipeline.cc:389: [Bayer1] There are 1 pending transactions to cancel for frames: [529]
12-10 17:58:59.891 873 1318 W Lyric : g3aa_pipeline.cc:424: [Bayer1][Frame 529] Canceling transaction id 15308 for shadow 1: [FAILED]
12-10 17:58:59.891 873 1318 I Lyric : g3aa_pipeline.cc:787: [Bayer1] Waiting for pipeline to drain. There are 1 pending transactions for frames: [529], 0 dropped frames: []
12-10 17:58:59.891 873 1318 W Lyric : g3aa_pipeline.cc:720: [Bayer1] WaitUntilDrained() failed: DEADLINE_EXCEEDED: [Bayer1] Timed out waiting for the pipeline to drain. 1 pending requests remain for frames: [529]
12-10 17:58:59.891 873 1318 E Lyric : g3aa_pipeline.cc:1183: [Bayer1][Frame 529] Pending interrupt mask: 0X1FFF
12-10 17:58:59.891 873 1318 W Lyric : g3aa_pipeline.cc:461: [Bayer1] Clearing pending requests for frames: [529]
12-10 17:58:59.891 873 1318 I Lyric : g3aa_pipeline.cc:745: [Bayer1] Drained; next_frame_number=530, next_shadow_set=0, last_hw_frame_num=528, last_sw_sof_event_count=528
12-10 17:58:59.891 873 1318 I Lyric : g3aa_pipeline.cc:691: [PDAF1] Drain(timeout=0) entered. next_frame_number=530, next_shadow_set=0, last_hw_frame_num=528, last_sw_sof_event_count=528
12-10 17:58:59.891 873 1318 W Lyric : g3aa_pipeline.cc:705: [PDAF1] Draining the pipeline without waiting for the HW to finish. This is safe only if the HW has already been globally reset
12-10 17:58:59.891 873 1318 I Lyric : g3aa_pipeline.cc:389: [PDAF1] There are 1 pending transactions to cancel for frames: [529]
12-10 17:58:59.891 873 1318 W Lyric : g3aa_pipeline.cc:424: [PDAF1][Frame 529] Canceling transaction id 15309 for shadow 1: [FAILED]
12-10 17:58:59.891 873 1318 I Lyric : g3aa_pipeline.cc:787: [PDAF1] Waiting for pipeline to drain. There are 1 pending transactions for frames: [529], 0 dropped frames: []
12-10 17:58:59.891 873 1318 W Lyric : g3aa_pipeline.cc:720: [PDAF1] WaitUntilDrained() failed: DEADLINE_EXCEEDED: [PDAF1] Timed out waiting for the pipeline to drain. 1 pending requests remain for frames: [529]
12-10 17:58:59.891 873 1318 E Lyric : g3aa_pipeline.cc:1183: [PDAF1][Frame 529] Pending interrupt mask: 0XE000
12-10 17:58:59.891 873 1318 W Lyric : g3aa_pipeline.cc:461: [PDAF1] Clearing pending requests for frames: [529]
12-10 17:58:59.891 873 1318 I Lyric : g3aa_pipeline.cc:745: [PDAF1] Drained; next_frame_number=530, next_shadow_set=0, last_hw_frame_num=528, last_sw_sof_event_count=528
12-10 17:58:59.891 873 1318 I Lyric : dpm_bandwidth_controller_v1.cc:175: dpm: updating bandwidth for device g3aa bandwidth_read: 0 bandwidth_write: 0 bandwidth_peak: 0 bandwidth_rt: 0
12-10 17:58:59.891 873 1318 I Lyric : g3aa_driver.cc:1748: G3AA power mode for context 1 changed to Standby(Standby) done
12-10 17:58:59.891 873 1318 I Lyric : g3aa_driver.cc:2008: Number of active HW contexts: 1, power-up-only contexts: 1. Details:
12-10 17:58:59.891 873 1318 I Lyric : g3aa_driver.cc:2019: Context 1, Bayer1 pipeline. Acquired: true. Enabled: false
12-10 17:58:59.891 873 1318 I Lyric : g3aa_driver.cc:2019: Context 1, PDAF1 pipeline. Acquired: true. Enabled: false
12-10 17:58:59.891 873 1318 I Lyric : csi_context.cc:703: Camera ID(2) CleanupContextLocked() +++
12-10 17:58:59.891 873 1318 I Lyric : csi_context.cc:748: Camera ID(2) dma_to_buffer size: (0)
12-10 17:58:59.891 873 1318 I Lyric : csi_wdma.cc:1381: Camera ID(2) Build transaction to disable WDMA(CsisDma0) logical channel(0)
12-10 17:58:59.891 873 1318 I Lyric : csi_wdma.cc:1381: Camera ID(2) Build transaction to disable WDMA(CsisDma0) logical channel(1)
12-10 17:58:59.891 873 1318 I Lyric : csi_wdma.cc:1381: Camera ID(2) Build transaction to disable WDMA(CsisDma0) logical channel(2)
12-10 17:58:59.891 873 1318 I Lyric : csi_wdma.cc:1381: Camera ID(2) Build transaction to disable WDMA(CsisDma0) logical channel(3)
12-10 17:58:59.891 873 1318 I Lyric : csi_wdma.cc:1381: Camera ID(2) Build transaction to disable WDMA(CsisZsl1) logical channel(0)
12-10 17:58:59.891 873 1318 I Lyric : csi_wdma.cc:1381: Camera ID(2) Build transaction to disable WDMA(CsisZsl1) logical channel(1)
12-10 17:58:59.891 873 1318 I Lyric : csi_wdma.cc:1381: Camera ID(2) Build transaction to disable WDMA(CsisZsl1) logical channel(2)
12-10 17:58:59.891 873 1318 I Lyric : csi_wdma.cc:1381: Camera ID(2) Build transaction to disable WDMA(CsisZsl1) logical channel(3)
12-10 17:58:59.891 873 1318 I Lyric : whi_pro_dpm_bandwidth_controller.cc:98: dpm: required_clock is 0 min_frontend_clock_requirement_: 223509825 sensor streaming: 0
12-10 17:58:59.891 873 1318 I Lyric : whi_pro_dpm_bandwidth_controller.cc:104: Vote for front-end clock for freq 0
12-10 17:58:59.891 873 1318 I Lyric : csi_context.cc:811: Camera ID(2) CleanupContextLocked() ---
12-10 17:58:59.891 873 1318 I Lyric : csi_driver.cc:1490: [CSI BW] CSIS_D0 BW: 0 wdmas:
12-10 17:58:59.891 873 1318 I Lyric : csi_driver.cc:1492: [CSI BW] CSIS_D1 BW: 0 wdmas:
12-10 17:58:59.891 873 1318 I Lyric : csi_driver.cc:1494: [CSI BW] Update Required BW: 0, Required Clock: 0, Required peak BW: 0
12-10 17:58:59.891 873 1318 I Lyric : dpm_bandwidth_controller_v1.cc:175: dpm: updating bandwidth for device csi bandwidth_read: 0 bandwidth_write: 0 bandwidth_peak: 0 bandwidth_rt: 0
12-10 17:58:59.892 873 1318 I Lyric : csi_driver.cc:1292: Successfully cleaned up CSI context 0xb400007291775300
12-10 17:58:59.892 873 1318 I Lyric : pdp_driver.cc:278: PDP: releasing context 0xb4000073a1c5f950
12-10 17:58:59.892 873 1318 I Lyric : pdp_driver.cc:997: PDP: about to SetHwEventsEnable to 0 for context 1
12-10 17:58:59.892 873 1318 I Lyric : g3aa_driver.cc:957: ------------------------------------------------------
12-10 17:58:59.892 873 1318 I Lyric : g3aa_driver.cc:958: Releasing context 1
12-10 17:58:59.892 873 1318 I Lyric : g3aa_driver.cc:962: ------------------------------------------------------
12-10 17:58:59.892 873 1318 I Lyric : g3aa_pipeline.cc:840: [Bayer1] Disabling pipeline
12-10 17:58:59.892 873 1318 I Lyric : g3aa_pipeline.cc:843: [Bayer1] Already disabled
12-10 17:58:59.892 873 1318 I Lyric : g3aa_pipeline.cc:840: [PDAF1] Disabling pipeline
12-10 17:58:59.892 873 1318 I Lyric : g3aa_pipeline.cc:843: [PDAF1] Already disabled
12-10 17:58:59.892 873 1318 I Lyric : g3aa_pipeline.cc:691: [Bayer1] Drain(timeout=0) entered. next_frame_number=530, next_shadow_set=0, last_hw_frame_num=528, last_sw_sof_event_count=528
12-10 17:58:59.892 873 1318 I Lyric : g3aa_pipeline.cc:389: [Bayer1] There are 0 pending transactions to cancel for frames: []
12-10 17:58:59.892 873 1318 I Lyric : g3aa_pipeline.cc:787: [Bayer1] Waiting for pipeline to drain. There are 0 pending transactions for frames: [], 1 dropped frames: [529]
12-10 17:58:59.892 873 1318 I Lyric : g3aa_pipeline.cc:803: [Bayer1] Pipeline drained.
12-10 17:58:59.892 873 1318 I Lyric : g3aa_pipeline.cc:745: [Bayer1] Drained; next_frame_number=530, next_shadow_set=0, last_hw_frame_num=528, last_sw_sof_event_count=528
12-10 17:58:59.892 873 1318 I Lyric : g3aa_pipeline.cc:691: [PDAF1] Drain(timeout=0) entered. next_frame_number=530, next_shadow_set=0, last_hw_frame_num=528, last_sw_sof_event_count=528
12-10 17:58:59.892 873 1318 I Lyric : g3aa_pipeline.cc:389: [PDAF1] There are 0 pending transactions to cancel for frames: []
12-10 17:58:59.892 873 1318 I Lyric : g3aa_pipeline.cc:787: [PDAF1] Waiting for pipeline to drain. There are 0 pending transactions for frames: [], 1 dropped frames: [529]
12-10 17:58:59.892 873 1318 I Lyric : g3aa_pipeline.cc:803: [PDAF1] Pipeline drained.
12-10 17:58:59.892 873 1318 I Lyric : g3aa_pipeline.cc:745: [PDAF1] Drained; next_frame_number=530, next_shadow_set=0, last_hw_frame_num=528, last_sw_sof_event_count=528
12-10 17:58:59.892 873 1318 I Lyric : g3aa_pipeline.cc:337: [Bayer1] Releasing pipeline, graph_stopped: true
12-10 17:58:59.892 873 1318 I Lyric : g3aa_pipeline.cc:363: [Bayer1] clearing dropped_frames_ queue with [529] since graph stop was called
12-10 17:58:59.892 873 1318 I Lyric : g3aa_pipeline.cc:337: [PDAF1] Releasing pipeline, graph_stopped: true
12-10 17:58:59.892 873 1318 I Lyric : g3aa_pipeline.cc:363: [PDAF1] clearing dropped_frames_ queue with [529] since graph stop was called
12-10 17:58:59.893 873 1318 I Lyric : g3aa_driver.cc:2008: Number of active HW contexts: 0, power-up-only contexts: 1. Details:
12-10 17:58:59.893 873 1318 I Lyric : front_end_controller.cc:2037: dpm: frontend context (all sub-drivers) 2 power mode changed to standy mode
12-10 17:58:59.893 873 1318 I Lyric : front_end_controller.cc:2041: dpm: signal done_fence
12-10 17:58:59.893 873 1318 E Lyric : software_fence.cc:40: Resetting unsignaled fence 2
12-10 17:58:59.893 873 1319 I Lyric : front_end_controller.cc:1755: dpm: node type 2 frontend context 4 was already in deactivate mode
12-10 17:58:59.893 873 1320 I Lyric : front_end_controller.cc:1755: dpm: node type 1 frontend context 4 was already in deactivate mode
12-10 17:58:59.893 873 1319 I Lyric : dpm_bandwidth_controller_v1.cc:175: dpm: updating bandwidth for device itp bandwidth_read: 0 bandwidth_write: 0 bandwidth_peak: 0 bandwidth_rt: 0
12-10 17:58:59.893 873 1320 I Lyric : per_camera_barrier_impl.cc:58: Blocker for FrontEndBlockCam4ToStart released with status: OK without lwis fence.
12-10 17:58:59.893 873 1320 I Lyric : gtnr_merge_driver.cc:823:
12-10 17:58:59.893 873 1320 I Lyric : WhiGtnrMergeDriver dump
12-10 17:58:59.893 873 1320 I Lyric : acquired contexts
12-10 17:58:59.893 873 1320 I Lyric : context: 0xb4000073a1c63758 power-up-only
12-10 17:58:59.893 873 1320 I Lyric : context: 0xb4000073a1c638f8 votf-enabled
12-10 17:58:59.893 873 1320 I Lyric : context: 0xb4000073a1c63a98 votf-enabled
12-10 17:58:59.893 873 1320 I Lyric : context: 0xb4000073a1c63c38
12-10 17:58:59.893 873 1320 I Lyric : context: 0xb4000073a1c63dd8
12-10 17:58:59.893 873 1320 I Lyric : context: 0xb4000073a1c63f78
12-10 17:58:59.893 873 1320 I Lyric : ivotf slc buffer pointer: &{type: CachePartition, Size: 1310720, FD: 243, PartitionId: 4, Attributes: Transport: DMA, Access: CPU, Security: None, Compression: None}
12-10 17:58:59.893 873 1320 I Lyric : curr rdma slc buffer pointer: &{type: CachePartition, Size: 2097152, FD: 235, PartitionId: 9, Attributes: Transport: DMA, Access: CPU, Security: None, Compression: None}
12-10 17:58:59.893 873 1320 I Lyric : prev rdma slc buffer pointer: &{type: CachePartition, Size: 1048576, FD: 244, PartitionId: 7, Attributes: Transport: DMA, Access: CPU, Security: None, Compression: None}
12-10 17:58:59.893 873 1320 I Lyric : End of WhiGtnrMergeDriver dump
12-10 17:58:59.893 873 1320 I Lyric :
12-10 17:58:59.893 873 1320 I Lyric : gtnr_merge_driver.cc:823:
12-10 17:58:59.893 873 1320 I Lyric : WhiGtnrMergeDriver dump
