12-10 17:49:30.774 1383 1937 D ActivityManager: Too many transaction errors, throttling freezer binder callback.
12-10 17:49:30.774 1383 1937 W ActivityManager: pid 1383 system sent binder code 1 with flags 1 to frozen apps and got error -2147483646
12-10 17:49:30.774 1383 1937 D ActivityManager: Too many transaction errors, throttling freezer binder callback.
12-10 17:49:30.776 1383 1937 W ActivityManager: pid 1383 system sent binder code 1 with flags 1 to frozen apps and got error -2147483646
12-10 17:49:30.776 1383 1937 D ActivityManager: Too many transaction errors, throttling freezer binder callback.
12-10 17:49:37.018 1383 1937 W ActivityManager: pid 1383 system sent binder code 1 with flags 1 to frozen apps and got error -2147483646
12-10 17:49:37.019 1383 1937 W ActivityManager: pid 1383 system sent binder code 1 with flags 1 to frozen apps and got error -2147483646
12-10 17:49:37.019 1383 1937 D ActivityManager: Too many transaction errors, throttling freezer binder callback.
12-10 17:49:37.019 1383 1937 W ActivityManager: pid 1383 system sent binder code 1 with flags 1 to frozen apps and got error -2147483646
12-10 17:49:37.019 1383 1937 D ActivityManager: Too many transaction errors, throttling freezer binder callback.
12-10 17:49:37.020 1383 1937 W ActivityManager: pid 1383 system sent binder code 1 with flags 1 to frozen apps and got error -2147483646
12-10 17:49:37.020 1383 1937 D ActivityManager: Too many transaction errors, throttling freezer binder callback.
12-10 17:49:40.014 1383 1937 W ActivityManager: pid 1383 system sent binder code 1 with flags 1 to frozen apps and got error -2147483646
12-10 17:49:40.014 1383 1937 D ActivityManager: Too many transaction errors, throttling freezer binder callback.
12-10 17:49:40.014 1383 1937 W ActivityManager: pid 1383 system sent binder code 1 with flags 1 to frozen apps and got error -2147483646
12-10 17:49:40.014 1383 1937 D ActivityManager: Too many transaction errors, throttling freezer binder callback.
12-10 17:49:40.017 1383 1937 W ActivityManager: pid 1383 system sent binder code 1 with flags 1 to frozen apps and got error -2147483646
12-10 17:49:40.017 1383 1937 D ActivityManager: Too many transaction errors, throttling freezer binder callback.
12-10 17:49:40.017 1383 1937 W ActivityManager: pid 1383 system sent binder code 1 with flags 1 to frozen apps and got error -2147483646
12-10 17:49:40.017 1383 1937 D ActivityManager: Too many transaction errors, throttling freezer binder callback.
12-10 17:49:42.056 1383 1671 D ActivityManager: sync unfroze 12102 com.android.vending for 10
12-10 17:49:42.058 1383 1671 W ProcessStats: Tracking association SourceState{e673c7 org.telegram.messenger/10284 Receivr #78508} whose proc state 10 is better than process ProcessState{2fc7f0d com.android.vending/10180 pkg=com.android.vending} proc state 13 (4 skipped)
12-10 17:49:42.254 1383 3442 D ShortcutService: rescanPackageIfNeeded 0@org.telegram.messenger, forceRescan=false , isNewApp=false
12-10 17:49:42.298 1383 3181 D ShortcutService: rescanPackageIfNeeded 0@org.telegram.messenger, forceRescan=false , isNewApp=false
12-10 17:49:42.314 1383 3442 D ShortcutService: Getting shortcuts for launcher= androiduser=0 pkg=org.telegram.messenger
12-10 17:49:42.316 1383 3442 D ShortcutService: rescanPackageIfNeeded 0@org.telegram.messenger, forceRescan=false , isNewApp=false
12-10 17:49:42.386 1383 3442 D ShortcutService: rescanPackageIfNeeded 0@org.telegram.messenger, forceRescan=false , isNewApp=false
12-10 17:49:42.405 1383 3442 D ShortcutService: rescanPackageIfNeeded 0@org.telegram.messenger, forceRescan=false , isNewApp=false
12-10 17:49:42.422 1383 3442 D ShortcutService: Getting shortcuts for launcher= androiduser=0 pkg=org.telegram.messenger
12-10 17:49:42.423 1383 3181 D ShortcutService: rescanPackageIfNeeded 0@org.telegram.messenger, forceRescan=false , isNewApp=false
12-10 17:49:42.473 14541 14591 W LocaleConfig: The resource file pointed to by the given resource ID isn't found.
12-10 17:49:42.477 14541 14591 W LocaleConfig: The resource file pointed to by the given resource ID isn't found.
12-10 17:49:42.479 14541 14591 W LocaleConfig: The resource file pointed to by the given resource ID isn't found.
12-10 17:49:42.519 1383 1383 W NotificationHistory: Attempted to add notif for locked/gone/disabled user 0
12-10 17:49:42.524 1383 1670 D ShortcutService: Getting shortcuts for launcher= com.google.android.asuser=0 pkg=org.telegram.messenger
12-10 17:49:42.524 1383 1990 D ShortcutService: Saving package item org.telegram.messenger to /data/system_ce/0/shortcut_service/packages/org.telegram.messenger.xml
12-10 17:49:42.539 1383 1670 D ShortcutService: Getting shortcuts for launcher= com.google.android.apps.nexuslauncheruser=0 pkg=org.telegram.messenger
12-10 17:49:42.541 1383 1670 D ShortcutService: Getting shortcuts for launcher= com.android.systemuiuser=0 pkg=org.telegram.messenger
12-10 17:49:45.551 1383 8934 D ShortcutService: Getting shortcuts for launcher= com.google.android.asuser=0 pkg=org.telegram.messenger
12-10 17:49:45.557 1383 8934 D ShortcutService: Getting shortcuts for launcher= com.google.android.asuser=0 pkg=org.telegram.messenger
12-10 17:49:46.089 1383 1937 W ActivityManager: pid 1383 system sent binder code 1 with flags 1 to frozen apps and got error -2147483646
12-10 17:49:46.089 1383 1937 D ActivityManager: Too many transaction errors, throttling freezer binder callback.
12-10 17:49:46.090 1383 1937 W ActivityManager: pid 1383 system sent binder code 1 with flags 1 to frozen apps and got error -2147483646
12-10 17:49:46.090 1383 1937 D ActivityManager: Too many transaction errors, throttling freezer binder callback.
12-10 17:49:46.091 1383 1937 W ActivityManager: pid 1383 system sent binder code 1 with flags 1 to frozen apps and got error -2147483646
12-10 17:49:46.091 1383 1937 D ActivityManager: Too many transaction errors, throttling freezer binder callback.
12-10 17:49:46.091 1383 1937 W ActivityManager: pid 1383 system sent binder code 1 with flags 1 to frozen apps and got error -2147483646
12-10 17:49:46.091 1383 1937 D ActivityManager: Too many transaction errors, throttling freezer binder callback.
12-10 17:49:49.130 1383 1937 W ActivityManager: pid 1383 system sent binder code 1 with flags 1 to frozen apps and got error -2147483646
12-10 17:49:49.130 1383 1937 W ActivityManager: pid 1383 system sent binder code 1 with flags 1 to frozen apps and got error -2147483646
12-10 17:49:49.130 1383 1937 D ActivityManager: Too many transaction errors, throttling freezer binder callback.
12-10 17:49:49.131 1383 1937 W ActivityManager: pid 1383 system sent binder code 1 with flags 1 to frozen apps and got error -2147483646
12-10 17:49:49.131 1383 1937 D ActivityManager: Too many transaction errors, throttling freezer binder callback.
12-10 17:49:49.131 1383 1937 W ActivityManager: pid 1383 system sent binder code 1 with flags 1 to frozen apps and got error -2147483646
12-10 17:49:49.131 1383 1937 D ActivityManager: Too many transaction errors, throttling freezer binder callback.
12-10 17:49:58.257 1383 1937 W ActivityManager: pid 1383 system sent binder code 1 with flags 1 to frozen apps and got error -2147483646
12-10 17:49:58.257 1383 1937 D ActivityManager: Too many transaction errors, throttling freezer binder callback.
12-10 17:49:58.258 1383 1937 W ActivityManager: pid 1383 system sent binder code 1 with flags 1 to frozen apps and got error -2147483646
12-10 17:49:58.258 1383 1937 D ActivityManager: Too many transaction errors, throttling freezer binder callback.
12-10 17:49:58.258 1383 1937 W ActivityManager: pid 1383 system sent binder code 1 with flags 1 to frozen apps and got error -2147483646
12-10 17:49:58.258 1383 1937 D ActivityManager: Too many transaction errors, throttling freezer binder callback.
12-10 17:49:58.259 1383 1937 W ActivityManager: pid 1383 system sent binder code 1 with flags 1 to frozen apps and got error -2147483646
12-10 17:49:58.259 1383 1937 D ActivityManager: Too many transaction errors, throttling freezer binder callback.
12-10 17:50:01.285 1383 1937 W ActivityManager: pid 1383 system sent binder code 1 with flags 1 to frozen apps and got error -2147483646
12-10 17:50:01.285 1383 1937 W ActivityManager: pid 1383 system sent binder code 1 with flags 1 to frozen apps and got error -2147483646
12-10 17:50:01.285 1383 1937 D ActivityManager: Too many transaction errors, throttling freezer binder callback.
12-10 17:50:01.286 1383 1937 W ActivityManager: pid 1383 system sent binder code 1 with flags 1 to frozen apps and got error -2147483646
12-10 17:50:01.286 1383 1937 D ActivityManager: Too many transaction errors, throttling freezer binder callback.
12-10 17:50:01.286 1383 1937 W ActivityManager: pid 1383 system sent binder code 1 with flags 1 to frozen apps and got error -2147483646
12-10 17:50:01.286 1383 1937 D ActivityManager: Too many transaction errors, throttling freezer binder callback.
12-10 17:50:04.317 1383 1937 W ActivityManager: pid 1383 system sent binder code 1 with flags 1 to frozen apps and got error -2147483646
12-10 17:50:04.317 1383 1937 D ActivityManager: Too many transaction errors, throttling freezer binder callback.
12-10 17:50:04.320 1383 1937 W ActivityManager: pid 1383 system sent binder code 1 with flags 1 to frozen apps and got error -2147483646
12-10 17:50:04.320 1383 1937 D ActivityManager: Too many transaction errors, throttling freezer binder callback.
12-10 17:50:04.320 1383 1937 W ActivityManager: pid 1383 system sent binder code 1 with flags 1 to frozen apps and got error -2147483646
12-10 17:50:04.320 1383 1937 D ActivityManager: Too many transaction errors, throttling freezer binder callback.
12-10 17:50:04.321 1383 1937 W ActivityManager: pid 1383 system sent binder code 1 with flags 1 to frozen apps and got error -2147483646
12-10 17:50:04.321 1383 1937 D ActivityManager: Too many transaction errors, throttling freezer binder callback.
12-10 17:50:07.368 1383 1937 W ActivityManager: pid 1383 system sent binder code 1 with flags 1 to frozen apps and got error -2147483646
12-10 17:50:07.369 1383 1937 D ActivityManager: Too many transaction errors, throttling freezer binder callback.
12-10 17:50:07.370 1383 1937 W ActivityManager: pid 1383 system sent binder code 1 with flags 1 to frozen apps and got error -2147483646
12-10 17:50:07.370 1383 1937 D ActivityManager: Too many transaction errors, throttling freezer binder callback.
12-10 17:50:07.370 1383 1937 W ActivityManager: pid 1383 system sent binder code 1 with flags 1 to frozen apps and got error -2147483646
12-10 17:50:07.370 1383 1937 D ActivityManager: Too many transaction errors, throttling freezer binder callback.
12-10 17:50:07.371 1383 1937 W ActivityManager: pid 1383 system sent binder code 1 with flags 1 to frozen apps and got error -2147483646
12-10 17:50:07.371 1383 1937 D ActivityManager: Too many transaction errors, throttling freezer binder callback.
12-10 17:50:10.406 1383 1937 W ActivityManager: pid 1383 system sent binder code 1 with flags 1 to frozen apps and got error -2147483646
12-10 17:50:10.406 1383 1937 D ActivityManager: Too many transaction errors, throttling freezer binder callback.
12-10 17:50:10.407 1383 1937 W ActivityManager: pid 1383 system sent binder code 1 with flags 1 to frozen apps and got error -2147483646
12-10 17:50:10.407 1383 1937 D ActivityManager: Too many transaction errors, throttling freezer binder callback.
12-10 17:50:10.407 1383 1937 W ActivityManager: pid 1383 system sent binder code 1 with flags 1 to frozen apps and got error -2147483646
12-10 17:50:10.407 1383 1937 D ActivityManager: Too many transaction errors, throttling freezer binder callback.
12-10 17:50:10.408 1383 1937 W ActivityManager: pid 1383 system sent binder code 1 with flags 1 to frozen apps and got error -2147483646
12-10 17:50:10.408 1383 1937 D ActivityManager: Too many transaction errors, throttling freezer binder callback.
12-10 17:50:12.066 1383 1872 D ActivityManager: freezing 12102 com.android.vending
12-10 17:50:13.429 1383 1937 W ActivityManager: pid 1383 system sent binder code 1 with flags 1 to frozen apps and got error -2147483646
12-10 17:50:13.429 1383 1937 W ActivityManager: pid 1383 system sent binder code 1 with flags 1 to frozen apps and got error -2147483646
12-10 17:50:13.429 1383 1937 D ActivityManager: Too many transaction errors, throttling freezer binder callback.
12-10 17:50:13.430 1383 1937 W ActivityManager: pid 1383 system sent binder code 1 with flags 1 to frozen apps and got error -2147483646
12-10 17:50:13.430 1383 1937 D ActivityManager: Too many transaction errors, throttling freezer binder callback.
12-10 17:50:13.430 1383 1937 W ActivityManager: pid 1383 system sent binder code 1 with flags 1 to frozen apps and got error -2147483646
12-10 17:50:13.430 1383 1937 D ActivityManager: Too many transaction errors, throttling freezer binder callback.
12-10 17:50:16.442 1383 1937 W ActivityManager: pid 1383 system sent binder code 1 with flags 1 to frozen apps and got error -2147483646
12-10 17:50:16.442 1383 1937 D ActivityManager: Too many transaction errors, throttling freezer binder callback.
12-10 17:50:16.443 1383 1937 W ActivityManager: pid 1383 system sent binder code 1 with flags 1 to frozen apps and got error -2147483646
12-10 17:50:16.443 1383 1937 D ActivityManager: Too many transaction errors, throttling freezer binder callback.
12-10 17:50:16.444 1383 1937 W ActivityManager: pid 1383 system sent binder code 1 with flags 1 to frozen apps and got error -2147483646
12-10 17:50:16.444 1383 1937 D ActivityManager: Too many transaction errors, throttling freezer binder callback.
12-10 17:50:16.444 1383 1937 W ActivityManager: pid 1383 system sent binder code 1 with flags 1 to frozen apps and got error -2147483646
12-10 17:50:16.444 1383 1937 D ActivityManager: Too many transaction errors, throttling freezer binder callback.
12-10 17:50:19.489 1383 1937 W ActivityManager: pid 1383 system sent binder code 1 with flags 1 to frozen apps and got error -2147483646
12-10 17:50:19.489 1383 1937 D ActivityManager: Too many transaction errors, throttling freezer binder callback.
12-10 17:50:19.490 1383 1937 W ActivityManager: pid 1383 system sent binder code 1 with flags 1 to frozen apps and got error -2147483646
12-10 17:50:19.490 1383 1937 D ActivityManager: Too many transaction errors, throttling freezer binder callback.
12-10 17:50:19.491 1383 1937 W ActivityManager: pid 1383 system sent binder code 1 with flags 1 to frozen apps and got error -2147483646
12-10 17:50:19.491 1383 1937 D ActivityManager: Too many transaction errors, throttling freezer binder callback.
12-10 17:50:19.491 1383 1937 W ActivityManager: pid 1383 system sent binder code 1 with flags 1 to frozen apps and got error -2147483646
12-10 17:50:19.491 1383 1937 D ActivityManager: Too many transaction errors, throttling freezer binder callback.
12-10 17:50:22.545 1383 1937 W ActivityManager: pid 1383 system sent binder code 1 with flags 1 to frozen apps and got error -2147483646
12-10 17:50:22.545 1383 1937 D ActivityManager: Too many transaction errors, throttling freezer binder callback.
12-10 17:50:22.546 1383 1937 W ActivityManager: pid 1383 system sent binder code 1 with flags 1 to frozen apps and got error -2147483646
12-10 17:50:22.546 1383 1937 D ActivityManager: Too many transaction errors, throttling freezer binder callback.
12-10 17:50:22.547 1383 1937 W ActivityManager: pid 1383 system sent binder code 1 with flags 1 to frozen apps and got error -2147483646
12-10 17:50:22.547 1383 1937 D ActivityManager: Too many transaction errors, throttling freezer binder callback.
12-10 17:50:22.547 1383 1937 W ActivityManager: pid 1383 system sent binder code 1 with flags 1 to frozen apps and got error -2147483646
12-10 17:50:22.547 1383 1937 D ActivityManager: Too many transaction errors, throttling freezer binder callback.
12-10 17:50:25.612 1383 1937 W ActivityManager: pid 1383 system sent binder code 1 with flags 1 to frozen apps and got error -2147483646
12-10 17:50:25.614 1383 1937 W ActivityManager: pid 1383 system sent binder code 1 with flags 1 to frozen apps and got error -2147483646
12-10 17:50:25.614 1383 1937 D ActivityManager: Too many transaction errors, throttling freezer binder callback.
12-10 17:50:25.614 1383 1937 W ActivityManager: pid 1383 system sent binder code 1 with flags 1 to frozen apps and got error -2147483646
12-10 17:50:25.614 1383 1937 D ActivityManager: Too many transaction errors, throttling freezer binder callback.
12-10 17:50:25.615 1383 1937 W ActivityManager: pid 1383 system sent binder code 1 with flags 1 to frozen apps and got error -2147483646
12-10 17:50:25.615 1383 1937 D ActivityManager: Too many transaction errors, throttling freezer binder callback.
12-10 17:50:30.598 1383 9730 D CoreBackPreview: Window{5a1f79c u0 NotificationShade}: Setting back callback OnBackInvokedCallbackInfo{mCallback=android.window.IOnBackInvokedCallback$Stub$Proxy@4b622b2, mPriority=0, mIsAnimationCallback=false}
12-10 17:50:30.635 1383 9730 D SystemServerTiming: getUserSwitchability-0
12-10 17:50:30.635 1383 9730 D SystemServerTiming: TM.isInCall
12-10 17:50:30.636 1383 3417 D SystemServerTiming: getUserSwitchability-0
12-10 17:50:30.636 1383 3417 D SystemServerTiming: TM.isInCall
12-10 17:50:30.636 1383 9730 D SystemServerTiming: hasUserRestriction-DISALLOW_USER_SWITCH
12-10 17:50:30.636 1383 9730 D SystemServerTiming: getInt-ALLOW_USER_SWITCHING_WHEN_SYSTEM_USER_LOCKED
12-10 17:50:30.636 1383 3417 D SystemServerTiming: hasUserRestriction-DISALLOW_USER_SWITCH
12-10 17:50:30.636 1383 9730 D SystemServerTiming: isUserUnlocked-USER_SYSTEM
12-10 17:50:30.636 1383 3417 D SystemServerTiming: getInt-ALLOW_USER_SWITCHING_WHEN_SYSTEM_USER_LOCKED
12-10 17:50:30.636 1383 3417 D SystemServerTiming: isUserUnlocked-USER_SYSTEM
12-10 17:50:30.656 1383 9730 D ActivityManager: sync unfroze 29146 com.google.android.gms for 6
12-10 17:50:31.013 1383 1671 D ActivityManager: sync unfroze 12102 com.android.vending for 10
12-10 17:50:31.215 1383 9730 D ShortcutService: rescanPackageIfNeeded 0@org.telegram.messenger, forceRescan=false , isNewApp=false
12-10 17:50:31.248 1383 3506 D ShortcutService: rescanPackageIfNeeded 0@org.telegram.messenger, forceRescan=false , isNewApp=false
12-10 17:50:31.274 1383 9730 D ShortcutService: Getting shortcuts for launcher= androiduser=0 pkg=org.telegram.messenger
12-10 17:50:31.276 1383 9730 D ShortcutService: rescanPackageIfNeeded 0@org.telegram.messenger, forceRescan=false , isNewApp=false
12-10 17:50:31.378 1383 1670 D ShortcutService: Getting shortcuts for launcher= com.google.android.asuser=0 pkg=org.telegram.messenger
12-10 17:50:31.378 1383 1990 D ShortcutService: Saving package item org.telegram.messenger to /data/system_ce/0/shortcut_service/packages/org.telegram.messenger.xml
12-10 17:50:31.388 1383 1670 D ShortcutService: Getting shortcuts for launcher= com.google.android.apps.nexuslauncheruser=0 pkg=org.telegram.messenger
12-10 17:50:31.389 1383 1670 D ShortcutService: Getting shortcuts for launcher= com.android.systemuiuser=0 pkg=org.telegram.messenger
12-10 17:50:31.414 1383 3506 D ShortcutService: rescanPackageIfNeeded 0@org.telegram.messenger, forceRescan=false , isNewApp=false
12-10 17:50:31.435 1383 2164 D ShortcutService: rescanPackageIfNeeded 0@org.telegram.messenger, forceRescan=false , isNewApp=false
12-10 17:50:31.457 1383 3417 D ShortcutService: Getting shortcuts for launcher= androiduser=0 pkg=org.telegram.messenger
12-10 17:50:31.458 1383 3417 D ShortcutService: rescanPackageIfNeeded 0@org.telegram.messenger, forceRescan=false , isNewApp=false
12-10 17:50:31.520 14541 14591 W LocaleConfig: The resource file pointed to by the given resource ID isn't found.
12-10 17:50:31.524 14541 14591 W LocaleConfig: The resource file pointed to by the given resource ID isn't found.
12-10 17:50:31.527 14541 14591 W LocaleConfig: The resource file pointed to by the given resource ID isn't found.
12-10 17:50:31.565 1383 1990 D ShortcutService: Saving package item org.telegram.messenger to /data/system_ce/0/shortcut_service/packages/org.telegram.messenger.xml
12-10 17:50:31.565 1383 1670 D ShortcutService: Getting shortcuts for launcher= com.google.android.asuser=0 pkg=org.telegram.messenger
12-10 17:50:31.593 1383 1670 D ShortcutService: Getting shortcuts for launcher= com.google.android.apps.nexuslauncheruser=0 pkg=org.telegram.messenger
12-10 17:50:31.594 1383 1670 D ShortcutService: Getting shortcuts for launcher= com.android.systemuiuser=0 pkg=org.telegram.messenger
12-10 17:50:31.717 1383 2164 D ActivityManager: sync unfroze 22649 com.android.systemui:screenshot for 10
12-10 17:50:31.764 1383 1937 W ActivityManager: pid 1383 system sent binder code 1 with flags 1 to frozen apps and got error -2147483646
12-10 17:50:31.764 1383 1937 D ActivityManager: Too many transaction errors, throttling freezer binder callback.
12-10 17:50:31.764 1383 1937 W ActivityManager: pid 1383 system sent binder code 1 with flags 1 to frozen apps and got error -2147483646
12-10 17:50:31.764 1383 1937 D ActivityManager: Too many transaction errors, throttling freezer binder callback.
12-10 17:50:31.765 1383 1937 W ActivityManager: pid 1383 system sent binder code 1 with flags 1 to frozen apps and got error -2147483646
12-10 17:50:31.765 1383 1937 D ActivityManager: Too many transaction errors, throttling freezer binder callback.
12-10 17:50:31.765 1383 1937 W ActivityManager: pid 1383 system sent binder code 1 with flags 1 to frozen apps and got error -2147483646
12-10 17:50:31.765 1383 1937 D ActivityManager: Too many transaction errors, throttling freezer binder callback.
12-10 17:50:32.312 1383 3181 V VirtualDisplayAdapter: Release VirtualDisplay Recording Display
12-10 17:50:32.313 1383 3181 D DisplayManagerService: Virtual Display: Display Device released
12-10 17:50:32.314 1383 3181 I DisplayDeviceRepository: Display device removed: DisplayDeviceInfo{"Recording Display": uniqueId="virtual:com.android.systemui,10249,Recording Display,10", 1080 x 2400, modeId 13, renderFrameRate 60.0, defaultModeId 13, userPreferredModeId -1, supportedModes [{id=13, width=1080, height=2400, fps=60.0, vsync=60.0, synthetic=false, alternativeRefreshRates=[], supportedHdrTypes=[]}], colorMode 0, supportedColorModes [0], hdrCapabilities null, allmSupported false, gameContentTypeSupported false, density 420, 420.0 x 420.0 dpi, appVsyncOff 0, presDeadline 16666666, touch NONE, rotation 0, type VIRTUAL, deviceProductInfo null, state ON, committedState UNKNOWN, owner com.android.systemui (uid 10249), frameRateOverride , brightnessMinimum 0.0, brightnessMaximum 0.0, brightnessDefault 0.0, hdrSdrRatio NaN, FLAG_PRIVATE, FLAG_PRESENTATION, installOrientation 0, displayShape DisplayShape{ spec=-1893857183 displayWidth=1080 displayHeight=2400 physicalPixelDisplaySizeRatio=1.0 rotation=0 offsetX=0 offsetY=0 scale=1.0}}
12-10 17:50:32.324 1383 1641 V WindowManager: Content Recording: Pause the recording session on display 12
12-10 17:50:32.324 1383 3417 D MediaProjectionManagerService: Content Recording: handling stopping this projection token createTime= 59548521 countStarts= 1
12-10 17:50:32.324 1383 3417 D MediaProjectionManagerService: Content Recording: Stopped active MediaProjection and dispatching stop to callbacks
12-10 17:50:32.326 2025 3419 V MediaProjection: Dispatch stop to 1 callbacks.
12-10 17:50:32.329 2025 2045 V ShellDragAndDrop: Display removed: 12
12-10 17:50:32.332 1383 8934 W ForegroundServiceTypeLoggerModule: FGS stop call for: 10249 has no types!
12-10 17:50:34.397 1383 2101 D ShortcutService: Getting shortcuts for launcher= com.google.android.asuser=0 pkg=org.telegram.messenger
12-10 17:50:34.401 1383 2101 D ShortcutService: Getting shortcuts for launcher= com.google.android.asuser=0 pkg=org.telegram.messenger
12-10 17:50:34.827 1383 1937 W ActivityManager: pid 1383 system sent binder code 1 with flags 1 to frozen apps and got error -2147483646
12-10 17:50:34.827 1383 1937 D ActivityManager: Too many transaction errors, throttling freezer binder callback.
12-10 17:50:34.828 1383 1937 W ActivityManager: pid 1383 system sent binder code 1 with flags 1 to frozen apps and got error -2147483646
12-10 17:50:34.828 1383 1937 D ActivityManager: Too many transaction errors, throttling freezer binder callback.
12-10 17:50:34.828 1383 1937 W ActivityManager: pid 1383 system sent binder code 1 with flags 1 to frozen apps and got error -2147483646
12-10 17:50:34.828 1383 1937 D ActivityManager: Too many transaction errors, throttling freezer binder callback.
12-10 17:50:34.828 1383 1937 W ActivityManager: pid 1383 system sent binder code 1 with flags 1 to frozen apps and got error -2147483646
12-10 17:50:34.828 1383 1937 D ActivityManager: Too many transaction errors, throttling freezer binder callback.
12-10 17:50:36.864 1383 3417 D ShortcutService: rescanPackageIfNeeded 0@org.telegram.messenger, forceRescan=false , isNewApp=false
12-10 17:50:36.890 1383 3417 D ShortcutService: rescanPackageIfNeeded 0@org.telegram.messenger, forceRescan=false , isNewApp=false
12-10 17:50:36.916 1383 2164 D ShortcutService: Getting shortcuts for launcher= androiduser=0 pkg=org.telegram.messenger
12-10 17:50:36.918 1383 2164 D ShortcutService: rescanPackageIfNeeded 0@org.telegram.messenger, forceRescan=false , isNewApp=false
12-10 17:50:36.976 14541 14591 W LocaleConfig: The resource file pointed to by the given resource ID isn't found.
12-10 17:50:36.980 14541 14591 W LocaleConfig: The resource file pointed to by the given resource ID isn't found.
12-10 17:50:36.983 14541 14591 W LocaleConfig: The resource file pointed to by the given resource ID isn't found.
12-10 17:50:37.020 1383 1990 D ShortcutService: Saving package item org.telegram.messenger to /data/system_ce/0/shortcut_service/packages/org.telegram.messenger.xml
12-10 17:50:37.022 1383 1670 D ShortcutService: Getting shortcuts for launcher= com.google.android.asuser=0 pkg=org.telegram.messenger
12-10 17:50:37.043 1383 1670 D ShortcutService: Getting shortcuts for launcher= com.google.android.apps.nexuslauncheruser=0 pkg=org.telegram.messenger
12-10 17:50:37.045 1383 1670 D ShortcutService: Getting shortcuts for launcher= com.android.systemuiuser=0 pkg=org.telegram.messenger
12-10 17:50:37.225 1383 1383 W NotificationHistory: Attempted to add notif for locked/gone/disabled user 0
12-10 17:50:37.226 14541 14591 W LocaleConfig: The resource file pointed to by the given resource ID isn't found.
12-10 17:50:37.234 14541 14591 W LocaleConfig: The resource file pointed to by the given resource ID isn't found.
12-10 17:50:37.240 14541 14591 W LocaleConfig: The resource file pointed to by the given resource ID isn't found.
12-10 17:50:37.834 1383 1937 W ActivityManager: pid 1383 system sent binder code 1 with flags 1 to frozen apps and got error -2147483646
12-10 17:50:37.834 1383 1937 W ActivityManager: pid 1383 system sent binder code 1 with flags 1 to frozen apps and got error -2147483646
12-10 17:50:37.834 1383 1937 D ActivityManager: Too many transaction errors, throttling freezer binder callback.
12-10 17:50:37.836 1383 1937 W ActivityManager: pid 1383 system sent binder code 1 with flags 1 to frozen apps and got error -2147483646
12-10 17:50:37.836 1383 1937 D ActivityManager: Too many transaction errors, throttling freezer binder callback.
12-10 17:50:37.836 1383 1937 W ActivityManager: pid 1383 system sent binder code 1 with flags 1 to frozen apps and got error -2147483646
12-10 17:50:37.836 1383 1937 D ActivityManager: Too many transaction errors, throttling freezer binder callback.
12-10 17:50:37.881 1383 3417 E NotificationService: Package enqueue rate is 6.4409776. Shedding 0|org.telegram.messenger|-2018062246|null|10284. package=org.telegram.messenger
12-10 17:50:37.884 1383 3417 D ShortcutService: rescanPackageIfNeeded 0@org.telegram.messenger, forceRescan=false , isNewApp=false
12-10 17:50:37.894 1383 3417 D ShortcutService: rescanPackageIfNeeded 0@org.telegram.messenger, forceRescan=false , isNewApp=false
12-10 17:50:37.907 1383 2164 D ShortcutService: Getting shortcuts for launcher= androiduser=0 pkg=org.telegram.messenger
12-10 17:50:37.907 1383 2164 D ShortcutService: rescanPackageIfNeeded 0@org.telegram.messenger, forceRescan=false , isNewApp=false
12-10 17:50:38.009 1383 1990 D ShortcutService: Saving package item org.telegram.messenger to /data/system_ce/0/shortcut_service/packages/org.telegram.messenger.xml
12-10 17:50:38.009 1383 1670 D ShortcutService: Getting shortcuts for launcher= com.google.android.asuser=0 pkg=org.telegram.messenger
12-10 17:50:38.020 1383 1670 D ShortcutService: Getting shortcuts for launcher= com.google.android.apps.nexuslauncheruser=0 pkg=org.telegram.messenger
12-10 17:50:38.025 1383 1670 D ShortcutService: Getting shortcuts for launcher= com.android.systemuiuser=0 pkg=org.telegram.messenger
12-10 17:50:40.052 1383 3442 D ShortcutService: Getting shortcuts for launcher= com.google.android.asuser=0 pkg=org.telegram.messenger
12-10 17:50:40.057 1383 3442 D ShortcutService: Getting shortcuts for launcher= com.google.android.asuser=0 pkg=org.telegram.messenger
12-10 17:50:40.885 1383 1937 W ActivityManager: pid 1383 system sent binder code 1 with flags 1 to frozen apps and got error -2147483646
12-10 17:50:40.885 1383 1937 D ActivityManager: Too many transaction errors, throttling freezer binder callback.
12-10 17:50:40.886 1383 1937 W ActivityManager: pid 1383 system sent binder code 1 with flags 1 to frozen apps and got error -2147483646
12-10 17:50:40.886 1383 1937 D ActivityManager: Too many transaction errors, throttling freezer binder callback.
12-10 17:50:40.886 1383 1937 W ActivityManager: pid 1383 system sent binder code 1 with flags 1 to frozen apps and got error -2147483646
12-10 17:50:40.886 1383 1937 D ActivityManager: Too many transaction errors, throttling freezer binder callback.
12-10 17:50:40.887 1383 1937 W ActivityManager: pid 1383 system sent binder code 1 with flags 1 to frozen apps and got error -2147483646
12-10 17:50:40.887 1383 1937 D ActivityManager: Too many transaction errors, throttling freezer binder callback.
12-10 17:50:43.858 1383 1640 D HintManagerService: Sent cleanup message for uid 10284
12-10 17:50:43.925 1383 1937 W ActivityManager: pid 1383 system sent binder code 1 with flags 1 to frozen apps and got error -2147483646
12-10 17:50:43.925 1383 1937 D ActivityManager: Too many transaction errors, throttling freezer binder callback.
12-10 17:50:43.926 1383 1937 W ActivityManager: pid 1383 system sent binder code 1 with flags 1 to frozen apps and got error -2147483646
12-10 17:50:43.926 1383 1937 D ActivityManager: Too many transaction errors, throttling freezer binder callback.
12-10 17:50:43.926 1383 1937 W ActivityManager: pid 1383 system sent binder code 1 with flags 1 to frozen apps and got error -2147483646
12-10 17:50:43.926 1383 1937 D ActivityManager: Too many transaction errors, throttling freezer binder callback.
12-10 17:50:43.927 1383 1937 W ActivityManager: pid 1383 system sent binder code 1 with flags 1 to frozen apps and got error -2147483646
12-10 17:50:43.927 1383 1937 D ActivityManager: Too many transaction errors, throttling freezer binder callback.
12-10 17:50:44.864 1383 1874 D HintManagerService: Starts cleaning for 10284
12-10 17:50:46.976 1383 1937 W ActivityManager: pid 1383 system sent binder code 1 with flags 1 to frozen apps and got error -2147483646
12-10 17:50:46.976 1383 1937 D ActivityManager: Too many transaction errors, throttling freezer binder callback.
12-10 17:50:46.977 1383 1937 W ActivityManager: pid 1383 system sent binder code 1 with flags 1 to frozen apps and got error -2147483646
12-10 17:50:46.977 1383 1937 D ActivityManager: Too many transaction errors, throttling freezer binder callback.
12-10 17:50:46.978 1383 1937 W ActivityManager: pid 1383 system sent binder code 1 with flags 1 to frozen apps and got error -2147483646
12-10 17:50:46.978 1383 1937 D ActivityManager: Too many transaction errors, throttling freezer binder callback.
12-10 17:50:46.979 1383 1937 W ActivityManager: pid 1383 system sent binder code 1 with flags 1 to frozen apps and got error -2147483646
12-10 17:50:46.979 1383 1937 D ActivityManager: Too many transaction errors, throttling freezer binder callback.
12-10 17:50:50.069 1383 2101 D CoreBackPreview: Window{5a1f79c u0 NotificationShade}: Setting back callback null
12-10 17:50:50.104 1383 2164 W PackageConfigPersister: App-specific configuration not found for packageName: im.status.ethereum and userId: 0
12-10 17:50:53.025 1383 1937 W ActivityManager: pid 1383 system sent binder code 1 with flags 1 to frozen apps and got error -2147483646
12-10 17:50:53.028 1383 1937 W ActivityManager: pid 1383 system sent binder code 1 with flags 1 to frozen apps and got error -2147483646
12-10 17:50:53.028 1383 1937 D ActivityManager: Too many transaction errors, throttling freezer binder callback.
12-10 17:50:53.029 1383 1937 W ActivityManager: pid 1383 system sent binder code 1 with flags 1 to frozen apps and got error -2147483646
12-10 17:50:53.029 1383 1937 D ActivityManager: Too many transaction errors, throttling freezer binder callback.
12-10 17:50:53.029 1383 1937 W ActivityManager: pid 1383 system sent binder code 1 with flags 1 to frozen apps and got error -2147483646
12-10 17:50:53.029 1383 1937 D ActivityManager: Too many transaction errors, throttling freezer binder callback.
12-10 17:50:55.739 1383 1872 D ActivityManager: freezing 29146 com.google.android.gms
12-10 17:50:59.244 1383 1937 W ActivityManager: pid 1383 system sent binder code 1 with flags 1 to frozen apps and got error -2147483646
12-10 17:50:59.245 1383 1937 D ActivityManager: Too many transaction errors, throttling freezer binder callback.
12-10 17:50:59.246 1383 1937 W ActivityManager: pid 1383 system sent binder code 1 with flags 1 to frozen apps and got error -2147483646
12-10 17:50:59.246 1383 1937 D ActivityManager: Too many transaction errors, throttling freezer binder callback.
12-10 17:50:59.248 1383 1937 W ActivityManager: pid 1383 system sent binder code 1 with flags 1 to frozen apps and got error -2147483646
12-10 17:50:59.249 1383 1937 D ActivityManager: Too many transaction errors, throttling freezer binder callback.
12-10 17:50:59.249 1383 1937 W ActivityManager: pid 1383 system sent binder code 1 with flags 1 to frozen apps and got error -2147483646
12-10 17:50:59.249 1383 1937 D ActivityManager: Too many transaction errors, throttling freezer binder callback.
12-10 17:51:02.314 1383 1937 W ActivityManager: pid 1383 system sent binder code 1 with flags 1 to frozen apps and got error -2147483646
12-10 17:51:02.314 1383 1937 D ActivityManager: Too many transaction errors, throttling freezer binder callback.
12-10 17:51:02.314 1383 1937 W ActivityManager: pid 1383 system sent binder code 1 with flags 1 to frozen apps and got error -2147483646
12-10 17:51:02.314 1383 1937 D ActivityManager: Too many transaction errors, throttling freezer binder callback.
12-10 17:51:02.315 1383 1937 W ActivityManager: pid 1383 system sent binder code 1 with flags 1 to frozen apps and got error -2147483646
12-10 17:51:02.315 1383 1937 D ActivityManager: Too many transaction errors, throttling freezer binder callback.
12-10 17:51:02.316 1383 1937 W ActivityManager: pid 1383 system sent binder code 1 with flags 1 to frozen apps and got error -2147483646
12-10 17:51:02.316 1383 1937 D ActivityManager: Too many transaction errors, throttling freezer binder callback.
12-10 17:51:05.367 1383 1937 W ActivityManager: pid 1383 system sent binder code 1 with flags 1 to frozen apps and got error -2147483646
12-10 17:51:05.368 1383 1937 W ActivityManager: pid 1383 system sent binder code 1 with flags 1 to frozen apps and got error -2147483646
12-10 17:51:05.368 1383 1937 D ActivityManager: Too many transaction errors, throttling freezer binder callback.
12-10 17:51:05.369 1383 1937 W ActivityManager: pid 1383 system sent binder code 1 with flags 1 to frozen apps and got error -2147483646
12-10 17:51:05.369 1383 1937 D ActivityManager: Too many transaction errors, throttling freezer binder callback.
12-10 17:51:05.370 1383 1937 W ActivityManager: pid 1383 system sent binder code 1 with flags 1 to frozen apps and got error -2147483646
12-10 17:51:05.370 1383 1937 D ActivityManager: Too many transaction errors, throttling freezer binder callback.
12-10 17:51:07.792 1383 1872 D ActivityManager: freezing 12102 com.android.vending
12-10 17:51:08.408 1383 1937 W ActivityManager: pid 1383 system sent binder code 1 with flags 1 to frozen apps and got error -2147483646
12-10 17:51:08.408 1383 1937 D ActivityManager: Too many transaction errors, throttling freezer binder callback.
12-10 17:51:08.409 1383 1937 W ActivityManager: pid 1383 system sent binder code 1 with flags 1 to frozen apps and got error -2147483646
12-10 17:51:08.409 1383 1937 D ActivityManager: Too many transaction errors, throttling freezer binder callback.
12-10 17:51:08.410 1383 1937 W ActivityManager: pid 1383 system sent binder code 1 with flags 1 to frozen apps and got error -2147483646
12-10 17:51:08.410 1383 1937 D ActivityManager: Too many transaction errors, throttling freezer binder callback.
12-10 17:51:08.411 1383 1937 W ActivityManager: pid 1383 system sent binder code 1 with flags 1 to frozen apps and got error -2147483646
12-10 17:51:08.411 1383 1937 D ActivityManager: Too many transaction errors, throttling freezer binder callback.
12-10 17:51:11.449 1383 1937 W ActivityManager: pid 1383 system sent binder code 1 with flags 1 to frozen apps and got error -2147483646
12-10 17:51:11.449 1383 1937 D ActivityManager: Too many transaction errors, throttling freezer binder callback.
12-10 17:51:11.450 1383 1937 W ActivityManager: pid 1383 system sent binder code 1 with flags 1 to frozen apps and got error -2147483646
12-10 17:51:11.450 1383 1937 D ActivityManager: Too many transaction errors, throttling freezer binder callback.
12-10 17:51:11.452 1383 1937 W ActivityManager: pid 1383 system sent binder code 1 with flags 1 to frozen apps and got error -2147483646
12-10 17:51:11.452 1383 1937 D ActivityManager: Too many transaction errors, throttling freezer binder callback.
12-10 17:51:11.453 1383 1937 W ActivityManager: pid 1383 system sent binder code 1 with flags 1 to frozen apps and got error -2147483646
12-10 17:51:11.453 1383 1937 D ActivityManager: Too many transaction errors, throttling freezer binder callback.
12-10 17:51:11.736 1383 1872 D ActivityManager: freezing 22649 com.android.systemui:screenshot
12-10 17:51:14.490 1383 1937 W ActivityManager: pid 1383 system sent binder code 1 with flags 1 to frozen apps and got error -2147483646
12-10 17:51:14.490 1383 1937 D ActivityManager: Too many transaction errors, throttling freezer binder callback.
12-10 17:51:14.491 1383 1937 W ActivityManager: pid 1383 system sent binder code 1 with flags 1 to frozen apps and got error -2147483646
12-10 17:51:14.491 1383 1937 D ActivityManager: Too many transaction errors, throttling freezer binder callback.
12-10 17:51:14.491 1383 1937 W ActivityManager: pid 1383 system sent binder code 1 with flags 1 to frozen apps and got error -2147483646
12-10 17:51:14.491 1383 1937 D ActivityManager: Too many transaction errors, throttling freezer binder callback.
12-10 17:51:14.492 1383 1937 W ActivityManager: pid 1383 system sent binder code 1 with flags 1 to frozen apps and got error -2147483646
12-10 17:51:14.492 1383 1937 D ActivityManager: Too many transaction errors, throttling freezer binder callback.
12-10 17:51:17.504 1383 1937 W ActivityManager: pid 1383 system sent binder code 1 with flags 1 to frozen apps and got error -2147483646
12-10 17:51:17.505 1383 1937 W ActivityManager: pid 1383 system sent binder code 1 with flags 1 to frozen apps and got error -2147483646
12-10 17:51:17.505 1383 1937 D ActivityManager: Too many transaction errors, throttling freezer binder callback.
12-10 17:51:17.505 1383 1937 W ActivityManager: pid 1383 system sent binder code 1 with flags 1 to frozen apps and got error -2147483646
12-10 17:51:17.505 1383 1937 D ActivityManager: Too many transaction errors, throttling freezer binder callback.
12-10 17:51:17.505 1383 1937 W ActivityManager: pid 1383 system sent binder code 1 with flags 1 to frozen apps and got error -2147483646
12-10 17:51:17.506 1383 1937 D ActivityManager: Too many transaction errors, throttling freezer binder callback.
12-10 17:51:20.559 1383 1937 W ActivityManager: pid 1383 system sent binder code 1 with flags 1 to frozen apps and got error -2147483646
12-10 17:51:20.559 1383 1937 D ActivityManager: Too many transaction errors, throttling freezer binder callback.
12-10 17:51:20.561 1383 1937 W ActivityManager: pid 1383 system sent binder code 1 with flags 1 to frozen apps and got error -2147483646
12-10 17:51:20.561 1383 1937 D ActivityManager: Too many transaction errors, throttling freezer binder callback.
12-10 17:51:20.561 1383 1937 W ActivityManager: pid 1383 system sent binder code 1 with flags 1 to frozen apps and got error -2147483646
12-10 17:51:20.561 1383 1937 D ActivityManager: Too many transaction errors, throttling freezer binder callback.
12-10 17:51:20.562 1383 1937 W ActivityManager: pid 1383 system sent binder code 1 with flags 1 to frozen apps and got error -2147483646
12-10 17:51:20.562 1383 1937 D ActivityManager: Too many transaction errors, throttling freezer binder callback.
12-10 17:51:23.602 1383 1937 W ActivityManager: pid 1383 system sent binder code 1 with flags 1 to frozen apps and got error -2147483646
12-10 17:51:23.602 1383 1937 D ActivityManager: Too many transaction errors, throttling freezer binder callback.
12-10 17:51:23.603 1383 1937 W ActivityManager: pid 1383 system sent binder code 1 with flags 1 to frozen apps and got error -2147483646
12-10 17:51:23.603 1383 1937 D ActivityManager: Too many transaction errors, throttling freezer binder callback.
12-10 17:51:23.604 1383 1937 W ActivityManager: pid 1383 system sent binder code 1 with flags 1 to frozen apps and got error -2147483646
12-10 17:51:23.604 1383 1937 D ActivityManager: Too many transaction errors, throttling freezer binder callback.
12-10 17:51:23.604 1383 1937 W ActivityManager: pid 1383 system sent binder code 1 with flags 1 to frozen apps and got error -2147483646
12-10 17:51:23.604 1383 1937 D ActivityManager: Too many transaction errors, throttling freezer binder callback.
12-10 17:51:26.662 1383 1937 W ActivityManager: pid 1383 system sent binder code 1 with flags 1 to frozen apps and got error -2147483646
12-10 17:51:26.662 1383 1937 D ActivityManager: Too many transaction errors, throttling freezer binder callback.
12-10 17:51:26.663 1383 1937 W ActivityManager: pid 1383 system sent binder code 1 with flags 1 to frozen apps and got error -2147483646
12-10 17:51:26.663 1383 1937 D ActivityManager: Too many transaction errors, throttling freezer binder callback.
12-10 17:51:26.664 1383 1937 W ActivityManager: pid 1383 system sent binder code 1 with flags 1 to frozen apps and got error -2147483646
12-10 17:51:26.664 1383 1937 D ActivityManager: Too many transaction errors, throttling freezer binder callback.
12-10 17:51:26.665 1383 1937 W ActivityManager: pid 1383 system sent binder code 1 with flags 1 to frozen apps and got error -2147483646
12-10 17:51:26.665 1383 1937 D ActivityManager: Too many transaction errors, throttling freezer binder callback.
12-10 17:51:30.943 1383 3506 W AppOps : Noting op not finished: uid 10181 pkg com.google.android.gms code 113 startTime of in progress event=1733780781491
12-10 17:51:30.961 1383 3506 W AppOps : Noting op not finished: uid 10181 pkg com.google.android.gms code 79 startTime of in progress event=1733780781621
12-10 17:51:30.975 1383 3506 W AppOps : Noting op not finished: uid 10181 pkg com.google.android.gms code 113 startTime of in progress event=1733780781491
12-10 17:51:32.789 1383 1937 W ActivityManager: pid 1383 system sent binder code 1 with flags 1 to frozen apps and got error -2147483646
12-10 17:51:32.790 1383 1937 W ActivityManager: pid 1383 system sent binder code 1 with flags 1 to frozen apps and got error -2147483646
12-10 17:51:32.790 1383 1937 D ActivityManager: Too many transaction errors, throttling freezer binder callback.
12-10 17:51:32.791 1383 1937 W ActivityManager: pid 1383 system sent binder code 1 with flags 1 to frozen apps and got error -2147483646
12-10 17:51:32.791 1383 1937 D ActivityManager: Too many transaction errors, throttling freezer binder callback.
12-10 17:51:32.791 1383 1937 W ActivityManager: pid 1383 system sent binder code 1 with flags 1 to frozen apps and got error -2147483646
12-10 17:51:32.791 1383 1937 D ActivityManager: Too many transaction errors, throttling freezer binder callback.
12-10 17:51:35.872 1383 1937 W ActivityManager: pid 1383 system sent binder code 1 with flags 1 to frozen apps and got error -2147483646
12-10 17:51:35.873 1383 1937 D ActivityManager: Too many transaction errors, throttling freezer binder callback.
12-10 17:51:35.874 1383 1937 W ActivityManager: pid 1383 system sent binder code 1 with flags 1 to frozen apps and got error -2147483646
12-10 17:51:35.874 1383 1937 D ActivityManager: Too many transaction errors, throttling freezer binder callback.
12-10 17:51:35.876 1383 1937 W ActivityManager: pid 1383 system sent binder code 1 with flags 1 to frozen apps and got error -2147483646
12-10 17:51:35.876 1383 1937 D ActivityManager: Too many transaction errors, throttling freezer binder callback.
12-10 17:51:35.877 1383 1937 W ActivityManager: pid 1383 system sent binder code 1 with flags 1 to frozen apps and got error -2147483646
12-10 17:51:35.877 1383 1937 D ActivityManager: Too many transaction errors, throttling freezer binder callback.
12-10 17:51:38.899 1383 1937 W ActivityManager: pid 1383 system sent binder code 1 with flags 1 to frozen apps and got error -2147483646
12-10 17:51:38.899 1383 1937 D ActivityManager: Too many transaction errors, throttling freezer binder callback.
12-10 17:51:38.908 1383 1937 W ActivityManager: pid 1383 system sent binder code 1 with flags 1 to frozen apps and got error -2147483646
12-10 17:51:38.908 1383 1937 D ActivityManager: Too many transaction errors, throttling freezer binder callback.
12-10 17:51:38.909 1383 1937 W ActivityManager: pid 1383 system sent binder code 1 with flags 1 to frozen apps and got error -2147483646
12-10 17:51:38.909 1383 1937 D ActivityManager: Too many transaction errors, throttling freezer binder callback.
12-10 17:51:38.910 1383 1937 W ActivityManager: pid 1383 system sent binder code 1 with flags 1 to frozen apps and got error -2147483646
12-10 17:51:38.910 1383 1937 D ActivityManager: Too many transaction errors, throttling freezer binder callback.
12-10 17:51:48.985 1383 1872 D ActivityManager: freezing 16312 com.google.android.apps.privacy.wildlife
12-10 17:51:57.236 1383 1671 D ActivityManager: sync unfroze 16312 com.google.android.apps.privacy.wildlife for 3
12-10 17:51:57.239 1383 1937 W ActivityManager: pid 1383 system sent binder code 1 with flags 1 to frozen apps and got error -2147483646
12-10 17:51:57.241 1383 1937 W ActivityManager: pid 1383 system sent binder code 1 with flags 1 to frozen apps and got error -2147483646
12-10 17:51:57.241 1383 1937 D ActivityManager: Too many transaction errors, throttling freezer binder callback.
12-10 17:51:57.241 1383 1937 W ActivityManager: pid 1383 system sent binder code 1 with flags 1 to frozen apps and got error -2147483646
12-10 17:51:57.241 1383 1937 D ActivityManager: Too many transaction errors, throttling freezer binder callback.
12-10 17:51:57.242 1383 1937 W ActivityManager: pid 1383 system sent binder code 1 with flags 1 to frozen apps and got error -2147483646
12-10 17:51:57.242 1383 1937 D ActivityManager: Too many transaction errors, throttling freezer binder callback.
12-10 17:52:00.260 1383 1937 W ActivityManager: pid 1383 system sent binder code 1 with flags 1 to frozen apps and got error -2147483646
12-10 17:52:00.260 1383 1937 D ActivityManager: Too many transaction errors, throttling freezer binder callback.
12-10 17:52:00.261 1383 1937 W ActivityManager: pid 1383 system sent binder code 1 with flags 1 to frozen apps and got error -2147483646
12-10 17:52:00.261 1383 1937 D ActivityManager: Too many transaction errors, throttling freezer binder callback.
12-10 17:52:00.261 1383 1937 W ActivityManager: pid 1383 system sent binder code 1 with flags 1 to frozen apps and got error -2147483646
12-10 17:52:00.261 1383 1937 D ActivityManager: Too many transaction errors, throttling freezer binder callback.
12-10 17:52:00.262 1383 1937 W ActivityManager: pid 1383 system sent binder code 1 with flags 1 to frozen apps and got error -2147483646
12-10 17:52:00.262 1383 1937 D ActivityManager: Too many transaction errors, throttling freezer binder callback.
12-10 17:52:06.351 1383 1671 D ActivityManager: sync unfroze 12102 com.android.vending for 10
12-10 17:52:07.861 1383 2164 D ShortcutService: rescanPackageIfNeeded 0@org.telegram.messenger, forceRescan=false , isNewApp=false
12-10 17:52:07.894 1383 2164 D ShortcutService: rescanPackageIfNeeded 0@org.telegram.messenger, forceRescan=false , isNewApp=false
12-10 17:52:07.922 1383 3181 D ShortcutService: Getting shortcuts for launcher= androiduser=0 pkg=org.telegram.messenger
12-10 17:52:07.924 1383 3181 D ShortcutService: rescanPackageIfNeeded 0@org.telegram.messenger, forceRescan=false , isNewApp=false
12-10 17:52:08.025 1383 1990 D ShortcutService: Saving package item org.telegram.messenger to /data/system_ce/0/shortcut_service/packages/org.telegram.messenger.xml
12-10 17:52:08.027 1383 1670 D ShortcutService: Getting shortcuts for launcher= com.google.android.asuser=0 pkg=org.telegram.messenger
