12-10 17:52:08.034 1383 1670 D ShortcutService: Getting shortcuts for launcher= com.google.android.apps.nexuslauncheruser=0 pkg=org.telegram.messenger
12-10 17:52:08.035 1383 1670 D ShortcutService: Getting shortcuts for launcher= com.android.systemuiuser=0 pkg=org.telegram.messenger
12-10 17:52:08.041 1383 2164 D ShortcutService: rescanPackageIfNeeded 0@org.telegram.messenger, forceRescan=false , isNewApp=false
12-10 17:52:08.061 1383 2101 D ShortcutService: rescanPackageIfNeeded 0@org.telegram.messenger, forceRescan=false , isNewApp=false
12-10 17:52:08.107 1383 3506 D ShortcutService: Getting shortcuts for launcher= androiduser=0 pkg=org.telegram.messenger
12-10 17:52:08.109 1383 3506 D ShortcutService: rescanPackageIfNeeded 0@org.telegram.messenger, forceRescan=false , isNewApp=false
12-10 17:52:08.139 1383 1383 W NotificationHistory: Attempted to add notif for locked/gone/disabled user 0
12-10 17:52:08.202 14541 14591 W LocaleConfig: The resource file pointed to by the given resource ID isn't found.
12-10 17:52:08.209 14541 14591 W LocaleConfig: The resource file pointed to by the given resource ID isn't found.
12-10 17:52:08.212 1383 1670 D ShortcutService: Getting shortcuts for launcher= com.google.android.asuser=0 pkg=org.telegram.messenger
12-10 17:52:08.212 1383 1990 D ShortcutService: Saving package item org.telegram.messenger to /data/system_ce/0/shortcut_service/packages/org.telegram.messenger.xml
12-10 17:52:08.216 14541 14591 W LocaleConfig: The resource file pointed to by the given resource ID isn't found.
12-10 17:52:08.240 1383 1670 D ShortcutService: Getting shortcuts for launcher= com.google.android.apps.nexuslauncheruser=0 pkg=org.telegram.messenger
12-10 17:52:08.241 1383 1670 D ShortcutService: Getting shortcuts for launcher= com.android.systemuiuser=0 pkg=org.telegram.messenger
12-10 17:52:09.398 1383 1937 W ActivityManager: pid 1383 system sent binder code 1 with flags 1 to frozen apps and got error -2147483646
12-10 17:52:09.399 1383 1937 W ActivityManager: pid 1383 system sent binder code 1 with flags 1 to frozen apps and got error -2147483646
12-10 17:52:09.399 1383 1937 D ActivityManager: Too many transaction errors, throttling freezer binder callback.
12-10 17:52:09.399 1383 1937 W ActivityManager: pid 1383 system sent binder code 1 with flags 1 to frozen apps and got error -2147483646
12-10 17:52:09.400 1383 1937 D ActivityManager: Too many transaction errors, throttling freezer binder callback.
12-10 17:52:09.400 1383 1937 W ActivityManager: pid 1383 system sent binder code 1 with flags 1 to frozen apps and got error -2147483646
12-10 17:52:09.400 1383 1937 D ActivityManager: Too many transaction errors, throttling freezer binder callback.
12-10 17:52:11.044 1383 3442 D ShortcutService: Getting shortcuts for launcher= com.google.android.asuser=0 pkg=org.telegram.messenger
12-10 17:52:11.051 1383 3442 D ShortcutService: Getting shortcuts for launcher= com.google.android.asuser=0 pkg=org.telegram.messenger
12-10 17:52:18.562 1383 1937 W ActivityManager: pid 1383 system sent binder code 1 with flags 1 to frozen apps and got error -2147483646
12-10 17:52:18.562 1383 1937 D ActivityManager: Too many transaction errors, throttling freezer binder callback.
12-10 17:52:18.564 1383 1937 W ActivityManager: pid 1383 system sent binder code 1 with flags 1 to frozen apps and got error -2147483646
12-10 17:52:18.564 1383 1937 D ActivityManager: Too many transaction errors, throttling freezer binder callback.
12-10 17:52:18.565 1383 1937 W ActivityManager: pid 1383 system sent binder code 1 with flags 1 to frozen apps and got error -2147483646
12-10 17:52:18.565 1383 1937 D ActivityManager: Too many transaction errors, throttling freezer binder callback.
12-10 17:52:18.566 1383 1937 W ActivityManager: pid 1383 system sent binder code 1 with flags 1 to frozen apps and got error -2147483646
12-10 17:52:18.566 1383 1937 D ActivityManager: Too many transaction errors, throttling freezer binder callback.
12-10 17:52:24.662 1383 1937 W ActivityManager: pid 1383 system sent binder code 1 with flags 1 to frozen apps and got error -2147483646
12-10 17:52:24.663 1383 1937 W ActivityManager: pid 1383 system sent binder code 1 with flags 1 to frozen apps and got error -2147483646
12-10 17:52:24.663 1383 1937 D ActivityManager: Too many transaction errors, throttling freezer binder callback.
12-10 17:52:24.664 1383 1937 W ActivityManager: pid 1383 system sent binder code 1 with flags 1 to frozen apps and got error -2147483646
12-10 17:52:24.664 1383 1937 D ActivityManager: Too many transaction errors, throttling freezer binder callback.
12-10 17:52:24.664 1383 1937 W ActivityManager: pid 1383 system sent binder code 1 with flags 1 to frozen apps and got error -2147483646
12-10 17:52:24.664 1383 1937 D ActivityManager: Too many transaction errors, throttling freezer binder callback.
12-10 17:52:30.879 1383 1937 W ActivityManager: pid 1383 system sent binder code 1 with flags 1 to frozen apps and got error -2147483646
12-10 17:52:30.879 1383 1937 D ActivityManager: Too many transaction errors, throttling freezer binder callback.
12-10 17:52:30.880 1383 1937 W ActivityManager: pid 1383 system sent binder code 1 with flags 1 to frozen apps and got error -2147483646
12-10 17:52:30.880 1383 1937 D ActivityManager: Too many transaction errors, throttling freezer binder callback.
12-10 17:52:30.881 1383 1937 W ActivityManager: pid 1383 system sent binder code 1 with flags 1 to frozen apps and got error -2147483646
12-10 17:52:30.881 1383 1937 D ActivityManager: Too many transaction errors, throttling freezer binder callback.
12-10 17:52:30.881 1383 1937 W ActivityManager: pid 1383 system sent binder code 1 with flags 1 to frozen apps and got error -2147483646
12-10 17:52:30.881 1383 1937 D ActivityManager: Too many transaction errors, throttling freezer binder callback.
12-10 17:52:40.922 1383 1872 D ActivityManager: freezing 16312 com.google.android.apps.privacy.wildlife
12-10 17:52:41.399 1383 1872 D ActivityManager: freezing 12102 com.android.vending
12-10 17:52:43.580 1383 3506 W BatteryExternalStatsWorker: error reading Bluetooth stats: 11
12-10 17:52:46.360 1383 1671 D ActivityManager: sync unfroze 16312 com.google.android.apps.privacy.wildlife for 3
12-10 17:52:46.363 1383 1937 W ActivityManager: pid 1383 system sent binder code 1 with flags 1 to frozen apps and got error -2147483646
12-10 17:52:46.364 1383 1937 W ActivityManager: pid 1383 system sent binder code 1 with flags 1 to frozen apps and got error -2147483646
12-10 17:52:46.364 1383 1937 D ActivityManager: Too many transaction errors, throttling freezer binder callback.
12-10 17:52:46.365 1383 1937 W ActivityManager: pid 1383 system sent binder code 1 with flags 1 to frozen apps and got error -2147483646
12-10 17:52:46.365 1383 1937 D ActivityManager: Too many transaction errors, throttling freezer binder callback.
12-10 17:52:46.366 1383 1937 W ActivityManager: pid 1383 system sent binder code 1 with flags 1 to frozen apps and got error -2147483646
12-10 17:52:46.366 1383 1937 D ActivityManager: Too many transaction errors, throttling freezer binder callback.
12-10 17:52:49.408 1383 1937 W ActivityManager: pid 1383 system sent binder code 1 with flags 1 to frozen apps and got error -2147483646
12-10 17:52:49.409 1383 1937 D ActivityManager: Too many transaction errors, throttling freezer binder callback.
12-10 17:52:49.409 1383 1937 W ActivityManager: pid 1383 system sent binder code 1 with flags 1 to frozen apps and got error -2147483646
12-10 17:52:49.409 1383 1937 D ActivityManager: Too many transaction errors, throttling freezer binder callback.
12-10 17:52:49.410 1383 1937 W ActivityManager: pid 1383 system sent binder code 1 with flags 1 to frozen apps and got error -2147483646
12-10 17:52:49.410 1383 1937 D ActivityManager: Too many transaction errors, throttling freezer binder callback.
12-10 17:52:49.412 1383 1937 W ActivityManager: pid 1383 system sent binder code 1 with flags 1 to frozen apps and got error -2147483646
12-10 17:52:49.412 1383 1937 D ActivityManager: Too many transaction errors, throttling freezer binder callback.
12-10 17:52:52.463 1383 1937 W ActivityManager: pid 1383 system sent binder code 1 with flags 1 to frozen apps and got error -2147483646
12-10 17:52:52.463 1383 1937 D ActivityManager: Too many transaction errors, throttling freezer binder callback.
12-10 17:52:52.466 1383 1937 W ActivityManager: pid 1383 system sent binder code 1 with flags 1 to frozen apps and got error -2147483646
12-10 17:52:52.466 1383 1937 D ActivityManager: Too many transaction errors, throttling freezer binder callback.
12-10 17:52:52.467 1383 1937 W ActivityManager: pid 1383 system sent binder code 1 with flags 1 to frozen apps and got error -2147483646
12-10 17:52:52.467 1383 1937 D ActivityManager: Too many transaction errors, throttling freezer binder callback.
12-10 17:52:52.467 1383 1937 W ActivityManager: pid 1383 system sent binder code 1 with flags 1 to frozen apps and got error -2147483646
12-10 17:52:52.467 1383 1937 D ActivityManager: Too many transaction errors, throttling freezer binder callback.
12-10 17:52:55.569 1383 1937 W ActivityManager: pid 1383 system sent binder code 1 with flags 1 to frozen apps and got error -2147483646
12-10 17:52:55.569 1383 1937 D ActivityManager: Too many transaction errors, throttling freezer binder callback.
12-10 17:52:55.570 1383 1937 W ActivityManager: pid 1383 system sent binder code 1 with flags 1 to frozen apps and got error -2147483646
12-10 17:52:55.570 1383 1937 D ActivityManager: Too many transaction errors, throttling freezer binder callback.
12-10 17:52:55.571 1383 1937 W ActivityManager: pid 1383 system sent binder code 1 with flags 1 to frozen apps and got error -2147483646
12-10 17:52:55.571 1383 1937 D ActivityManager: Too many transaction errors, throttling freezer binder callback.
12-10 17:52:55.571 1383 1937 W ActivityManager: pid 1383 system sent binder code 1 with flags 1 to frozen apps and got error -2147483646
12-10 17:52:55.572 1383 1937 D ActivityManager: Too many transaction errors, throttling freezer binder callback.
12-10 17:52:58.638 1383 1937 W ActivityManager: pid 1383 system sent binder code 1 with flags 1 to frozen apps and got error -2147483646
12-10 17:52:58.639 1383 1937 W ActivityManager: pid 1383 system sent binder code 1 with flags 1 to frozen apps and got error -2147483646
12-10 17:52:58.639 1383 1937 D ActivityManager: Too many transaction errors, throttling freezer binder callback.
12-10 17:52:58.639 1383 1937 W ActivityManager: pid 1383 system sent binder code 1 with flags 1 to frozen apps and got error -2147483646
12-10 17:52:58.639 1383 1937 D ActivityManager: Too many transaction errors, throttling freezer binder callback.
12-10 17:52:58.639 1383 1937 W ActivityManager: pid 1383 system sent binder code 1 with flags 1 to frozen apps and got error -2147483646
12-10 17:52:58.639 1383 1937 D ActivityManager: Too many transaction errors, throttling freezer binder callback.
12-10 17:53:04.720 1383 1937 W ActivityManager: pid 1383 system sent binder code 1 with flags 1 to frozen apps and got error -2147483646
12-10 17:53:04.720 1383 1937 D ActivityManager: Too many transaction errors, throttling freezer binder callback.
12-10 17:53:04.721 1383 1937 W ActivityManager: pid 1383 system sent binder code 1 with flags 1 to frozen apps and got error -2147483646
12-10 17:53:04.721 1383 1937 D ActivityManager: Too many transaction errors, throttling freezer binder callback.
12-10 17:53:04.722 1383 1937 W ActivityManager: pid 1383 system sent binder code 1 with flags 1 to frozen apps and got error -2147483646
12-10 17:53:04.722 1383 1937 D ActivityManager: Too many transaction errors, throttling freezer binder callback.
12-10 17:53:04.724 1383 1937 W ActivityManager: pid 1383 system sent binder code 1 with flags 1 to frozen apps and got error -2147483646
12-10 17:53:04.724 1383 1937 D ActivityManager: Too many transaction errors, throttling freezer binder callback.
12-10 17:53:07.783 1383 1937 W ActivityManager: pid 1383 system sent binder code 1 with flags 1 to frozen apps and got error -2147483646
12-10 17:53:07.783 1383 1937 D ActivityManager: Too many transaction errors, throttling freezer binder callback.
12-10 17:53:07.784 1383 1937 W ActivityManager: pid 1383 system sent binder code 1 with flags 1 to frozen apps and got error -2147483646
12-10 17:53:07.784 1383 1937 D ActivityManager: Too many transaction errors, throttling freezer binder callback.
12-10 17:53:07.785 1383 1937 W ActivityManager: pid 1383 system sent binder code 1 with flags 1 to frozen apps and got error -2147483646
12-10 17:53:07.785 1383 1937 D ActivityManager: Too many transaction errors, throttling freezer binder callback.
12-10 17:53:07.786 1383 1937 W ActivityManager: pid 1383 system sent binder code 1 with flags 1 to frozen apps and got error -2147483646
12-10 17:53:07.786 1383 1937 D ActivityManager: Too many transaction errors, throttling freezer binder callback.
12-10 17:53:10.830 1383 1937 W ActivityManager: pid 1383 system sent binder code 1 with flags 1 to frozen apps and got error -2147483646
12-10 17:53:10.831 1383 1937 W ActivityManager: pid 1383 system sent binder code 1 with flags 1 to frozen apps and got error -2147483646
12-10 17:53:10.831 1383 1937 D ActivityManager: Too many transaction errors, throttling freezer binder callback.
12-10 17:53:10.832 1383 1937 W ActivityManager: pid 1383 system sent binder code 1 with flags 1 to frozen apps and got error -2147483646
12-10 17:53:10.832 1383 1937 D ActivityManager: Too many transaction errors, throttling freezer binder callback.
12-10 17:53:10.832 1383 1937 W ActivityManager: pid 1383 system sent binder code 1 with flags 1 to frozen apps and got error -2147483646
12-10 17:53:10.832 1383 1937 D ActivityManager: Too many transaction errors, throttling freezer binder callback.
12-10 17:53:20.050 1383 1937 W ActivityManager: pid 1383 system sent binder code 1 with flags 1 to frozen apps and got error -2147483646
12-10 17:53:20.050 1383 1937 D ActivityManager: Too many transaction errors, throttling freezer binder callback.
12-10 17:53:20.051 1383 1937 W ActivityManager: pid 1383 system sent binder code 1 with flags 1 to frozen apps and got error -2147483646
12-10 17:53:20.051 1383 1937 D ActivityManager: Too many transaction errors, throttling freezer binder callback.
12-10 17:53:20.052 1383 1937 W ActivityManager: pid 1383 system sent binder code 1 with flags 1 to frozen apps and got error -2147483646
12-10 17:53:20.052 1383 1937 D ActivityManager: Too many transaction errors, throttling freezer binder callback.
12-10 17:53:20.052 1383 1937 W ActivityManager: pid 1383 system sent binder code 1 with flags 1 to frozen apps and got error -2147483646
12-10 17:53:20.052 1383 1937 D ActivityManager: Too many transaction errors, throttling freezer binder callback.
12-10 17:53:29.505 1383 1937 W ActivityManager: pid 1383 system sent binder code 1 with flags 1 to frozen apps and got error -2147483646
12-10 17:53:29.506 1383 1937 W ActivityManager: pid 1383 system sent binder code 1 with flags 1 to frozen apps and got error -2147483646
12-10 17:53:29.506 1383 1937 D ActivityManager: Too many transaction errors, throttling freezer binder callback.
12-10 17:53:29.506 1383 1937 W ActivityManager: pid 1383 system sent binder code 1 with flags 1 to frozen apps and got error -2147483646
12-10 17:53:29.506 1383 1937 D ActivityManager: Too many transaction errors, throttling freezer binder callback.
12-10 17:53:29.507 1383 1937 W ActivityManager: pid 1383 system sent binder code 1 with flags 1 to frozen apps and got error -2147483646
12-10 17:53:29.507 1383 1937 D ActivityManager: Too many transaction errors, throttling freezer binder callback.
12-10 17:53:32.548 1383 1937 W ActivityManager: pid 1383 system sent binder code 1 with flags 1 to frozen apps and got error -2147483646
12-10 17:53:32.548 1383 1937 D ActivityManager: Too many transaction errors, throttling freezer binder callback.
12-10 17:53:32.549 1383 1937 W ActivityManager: pid 1383 system sent binder code 1 with flags 1 to frozen apps and got error -2147483646
12-10 17:53:32.549 1383 1937 D ActivityManager: Too many transaction errors, throttling freezer binder callback.
12-10 17:53:32.550 1383 1937 W ActivityManager: pid 1383 system sent binder code 1 with flags 1 to frozen apps and got error -2147483646
12-10 17:53:32.550 1383 1937 D ActivityManager: Too many transaction errors, throttling freezer binder callback.
12-10 17:53:32.550 1383 1937 W ActivityManager: pid 1383 system sent binder code 1 with flags 1 to frozen apps and got error -2147483646
12-10 17:53:32.550 1383 1937 D ActivityManager: Too many transaction errors, throttling freezer binder callback.
12-10 17:53:35.615 1383 1937 W ActivityManager: pid 1383 system sent binder code 1 with flags 1 to frozen apps and got error -2147483646
12-10 17:53:35.615 1383 1937 D ActivityManager: Too many transaction errors, throttling freezer binder callback.
12-10 17:53:35.616 1383 1937 W ActivityManager: pid 1383 system sent binder code 1 with flags 1 to frozen apps and got error -2147483646
12-10 17:53:35.616 1383 1937 D ActivityManager: Too many transaction errors, throttling freezer binder callback.
12-10 17:53:35.617 1383 1937 W ActivityManager: pid 1383 system sent binder code 1 with flags 1 to frozen apps and got error -2147483646
12-10 17:53:35.617 1383 1937 D ActivityManager: Too many transaction errors, throttling freezer binder callback.
12-10 17:53:35.618 1383 1937 W ActivityManager: pid 1383 system sent binder code 1 with flags 1 to frozen apps and got error -2147483646
12-10 17:53:35.618 1383 1937 D ActivityManager: Too many transaction errors, throttling freezer binder callback.
12-10 17:53:38.682 1383 1937 W ActivityManager: pid 1383 system sent binder code 1 with flags 1 to frozen apps and got error -2147483646
12-10 17:53:38.682 1383 1937 D ActivityManager: Too many transaction errors, throttling freezer binder callback.
12-10 17:53:38.683 1383 1937 W ActivityManager: pid 1383 system sent binder code 1 with flags 1 to frozen apps and got error -2147483646
12-10 17:53:38.683 1383 1937 D ActivityManager: Too many transaction errors, throttling freezer binder callback.
12-10 17:53:38.684 1383 1937 W ActivityManager: pid 1383 system sent binder code 1 with flags 1 to frozen apps and got error -2147483646
12-10 17:53:38.684 1383 1937 D ActivityManager: Too many transaction errors, throttling freezer binder callback.
12-10 17:53:38.686 1383 1937 W ActivityManager: pid 1383 system sent binder code 1 with flags 1 to frozen apps and got error -2147483646
12-10 17:53:38.687 1383 1937 D ActivityManager: Too many transaction errors, throttling freezer binder callback.
12-10 17:53:41.758 1383 1937 W ActivityManager: pid 1383 system sent binder code 1 with flags 1 to frozen apps and got error -2147483646
12-10 17:53:41.759 1383 1937 W ActivityManager: pid 1383 system sent binder code 1 with flags 1 to frozen apps and got error -2147483646
12-10 17:53:41.759 1383 1937 D ActivityManager: Too many transaction errors, throttling freezer binder callback.
12-10 17:53:41.760 1383 1937 W ActivityManager: pid 1383 system sent binder code 1 with flags 1 to frozen apps and got error -2147483646
12-10 17:53:41.760 1383 1937 D ActivityManager: Too many transaction errors, throttling freezer binder callback.
12-10 17:53:41.760 1383 1937 W ActivityManager: pid 1383 system sent binder code 1 with flags 1 to frozen apps and got error -2147483646
12-10 17:53:41.760 1383 1937 D ActivityManager: Too many transaction errors, throttling freezer binder callback.
12-10 17:53:44.808 1383 1937 W ActivityManager: pid 1383 system sent binder code 1 with flags 1 to frozen apps and got error -2147483646
12-10 17:53:44.808 1383 1937 D ActivityManager: Too many transaction errors, throttling freezer binder callback.
12-10 17:53:44.809 1383 1937 W ActivityManager: pid 1383 system sent binder code 1 with flags 1 to frozen apps and got error -2147483646
12-10 17:53:44.809 1383 1937 D ActivityManager: Too many transaction errors, throttling freezer binder callback.
12-10 17:53:44.809 1383 1937 W ActivityManager: pid 1383 system sent binder code 1 with flags 1 to frozen apps and got error -2147483646
12-10 17:53:44.809 1383 1937 D ActivityManager: Too many transaction errors, throttling freezer binder callback.
12-10 17:53:44.810 1383 1937 W ActivityManager: pid 1383 system sent binder code 1 with flags 1 to frozen apps and got error -2147483646
12-10 17:53:44.810 1383 1937 D ActivityManager: Too many transaction errors, throttling freezer binder callback.
12-10 17:53:46.386 1383 2101 W BatteryExternalStatsWorker: error reading Bluetooth stats: 11
12-10 17:53:47.864 1383 1937 W ActivityManager: pid 1383 system sent binder code 1 with flags 1 to frozen apps and got error -2147483646
12-10 17:53:47.864 1383 1937 D ActivityManager: Too many transaction errors, throttling freezer binder callback.
12-10 17:53:47.865 1383 1937 W ActivityManager: pid 1383 system sent binder code 1 with flags 1 to frozen apps and got error -2147483646
12-10 17:53:47.865 1383 1937 D ActivityManager: Too many transaction errors, throttling freezer binder callback.
12-10 17:53:47.866 1383 1937 W ActivityManager: pid 1383 system sent binder code 1 with flags 1 to frozen apps and got error -2147483646
12-10 17:53:47.866 1383 1937 D ActivityManager: Too many transaction errors, throttling freezer binder callback.
12-10 17:53:47.866 1383 1937 W ActivityManager: pid 1383 system sent binder code 1 with flags 1 to frozen apps and got error -2147483646
12-10 17:53:47.866 1383 1937 D ActivityManager: Too many transaction errors, throttling freezer binder callback.
12-10 17:53:50.921 1383 1937 W ActivityManager: pid 1383 system sent binder code 1 with flags 1 to frozen apps and got error -2147483646
12-10 17:53:50.921 1383 1937 D ActivityManager: Too many transaction errors, throttling freezer binder callback.
12-10 17:53:50.922 1383 1937 W ActivityManager: pid 1383 system sent binder code 1 with flags 1 to frozen apps and got error -2147483646
12-10 17:53:50.922 1383 1937 D ActivityManager: Too many transaction errors, throttling freezer binder callback.
12-10 17:53:50.922 1383 1937 W ActivityManager: pid 1383 system sent binder code 1 with flags 1 to frozen apps and got error -2147483646
12-10 17:53:50.922 1383 1937 D ActivityManager: Too many transaction errors, throttling freezer binder callback.
12-10 17:53:50.923 1383 1937 W ActivityManager: pid 1383 system sent binder code 1 with flags 1 to frozen apps and got error -2147483646
12-10 17:53:50.923 1383 1937 D ActivityManager: Too many transaction errors, throttling freezer binder callback.
12-10 17:53:53.991 1383 1937 W ActivityManager: pid 1383 system sent binder code 1 with flags 1 to frozen apps and got error -2147483646
12-10 17:53:53.993 1383 1937 W ActivityManager: pid 1383 system sent binder code 1 with flags 1 to frozen apps and got error -2147483646
12-10 17:53:53.993 1383 1937 D ActivityManager: Too many transaction errors, throttling freezer binder callback.
12-10 17:53:53.994 1383 1937 W ActivityManager: pid 1383 system sent binder code 1 with flags 1 to frozen apps and got error -2147483646
12-10 17:53:53.994 1383 1937 D ActivityManager: Too many transaction errors, throttling freezer binder callback.
12-10 17:53:53.995 1383 1937 W ActivityManager: pid 1383 system sent binder code 1 with flags 1 to frozen apps and got error -2147483646
12-10 17:53:53.995 1383 1937 D ActivityManager: Too many transaction errors, throttling freezer binder callback.
12-10 17:53:57.076 1383 1937 W ActivityManager: pid 1383 system sent binder code 1 with flags 1 to frozen apps and got error -2147483646
12-10 17:53:57.076 1383 1937 D ActivityManager: Too many transaction errors, throttling freezer binder callback.
12-10 17:53:57.076 1383 1937 W ActivityManager: pid 1383 system sent binder code 1 with flags 1 to frozen apps and got error -2147483646
12-10 17:53:57.076 1383 1937 D ActivityManager: Too many transaction errors, throttling freezer binder callback.
12-10 17:53:57.077 1383 1937 W ActivityManager: pid 1383 system sent binder code 1 with flags 1 to frozen apps and got error -2147483646
12-10 17:53:57.077 1383 1937 D ActivityManager: Too many transaction errors, throttling freezer binder callback.
12-10 17:53:57.078 1383 1937 W ActivityManager: pid 1383 system sent binder code 1 with flags 1 to frozen apps and got error -2147483646
12-10 17:53:57.078 1383 1937 D ActivityManager: Too many transaction errors, throttling freezer binder callback.
12-10 17:54:00.340 1383 3506 D ActivityManager: sync unfroze 29146 com.google.android.gms for 6
12-10 17:54:00.352 1383 3506 W ProcessStats: Tracking association SourceState{4a37a2c com.google.android.googlequicksearchbox:search/10165 ImpBg #78843} whose proc state 6 is better than process ProcessState{93ffd3a com.google.android.gms/10181 pkg=com.google.android.gms} proc state 14 (0 skipped)
12-10 17:54:00.671 1383 1383 I RemoteSpeechRecognitionService: Connection to speech recognition service lost, but no #startListening has been invoked yet.
12-10 17:54:00.672 1383 1383 I RemoteSpeechRecognitionService: Connection to speech recognition service lost, but no #startListening has been invoked yet.
12-10 17:54:00.677 1383 1383 I RemoteSpeechRecognitionService: Connection to speech recognition service lost, but no #startListening has been invoked yet.
12-10 17:54:00.678 1383 1383 I RemoteSpeechRecognitionService: Connection to speech recognition service lost, but no #startListening has been invoked yet.
12-10 17:54:00.679 1383 1383 I RemoteSpeechRecognitionService: Connection to speech recognition service lost, but no #startListening has been invoked yet.
12-10 17:54:00.681 1383 1383 I RemoteSpeechRecognitionService: Connection to speech recognition service lost, but no #startListening has been invoked yet.
12-10 17:54:00.682 1383 1383 I RemoteSpeechRecognitionService: Connection to speech recognition service lost, but no #startListening has been invoked yet.
12-10 17:54:03.132 1383 1937 W ActivityManager: pid 1383 system sent binder code 1 with flags 1 to frozen apps and got error -2147483646
12-10 17:54:03.132 1383 1937 D ActivityManager: Too many transaction errors, throttling freezer binder callback.
12-10 17:54:03.133 1383 1937 W ActivityManager: pid 1383 system sent binder code 1 with flags 1 to frozen apps and got error -2147483646
12-10 17:54:03.133 1383 1937 D ActivityManager: Too many transaction errors, throttling freezer binder callback.
12-10 17:54:03.133 1383 1937 W ActivityManager: pid 1383 system sent binder code 1 with flags 1 to frozen apps and got error -2147483646
12-10 17:54:03.133 1383 1937 D ActivityManager: Too many transaction errors, throttling freezer binder callback.
12-10 17:54:03.134 1383 1937 W ActivityManager: pid 1383 system sent binder code 1 with flags 1 to frozen apps and got error -2147483646
12-10 17:54:03.134 1383 1937 D ActivityManager: Too many transaction errors, throttling freezer binder callback.
12-10 17:54:08.367 1383 1671 D ActivityManager: sync unfroze 12102 com.android.vending for 10
12-10 17:54:09.259 1383 1937 W ActivityManager: pid 1383 system sent binder code 1 with flags 1 to frozen apps and got error -2147483646
12-10 17:54:09.260 1383 1937 W ActivityManager: pid 1383 system sent binder code 1 with flags 1 to frozen apps and got error -2147483646
12-10 17:54:09.260 1383 1937 D ActivityManager: Too many transaction errors, throttling freezer binder callback.
12-10 17:54:09.261 1383 1937 W ActivityManager: pid 1383 system sent binder code 1 with flags 1 to frozen apps and got error -2147483646
12-10 17:54:09.261 1383 1937 D ActivityManager: Too many transaction errors, throttling freezer binder callback.
12-10 17:54:09.261 1383 1937 W ActivityManager: pid 1383 system sent binder code 1 with flags 1 to frozen apps and got error -2147483646
12-10 17:54:09.261 1383 1937 D ActivityManager: Too many transaction errors, throttling freezer binder callback.
12-10 17:54:12.327 1383 1937 W ActivityManager: pid 1383 system sent binder code 1 with flags 1 to frozen apps and got error -2147483646
12-10 17:54:12.327 1383 1937 D ActivityManager: Too many transaction errors, throttling freezer binder callback.
12-10 17:54:12.329 1383 1937 W ActivityManager: pid 1383 system sent binder code 1 with flags 1 to frozen apps and got error -2147483646
12-10 17:54:12.329 1383 1937 D ActivityManager: Too many transaction errors, throttling freezer binder callback.
12-10 17:54:12.329 1383 1937 W ActivityManager: pid 1383 system sent binder code 1 with flags 1 to frozen apps and got error -2147483646
12-10 17:54:12.329 1383 1937 D ActivityManager: Too many transaction errors, throttling freezer binder callback.
12-10 17:54:12.330 1383 1937 W ActivityManager: pid 1383 system sent binder code 1 with flags 1 to frozen apps and got error -2147483646
12-10 17:54:12.330 1383 1937 D ActivityManager: Too many transaction errors, throttling freezer binder callback.
12-10 17:54:15.376 1383 1937 W ActivityManager: pid 1383 system sent binder code 1 with flags 1 to frozen apps and got error -2147483646
12-10 17:54:15.376 1383 1937 D ActivityManager: Too many transaction errors, throttling freezer binder callback.
12-10 17:54:15.377 1383 1937 W ActivityManager: pid 1383 system sent binder code 1 with flags 1 to frozen apps and got error -2147483646
12-10 17:54:15.377 1383 1937 D ActivityManager: Too many transaction errors, throttling freezer binder callback.
12-10 17:54:15.378 1383 1937 W ActivityManager: pid 1383 system sent binder code 1 with flags 1 to frozen apps and got error -2147483646
12-10 17:54:15.378 1383 1937 D ActivityManager: Too many transaction errors, throttling freezer binder callback.
12-10 17:54:15.378 1383 1937 W ActivityManager: pid 1383 system sent binder code 1 with flags 1 to frozen apps and got error -2147483646
12-10 17:54:15.378 1383 1937 D ActivityManager: Too many transaction errors, throttling freezer binder callback.
12-10 17:54:18.444 1383 1937 W ActivityManager: pid 1383 system sent binder code 1 with flags 1 to frozen apps and got error -2147483646
12-10 17:54:18.444 1383 1937 D ActivityManager: Too many transaction errors, throttling freezer binder callback.
12-10 17:54:18.445 1383 1937 W ActivityManager: pid 1383 system sent binder code 1 with flags 1 to frozen apps and got error -2147483646
12-10 17:54:18.445 1383 1937 D ActivityManager: Too many transaction errors, throttling freezer binder callback.
12-10 17:54:18.446 1383 1937 W ActivityManager: pid 1383 system sent binder code 1 with flags 1 to frozen apps and got error -2147483646
12-10 17:54:18.446 1383 1937 D ActivityManager: Too many transaction errors, throttling freezer binder callback.
12-10 17:54:18.448 1383 1937 W ActivityManager: pid 1383 system sent binder code 1 with flags 1 to frozen apps and got error -2147483646
12-10 17:54:18.448 1383 1937 D ActivityManager: Too many transaction errors, throttling freezer binder callback.
12-10 17:54:18.905 1383 7204 D ShortcutService: rescanPackageIfNeeded 0@org.telegram.messenger, forceRescan=false , isNewApp=false
12-10 17:54:18.926 1383 7204 D ShortcutService: rescanPackageIfNeeded 0@org.telegram.messenger, forceRescan=false , isNewApp=false
12-10 17:54:18.946 1383 3181 D ShortcutService: Getting shortcuts for launcher= androiduser=0 pkg=org.telegram.messenger
12-10 17:54:18.948 1383 3181 D ShortcutService: rescanPackageIfNeeded 0@org.telegram.messenger, forceRescan=false , isNewApp=false
12-10 17:54:19.055 1383 1990 D ShortcutService: Saving package item org.telegram.messenger to /data/system_ce/0/shortcut_service/packages/org.telegram.messenger.xml
12-10 17:54:19.056 1383 1670 D ShortcutService: Getting shortcuts for launcher= com.google.android.asuser=0 pkg=org.telegram.messenger
12-10 17:54:19.073 14541 14591 W LocaleConfig: The resource file pointed to by the given resource ID isn't found.
12-10 17:54:19.073 1383 1670 D ShortcutService: Getting shortcuts for launcher= com.google.android.apps.nexuslauncheruser=0 pkg=org.telegram.messenger
12-10 17:54:19.073 1383 1670 D ShortcutService: Getting shortcuts for launcher= com.android.systemuiuser=0 pkg=org.telegram.messenger
12-10 17:54:19.080 14541 14591 W LocaleConfig: The resource file pointed to by the given resource ID isn't found.
12-10 17:54:19.086 14541 14591 W LocaleConfig: The resource file pointed to by the given resource ID isn't found.
12-10 17:54:19.215 1383 1383 W NotificationHistory: Attempted to add notif for locked/gone/disabled user 0
12-10 17:54:19.321 14541 14591 W LocaleConfig: The resource file pointed to by the given resource ID isn't found.
12-10 17:54:19.326 14541 14591 W LocaleConfig: The resource file pointed to by the given resource ID isn't found.
12-10 17:54:19.328 14541 14591 W LocaleConfig: The resource file pointed to by the given resource ID isn't found.
12-10 17:54:21.496 1383 1937 W ActivityManager: pid 1383 system sent binder code 1 with flags 1 to frozen apps and got error -2147483646
12-10 17:54:21.497 1383 1937 W ActivityManager: pid 1383 system sent binder code 1 with flags 1 to frozen apps and got error -2147483646
12-10 17:54:21.497 1383 1937 D ActivityManager: Too many transaction errors, throttling freezer binder callback.
12-10 17:54:21.497 1383 1937 W ActivityManager: pid 1383 system sent binder code 1 with flags 1 to frozen apps and got error -2147483646
12-10 17:54:21.498 1383 1937 D ActivityManager: Too many transaction errors, throttling freezer binder callback.
12-10 17:54:21.498 1383 1937 W ActivityManager: pid 1383 system sent binder code 1 with flags 1 to frozen apps and got error -2147483646
12-10 17:54:21.498 1383 1937 D ActivityManager: Too many transaction errors, throttling freezer binder callback.
12-10 17:54:22.081 1383 3181 D ShortcutService: Getting shortcuts for launcher= com.google.android.asuser=0 pkg=org.telegram.messenger
12-10 17:54:22.084 1383 3181 D ShortcutService: Getting shortcuts for launcher= com.google.android.asuser=0 pkg=org.telegram.messenger
12-10 17:54:24.529 1383 1937 W ActivityManager: pid 1383 system sent binder code 1 with flags 1 to frozen apps and got error -2147483646
12-10 17:54:24.529 1383 1937 D ActivityManager: Too many transaction errors, throttling freezer binder callback.
12-10 17:54:24.530 1383 1937 W ActivityManager: pid 1383 system sent binder code 1 with flags 1 to frozen apps and got error -2147483646
12-10 17:54:24.530 1383 1937 D ActivityManager: Too many transaction errors, throttling freezer binder callback.
12-10 17:54:24.531 1383 1937 W ActivityManager: pid 1383 system sent binder code 1 with flags 1 to frozen apps and got error -2147483646
12-10 17:54:24.531 1383 1937 D ActivityManager: Too many transaction errors, throttling freezer binder callback.
12-10 17:54:24.531 1383 1937 W ActivityManager: pid 1383 system sent binder code 1 with flags 1 to frozen apps and got error -2147483646
12-10 17:54:24.531 1383 1937 D ActivityManager: Too many transaction errors, throttling freezer binder callback.
12-10 17:54:25.431 1383 1872 D ActivityManager: freezing 29146 com.google.android.gms
12-10 17:54:26.038 1383 1640 D HintManagerService: Sent cleanup message for uid 10284
12-10 17:54:27.039 1383 1874 D HintManagerService: Starts cleaning for 10284
12-10 17:54:30.790 1383 1937 W ActivityManager: pid 1383 system sent binder code 1 with flags 1 to frozen apps and got error -2147483646
12-10 17:54:30.790 1383 1937 D ActivityManager: Too many transaction errors, throttling freezer binder callback.
12-10 17:54:30.791 1383 1937 W ActivityManager: pid 1383 system sent binder code 1 with flags 1 to frozen apps and got error -2147483646
12-10 17:54:30.791 1383 1937 D ActivityManager: Too many transaction errors, throttling freezer binder callback.
12-10 17:54:30.792 1383 1937 W ActivityManager: pid 1383 system sent binder code 1 with flags 1 to frozen apps and got error -2147483646
12-10 17:54:30.792 1383 1937 D ActivityManager: Too many transaction errors, throttling freezer binder callback.
12-10 17:54:30.793 1383 1937 W ActivityManager: pid 1383 system sent binder code 1 with flags 1 to frozen apps and got error -2147483646
12-10 17:54:30.793 1383 1937 D ActivityManager: Too many transaction errors, throttling freezer binder callback.
12-10 17:54:37.033 1383 1937 W ActivityManager: pid 1383 system sent binder code 1 with flags 1 to frozen apps and got error -2147483646
12-10 17:54:37.035 1383 1937 W ActivityManager: pid 1383 system sent binder code 1 with flags 1 to frozen apps and got error -2147483646
12-10 17:54:37.035 1383 1937 D ActivityManager: Too many transaction errors, throttling freezer binder callback.
12-10 17:54:37.036 1383 1937 W ActivityManager: pid 1383 system sent binder code 1 with flags 1 to frozen apps and got error -2147483646
12-10 17:54:37.036 1383 1937 D ActivityManager: Too many transaction errors, throttling freezer binder callback.
12-10 17:54:37.036 1383 1937 W ActivityManager: pid 1383 system sent binder code 1 with flags 1 to frozen apps and got error -2147483646
12-10 17:54:37.036 1383 1937 D ActivityManager: Too many transaction errors, throttling freezer binder callback.
12-10 17:54:40.145 1383 1937 W ActivityManager: pid 1383 system sent binder code 1 with flags 1 to frozen apps and got error -2147483646
12-10 17:54:40.145 1383 1937 D ActivityManager: Too many transaction errors, throttling freezer binder callback.
12-10 17:54:40.145 1383 1937 W ActivityManager: pid 1383 system sent binder code 1 with flags 1 to frozen apps and got error -2147483646
12-10 17:54:40.145 1383 1937 D ActivityManager: Too many transaction errors, throttling freezer binder callback.
12-10 17:54:40.146 1383 1937 W ActivityManager: pid 1383 system sent binder code 1 with flags 1 to frozen apps and got error -2147483646
12-10 17:54:40.146 1383 1937 D ActivityManager: Too many transaction errors, throttling freezer binder callback.
12-10 17:54:40.146 1383 1937 W ActivityManager: pid 1383 system sent binder code 1 with flags 1 to frozen apps and got error -2147483646
12-10 17:54:40.146 1383 1937 D ActivityManager: Too many transaction errors, throttling freezer binder callback.
12-10 17:54:46.351 1383 1937 W ActivityManager: pid 1383 system sent binder code 1 with flags 1 to frozen apps and got error -2147483646
12-10 17:54:46.351 1383 1937 D ActivityManager: Too many transaction errors, throttling freezer binder callback.
12-10 17:54:46.352 1383 1937 W ActivityManager: pid 1383 system sent binder code 1 with flags 1 to frozen apps and got error -2147483646
12-10 17:54:46.352 1383 1937 D ActivityManager: Too many transaction errors, throttling freezer binder callback.
12-10 17:54:46.352 1383 1937 W ActivityManager: pid 1383 system sent binder code 1 with flags 1 to frozen apps and got error -2147483646
12-10 17:54:46.352 1383 1937 D ActivityManager: Too many transaction errors, throttling freezer binder callback.
12-10 17:54:46.353 1383 1937 W ActivityManager: pid 1383 system sent binder code 1 with flags 1 to frozen apps and got error -2147483646
12-10 17:54:46.353 1383 1937 D ActivityManager: Too many transaction errors, throttling freezer binder callback.
12-10 17:54:48.673 1383 1872 D ActivityManager: freezing 12102 com.android.vending
12-10 17:54:49.437 1383 1937 W ActivityManager: pid 1383 system sent binder code 1 with flags 1 to frozen apps and got error -2147483646
12-10 17:54:49.438 1383 1937 W ActivityManager: pid 1383 system sent binder code 1 with flags 1 to frozen apps and got error -2147483646
12-10 17:54:49.438 1383 1937 D ActivityManager: Too many transaction errors, throttling freezer binder callback.
12-10 17:54:49.438 1383 1937 W ActivityManager: pid 1383 system sent binder code 1 with flags 1 to frozen apps and got error -2147483646
12-10 17:54:49.438 1383 1937 D ActivityManager: Too many transaction errors, throttling freezer binder callback.
12-10 17:54:49.438 1383 1937 W ActivityManager: pid 1383 system sent binder code 1 with flags 1 to frozen apps and got error -2147483646
12-10 17:54:49.438 1383 1937 D ActivityManager: Too many transaction errors, throttling freezer binder callback.
12-10 17:54:52.478 1383 1937 W ActivityManager: pid 1383 system sent binder code 1 with flags 1 to frozen apps and got error -2147483646
12-10 17:54:52.478 1383 1937 D ActivityManager: Too many transaction errors, throttling freezer binder callback.
12-10 17:54:52.478 1383 1937 W ActivityManager: pid 1383 system sent binder code 1 with flags 1 to frozen apps and got error -2147483646
12-10 17:54:52.478 1383 1937 D ActivityManager: Too many transaction errors, throttling freezer binder callback.
12-10 17:54:52.480 1383 1937 W ActivityManager: pid 1383 system sent binder code 1 with flags 1 to frozen apps and got error -2147483646
12-10 17:54:52.480 1383 1937 D ActivityManager: Too many transaction errors, throttling freezer binder callback.
12-10 17:54:52.480 1383 1937 W ActivityManager: pid 1383 system sent binder code 1 with flags 1 to frozen apps and got error -2147483646
12-10 17:54:52.480 1383 1937 D ActivityManager: Too many transaction errors, throttling freezer binder callback.
12-10 17:54:55.521 1383 1937 W ActivityManager: pid 1383 system sent binder code 1 with flags 1 to frozen apps and got error -2147483646
12-10 17:54:55.521 1383 1937 D ActivityManager: Too many transaction errors, throttling freezer binder callback.
12-10 17:54:55.522 1383 1937 W ActivityManager: pid 1383 system sent binder code 1 with flags 1 to frozen apps and got error -2147483646
12-10 17:54:55.522 1383 1937 D ActivityManager: Too many transaction errors, throttling freezer binder callback.
12-10 17:54:55.522 1383 1937 W ActivityManager: pid 1383 system sent binder code 1 with flags 1 to frozen apps and got error -2147483646
12-10 17:54:55.522 1383 1937 D ActivityManager: Too many transaction errors, throttling freezer binder callback.
12-10 17:54:55.523 1383 1937 W ActivityManager: pid 1383 system sent binder code 1 with flags 1 to frozen apps and got error -2147483646
12-10 17:54:55.523 1383 1937 D ActivityManager: Too many transaction errors, throttling freezer binder callback.
12-10 17:54:58.572 1383 1937 W ActivityManager: pid 1383 system sent binder code 1 with flags 1 to frozen apps and got error -2147483646
12-10 17:54:58.572 1383 1937 D ActivityManager: Too many transaction errors, throttling freezer binder callback.
12-10 17:54:58.573 1383 1937 W ActivityManager: pid 1383 system sent binder code 1 with flags 1 to frozen apps and got error -2147483646
12-10 17:54:58.573 1383 1937 D ActivityManager: Too many transaction errors, throttling freezer binder callback.
12-10 17:54:58.574 1383 1937 W ActivityManager: pid 1383 system sent binder code 1 with flags 1 to frozen apps and got error -2147483646
12-10 17:54:58.574 1383 1937 D ActivityManager: Too many transaction errors, throttling freezer binder callback.
12-10 17:54:58.575 1383 1937 W ActivityManager: pid 1383 system sent binder code 1 with flags 1 to frozen apps and got error -2147483646
12-10 17:54:58.575 1383 1937 D ActivityManager: Too many transaction errors, throttling freezer binder callback.
12-10 17:55:02.119 1383 1671 D ActivityManager: sync unfroze 12102 com.android.vending for 10
12-10 17:55:02.120 1383 1671 W ProcessStats: Tracking association SourceState{e673c7 org.telegram.messenger/10284 Receivr #78950} whose proc state 10 is better than process ProcessState{2fc7f0d com.android.vending/10180 pkg=com.android.vending} proc state 13 (6 skipped)
12-10 17:55:02.353 1383 3417 D ShortcutService: rescanPackageIfNeeded 0@org.telegram.messenger, forceRescan=false , isNewApp=false
12-10 17:55:02.388 1383 1788 D ShortcutService: rescanPackageIfNeeded 0@org.telegram.messenger, forceRescan=false , isNewApp=false
12-10 17:55:02.419 1383 3417 D ShortcutService: Getting shortcuts for launcher= androiduser=0 pkg=org.telegram.messenger
12-10 17:55:02.421 1383 3417 D ShortcutService: rescanPackageIfNeeded 0@org.telegram.messenger, forceRescan=false , isNewApp=false
12-10 17:55:02.465 14541 14591 W LocaleConfig: The resource file pointed to by the given resource ID isn't found.
12-10 17:55:02.473 14541 14591 W LocaleConfig: The resource file pointed to by the given resource ID isn't found.
12-10 17:55:02.509 1383 1788 D ShortcutService: rescanPackageIfNeeded 0@org.telegram.messenger, forceRescan=false , isNewApp=false
12-10 17:55:02.526 1383 1788 D ShortcutService: rescanPackageIfNeeded 0@org.telegram.messenger, forceRescan=false , isNewApp=false
12-10 17:55:02.544 1383 3181 D ShortcutService: Getting shortcuts for launcher= androiduser=0 pkg=org.telegram.messenger
12-10 17:55:02.546 1383 3181 D ShortcutService: rescanPackageIfNeeded 0@org.telegram.messenger, forceRescan=false , isNewApp=false
12-10 17:55:02.626 1383 1383 W NotificationHistory: Attempted to add notif for locked/gone/disabled user 0
12-10 17:55:02.653 1383 1990 D ShortcutService: Saving package item org.telegram.messenger to /data/system_ce/0/shortcut_service/packages/org.telegram.messenger.xml
12-10 17:55:02.655 1383 1670 D ShortcutService: Getting shortcuts for launcher= com.google.android.asuser=0 pkg=org.telegram.messenger
12-10 17:55:02.671 14541 14591 W LocaleConfig: The resource file pointed to by the given resource ID isn't found.
12-10 17:55:02.675 14541 14591 W LocaleConfig: The resource file pointed to by the given resource ID isn't found.
12-10 17:55:02.675 1383 1670 D ShortcutService: Getting shortcuts for launcher= com.google.android.apps.nexuslauncheruser=0 pkg=org.telegram.messenger
12-10 17:55:02.677 1383 1670 D ShortcutService: Getting shortcuts for launcher= com.android.systemuiuser=0 pkg=org.telegram.messenger
12-10 17:55:02.678 14541 14591 W LocaleConfig: The resource file pointed to by the given resource ID isn't found.
12-10 17:55:04.816 1383 1937 W ActivityManager: pid 1383 system sent binder code 1 with flags 1 to frozen apps and got error -2147483646
12-10 17:55:04.816 1383 1937 W ActivityManager: pid 1383 system sent binder code 1 with flags 1 to frozen apps and got error -2147483646
12-10 17:55:04.816 1383 1937 D ActivityManager: Too many transaction errors, throttling freezer binder callback.
12-10 17:55:04.817 1383 1937 W ActivityManager: pid 1383 system sent binder code 1 with flags 1 to frozen apps and got error -2147483646
12-10 17:55:04.817 1383 1937 D ActivityManager: Too many transaction errors, throttling freezer binder callback.
12-10 17:55:04.817 1383 1937 W ActivityManager: pid 1383 system sent binder code 1 with flags 1 to frozen apps and got error -2147483646
12-10 17:55:04.817 1383 1937 D ActivityManager: Too many transaction errors, throttling freezer binder callback.
12-10 17:55:05.685 1383 8934 D ShortcutService: Getting shortcuts for launcher= com.google.android.asuser=0 pkg=org.telegram.messenger
12-10 17:55:05.690 1383 8934 D ShortcutService: Getting shortcuts for launcher= com.google.android.asuser=0 pkg=org.telegram.messenger
12-10 17:55:10.904 1383 1937 W ActivityManager: pid 1383 system sent binder code 1 with flags 1 to frozen apps and got error -2147483646
12-10 17:55:10.904 1383 1937 D ActivityManager: Too many transaction errors, throttling freezer binder callback.
12-10 17:55:10.904 1383 1937 W ActivityManager: pid 1383 system sent binder code 1 with flags 1 to frozen apps and got error -2147483646
12-10 17:55:10.904 1383 1937 D ActivityManager: Too many transaction errors, throttling freezer binder callback.
12-10 17:55:10.905 1383 1937 W ActivityManager: pid 1383 system sent binder code 1 with flags 1 to frozen apps and got error -2147483646
12-10 17:55:10.905 1383 1937 D ActivityManager: Too many transaction errors, throttling freezer binder callback.
12-10 17:55:10.905 1383 1937 W ActivityManager: pid 1383 system sent binder code 1 with flags 1 to frozen apps and got error -2147483646
12-10 17:55:10.905 1383 1937 D ActivityManager: Too many transaction errors, throttling freezer binder callback.
12-10 17:55:13.934 1383 1937 W ActivityManager: pid 1383 system sent binder code 1 with flags 1 to frozen apps and got error -2147483646
12-10 17:55:13.934 1383 1937 D ActivityManager: Too many transaction errors, throttling freezer binder callback.
12-10 17:55:13.934 1383 1937 W ActivityManager: pid 1383 system sent binder code 1 with flags 1 to frozen apps and got error -2147483646
12-10 17:55:13.934 1383 1937 D ActivityManager: Too many transaction errors, throttling freezer binder callback.
12-10 17:55:13.935 1383 1937 W ActivityManager: pid 1383 system sent binder code 1 with flags 1 to frozen apps and got error -2147483646
12-10 17:55:13.935 1383 1937 D ActivityManager: Too many transaction errors, throttling freezer binder callback.
12-10 17:55:13.936 1383 1937 W ActivityManager: pid 1383 system sent binder code 1 with flags 1 to frozen apps and got error -2147483646
12-10 17:55:13.936 1383 1937 D ActivityManager: Too many transaction errors, throttling freezer binder callback.
12-10 17:55:16.998 1383 1937 W ActivityManager: pid 1383 system sent binder code 1 with flags 1 to frozen apps and got error -2147483646
12-10 17:55:16.999 1383 1937 W ActivityManager: pid 1383 system sent binder code 1 with flags 1 to frozen apps and got error -2147483646
12-10 17:55:16.999 1383 1937 D ActivityManager: Too many transaction errors, throttling freezer binder callback.
12-10 17:55:16.999 1383 1937 W ActivityManager: pid 1383 system sent binder code 1 with flags 1 to frozen apps and got error -2147483646
12-10 17:55:16.999 1383 1937 D ActivityManager: Too many transaction errors, throttling freezer binder callback.
12-10 17:55:17.000 1383 1937 W ActivityManager: pid 1383 system sent binder code 1 with flags 1 to frozen apps and got error -2147483646
12-10 17:55:17.000 1383 1937 D ActivityManager: Too many transaction errors, throttling freezer binder callback.
