12-10 17:39:57.483 873 1667 I Lyric : csi_wdma.cc:2380: Camera ID(2) WDMA(CsisDma0) Flush() --------------------------------------------
12-10 17:39:57.483 873 1667 I Lyric : ipp_driver.cc:2530: IPP(1) flush, count of remaining GP: 2
12-10 17:39:57.483 873 1667 I Lyric : g3aa_driver.cc:1775: Flush() begin
12-10 17:39:57.483 873 1667 I Lyric : g3aa_driver.cc:1792: Flush() end
12-10 17:39:57.483 873 1667 I Lyric : itp_driver.cc:1296: ITP skip flushing because inflight config queues are empty and inflight config is not for VOTF; context 0xb400007301843f50, dimension: 4624x3472 (VOTF)
12-10 17:39:57.483 873 1667 I Lyric : itp_driver.cc:1288: ITP skip flushing because it's a standby context 0xb400007301809750, dimension: 4624x3472 (non-VOTF)
12-10 17:39:57.483 873 6079 I Lyric : retiming_node.cc:548: cam2_retiming Reporting image frame drop to framework for stream id: 32768, request id: 430
12-10 17:39:57.483 873 1667 I Lyric : itp_driver.cc:1288: ITP skip flushing because it's a standby context 0xb4000073017fe6b0, dimension: 4208x2368 (non-VOTF)
12-10 17:39:57.483 873 6022 I Lyric : retiming_node.cc:548: cam2_retiming Reporting image frame drop to framework for stream id: 32774, request id: 431
12-10 17:39:57.483 873 6015 W Lyric : mesh_warp_node.cc:457: cam2_preview_mesh_warp Request frame is drop, drop all output for frame 434
12-10 17:39:57.483 873 1667 I Lyric : whi_scaler_controller.cc:144: flush votf and scaler
12-10 17:39:57.483 873 1667 I Lyric : common_scaler_driver.cc:618: whi-mcsc: flushed 0 frames; took 2.523us
12-10 17:39:57.483 873 1667 I Lyric : whi_scaler_controller.cc:153: flush votf and scaler completed
12-10 17:39:57.483 873 1667 I Lyric : whi_mesh_warp_controller.cc:438: Flush votf and whi-common-gdc0
12-10 17:39:57.483 873 1667 I Lyric : whi_mesh_warp_controller.cc:445: whi-common-gdc0 flush completed.
12-10 17:39:57.483 873 1667 I Lyric : whi_scaler_controller.cc:144: flush votf and scaler
12-10 17:39:57.483 873 1667 I Lyric : common_scaler_driver.cc:618: whi-mcsc: flushed 0 frames; took 448ns
12-10 17:39:57.483 873 1667 I Lyric : whi_scaler_controller.cc:153: flush votf and scaler completed
12-10 17:39:57.483 873 1667 I Lyric : whi_scaler_controller.cc:144: flush votf and scaler
12-10 17:39:57.483 873 1667 I Lyric : common_scaler_driver.cc:618: whi-mcsc: flushed 0 frames; took 285ns
12-10 17:39:57.483 873 1667 I Lyric : whi_scaler_controller.cc:153: flush votf and scaler completed
12-10 17:39:57.483 873 1667 I Lyric : auto_focus_node.cc:2280: cam4_af: af context is flushed successfully
12-10 17:39:57.483 873 1667 I Lyric : auto_focus_node.cc:2282: cam4_af: actuator controller is flushed successfully
12-10 17:39:57.483 873 1667 I Lyric : phase_detection_node.cc:635: cam4_pd: Flush done
12-10 17:39:57.483 873 1667 I Lyric : auto_focus_node.cc:2273: cam2_af: session statistics: {process_input_count = 435, started_late_count = 0, completed_late_count = 0, no_deadline_count = 3, controller_timed_out = 0, dropped_requests = 1}
12-10 17:39:57.483 873 1667 I Lyric : auto_focus_node.cc:2280: cam2_af: af context is flushed successfully
12-10 17:39:57.483 873 1667 I Lyric : auto_focus_node.cc:2282: cam2_af: actuator controller is flushed successfully
12-10 17:39:57.483 873 1667 I Lyric : phase_detection_node.cc:635: cam2_pd: Flush done
12-10 17:39:57.483 873 1667 I Lyric : auto_exposure_node.cc:1099: {type: Node, name: top_graph_for_camera_RearMultiFov.cam2_ae, class_name: AutoExposureNode}: AE input statistics: {process_input_count = 435, dropped_requests = 1, stats_not_ready_count = 0, motion_stats_not_ready_count = 0, face_detect_data_not_ready_count = 0, eis_result_not_ready_count = 0, segmentation_mask_not_ready_count = 0, stage_detection_result_not_ready_count = 0, saliency_data_not_ready_count = 0, valid_flash_state = 434, valid_exposure_timestamp = 431, valid_lens_info = 434, valid_sensor_properties = 431, valid_crop_roi = 0, valid_ae_stats = 431, valid_uae_stats = 0, valid_awb_stats = 431, valid_histogram = 431, valid_flicker_stats = 431, valid_motion_stats = 431, valid_wb_config = 433, valid_color_correction = 433, valid_face_rois = 429}
12-10 17:39:57.483 873 6107 I Lyric : camera_device_session_manager_base.cc:1054: Reporting metadata frame drop for camera: RearMultiFov, request id: 434, partial result count: 1
12-10 17:39:57.484 873 6107 I Lyric : camera_device_session_manager_base.cc:1054: Reporting metadata frame drop for camera: RearMultiFov, request id: 431, partial result count: 2
12-10 17:39:57.484 873 6087 I Lyric : camera_device_session_manager_base.cc:1054: Reporting metadata frame drop for camera: RearMultiFov, request id: 432, partial result count: 2
12-10 17:39:57.484 873 6087 I Lyric : camera_device_session_manager_base.cc:1054: Reporting metadata frame drop for camera: RearMultiFov, request id: 433, partial result count: 2
12-10 17:39:57.484 873 6022 I Lyric : retiming_node.cc:548: cam2_retiming Reporting image frame drop to framework for stream id: 32774, request id: 432
12-10 17:39:57.484 873 6079 I Lyric : retiming_node.cc:548: cam2_retiming Reporting image frame drop to framework for stream id: 32768, request id: 431
12-10 17:39:57.484 873 6022 I Lyric : retiming_node.cc:548: cam2_retiming Reporting image frame drop to framework for stream id: 32774, request id: 433
12-10 17:39:57.484 873 6087 I Lyric : camera_device_session_manager_base.cc:1054: Reporting metadata frame drop for camera: RearMultiFov, request id: 434, partial result count: 2
12-10 17:39:57.484 873 6079 I Lyric : retiming_node.cc:548: cam2_retiming Reporting image frame drop to framework for stream id: 32768, request id: 432
12-10 17:39:57.484 873 6022 I Lyric : retiming_node.cc:548: cam2_retiming Reporting image frame drop to framework for stream id: 32774, request id: 434
12-10 17:39:57.484 873 6079 I Lyric : retiming_node.cc:548: cam2_retiming Reporting image frame drop to framework for stream id: 32768, request id: 433
12-10 17:39:57.484 873 6022 I Lyric : retiming_node.cc:548: cam2_retiming Reporting image frame drop to framework for stream id: 32768, request id: 434
12-10 17:39:57.484 873 1667 I Lyric : camera_device_session_manager_base.cc:1225: Finished flushing graph:top_graph_for_camera_RearMultiFov
12-10 17:39:57.485 873 1667 I Lyric : camera_device_session_hwl_impl.cc:1362: Flush entered, camera_id: 0
12-10 17:39:57.494 873 1667 I Lyric : camera_device_session_hwl_impl.cc:1018: DestroyPipelines entered, camera_id: 0
12-10 17:39:57.494 873 1667 I Lyric : camera_powerhal.cc:285: CAMERA_STREAMING_STANDARD mode unset
12-10 17:39:57.495 873 1667 I Lyric : camera_powerhal.cc:285: CAMERA_GPU_STANDARD mode unset
12-10 17:39:57.495 873 1667 I Lyric : camera_device_session_manager_base.cc:915: Attempting to stop graph:top_graph_for_camera_RearMultiFov
12-10 17:39:57.496 873 1667 I Lyric : statistics_node.cc:611: Statistics output frame stats (ignores fence-signaled drops): {process_input_count = 0, dropped_all_outputs = 0, valid_ae = 0, valid_pre_lsc_ae = 0, valid_uae = 0, valid_awb = 0, valid_histogram = 0, valid_flicker = 0, valid_motion = 0, valid_cdaf = 0, valid_pdaf = 0, valid_align = 0, valid_alias_map = 0, valid_gaussian_pyramid = 0, valid_scaled_rgb_stats = 0, valid_scaled_yuv_stats = 0, valid_lsc = 0, valid_bilateral_grid = 0, valid_scaled_rgb = 0, valid_scaled_yuv = 0, valid_cam_data_dump = 0, valid_pixel_patch = 0}
12-10 17:39:57.496 873 1667 I Lyric : statistics_node.cc:611: Statistics output frame stats (ignores fence-signaled drops): {process_input_count = 0, dropped_all_outputs = 0, valid_ae = 0, valid_pre_lsc_ae = 0, valid_uae = 0, valid_awb = 0, valid_histogram = 0, valid_flicker = 0, valid_motion = 0, valid_cdaf = 0, valid_pdaf = 0, valid_align = 0, valid_alias_map = 0, valid_gaussian_pyramid = 0, valid_scaled_rgb_stats = 0, valid_scaled_yuv_stats = 0, valid_lsc = 0, valid_bilateral_grid = 0, valid_scaled_rgb = 0, valid_scaled_yuv = 0, valid_cam_data_dump = 0, valid_pixel_patch = 0}
12-10 17:39:57.496 873 1667 I Lyric : statistics_node.cc:611: Statistics output frame stats (ignores fence-signaled drops): {process_input_count = 1, dropped_all_outputs = 1, valid_ae = 0, valid_pre_lsc_ae = 0, valid_uae = 0, valid_awb = 0, valid_histogram = 0, valid_flicker = 0, valid_motion = 0, valid_cdaf = 0, valid_pdaf = 0, valid_align = 0, valid_alias_map = 0, valid_gaussian_pyramid = 0, valid_scaled_rgb_stats = 0, valid_scaled_yuv_stats = 0, valid_lsc = 0, valid_bilateral_grid = 0, valid_scaled_rgb = 0, valid_scaled_yuv = 0, valid_cam_data_dump = 0, valid_pixel_patch = 0}
12-10 17:39:57.496 873 1667 I Lyric : ipp_driver.cc:2530: IPP(1) flush, count of remaining GP: 2
12-10 17:39:57.496 873 1667 I Lyric : g3aa_driver.cc:1775: Flush() begin
12-10 17:39:57.496 873 1667 I Lyric : g3aa_driver.cc:1792: Flush() end
12-10 17:39:57.496 873 1667 I Lyric : itp_driver.cc:1296: ITP skip flushing because inflight config queues are empty and inflight config is not for VOTF; context 0xb400007301843f50, dimension: 4624x3472 (VOTF)
12-10 17:39:57.496 873 1667 I Lyric : itp_driver.cc:1288: ITP skip flushing because it's a standby context 0xb400007301809750, dimension: 4624x3472 (non-VOTF)
12-10 17:39:57.496 873 1667 I Lyric : itp_driver.cc:1288: ITP skip flushing because it's a standby context 0xb4000073017fe6b0, dimension: 4208x2368 (non-VOTF)
12-10 17:39:57.496 873 1667 I Lyric : whi_scaler_controller.cc:144: flush votf and scaler
12-10 17:39:57.496 873 1667 I Lyric : common_scaler_driver.cc:618: whi-mcsc: flushed 0 frames; took 2.563us
12-10 17:39:57.496 873 1667 I Lyric : whi_scaler_controller.cc:153: flush votf and scaler completed
12-10 17:39:57.496 873 1667 I Lyric : whi_mesh_warp_controller.cc:438: Flush votf and whi-common-gdc0
12-10 17:39:57.496 873 1667 I Lyric : whi_mesh_warp_controller.cc:445: whi-common-gdc0 flush completed.
12-10 17:39:57.496 873 1667 I Lyric : whi_scaler_controller.cc:144: flush votf and scaler
12-10 17:39:57.496 873 1667 I Lyric : common_scaler_driver.cc:618: whi-mcsc: flushed 0 frames; took 285ns
12-10 17:39:57.496 873 1667 I Lyric : whi_scaler_controller.cc:153: flush votf and scaler completed
12-10 17:39:57.496 873 1667 I Lyric : whi_scaler_controller.cc:144: flush votf and scaler
12-10 17:39:57.496 873 1667 I Lyric : common_scaler_driver.cc:618: whi-mcsc: flushed 0 frames; took 285ns
12-10 17:39:57.496 873 1667 I Lyric : whi_scaler_controller.cc:153: flush votf and scaler completed
12-10 17:39:57.496 873 1667 I Lyric : auto_focus_node.cc:2280: cam4_af: af context is flushed successfully
12-10 17:39:57.496 873 1667 I Lyric : auto_focus_node.cc:2282: cam4_af: actuator controller is flushed successfully
12-10 17:39:57.496 873 1667 I Lyric : phase_detection_node.cc:635: cam4_pd: Flush done
12-10 17:39:57.496 873 1667 I Lyric : auto_focus_node.cc:2280: cam2_af: af context is flushed successfully
12-10 17:39:57.496 873 1667 I Lyric : auto_focus_node.cc:2282: cam2_af: actuator controller is flushed successfully
12-10 17:39:57.496 873 1667 I Lyric : phase_detection_node.cc:635: cam2_pd: Flush done
12-10 17:39:57.500 873 6121 I Lyric : csi_wdma.cc:1733: [FEIRQ] Received CSIS WDMA 0 event: CsiCsisDma.Int.Context0FrameEnd1 counter: 432 time: 111245025659670
12-10 17:39:57.500 873 6121 I Lyric : csi_context.cc:1065: Camera ID(2) WDMA(CsisDma0), logical channel(1), [EOF] SW frame count:432, inflight buf =Inflight size: 2
12-10 17:39:57.500 873 6121 I Lyric : csi_wdma.cc:2026: [CSI DMA] Camera ID(2) WDMA(CsisDma0) logical channel(1) DequeueBuffer() -> inflight buffer queue size: 1, dequeued dma_addr: 0xe5a00000
12-10 17:39:57.500 873 6121 I Lyric : csi_wdma.cc:1706: [FEIRQ] Received ZSL WDMA 1 event: CsiZslDma.Int.Context1FrameEnd0 counter: 432 time: 111245025670738
12-10 17:39:57.500 873 6121 I Lyric : csi_context.cc:1065: Camera ID(2) WDMA(CsisZsl1), logical channel(0), [EOF] SW frame count:432, inflight buf =Inflight size: 2
12-10 17:39:57.500 873 6121 I Lyric : csi_wdma.cc:2026: [CSI DMA] Camera ID(2) WDMA(CsisZsl1) logical channel(0) DequeueBuffer() -> inflight buffer queue size: 1, dequeued dma_addr: 0xda836400
12-10 17:39:57.501 873 1318 I Lyric : whi_autocal_controller.cc:470: WhiAutocalController: reset context, after which active_contexts=2
12-10 17:39:57.501 873 1318 I Lyric : eaf_node.cc:226: cam3_eaf: Total 0, Drop counts: Image 0, Request 0, Alignmap 0, Warp_mesh 0, Scaled_yuv 0, segmentation 0, Eco active counts 0
12-10 17:39:57.501 873 1318 I Lyric : multisensor_controller.cc:898: Resetting stream_on_framework_request_id for camera 2
12-10 17:39:57.501 873 1318 I Lyric : multisensor_controller.cc:930: Rear StopStreaming, waiting on barrier
12-10 17:39:57.501 873 1320 I Lyric : whi_autocal_controller.cc:470: WhiAutocalController: reset context, after which active_contexts=1
12-10 17:39:57.501 873 1320 I Lyric : eaf_node.cc:226: cam4_eaf: Total 0, Drop counts: Image 0, Request 0, Alignmap 0, Warp_mesh 0, Scaled_yuv 0, segmentation 0, Eco active counts 0
12-10 17:39:57.502 873 1319 I Lyric : whi_autocal_controller.cc:470: WhiAutocalController: reset context, after which active_contexts=0
12-10 17:39:57.502 2025 2045 D WindowManagerShell: onKeepClearAreasChanged: restricted={}, unrestricted={}
12-10 17:39:57.506 873 1319 I Lyric : eaf_node.cc:226: cam2_eaf: Total 435, Drop counts: Image 5, Request 5, Alignmap 0, Warp_mesh 0, Scaled_yuv 0, segmentation 0, Eco active counts 0
12-10 17:39:57.506 873 1319 I Lyric : face_detection_engine_face_ssd.cc:260: Face Detection: ~FaceDetectionEngineFaceSsd::delete ensemble detector takes 40ns
12-10 17:39:57.506 873 1319 I Lyric : face_detection_engine_face_ssd.cc:260: Face Detection: ~FaceDetectionEngineFaceSsd::delete ensemble detector takes 41ns
12-10 17:39:57.506 873 1319 I Lyric : face_detection_engine_face_ssd.cc:260: Face Detection: ~FaceDetectionEngineFaceSsd::delete ensemble detector takes 41ns
12-10 17:39:57.506 873 1319 I Lyric : front_end_controller.cc:1755: dpm: node type 0 frontend context 4 was already in deactivate mode
12-10 17:39:57.510 873 6121 I Lyric : csi_context.cc:928: Camera ID(2) Csi Link(1), SOF 434, frame seq count:434, timestamp 111245034978111
12-10 17:39:57.510 873 6121 I Lyric : csi_wdma.cc:1828: Camera ID(2) WDMA(CsisDma0) Channel(0) dma enable = 0, expected frame = 0, active frame ptr = 31, active_dma_ctr = 7c, current fro frame = 0, dma_addr = 0xdeadbeef, dma_ctrl = 0x0
12-10 17:39:57.510 873 6121 I Lyric : csi_wdma.cc:1828: Camera ID(2) WDMA(CsisDma0) Channel(1) dma enable = 1, expected frame = 0, active frame ptr = 0, active_dma_ctr = f81, current fro frame = 0, dma_addr = 0xf7600000, dma_ctrl = 0xf82
12-10 17:39:57.510 873 6121 I Lyric : csi_wdma.cc:1828: Camera ID(2) WDMA(CsisDma0) Channel(2) dma enable = 0, expected frame = 0, active frame ptr = 31, active_dma_ctr = 7c, current fro frame = 0, dma_addr = 0x0, dma_ctrl = 0x0
12-10 17:39:57.510 873 6121 I Lyric : csi_wdma.cc:1828: Camera ID(2) WDMA(CsisZsl1) Channel(0) dma enable = 1, expected frame = 1, active frame ptr = 0, active_dma_ctr = f81, current fro frame = 0, dma_addr = 0xf3036400, dma_ctrl = 0xf82
12-10 17:39:57.510 873 6121 I Lyric : csi_context.cc:2393: Starting FlushMonitor for CSI1
12-10 17:39:57.510 873 6121 I Lyric : csi_wdma.cc:1706: [FEIRQ] Received ZSL WDMA 1 event: CsiZslDma.Int.Context1FrameStart0 counter: 433 time: 111245035091717
12-10 17:39:57.510 873 6121 I Lyric : csi_context.cc:1036: Camera ID(2) WDMA(CsisZsl1), logical channel(0), [SOF] SW frame count:433, CSIS LINK frame count:434, inflight buf =Inflight size: 1
12-10 17:39:57.510 873 6121 I Lyric : csi_wdma.cc:1733: [FEIRQ] Received CSIS WDMA 0 event: CsiCsisDma.Int.Context0FrameStart1 counter: 433 time: 111245035103680
12-10 17:39:57.510 873 6121 I Lyric : csi_context.cc:1036: Camera ID(2) WDMA(CsisDma0), logical channel(1), [SOF] SW frame count:433, CSIS LINK frame count:434, inflight buf =Inflight size: 1
12-10 17:39:57.513 873 1319 I Lyric : front_end_controller.cc:1755: dpm: node type 2 frontend context 4 was already in deactivate mode
12-10 17:39:57.515 873 1319 I Lyric : front_end_controller.cc:1755: dpm: node type 0 frontend context 3 was already in deactivate mode
12-10 17:39:57.516 873 1319 I Lyric : front_end_controller.cc:1755: dpm: node type 2 frontend context 3 was already in deactivate mode
12-10 17:39:57.516 873 1319 I Lyric : front_end_controller.cc:1755: dpm: node type 1 frontend context 3 was already in deactivate mode
12-10 17:39:57.516 873 1319 I Lyric : per_camera_barrier_impl.cc:58: Blocker for FrontEndBlockCam3ToStart released with status: OK without lwis fence.
12-10 17:39:57.516 873 1319 I Lyric : front_end_controller.cc:2026: dpm: frontend context 2 updating power mode to standby mode node_type: 1
12-10 17:39:57.516 873 1319 I Lyric : csi_context.cc:2457: CSI context 2 start to wait [Number of pending buffers:2. Pending dma_to_buffer dma_addr: (0xf3036400) target frame count 434 target frame time: 33.96677925ms Pending dma_to_buffer dma_addr: (0xf7600000) target frame count 434 target frame time: 33.96677925ms] for 403.8006755ms
12-10 17:39:57.534 873 6121 I Lyric : csi_wdma.cc:1733: [FEIRQ] Received CSIS WDMA 0 event: CsiCsisDma.Int.Context0FrameEnd1 counter: 433 time: 111245059635337
12-10 17:39:57.534 873 6121 I Lyric : csi_context.cc:1065: Camera ID(2) WDMA(CsisDma0), logical channel(1), [EOF] SW frame count:433, inflight buf =Inflight size: 1
12-10 17:39:57.534 873 6121 I Lyric : csi_wdma.cc:2026: [CSI DMA] Camera ID(2) WDMA(CsisDma0) logical channel(1) DequeueBuffer() -> inflight buffer queue size: 0, dequeued dma_addr: 0xf7600000
12-10 17:39:57.534 873 6121 I Lyric : csi_wdma.cc:1706: [FEIRQ] Received ZSL WDMA 1 event: CsiZslDma.Int.Context1FrameEnd0 counter: 433 time: 111245059653159
12-10 17:39:57.534 873 6121 I Lyric : csi_context.cc:1065: Camera ID(2) WDMA(CsisZsl1), logical channel(0), [EOF] SW frame count:433, inflight buf =Inflight size: 1
12-10 17:39:57.534 873 6121 I Lyric : csi_wdma.cc:2026: [CSI DMA] Camera ID(2) WDMA(CsisZsl1) logical channel(0) DequeueBuffer() -> inflight buffer queue size: 0, dequeued dma_addr: 0xf3036400
12-10 17:39:57.534 873 6121 I Lyric : per_camera_barrier_impl.cc:58: Blocker for CsiBlockCam2ToStop released with status: OK without lwis fence.
12-10 17:39:57.534 873 6121 I Lyric : per_camera_barrier_impl.cc:47: Blocker for CsiBlockCam2ToStart acquired
12-10 17:39:57.534 873 1319 I Lyric : csi_context.cc:2139: dpm: sensor width 4624 h: 3472 fps: 30 pixel rate 947930000 headroom: 0
12-10 17:39:57.534 873 1319 I Lyric : csi_driver.cc:1490: [CSI BW] CSIS_D0 BW: 0 wdmas:
12-10 17:39:57.534 873 1319 I Lyric : csi_driver.cc:1492: [CSI BW] CSIS_D1 BW: 0 wdmas:
12-10 17:39:57.534 873 1319 I Lyric : csi_driver.cc:1494: [CSI BW] Update Required BW: 0, Required Clock: 236982500, Required peak BW: 0
12-10 17:39:57.534 873 1319 I Lyric : dpm_bandwidth_controller_v1.cc:175: dpm: updating bandwidth for device csi bandwidth_read: 0 bandwidth_write: 0 bandwidth_peak: 0 bandwidth_rt: 0
12-10 17:39:57.534 873 1319 I Lyric : per_camera_barrier_impl.cc:58: Blocker for IppBlockCam2ToStop released with status: OK without lwis fence.
12-10 17:39:57.535 873 1319 I Lyric : dpm_bandwidth_controller_v1.cc:175: dpm: updating bandwidth for device ipp bandwidth_read: 0 bandwidth_write: 0 bandwidth_peak: 0 bandwidth_rt: 0
12-10 17:39:57.535 873 1319 I Lyric : g3aa_driver.cc:1683: ------------------------------------------------------
12-10 17:39:57.535 873 1319 I Lyric : g3aa_driver.cc:1684: G3AA power mode for context 1 changing from Normal(Normal) -> Standby(Standby)
12-10 17:39:57.535 873 1319 I Lyric : g3aa_driver.cc:1689: ------------------------------------------------------
12-10 17:39:57.535 873 1319 I Lyric : g3aa_pipeline.cc:840: [Bayer1] Disabling pipeline
12-10 17:39:57.535 873 1319 I Lyric : g3aa_pipeline.cc:840: [PDAF1] Disabling pipeline
12-10 17:39:57.535 873 1319 I Lyric : g3aa_pipeline.cc:691: [Bayer1] Drain(timeout=0) entered. next_frame_number=435, next_shadow_set=1, last_hw_frame_num=434, last_sw_sof_event_count=434
12-10 17:39:57.535 873 1319 I Lyric : g3aa_pipeline.cc:389: [Bayer1] There are 0 pending transactions to cancel for frames: []
12-10 17:39:57.535 873 1319 I Lyric : g3aa_pipeline.cc:787: [Bayer1] Waiting for pipeline to drain. There are 0 pending transactions for frames: [], 0 dropped frames: []
12-10 17:39:57.535 873 1319 I Lyric : g3aa_pipeline.cc:803: [Bayer1] Pipeline drained.
12-10 17:39:57.535 873 1319 I Lyric : g3aa_pipeline.cc:745: [Bayer1] Drained; next_frame_number=435, next_shadow_set=1, last_hw_frame_num=434, last_sw_sof_event_count=434
12-10 17:39:57.535 873 1319 I Lyric : g3aa_pipeline.cc:691: [PDAF1] Drain(timeout=0) entered. next_frame_number=435, next_shadow_set=1, last_hw_frame_num=434, last_sw_sof_event_count=434
12-10 17:39:57.535 873 1319 W Lyric : g3aa_pipeline.cc:705: [PDAF1] Draining the pipeline without waiting for the HW to finish. This is safe only if the HW has already been globally reset
12-10 17:39:57.535 873 1319 I Lyric : g3aa_pipeline.cc:389: [PDAF1] There are 1 pending transactions to cancel for frames: [434]
12-10 17:39:57.535 873 1319 W Lyric : g3aa_pipeline.cc:424: [PDAF1][Frame 434] Canceling transaction id 14250 for shadow 0: [FAILED]
12-10 17:39:57.535 873 1319 I Lyric : g3aa_pipeline.cc:787: [PDAF1] Waiting for pipeline to drain. There are 1 pending transactions for frames: [434], 0 dropped frames: []
12-10 17:39:57.535 873 1319 W Lyric : g3aa_pipeline.cc:720: [PDAF1] WaitUntilDrained() failed: DEADLINE_EXCEEDED: [PDAF1] Timed out waiting for the pipeline to drain. 1 pending requests remain for frames: [434]
12-10 17:39:57.535 873 1319 E Lyric : g3aa_pipeline.cc:1183: [PDAF1][Frame 434] Pending interrupt mask: 0X8000
12-10 17:39:57.535 873 1319 W Lyric : g3aa_pipeline.cc:461: [PDAF1] Clearing pending requests for frames: [434]
12-10 17:39:57.535 873 1319 I Lyric : g3aa_pipeline.cc:745: [PDAF1] Drained; next_frame_number=435, next_shadow_set=1, last_hw_frame_num=434, last_sw_sof_event_count=434
12-10 17:39:57.535 873 1319 I Lyric : dpm_bandwidth_controller_v1.cc:175: dpm: updating bandwidth for device g3aa bandwidth_read: 0 bandwidth_write: 0 bandwidth_peak: 0 bandwidth_rt: 0
12-10 17:39:57.535 873 1319 I Lyric : g3aa_driver.cc:1748: G3AA power mode for context 1 changed to Standby(Standby) done
12-10 17:39:57.535 873 1319 I Lyric : g3aa_driver.cc:2008: Number of active HW contexts: 1, power-up-only contexts: 1. Details:
12-10 17:39:57.535 873 1319 I Lyric : g3aa_driver.cc:2019: Context 1, Bayer1 pipeline. Acquired: true. Enabled: false
12-10 17:39:57.535 873 6122 W Lyric : g3aa_pipeline.cc:99: [PDAF1] Received an interrupt (G3aa.Interrupts.Context1PdafEndOfFrame) with no in-flight requests! Dropped: 1, EventCount: 433, EventId {flags: hw | device: 6 | code: 0x0000002f}
12-10 17:39:57.535 873 1319 I Lyric : g3aa_driver.cc:2019: Context 1, PDAF1 pipeline. Acquired: true. Enabled: false
12-10 17:39:57.536 873 6151 I Lyric : sensor_generic_driver.cc:1107: OKSOKO stream off success.
12-10 17:39:57.536 873 1318 I Lyric : sensor_generic_driver.cc:5900: OKSOKO is IDLE : is_reading_frame:0, frame count:255, eof event count:180
12-10 17:39:57.537 873 1318 I Lyric : sensor_generic_driver.cc:1481: OKSOKO sensor frame drop rate at stream off: 0.230415%. drop rate for hw sync: 0%
12-10 17:39:57.537 873 1318 I Lyric : sensor_generic_driver.cc:1515: OKSOKO stream off, size: {width: 4624, height: 3472}, frame rate range: [7.5, 30]
12-10 17:39:57.537 873 1318 I Lyric : per_camera_barrier_impl.cc:58: Blocker for MultiSensorController_Stop released with status: OK without lwis fence.
12-10 17:39:57.537 873 1318 I Lyric : dpm_bandwidth_controller_v1.cc:489: Update minimum MIF clock to 0 number of active sensor: 0
12-10 17:39:57.537 873 1318 I Lyric : whi_pro_dpm_bandwidth_controller.cc:98: dpm: required_clock is 223509825 min_frontend_clock_requirement_: 223509825 sensor streaming: 0
12-10 17:39:57.537 873 1319 I Lyric : csi_context.cc:703: Camera ID(2) CleanupContextLocked() +++
12-10 17:39:57.537 873 1318 I Lyric : multisensor_controller.cc:1559: Rear created transition fence, stream-on ID: 4294967295
12-10 17:39:57.537 873 1318 I Lyric : multisensor_controller.cc:1584: Rear signalled transition fence with stream-on ID: 4294967295
12-10 17:39:57.537 873 1319 I Lyric : csi_context.cc:748: Camera ID(2) dma_to_buffer size: (0)
12-10 17:39:57.537 873 1318 I Lyric : dpm_bandwidth_controller_v1.cc:175: dpm: updating bandwidth for device itp bandwidth_read: 0 bandwidth_write: 0 bandwidth_peak: 0 bandwidth_rt: 0
12-10 17:39:57.537 873 1319 I Lyric : csi_wdma.cc:1381: Camera ID(2) Build transaction to disable WDMA(CsisDma0) logical channel(0)
12-10 17:39:57.537 873 1319 I Lyric : csi_wdma.cc:1381: Camera ID(2) Build transaction to disable WDMA(CsisDma0) logical channel(1)
12-10 17:39:57.537 873 1319 I Lyric : csi_wdma.cc:1381: Camera ID(2) Build transaction to disable WDMA(CsisDma0) logical channel(2)
12-10 17:39:57.537 873 1318 I Lyric : gtnr_merge_driver.cc:823:
12-10 17:39:57.537 873 1318 I Lyric : WhiGtnrMergeDriver dump
12-10 17:39:57.537 873 1318 I Lyric : acquired contexts
12-10 17:39:57.537 873 1318 I Lyric : context: 0xb4000073a1c63758 power-up-only
12-10 17:39:57.537 873 1318 I Lyric : context: 0xb4000073a1c638f8 votf-enabled
12-10 17:39:57.537 873 1318 I Lyric : context: 0xb4000073a1c63c38
12-10 17:39:57.537 873 1318 I Lyric : context: 0xb4000073a1c63dd8
12-10 17:39:57.537 873 1318 I Lyric : context: 0xb4000073a1c63f78
12-10 17:39:57.537 873 1318 I Lyric : context: 0xb4000073a1c64118
12-10 17:39:57.537 873 1318 I Lyric : ivotf slc buffer pointer: &{type: CachePartition, Size: 1310720, FD: 248, PartitionId: 4, Attributes: Transport: DMA, Access: CPU, Security: None, Compression: None}
12-10 17:39:57.537 873 1318 I Lyric : curr rdma slc buffer pointer: &{type: CachePartition, Size: 2097152, FD: 245, PartitionId: 9, Attributes: Transport: DMA, Access: CPU, Security: None, Compression: None}
12-10 17:39:57.537 873 1318 I Lyric : prev rdma slc buffer pointer: &{type: CachePartition, Size: 1048576, FD: 249, PartitionId: 7, Attributes: Transport: DMA, Access: CPU, Security: None, Compression: None}
12-10 17:39:57.537 873 1318 I Lyric : End of WhiGtnrMergeDriver dump
12-10 17:39:57.537 873 1318 I Lyric :
12-10 17:39:57.537 873 1318 I Lyric : luma_denoise_module.cc:374: GTNR merge disenroll luma buffers
12-10 17:39:57.537 873 1319 I Lyric : csi_wdma.cc:1381: Camera ID(2) Build transaction to disable WDMA(CsisDma0) logical channel(3)
12-10 17:39:57.537 873 1319 I Lyric : csi_wdma.cc:1381: Camera ID(2) Build transaction to disable WDMA(CsisZsl1) logical channel(0)
12-10 17:39:57.537 873 1319 I Lyric : csi_wdma.cc:1381: Camera ID(2) Build transaction to disable WDMA(CsisZsl1) logical channel(1)
12-10 17:39:57.537 873 1319 I Lyric : csi_wdma.cc:1381: Camera ID(2) Build transaction to disable WDMA(CsisZsl1) logical channel(2)
12-10 17:39:57.537 873 1319 I Lyric : csi_wdma.cc:1381: Camera ID(2) Build transaction to disable WDMA(CsisZsl1) logical channel(3)
12-10 17:39:57.537 873 1319 I Lyric : whi_pro_dpm_bandwidth_controller.cc:98: dpm: required_clock is 0 min_frontend_clock_requirement_: 223509825 sensor streaming: 0
12-10 17:39:57.537 873 1319 I Lyric : whi_pro_dpm_bandwidth_controller.cc:104: Vote for front-end clock for freq 0
12-10 17:39:57.538 873 1319 I Lyric : csi_context.cc:811: Camera ID(2) CleanupContextLocked() ---
12-10 17:39:57.538 873 1319 I Lyric : csi_driver.cc:1490: [CSI BW] CSIS_D0 BW: 0 wdmas:
12-10 17:39:57.538 873 1319 I Lyric : csi_driver.cc:1492: [CSI BW] CSIS_D1 BW: 0 wdmas:
12-10 17:39:57.538 873 1319 I Lyric : csi_driver.cc:1494: [CSI BW] Update Required BW: 0, Required Clock: 0, Required peak BW: 0
12-10 17:39:57.538 873 1319 I Lyric : dpm_bandwidth_controller_v1.cc:175: dpm: updating bandwidth for device csi bandwidth_read: 0 bandwidth_write: 0 bandwidth_peak: 0 bandwidth_rt: 0
12-10 17:39:57.538 873 1319 I Lyric : csi_driver.cc:1292: Successfully cleaned up CSI context 0xb40000729174cf00
12-10 17:39:57.538 873 1319 I Lyric : pdp_driver.cc:278: PDP: releasing context 0xb4000073a1c5f950
12-10 17:39:57.538 873 1319 I Lyric : pdp_driver.cc:997: PDP: about to SetHwEventsEnable to 0 for context 1
12-10 17:39:57.538 873 1319 I Lyric : g3aa_driver.cc:957: ------------------------------------------------------
12-10 17:39:57.538 873 1319 I Lyric : g3aa_driver.cc:958: Releasing context 1
12-10 17:39:57.538 873 1319 I Lyric : g3aa_driver.cc:962: ------------------------------------------------------
12-10 17:39:57.538 873 1319 I Lyric : g3aa_pipeline.cc:840: [Bayer1] Disabling pipeline
12-10 17:39:57.538 873 1319 I Lyric : g3aa_pipeline.cc:843: [Bayer1] Already disabled
12-10 17:39:57.538 873 1319 I Lyric : g3aa_pipeline.cc:840: [PDAF1] Disabling pipeline
12-10 17:39:57.538 873 1319 I Lyric : g3aa_pipeline.cc:843: [PDAF1] Already disabled
12-10 17:39:57.538 873 1319 I Lyric : g3aa_pipeline.cc:691: [Bayer1] Drain(timeout=0) entered. next_frame_number=435, next_shadow_set=1, last_hw_frame_num=434, last_sw_sof_event_count=434
12-10 17:39:57.538 873 1319 I Lyric : g3aa_pipeline.cc:389: [Bayer1] There are 0 pending transactions to cancel for frames: []
12-10 17:39:57.538 873 1319 I Lyric : g3aa_pipeline.cc:787: [Bayer1] Waiting for pipeline to drain. There are 0 pending transactions for frames: [], 0 dropped frames: []
12-10 17:39:57.538 873 1319 I Lyric : g3aa_pipeline.cc:803: [Bayer1] Pipeline drained.
12-10 17:39:57.538 873 1319 I Lyric : g3aa_pipeline.cc:745: [Bayer1] Drained; next_frame_number=435, next_shadow_set=1, last_hw_frame_num=434, last_sw_sof_event_count=434
12-10 17:39:57.538 873 1319 I Lyric : g3aa_pipeline.cc:691: [PDAF1] Drain(timeout=0) entered. next_frame_number=435, next_shadow_set=1, last_hw_frame_num=434, last_sw_sof_event_count=434
12-10 17:39:57.538 873 1319 I Lyric : g3aa_pipeline.cc:389: [PDAF1] There are 0 pending transactions to cancel for frames: []
12-10 17:39:57.538 873 1319 I Lyric : g3aa_pipeline.cc:787: [PDAF1] Waiting for pipeline to drain. There are 0 pending transactions for frames: [], 1 dropped frames: [434]
12-10 17:39:57.538 873 1319 I Lyric : g3aa_pipeline.cc:803: [PDAF1] Pipeline drained.
12-10 17:39:57.538 873 1319 I Lyric : g3aa_pipeline.cc:745: [PDAF1] Drained; next_frame_number=435, next_shadow_set=1, last_hw_frame_num=434, last_sw_sof_event_count=434
12-10 17:39:57.538 873 1319 I Lyric : g3aa_pipeline.cc:337: [Bayer1] Releasing pipeline, graph_stopped: true
12-10 17:39:57.538 873 1319 I Lyric : g3aa_pipeline.cc:337: [PDAF1] Releasing pipeline, graph_stopped: true
12-10 17:39:57.538 873 1319 I Lyric : g3aa_pipeline.cc:363: [PDAF1] clearing dropped_frames_ queue with [434] since graph stop was called
12-10 17:39:57.538 873 1318 I Lyric : chroma_denoise_module.cc:107: GTNR merge disenroll chroma buffers
12-10 17:39:57.539 873 1319 I Lyric : g3aa_driver.cc:2008: Number of active HW contexts: 0, power-up-only contexts: 1. Details:
12-10 17:39:57.539 873 1318 I Lyric : gtnr_merge_driver.cc:823:
12-10 17:39:57.539 873 1318 I Lyric : WhiGtnrMergeDriver dump
12-10 17:39:57.539 873 1318 I Lyric : acquired contexts
12-10 17:39:57.539 873 1318 I Lyric : context: 0xb4000073a1c63758 power-up-only
12-10 17:39:57.539 873 1318 I Lyric : context: 0xb4000073a1c63c38
12-10 17:39:57.539 873 1318 I Lyric : context: 0xb4000073a1c63dd8
12-10 17:39:57.539 873 1318 I Lyric : context: 0xb4000073a1c63f78
12-10 17:39:57.539 873 1318 I Lyric : context: 0xb4000073a1c64118
12-10 17:39:57.539 873 1318 I Lyric : ivotf slc buffer pointer: &{type: CachePartition, Size: 1310720, FD: 248, PartitionId: 4, Attributes: Transport: DMA, Access: CPU, Security: None, Compression: None}
12-10 17:39:57.539 873 1318 I Lyric : curr rdma slc buffer pointer: &{type: CachePartition, Size: 2097152, FD: 245, PartitionId: 9, Attributes: Transport: DMA, Access: CPU, Security: None, Compression: None}
12-10 17:39:57.539 873 1318 I Lyric : prev rdma slc buffer pointer: &{type: CachePartition, Size: 1048576, FD: 249, PartitionId: 7, Attributes: Transport: DMA, Access: CPU, Security: None, Compression: None}
12-10 17:39:57.539 873 1318 I Lyric : End of WhiGtnrMergeDriver dump
12-10 17:39:57.539 873 1318 I Lyric :
12-10 17:39:57.539 873 1318 I Lyric : dpm_bandwidth_controller_v1.cc:175: dpm: updating bandwidth for device gtnr-merge bandwidth_read: 0 bandwidth_write: 0 bandwidth_peak: 0 bandwidth_rt: 0
12-10 17:39:57.539 873 1318 I Lyric : gtnr_align_driver_context.cc:39: About to flush in ~WhiGtnrAlignDriverContext
12-10 17:39:57.539 873 1318 I Lyric : gtnr_align_driver_context.cc:44: Finished flushing in ~WhiGtnrAlignDriverContext
12-10 17:39:57.539 873 1318 I Lyric : gtnr_merge_driver.cc:823:
12-10 17:39:57.539 873 1318 I Lyric : WhiGtnrMergeDriver dump
12-10 17:39:57.539 873 1318 I Lyric : acquired contexts
12-10 17:39:57.539 873 1318 I Lyric : context: 0xb4000073a1c63758 power-up-only
12-10 17:39:57.539 873 1318 I Lyric : context: 0xb4000073a1c63c38
12-10 17:39:57.539 873 1318 I Lyric : context: 0xb4000073a1c63dd8
12-10 17:39:57.539 873 1318 I Lyric : context: 0xb4000073a1c63f78
12-10 17:39:57.539 873 1318 I Lyric : ivotf slc buffer pointer: &{type: CachePartition, Size: 1310720, FD: 248, PartitionId: 4, Attributes: Transport: DMA, Access: CPU, Security: None, Compression: None}
12-10 17:39:57.539 873 1318 I Lyric : curr rdma slc buffer pointer: &{type: CachePartition, Size: 2097152, FD: 245, PartitionId: 9, Attributes: Transport: DMA, Access: CPU, Security: None, Compression: None}
12-10 17:39:57.539 873 1318 I Lyric : prev rdma slc buffer pointer: &{type: CachePartition, Size: 1048576, FD: 249, PartitionId: 7, Attributes: Transport: DMA, Access: CPU, Security: None, Compression: None}
12-10 17:39:57.539 873 1318 I Lyric : End of WhiGtnrMergeDriver dump
12-10 17:39:57.539 873 1318 I Lyric :
12-10 17:39:57.539 873 1318 I Lyric : gtnr_merge_driver.cc:823:
12-10 17:39:57.539 873 1318 I Lyric : WhiGtnrMergeDriver dump
12-10 17:39:57.539 873 1318 I Lyric : acquired contexts
12-10 17:39:57.539 873 1318 I Lyric : context: 0xb4000073a1c63758 power-up-only
12-10 17:39:57.539 873 1318 I Lyric : context: 0xb4000073a1c63c38
12-10 17:39:57.539 873 1318 I Lyric : context: 0xb4000073a1c63dd8
12-10 17:39:57.539 873 1318 I Lyric : ivotf slc buffer pointer: &{type: CachePartition, Size: 1310720, FD: 248, PartitionId: 4, Attributes: Transport: DMA, Access: CPU, Security: None, Compression: None}
12-10 17:39:57.539 873 1318 I Lyric : curr rdma slc buffer pointer: &{type: CachePartition, Size: 2097152, FD: 245, PartitionId: 9, Attributes: Transport: DMA, Access: CPU, Security: None, Compression: None}
12-10 17:39:57.539 873 1318 I Lyric : prev rdma slc buffer pointer: &{type: CachePartition, Size: 1048576, FD: 249, PartitionId: 7, Attributes: Transport: DMA, Access: CPU, Security: None, Compression: None}
12-10 17:39:57.539 873 1318 I Lyric : End of WhiGtnrMergeDriver dump
12-10 17:39:57.539 873 1318 I Lyric :
12-10 17:39:57.539 873 1318 I Lyric : gtnr_align_driver_context.cc:39: About to flush in ~WhiGtnrAlignDriverContext
12-10 17:39:57.539 873 1318 I Lyric : gtnr_align_driver_context.cc:44: Finished flushing in ~WhiGtnrAlignDriverContext
12-10 17:39:57.539 873 1318 I Lyric : dpm_bandwidth_controller_v1.cc:175: dpm: updating bandwidth for device gtnr-align bandwidth_read: 0 bandwidth_write: 0 bandwidth_peak: 0 bandwidth_rt: 0
12-10 17:39:57.539 873 1318 I Lyric : gtnr_merge_driver.cc:823:
12-10 17:39:57.539 873 1318 I Lyric : WhiGtnrMergeDriver dump
12-10 17:39:57.539 873 1318 I Lyric : acquired contexts
12-10 17:39:57.539 873 1318 I Lyric : context: 0xb4000073a1c63758 power-up-only
12-10 17:39:57.539 873 1318 I Lyric : context: 0xb4000073a1c63c38
12-10 17:39:57.539 873 1318 I Lyric : ivotf slc buffer pointer: &{type: CachePartition, Size: 1310720, FD: 248, PartitionId: 4, Attributes: Transport: DMA, Access: CPU, Security: None, Compression: None}
12-10 17:39:57.539 873 1318 I Lyric : curr rdma slc buffer pointer: &{type: CachePartition, Size: 2097152, FD: 245, PartitionId: 9, Attributes: Transport: DMA, Access: CPU, Security: None, Compression: None}
12-10 17:39:57.539 873 1318 I Lyric : prev rdma slc buffer pointer: &{type: CachePartition, Size: 1048576, FD: 249, PartitionId: 7, Attributes: Transport: DMA, Access: CPU, Security: None, Compression: None}
12-10 17:39:57.539 873 1318 I Lyric : End of WhiGtnrMergeDriver dump
12-10 17:39:57.539 873 1318 I Lyric :
12-10 17:39:57.539 873 1318 I Lyric : gtnr_merge_driver.cc:823:
12-10 17:39:57.539 873 1318 I Lyric : WhiGtnrMergeDriver dump
12-10 17:39:57.539 873 1318 I Lyric : acquired contexts
12-10 17:39:57.539 873 1318 I Lyric : context: 0xb4000073a1c63758 power-up-only
12-10 17:39:57.539 873 1318 I Lyric : ivotf slc buffer pointer: &{type: CachePartition, Size: 1310720, FD: 248, PartitionId: 4, Attributes: Transport: DMA, Access: CPU, Security: None, Compression: None}
12-10 17:39:57.539 873 1318 I Lyric : curr rdma slc buffer pointer: &{type: CachePartition, Size: 2097152, FD: 245, PartitionId: 9, Attributes: Transport: DMA, Access: CPU, Security: None, Compression: None}
12-10 17:39:57.539 873 1318 I Lyric : prev rdma slc buffer pointer: &{type: CachePartition, Size: 1048576, FD: 249, PartitionId: 7, Attributes: Transport: DMA, Access: CPU, Security: None, Compression: None}
12-10 17:39:57.539 873 1318 I Lyric : End of WhiGtnrMergeDriver dump
12-10 17:39:57.539 873 1318 I Lyric :
12-10 17:39:57.540 873 1319 I Lyric : front_end_controller.cc:2037: dpm: frontend context (all sub-drivers) 2 power mode changed to standy mode
12-10 17:39:57.540 873 1319 I Lyric : front_end_controller.cc:2041: dpm: signal done_fence
12-10 17:39:57.540 873 1319 E Lyric : software_fence.cc:40: Resetting unsignaled fence 2
12-10 17:39:57.540 873 1320 I Lyric : front_end_controller.cc:1755: dpm: node type 1 frontend context 4 was already in deactivate mode
12-10 17:39:57.540 873 1320 I Lyric : per_camera_barrier_impl.cc:58: Blocker for FrontEndBlockCam4ToStart released with status: OK without lwis fence.
12-10 17:39:57.540 873 1320 I Lyric : gtnr_align_driver_context.cc:39: About to flush in ~WhiGtnrAlignDriverContext
12-10 17:39:57.540 873 1320 I Lyric : gtnr_align_driver_context.cc:44: Finished flushing in ~WhiGtnrAlignDriverContext
12-10 17:39:57.540 873 1320 I Lyric : gtnr_align_driver.cc:610: Canceling 0 pending transaction(s) in TNR align driver for safe power down.
12-10 17:39:57.541 873 1318 I Lyric : dpm_bandwidth_controller_v1.cc:175: dpm: updating bandwidth for device gdc0 bandwidth_read: 0 bandwidth_write: 0 bandwidth_peak: 0 bandwidth_rt: 0
12-10 17:39:57.541 873 1318 I Lyric : dpm_bandwidth_controller_v1.cc:175: dpm: updating bandwidth for device mcsc bandwidth_read: 0 bandwidth_write: 0 bandwidth_peak: 0 bandwidth_rt: 0
12-10 17:39:57.541 873 1320 I Lyric : lwis_event_thread.cc:119: LwEv:TnrAl RemovedLwisClient(gtnr-align) from event thread
12-10 17:39:57.541 873 6140 I Lyric : lwis_event_thread.cc:290: LwEv:TnrAl event thread is ending . . .
12-10 17:39:57.541 873 6143 I Lyric : common_scaler_driver.cc:736: whi-mcsc: exiting processing thread.
12-10 17:39:57.542 873 1320 I G3ACoordinator: rls_manager.cc:419: RlsManager::Configure(): Clients for mode: 2 is unavailable
12-10 17:39:57.542 873 1320 I G3ACoordinator: af_output_parser_lyric.cc:1416: TOF sensor power configuration -> 2
12-10 17:39:57.545 873 1320 I G3ACoordinator: rls_manager.cc:419: RlsManager::Configure(): Clients for mode: 2 is unavailable
12-10 17:39:57.545 873 1320 I G3ACoordinator: af_output_parser_lyric.cc:1416: TOF sensor power configuration -> 2
12-10 17:39:57.549 873 1318 I Lyric : three_a_request_node.cc:787: cam2_three_a_request: Performance statistics for this session: {process_input_count = 435, dropped_request_count = 0}
12-10 17:39:57.549 873 1320 I Lyric : three_a_request_node.cc:787: cam3_three_a_request: Performance statistics for this session: {process_input_count = 0, dropped_request_count = 0}
12-10 17:39:57.549 873 1318 I Lyric : three_a_request_node.cc:787: cam4_three_a_request: Performance statistics for this session: {process_input_count = 0, dropped_request_count = 0}
12-10 17:39:57.549 873 1318 E G3ACoordinator: coordinator.cc:1406: [9, 3] cannot be found
12-10 17:39:57.549 873 1318 E G3ACoordinator: coordinator.cc:1406: [9, 4] cannot be found
12-10 17:39:57.549 873 1318 E G3ACoordinator: coordinator.cc:1406: [9, 2] cannot be found
12-10 17:39:57.551 873 1320 I Lyric : motion_sensor_controller_proxy.cc:305: MotionSensor context requests resource change to standby.
12-10 17:39:57.551 873 1798 I Lyric : motion_sensor_controller_proxy.cc:402: Start to release all sensor readers.
12-10 17:39:57.552 873 1319 I Lyric : gtnr_merge_driver.cc:823:
12-10 17:39:57.552 873 1319 I Lyric : WhiGtnrMergeDriver dump
12-10 17:39:57.552 873 1319 I Lyric : acquired contexts
12-10 17:39:57.552 873 1319 I Lyric : curr rdma slc buffer pointer: &{type: CachePartition, Size: 2097152, FD: 245, PartitionId: 9, Attributes: Transport: DMA, Access: CPU, Security: None, Compression: None}
12-10 17:39:57.552 873 1319 I Lyric : End of WhiGtnrMergeDriver dump
12-10 17:39:57.552 873 1319 I Lyric :
12-10 17:39:57.552 873 1319 I Lyric : gtnr_merge_driver.cc:839: Canceling 0 pending command(s) in TNR merge driver for safe power down.
12-10 17:39:57.552 873 1319 I Lyric : lwis_event_thread.cc:119: LwEv:TnrMg RemovedLwisClient(gtnr-merge|TnrMg) from event thread
12-10 17:39:57.552 873 6138 I Lyric : lwis_event_thread.cc:290: LwEv:TnrMg event thread is ending . . .
12-10 17:39:57.552 873 1319 I Lyric : gtnr_merge_driver.cc:1325: TNR powering down hardware
12-10 17:39:57.553 873 1319 I Lyric : gtnr_merge_driver.cc:1348: TNR disabling hardware
12-10 17:39:57.553 873 1319 I Lyric : itp_driver.cc:318: ITP powering down and disabling hardware
12-10 17:39:57.554 873 1319 I Lyric : pdp_driver.cc:278: PDP: releasing context 0xb4000073417d17c0
12-10 17:39:57.554 873 1319 I Lyric : csi_context.cc:703: Camera ID(0) CleanupContextLocked() +++
12-10 17:39:57.554 873 1319 I Lyric : csi_context.cc:748: Camera ID(0) dma_to_buffer size: (0)
12-10 17:39:57.554 873 1319 I Lyric : csi_context.cc:811: Camera ID(0) CleanupContextLocked() ---
12-10 17:39:57.554 873 1319 I Lyric : csi_driver.cc:1292: Successfully cleaned up CSI context 0xb400007291761100
12-10 17:39:57.555 873 1319 I Lyric : front_end_controller.cc:1615: ResetActivations: session is now empty. clean activations: context 2
12-10 17:39:57.555 873 1319 I Lyric : csi_context.cc:703: Camera ID(0) CleanupContextLocked() +++
12-10 17:39:57.555 873 1319 I Lyric : csi_context.cc:748: Camera ID(0) dma_to_buffer size: (0)
12-10 17:39:57.555 873 1319 I Lyric : csi_context.cc:811: Camera ID(0) CleanupContextLocked() ---
12-10 17:39:57.555 873 1319 I Lyric : csi_driver.cc:1292: Successfully cleaned up CSI context 0xb400007291766180
12-10 17:39:57.555 873 1319 I Lyric : lwis_event_thread.cc:119: LwEv:Csi RemovedLwisClient(csi) from event thread
12-10 17:39:57.555 873 6121 I Lyric : lwis_event_thread.cc:290: LwEv:Csi event thread is ending . . .
12-10 17:39:57.556 873 1319 I Lyric : pdp_driver.cc:278: PDP: releasing context 0xb4000073417cde70
12-10 17:39:57.556 873 1319 I Lyric : pdp_driver.cc:447: PDP: about to power down
12-10 17:39:57.556 873 1319 I Lyric : pdp_driver.cc:457: PDP: about to stop hardware
12-10 17:39:57.556 873 1319 I Lyric : pdp_driver.cc:460: PDP: finish stopping hardware
12-10 17:39:57.556 873 1319 I Lyric : pdp_driver.cc:1023: PDP: about to SetLwisEventsEnable to 0
12-10 17:39:57.556 873 1319 I Lyric : pdp_driver.cc:1039: PDP: finished SetLwisEventsEnable to 0
12-10 17:39:57.556 873 1319 I Lyric : pdp_driver.cc:468: PDP: about to disable device
12-10 17:39:57.556 873 1319 I Lyric : pdp_driver.cc:472: PDP: device disabled
12-10 17:39:57.556 873 1319 I Lyric : lwis_event_thread.cc:119: LwEv:Pdp RemovedLwisClient(pdp) from event thread
12-10 17:39:57.556 873 6120 I Lyric : lwis_event_thread.cc:290: LwEv:Pdp event thread is ending . . .
12-10 17:39:57.556 873 1319 I Lyric : pdp_driver.cc:489: PDP: finished power down
12-10 17:39:57.556 873 1319 I Lyric : lwis_event_thread.cc:119: LwEv:Ipp RemovedLwisClient(ipp) from event thread
12-10 17:39:57.556 873 6119 I Lyric : lwis_event_thread.cc:290: LwEv:Ipp event thread is ending . . .
12-10 17:39:57.557 873 1319 I Lyric : g3aa_driver.cc:957: ------------------------------------------------------
12-10 17:39:57.557 873 1319 I Lyric : g3aa_driver.cc:958: Releasing context [Power Up]
12-10 17:39:57.557 873 1319 I Lyric : g3aa_driver.cc:962: ------------------------------------------------------
12-10 17:39:57.557 873 1319 I Lyric : g3aa_driver.cc:2008: Number of active HW contexts: 0, power-up-only contexts: 0. Details:
12-10 17:39:57.557 873 1319 I Lyric : lwis_event_thread.cc:119: LwEv:G3aa RemovedLwisClient(g3aa) from event thread
12-10 17:39:57.557 873 6122 I Lyric : lwis_event_thread.cc:290: LwEv:G3aa event thread is ending . . .
12-10 17:39:57.557 873 1319 W Lyric : g3aa_driver.cc:329: DisconnectFromPdp() function is called for Sysreg.
12-10 17:39:57.557 873 1319 W Lyric : g3aa_driver.cc:342: G3AA disconnected from PDP via Sysreg. G3AA will no longer receive data from PDP.
12-10 17:39:57.557 873 1319 I Lyric : g3aa_driver.cc:408: Powering down . . .
12-10 17:39:57.557 873 1319 I Lyric : g3aa_driver.cc:1094: Disabling LWIS events for context 0
12-10 17:39:57.557 873 1319 I Lyric : g3aa_pipeline.cc:2289: [Bayer0] Pipeline received power down notification
12-10 17:39:57.557 873 1319 I Lyric : g3aa_pipeline.cc:435: [Bayer0] There is no repeating SOF-sync transaction to cancel
12-10 17:39:57.557 873 1319 I Lyric : g3aa_pipeline.cc:2289: [PDAF0] Pipeline received power down notification
12-10 17:39:57.557 873 1319 I Lyric : g3aa_pipeline.cc:435: [PDAF0] There is no repeating SOF-sync transaction to cancel
12-10 17:39:57.557 873 1319 I Lyric : g3aa_driver.cc:1094: Disabling LWIS events for context 1
12-10 17:39:57.557 873 1319 I Lyric : g3aa_pipeline.cc:2289: [Bayer1] Pipeline received power down notification
12-10 17:39:57.557 873 1319 I Lyric : g3aa_pipeline.cc:448: [Bayer1] Canceling repeating SOF-sync transaction id 13384: [OK]
12-10 17:39:57.557 873 1319 I Lyric : g3aa_pipeline.cc:2289: [PDAF1] Pipeline received power down notification
12-10 17:39:57.557 873 1319 I Lyric : g3aa_pipeline.cc:448: [PDAF1] Canceling repeating SOF-sync transaction id 13383: [OK]
12-10 17:39:57.557 873 1319 I Lyric : g3aa_driver.cc:1094: Disabling LWIS events for context 2
12-10 17:39:57.557 873 1319 I Lyric : g3aa_pipeline.cc:2289: [Bayer2] Pipeline received power down notification
12-10 17:39:57.557 873 1319 I Lyric : g3aa_pipeline.cc:435: [Bayer2] There is no repeating SOF-sync transaction to cancel
12-10 17:39:57.558 873 1319 I Lyric : front_end_controller.cc:1342: dpm: successfully released powered up driver contexts.
12-10 17:39:57.561 873 1667 I Lyric : camera_device_session_manager_base.cc:919: Successfully stopped graph:top_graph_for_camera_RearMultiFov
12-10 17:39:57.561 873 1667 I Lyric : processing_graph.cc:485: Starting OutputPort production audit...
12-10 17:39:57.562 873 1667 I Lyric : processing_graph.cc:549: OutputPort production audit passed, no anomalies detected :)
12-10 17:39:57.562 873 1667 I Lyric : camera_device_session_manager_base.cc:711: Attempting to destroy graph:top_graph_for_camera_RearMultiFov
12-10 17:39:57.562 873 1798 I Lyric : motion_sensor_controller_proxy.cc:420: Successfully release all sensor readers.
12-10 17:39:57.583 873 1667 I Lyric : dpm_bandwidth_controller_v1.cc:489: Update minimum MIF clock to 0 number of active sensor: 0
12-10 17:39:57.583 873 1667 I Lyric : whi_pro_dpm_bandwidth_controller.cc:98: dpm: required_clock is 0 min_frontend_clock_requirement_: 0 sensor streaming: 0
12-10 17:39:57.592 873 1667 I Lyric : dpm_bandwidth_controller_v1.cc:489: Update minimum MIF clock to 0 number of active sensor: 0
12-10 17:39:57.592 873 1667 I Lyric : whi_pro_dpm_bandwidth_controller.cc:98: dpm: required_clock is 0 min_frontend_clock_requirement_: 0 sensor streaming: 0
12-10 17:39:57.593 873 1667 I Lyric : dpm_bandwidth_controller_v1.cc:489: Update minimum MIF clock to 0 number of active sensor: 0
12-10 17:39:57.593 873 1667 I Lyric : whi_pro_dpm_bandwidth_controller.cc:98: dpm: required_clock is 0 min_frontend_clock_requirement_: 0 sensor streaming: 0
12-10 17:39:57.604 873 1667 I Lyric : camera_device_session_manager_base.cc:723: Successfully destroyed graph:top_graph_for_camera_RearMultiFov
12-10 17:39:57.605 873 1667 I Lyric : camera_device_session_hwl_impl.cc:1018: DestroyPipelines entered, camera_id: 0
12-10 17:39:57.605 873 1667 E Lyric : camera_device_session_hwl_impl.cc:1816: Failed to session_manager->StopProcessingGraph(), FAILED_PRECONDITION: graph not initialized
12-10 17:39:57.605 873 1667 E Lyric : camera_device_session_hwl_impl.cc:1024: WaitAndStopLyricGraphs() failed!, errno: -19
12-10 17:39:57.605 873 1667 E Lyric : camera_device_session_hwl_impl.cc:1035: Remove camera 0 from ActiveCameraDeviceTracker failed!, errno: -22
12-10 17:39:57.606 873 1667 I Lyric : camera_powerhal.cc:191: CancelPowerBoost CAMERA_LAUNCH
12-10 17:39:57.606 873 1667 I Lyric : camera_powerhal.cc:172: SetPowerBoost Trigger CAMERA_LAUNCH for 100ms
12-10 17:39:57.606 873 1667 I Lyric : camera_powerhal.cc:191: CancelPowerBoost CAMERA_BACKEND_BOOST
12-10 17:39:57.606 873 1667 I Lyric : camera_powerhal.cc:191: CancelPowerBoost CAMERA_CAPTURE_CPU_THROTTLE
12-10 17:39:57.606 873 1667 I Lyric : camera_powerhal.cc:191: CancelPowerBoost CAMERA_LAUNCH_EXTENDED
12-10 17:39:57.606 873 1667 I Lyric : camera_powerhal.cc:191: CancelPowerBoost CAMERA_VIDEO_RECORDING
12-10 17:39:57.606 873 1667 I Lyric : camera_powerhal.cc:191: CancelPowerBoost CAMERA_ZOOMING_BOOST
12-10 17:39:57.606 873 1667 I Lyric : camera_powerhal.cc:191: CancelPowerBoost CAMERA_HIGH_PERFORMANCE_BOOST
12-10 17:39:57.606 873 1667 I Lyric : camera_device_session_hwl_impl.cc:434: Destroyed CameraDeviceSessionHwlImpl for camera 0
