12-10 17:46:46.271 1383 1670 D ShortcutService: Getting shortcuts for launcher= com.android.systemuiuser=0 pkg=org.telegram.messenger
12-10 17:46:46.340 1383 2287 D ShortcutService: rescanPackageIfNeeded 0@org.telegram.messenger, forceRescan=false , isNewApp=false
12-10 17:46:46.353 1383 2287 D ShortcutService: rescanPackageIfNeeded 0@org.telegram.messenger, forceRescan=false , isNewApp=false
12-10 17:46:46.369 1383 2287 D ShortcutService: Getting shortcuts for launcher= androiduser=0 pkg=org.telegram.messenger
12-10 17:46:46.369 1383 2287 D ShortcutService: rescanPackageIfNeeded 0@org.telegram.messenger, forceRescan=false , isNewApp=false
12-10 17:46:46.474 1383 1670 D ShortcutService: Getting shortcuts for launcher= com.google.android.asuser=0 pkg=org.telegram.messenger
12-10 17:46:46.474 1383 1990 D ShortcutService: Saving package item org.telegram.messenger to /data/system_ce/0/shortcut_service/packages/org.telegram.messenger.xml
12-10 17:46:46.502 1383 1670 D ShortcutService: Getting shortcuts for launcher= com.google.android.apps.nexuslauncheruser=0 pkg=org.telegram.messenger
12-10 17:46:46.502 1383 1670 D ShortcutService: Getting shortcuts for launcher= com.android.systemuiuser=0 pkg=org.telegram.messenger
12-10 17:46:49.276 1383 2651 D ShortcutService: Getting shortcuts for launcher= com.google.android.asuser=0 pkg=org.telegram.messenger
12-10 17:46:49.278 1383 2164 D ShortcutService: Getting shortcuts for launcher= com.google.android.asuser=0 pkg=org.telegram.messenger
12-10 17:46:52.035 1383 2164 D ShortcutService: rescanPackageIfNeeded 0@org.telegram.messenger, forceRescan=false , isNewApp=false
12-10 17:46:52.059 1383 2164 D ShortcutService: rescanPackageIfNeeded 0@org.telegram.messenger, forceRescan=false , isNewApp=false
12-10 17:46:52.092 1383 2651 D ShortcutService: Getting shortcuts for launcher= androiduser=0 pkg=org.telegram.messenger
12-10 17:46:52.093 1383 2651 D ShortcutService: rescanPackageIfNeeded 0@org.telegram.messenger, forceRescan=false , isNewApp=false
12-10 17:46:52.164 14541 14591 W LocaleConfig: The resource file pointed to by the given resource ID isn't found.
12-10 17:46:52.170 14541 14591 W LocaleConfig: The resource file pointed to by the given resource ID isn't found.
12-10 17:46:52.177 14541 14591 W LocaleConfig: The resource file pointed to by the given resource ID isn't found.
12-10 17:46:52.195 1383 1670 D ShortcutService: Getting shortcuts for launcher= com.google.android.asuser=0 pkg=org.telegram.messenger
12-10 17:46:52.195 1383 1990 D ShortcutService: Saving package item org.telegram.messenger to /data/system_ce/0/shortcut_service/packages/org.telegram.messenger.xml
12-10 17:46:52.207 1383 2651 E NotificationService: Package enqueue rate is 5.156996. Shedding 0|org.telegram.messenger|-1146915410|null|10284. package=org.telegram.messenger
12-10 17:46:52.217 1383 1670 D ShortcutService: Getting shortcuts for launcher= com.google.android.apps.nexuslauncheruser=0 pkg=org.telegram.messenger
12-10 17:46:52.217 1383 1670 D ShortcutService: Getting shortcuts for launcher= com.android.systemuiuser=0 pkg=org.telegram.messenger
12-10 17:46:52.445 1383 2101 D ShortcutService: rescanPackageIfNeeded 0@org.telegram.messenger, forceRescan=false , isNewApp=false
12-10 17:46:52.458 1383 2101 D ShortcutService: rescanPackageIfNeeded 0@org.telegram.messenger, forceRescan=false , isNewApp=false
12-10 17:46:52.473 1383 2101 D ShortcutService: Getting shortcuts for launcher= androiduser=0 pkg=org.telegram.messenger
12-10 17:46:52.473 1383 2287 D ShortcutService: rescanPackageIfNeeded 0@org.telegram.messenger, forceRescan=false , isNewApp=false
12-10 17:46:52.548 14541 14591 W LocaleConfig: The resource file pointed to by the given resource ID isn't found.
12-10 17:46:52.554 14541 14591 W LocaleConfig: The resource file pointed to by the given resource ID isn't found.
12-10 17:46:52.561 14541 14591 W LocaleConfig: The resource file pointed to by the given resource ID isn't found.
12-10 17:46:52.575 1383 1990 D ShortcutService: Saving package item org.telegram.messenger to /data/system_ce/0/shortcut_service/packages/org.telegram.messenger.xml
12-10 17:46:52.575 1383 1670 D ShortcutService: Getting shortcuts for launcher= com.google.android.asuser=0 pkg=org.telegram.messenger
12-10 17:46:52.585 1383 1670 D ShortcutService: Getting shortcuts for launcher= com.google.android.apps.nexuslauncheruser=0 pkg=org.telegram.messenger
12-10 17:46:52.586 1383 1670 D ShortcutService: Getting shortcuts for launcher= com.android.systemuiuser=0 pkg=org.telegram.messenger
12-10 17:46:55.221 1383 2651 D ShortcutService: Getting shortcuts for launcher= com.google.android.asuser=0 pkg=org.telegram.messenger
12-10 17:46:55.223 1383 2651 D ShortcutService: Getting shortcuts for launcher= com.google.android.asuser=0 pkg=org.telegram.messenger
12-10 17:47:00.801 1383 2101 W AppOps : Noting op not finished: uid 10181 pkg com.google.android.gms code 113 startTime of in progress event=1733780781491
12-10 17:47:00.810 1383 2101 W AppOps : Noting op not finished: uid 10181 pkg com.google.android.gms code 79 startTime of in progress event=1733780781621
12-10 17:47:00.817 1383 2651 W AppOps : Noting op not finished: uid 10181 pkg com.google.android.gms code 113 startTime of in progress event=1733780781491
12-10 17:47:01.286 1383 2651 D ShortcutService: rescanPackageIfNeeded 0@org.telegram.messenger, forceRescan=false , isNewApp=false
12-10 17:47:01.312 1383 2651 D ShortcutService: rescanPackageIfNeeded 0@org.telegram.messenger, forceRescan=false , isNewApp=false
12-10 17:47:01.348 1383 2651 D ShortcutService: Getting shortcuts for launcher= androiduser=0 pkg=org.telegram.messenger
12-10 17:47:01.349 1383 2651 D ShortcutService: rescanPackageIfNeeded 0@org.telegram.messenger, forceRescan=false , isNewApp=false
12-10 17:47:01.401 14541 14591 W LocaleConfig: The resource file pointed to by the given resource ID isn't found.
12-10 17:47:01.408 14541 14591 W LocaleConfig: The resource file pointed to by the given resource ID isn't found.
12-10 17:47:01.413 14541 14591 W LocaleConfig: The resource file pointed to by the given resource ID isn't found.
12-10 17:47:01.450 1383 1990 D ShortcutService: Saving package item org.telegram.messenger to /data/system_ce/0/shortcut_service/packages/org.telegram.messenger.xml
12-10 17:47:01.450 1383 1670 D ShortcutService: Getting shortcuts for launcher= com.google.android.asuser=0 pkg=org.telegram.messenger
12-10 17:47:01.456 1383 1670 D ShortcutService: Getting shortcuts for launcher= com.google.android.apps.nexuslauncheruser=0 pkg=org.telegram.messenger
12-10 17:47:01.456 1383 1670 D ShortcutService: Getting shortcuts for launcher= com.android.systemuiuser=0 pkg=org.telegram.messenger
12-10 17:47:01.548 1383 2651 E NotificationService: Package enqueue rate is 6.5788155. Shedding 0|org.telegram.messenger|-1929743623|null|10284. package=org.telegram.messenger
12-10 17:47:01.587 1383 2287 D ShortcutService: rescanPackageIfNeeded 0@org.telegram.messenger, forceRescan=false , isNewApp=false
12-10 17:47:01.607 1383 2287 D ShortcutService: rescanPackageIfNeeded 0@org.telegram.messenger, forceRescan=false , isNewApp=false
12-10 17:47:01.622 1383 2651 D ShortcutService: Getting shortcuts for launcher= androiduser=0 pkg=org.telegram.messenger
12-10 17:47:01.623 1383 2651 D ShortcutService: rescanPackageIfNeeded 0@org.telegram.messenger, forceRescan=false , isNewApp=false
12-10 17:47:01.725 1383 1990 D ShortcutService: Saving package item org.telegram.messenger to /data/system_ce/0/shortcut_service/packages/org.telegram.messenger.xml
12-10 17:47:01.725 1383 1670 D ShortcutService: Getting shortcuts for launcher= com.google.android.asuser=0 pkg=org.telegram.messenger
12-10 17:47:01.725 14541 14591 W LocaleConfig: The resource file pointed to by the given resource ID isn't found.
12-10 17:47:01.730 14541 14591 W LocaleConfig: The resource file pointed to by the given resource ID isn't found.
12-10 17:47:01.733 14541 14591 W LocaleConfig: The resource file pointed to by the given resource ID isn't found.
12-10 17:47:01.738 1383 1670 D ShortcutService: Getting shortcuts for launcher= com.google.android.apps.nexuslauncheruser=0 pkg=org.telegram.messenger
12-10 17:47:01.741 1383 1670 D ShortcutService: Getting shortcuts for launcher= com.android.systemuiuser=0 pkg=org.telegram.messenger
12-10 17:47:04.462 1383 2651 D ShortcutService: Getting shortcuts for launcher= com.google.android.asuser=0 pkg=org.telegram.messenger
12-10 17:47:04.465 1383 2651 D ShortcutService: Getting shortcuts for launcher= com.google.android.asuser=0 pkg=org.telegram.messenger
12-10 17:47:19.402 961 1022 I WifiOptimization: startListenTwtVendorEvent: -3
12-10 17:47:21.637 1383 2164 D ShortcutService: rescanPackageIfNeeded 0@org.telegram.messenger, forceRescan=false , isNewApp=false
12-10 17:47:21.671 1383 2287 D ShortcutService: rescanPackageIfNeeded 0@org.telegram.messenger, forceRescan=false , isNewApp=false
12-10 17:47:21.770 1383 1670 D ShortcutService: Getting shortcuts for launcher= com.google.android.asuser=0 pkg=org.telegram.messenger
12-10 17:47:21.773 1383 1990 D ShortcutService: Saving package item org.telegram.messenger to /data/system_ce/0/shortcut_service/packages/org.telegram.messenger.xml
12-10 17:47:21.793 1383 1670 D ShortcutService: Getting shortcuts for launcher= com.google.android.apps.nexuslauncheruser=0 pkg=org.telegram.messenger
12-10 17:47:21.793 1383 1670 D ShortcutService: Getting shortcuts for launcher= com.android.systemuiuser=0 pkg=org.telegram.messenger
12-10 17:47:21.850 1383 2287 D ShortcutService: Getting shortcuts for launcher= androiduser=0 pkg=org.telegram.messenger
12-10 17:47:21.852 1383 2287 D ShortcutService: rescanPackageIfNeeded 0@org.telegram.messenger, forceRescan=false , isNewApp=false
12-10 17:47:21.954 1383 1990 D ShortcutService: Saving package item org.telegram.messenger to /data/system_ce/0/shortcut_service/packages/org.telegram.messenger.xml
12-10 17:47:21.954 1383 1670 D ShortcutService: Getting shortcuts for launcher= com.google.android.asuser=0 pkg=org.telegram.messenger
12-10 17:47:21.959 14541 14591 W LocaleConfig: The resource file pointed to by the given resource ID isn't found.
12-10 17:47:21.969 1383 1670 D ShortcutService: Getting shortcuts for launcher= com.google.android.apps.nexuslauncheruser=0 pkg=org.telegram.messenger
12-10 17:47:21.970 1383 1670 D ShortcutService: Getting shortcuts for launcher= com.android.systemuiuser=0 pkg=org.telegram.messenger
12-10 17:47:21.974 14541 14591 W LocaleConfig: The resource file pointed to by the given resource ID isn't found.
12-10 17:47:21.981 14541 14591 W LocaleConfig: The resource file pointed to by the given resource ID isn't found.
12-10 17:47:22.652 14541 14591 W LocaleConfig: The resource file pointed to by the given resource ID isn't found.
12-10 17:47:22.657 14541 14591 W LocaleConfig: The resource file pointed to by the given resource ID isn't found.
12-10 17:47:22.660 14541 14591 W LocaleConfig: The resource file pointed to by the given resource ID isn't found.
12-10 17:47:23.343 1383 2287 D ShortcutService: rescanPackageIfNeeded 0@org.telegram.messenger, forceRescan=false , isNewApp=false
12-10 17:47:23.359 1383 2287 D ShortcutService: rescanPackageIfNeeded 0@org.telegram.messenger, forceRescan=false , isNewApp=false
12-10 17:47:23.463 1383 1670 D ShortcutService: Getting shortcuts for launcher= com.google.android.asuser=0 pkg=org.telegram.messenger
12-10 17:47:23.464 1383 1990 D ShortcutService: Saving package item org.telegram.messenger to /data/system_ce/0/shortcut_service/packages/org.telegram.messenger.xml
12-10 17:47:23.488 1383 1670 D ShortcutService: Getting shortcuts for launcher= com.google.android.apps.nexuslauncheruser=0 pkg=org.telegram.messenger
12-10 17:47:23.489 1383 1670 D ShortcutService: Getting shortcuts for launcher= com.android.systemuiuser=0 pkg=org.telegram.messenger
12-10 17:47:23.529 1383 3417 D ShortcutService: Getting shortcuts for launcher= androiduser=0 pkg=org.telegram.messenger
12-10 17:47:23.538 1383 2287 D ShortcutService: rescanPackageIfNeeded 0@org.telegram.messenger, forceRescan=false , isNewApp=false
12-10 17:47:23.567 1383 1872 D ActivityManager: freezing 16312 com.google.android.apps.privacy.wildlife
12-10 17:47:23.640 1383 1670 D ShortcutService: Getting shortcuts for launcher= com.google.android.asuser=0 pkg=org.telegram.messenger
12-10 17:47:23.641 1383 1990 D ShortcutService: Saving package item org.telegram.messenger to /data/system_ce/0/shortcut_service/packages/org.telegram.messenger.xml
12-10 17:47:23.641 1383 1670 D ShortcutService: Getting shortcuts for launcher= com.google.android.apps.nexuslauncheruser=0 pkg=org.telegram.messenger
12-10 17:47:23.642 14541 14591 W LocaleConfig: The resource file pointed to by the given resource ID isn't found.
12-10 17:47:23.650 14541 14591 W LocaleConfig: The resource file pointed to by the given resource ID isn't found.
12-10 17:47:23.651 1383 1670 D ShortcutService: Getting shortcuts for launcher= com.android.systemuiuser=0 pkg=org.telegram.messenger
12-10 17:47:23.657 14541 14591 W LocaleConfig: The resource file pointed to by the given resource ID isn't found.
12-10 17:47:24.354 14541 14591 W LocaleConfig: The resource file pointed to by the given resource ID isn't found.
12-10 17:47:24.358 14541 14591 W LocaleConfig: The resource file pointed to by the given resource ID isn't found.
12-10 17:47:24.361 14541 14591 W LocaleConfig: The resource file pointed to by the given resource ID isn't found.
12-10 17:47:24.797 1383 2101 D ShortcutService: Getting shortcuts for launcher= com.google.android.asuser=0 pkg=org.telegram.messenger
12-10 17:47:24.801 1383 3417 D ShortcutService: Getting shortcuts for launcher= com.google.android.asuser=0 pkg=org.telegram.messenger
12-10 17:47:25.520 1383 2287 D ShortcutService: rescanPackageIfNeeded 0@org.telegram.messenger, forceRescan=false , isNewApp=false
12-10 17:47:25.550 1383 2287 D ShortcutService: rescanPackageIfNeeded 0@org.telegram.messenger, forceRescan=false , isNewApp=false
12-10 17:47:25.570 1383 2164 D ShortcutService: Getting shortcuts for launcher= androiduser=0 pkg=org.telegram.messenger
12-10 17:47:25.570 1383 2164 E NotificationService: Package enqueue rate is 5.600894. Shedding 0|org.telegram.messenger|1049429585|null|10284. package=org.telegram.messenger
12-10 17:47:25.572 1383 2164 D ShortcutService: rescanPackageIfNeeded 0@org.telegram.messenger, forceRescan=false , isNewApp=false
12-10 17:47:25.674 1383 1670 D ShortcutService: Getting shortcuts for launcher= com.google.android.asuser=0 pkg=org.telegram.messenger
12-10 17:47:25.674 1383 1990 D ShortcutService: Saving package item org.telegram.messenger to /data/system_ce/0/shortcut_service/packages/org.telegram.messenger.xml
12-10 17:47:25.700 1383 1671 D ActivityManager: sync unfroze 16312 com.google.android.apps.privacy.wildlife for 3
12-10 17:47:25.703 1383 1670 D ShortcutService: Getting shortcuts for launcher= com.google.android.apps.nexuslauncheruser=0 pkg=org.telegram.messenger
12-10 17:47:25.708 1383 1670 D ShortcutService: Getting shortcuts for launcher= com.android.systemuiuser=0 pkg=org.telegram.messenger
12-10 17:47:25.778 1383 2164 D ShortcutService: rescanPackageIfNeeded 0@org.telegram.messenger, forceRescan=false , isNewApp=false
12-10 17:47:25.787 1383 2164 D ShortcutService: rescanPackageIfNeeded 0@org.telegram.messenger, forceRescan=false , isNewApp=false
12-10 17:47:25.799 1383 2164 D ShortcutService: Getting shortcuts for launcher= androiduser=0 pkg=org.telegram.messenger
12-10 17:47:25.800 1383 2164 D ShortcutService: rescanPackageIfNeeded 0@org.telegram.messenger, forceRescan=false , isNewApp=false
12-10 17:47:25.902 1383 1990 D ShortcutService: Saving package item org.telegram.messenger to /data/system_ce/0/shortcut_service/packages/org.telegram.messenger.xml
12-10 17:47:25.902 1383 1670 D ShortcutService: Getting shortcuts for launcher= com.google.android.asuser=0 pkg=org.telegram.messenger
12-10 17:47:25.918 1383 1670 D ShortcutService: Getting shortcuts for launcher= com.google.android.apps.nexuslauncheruser=0 pkg=org.telegram.messenger
12-10 17:47:25.919 1383 1670 D ShortcutService: Getting shortcuts for launcher= com.android.systemuiuser=0 pkg=org.telegram.messenger
12-10 17:47:28.228 1383 1641 W ActivityTaskManager: callingPackage for (uid=-1, pid=0) has no WPC
12-10 17:47:28.230 1383 1641 W OptProp : Cannot read opt property android.window.PROPERTY_COMPAT_ALLOW_ORIENTATION_OVERRIDE
12-10 17:47:28.230 1383 1641 W OptProp : Cannot read opt property android.window.PROPERTY_COMPAT_ALLOW_RESIZEABLE_ACTIVITY_OVERRIDES
12-10 17:47:28.231 1383 1641 W OptProp : Cannot read opt property android.window.PROPERTY_COMPAT_ALLOW_MIN_ASPECT_RATIO_OVERRIDE
12-10 17:47:28.240 2025 2045 V WindowManagerShell: Transition requested (#313): android.os.BinderProxy@c808340 TransitionRequestInfo { type = OPEN, triggerTask = TaskInfo{userId=0 taskId=232 displayId=0 isRunning=true baseIntent=Intent { act=android.intent.action.MAIN cat=[android.intent.category.HOME] flg=0x10000100 cmp=com.google.android.apps.nexuslauncher/.NexusLauncherActivity } baseActivity=ComponentInfo{com.google.android.apps.nexuslauncher/com.google.android.apps.nexuslauncher.NexusLauncherActivity} topActivity=ComponentInfo{com.google.android.apps.nexuslauncher/com.google.android.apps.nexuslauncher.NexusLauncherActivity} origActivity=null realActivity=ComponentInfo{com.google.android.apps.nexuslauncher/com.google.android.apps.nexuslauncher.NexusLauncherActivity} numActivities=1 lastActiveTime=111695762 supportsMultiWindow=true resizeMode=2 isResizeable=true minWidth=-1 minHeight=-1 defaultMinSize=220 token=WCT{android.window.IWindowContainerToken$Stub$Proxy@e359279} topActivityType=2 pictureInPictureParams=null shouldDockBigOverlays=false launchIntoPipHostTaskId=-1 lastParentTaskIdBeforePip=-1 displayCutoutSafeInsets=null topActivityInfo=ActivityInfo{2066bbe com.google.android.apps.nexuslauncher.NexusLauncherActivity} launchCookies=[] positionInParent=Point(0, 0) parentTaskId=-1 isFocused=true isVisible=false isVisibleRequested=true isSleeping=false locusId=LocusId[17_chars] displayAreaFeatureId=1 isTopActivityTransparent=false appCompatTaskInfo=AppCompatTaskInfo { topActivityInSizeCompat=false topActivityEligibleForLetterboxEducation= falseisLetterboxEducationEnabled= false isLetterboxDoubleTapEnabled= false topActivityEligibleForUserAspectRatioButton= false topActivityBoundsLetterboxed= false isFromLetterboxDoubleTap= false topActivityLetterboxVerticalPosition= -1 topActivityLetterboxHorizontalPosition= -1 topActivityLetterboxWidth=1080 topActivityLetterboxHeight=2400 isUserFullscreenOverrideEnabled=false isSystemFullscreenOverrideEnabled=false cameraCompatTaskInfo=CameraCompatTaskInfo { cameraCompatControlState=hidden freeformCameraCompatMode=inactive}}}, pipTask = null, remoteTransition = null, displayChange = null, flags = 0, debugId = 313 }
12-10 17:47:28.242 1383 1641 I ActivityTaskManager: START u0 {act=android.intent.action.MAIN cat=[android.intent.category.HOME] flg=0x10000100 cmp=com.google.android.apps.nexuslauncher/.NexusLauncherActivity (has extras)} with LAUNCH_SINGLE_TASK from uid 0 (BAL_ALLOW_ALLOWLISTED_UID) result code=2
12-10 17:47:28.244 2025 2045 D WindowManagerShell: onKeepClearAreasChanged: restricted={}, unrestricted={}
12-10 17:47:28.244 2025 2045 D WindowManagerShell: setLauncherKeepClearAreaHeight: visible=true, height=527
12-10 17:47:28.248 2025 2045 D WindowManagerShell: onActivityRestartAttempt: ComponentInfo{com.google.android.apps.nexuslauncher/com.google.android.apps.nexuslauncher.NexusLauncherActivity}
12-10 17:47:28.257 2025 2045 D WindowManagerShell: onKeepClearAreasChanged: restricted={}, unrestricted={Rect(0, 1517 - 1080, 2400)}
12-10 17:47:28.282 2025 2093 V WindowManagerShell: onTransitionReady(transaction=5939939794238)
12-10 17:47:28.282 2025 2045 V WindowManagerShell: onTransitionReady (#313) android.os.BinderProxy@c808340: {id=313 t=OPEN f=0x0 trk=0 r=[0@Point(0, 0)] c=[{WCT{android.window.IWindowContainerToken$Stub$Proxy@3fdb33b} m=TO_FRONT f=SHOW_WALLPAPER|MOVE_TO_TOP leash=Surface(name=Task=1)/@0x483f41f sb=Rect(0, 0 - 1080, 2400) eb=Rect(0, 0 - 1080, 2400) d=0 taskParent=-1},{WCT{android.window.IWindowContainerToken$Stub$Proxy@a437a58} m=TO_BACK f=NONE leash=Surface(name=Task=272)/@0xf8a936c sb=Rect(0, 0 - 1080, 2400) eb=Rect(0, 0 - 1080, 2400) d=0 taskParent=-1},{null m=TO_FRONT f=IS_WALLPAPER leash=Surface(name=WallpaperWindowToken{f26e75a token=android.os.Binder@93a8b05})/@0x873dd35 sb=Rect(0, 0 - 1080, 2400) eb=Rect(0, 0 - 1080, 2400) d=0}]}
12-10 17:47:28.282 2025 2045 V WindowManagerShell: Playing animation for (#313) android.os.BinderProxy@c808340@0
12-10 17:47:28.282 2025 2045 V WindowManagerShell: try handler com.android.wm.shell.transition.DefaultMixedHandler@dcd770
12-10 17:47:28.283 2025 2045 V WindowManagerShell: try handler com.android.wm.shell.keyguard.KeyguardTransitionHandler@84c0ae9
12-10 17:47:28.283 2025 2045 V WindowManagerShell: try handler com.android.wm.shell.pip.PipTransition@7aea39a
12-10 17:47:28.283 2025 2045 V WindowManagerShell: try handler com.android.wm.shell.activityembedding.ActivityEmbeddingController@e50c4cb
12-10 17:47:28.283 2025 2045 V WindowManagerShell: try handler com.android.wm.shell.recents.RecentsTransitionHandler@45bd4a8
12-10 17:47:28.283 2025 2045 V ShellRecents: RecentsTransitionHandler.startAnimation: no controller found
12-10 17:47:28.283 2025 2045 V WindowManagerShell: try handler com.android.wm.shell.splitscreen.StageCoordinator@7d4ebc1
12-10 17:47:28.283 2025 2045 V WindowManagerShell: try handler com.android.wm.shell.transition.RemoteTransitionHandler@dc35f66
12-10 17:47:28.283 2025 2045 V WindowManagerShell: Transition doesn't have explicit remote, search filters for match for {id=313 t=OPEN f=0x0 trk=0 r=[0@Point(0, 0)] c=[{WCT{android.window.IWindowContainerToken$Stub$Proxy@3fdb33b} m=TO_FRONT f=SHOW_WALLPAPER|MOVE_TO_TOP leash=Surface(name=Task=1)/@0x483f41f sb=Rect(0, 0 - 1080, 2400) eb=Rect(0, 0 - 1080, 2400) d=0 taskParent=-1},{WCT{android.window.IWindowContainerToken$Stub$Proxy@a437a58} m=TO_BACK f=NONE leash=Surface(name=Task=272)/@0xf8a936c sb=Rect(0, 0 - 1080, 2400) eb=Rect(0, 0 - 1080, 2400) d=0 taskParent=-1},{null m=TO_FRONT f=IS_WALLPAPER leash=Surface(name=WallpaperWindowToken{f26e75a token=android.os.Binder@93a8b05})/@0x873dd35 sb=Rect(0, 0 - 1080, 2400) eb=Rect(0, 0 - 1080, 2400) d=0}]}
12-10 17:47:28.283 2025 2045 V WindowManagerShell: Checking filter Pair{{types=[] flags=0x0] notFlags=0x0 checks=[{atype=undefined independent=true modes=[OPEN,TO_FRONT] flags=IN_TASK_WITH_EMBEDDED_ACTIVITY mustBeTask=false order=ANY topActivity=ComponentInfo{com.google.android.apps.nexuslauncher/com.google.android.apps.nexuslauncher.NexusLauncherActivity} launchCookie=null},{atype=undefined independent=true modes=[CLOSE,TO_BACK] flags=IN_TASK_WITH_EMBEDDED_ACTIVITY mustBeTask=false order=ANY topActivity=null launchCookie=null}]} RemoteTransition { remoteTransition = android.window.IRemoteTransition$Stub$Proxy@9bf8cc4, appThread = android.app.IApplicationThread$Stub$Proxy@70ad7ad, debugName = OverlaySwipeBack }}
12-10 17:47:28.283 2025 2045 V WindowManagerShell: Checking filter Pair{{types=[] flags=0x0] notFlags=0x0 checks=[{atype=dream independent=true modes=[OPEN,TO_FRONT] flags=NONE mustBeTask=false order=ANY topActivity=null launchCookie=null},{atype=home independent=true modes=[CLOSE,TO_BACK] flags=NONE mustBeTask=false order=ANY topActivity=null launchCookie=null}]} RemoteTransition { remoteTransition = android.window.IRemoteTransition$Stub$Proxy@a22bae2, appThread = android.app.IApplicationThread$Stub$Proxy@2869e73, debugName = LauncherToDream }}
12-10 17:47:28.283 2025 2045 V WindowManagerShell: Checking filter Pair{{types=[] flags=0x0] notFlags=0x100 checks=[{atype=home independent=true modes=[OPEN,TO_FRONT] flags=NONE mustBeTask=false order=TOP topActivity=ComponentInfo{com.google.android.apps.nexuslauncher/com.google.android.apps.nexuslauncher.NexusLauncherActivity} launchCookie=null},{atype=standard independent=true modes=[CLOSE,TO_BACK] flags=NONE mustBeTask=false order=ANY topActivity=null launchCookie=null}]} RemoteTransition { remoteTransition = android.window.IRemoteTransition$Stub$Proxy@78ab130, appThread = android.app.IApplicationThread$Stub$Proxy@32a41a9, debugName = QuickstepLaunchHome }}
12-10 17:47:28.283 2025 2045 D RemoteTransitionHandler: Found filterPair{{types=[] flags=0x0] notFlags=0x100 checks=[{atype=home independent=true modes=[OPEN,TO_FRONT] flags=NONE mustBeTask=false order=TOP topActivity=ComponentInfo{com.google.android.apps.nexuslauncher/com.google.android.apps.nexuslauncher.NexusLauncherActivity} launchCookie=null},{atype=standard independent=true modes=[CLOSE,TO_BACK] flags=NONE mustBeTask=false order=ANY topActivity=null launchCookie=null}]} RemoteTransition { remoteTransition = android.window.IRemoteTransition$Stub$Proxy@78ab130, appThread = android.app.IApplicationThread$Stub$Proxy@32a41a9, debugName = QuickstepLaunchHome }}
12-10 17:47:28.283 2025 2045 V WindowManagerShell: Delegate animation for (#313) to RemoteTransition { remoteTransition = android.window.IRemoteTransition$Stub$Proxy@78ab130, appThread = android.app.IApplicationThread$Stub$Proxy@32a41a9, debugName = QuickstepLaunchHome }
12-10 17:47:28.285 1383 3506 W UserManagerService: Requested status bar icon for non-badged user 0
12-10 17:47:28.285 2025 2045 V WindowManagerShell: animated by com.android.wm.shell.transition.RemoteTransitionHandler@dc35f66
12-10 17:47:28.286 1383 1640 V WindowManager: Sent Transition (#313) createdAt=12-10 17:47:28.232 via request=TransitionRequestInfo { type = OPEN, triggerTask = TaskInfo{userId=0 taskId=232 displayId=0 isRunning=true baseIntent=Intent { act=android.intent.action.MAIN cat=[android.intent.category.HOME] flg=0x10000100 cmp=com.google.android.apps.nexuslauncher/.NexusLauncherActivity } baseActivity=ComponentInfo{com.google.android.apps.nexuslauncher/com.google.android.apps.nexuslauncher.NexusLauncherActivity} topActivity=ComponentInfo{com.google.android.apps.nexuslauncher/com.google.android.apps.nexuslauncher.NexusLauncherActivity} origActivity=null realActivity=ComponentInfo{com.google.android.apps.nexuslauncher/com.google.android.apps.nexuslauncher.NexusLauncherActivity} numActivities=1 lastActiveTime=111695762 supportsMultiWindow=true resizeMode=2 isResizeable=true minWidth=-1 minHeight=-1 defaultMinSize=220 token=WCT{RemoteToken{d1aa235 Task{303cc90 #232 type=home I=com.google.android.apps.nexuslauncher/.NexusLauncherActivity}}} topActivityType=2 pictureInPictureParams=null shouldDockBigOverlays=false launchIntoPipHostTaskId=-1 lastParentTaskIdBeforePip=-1 displayCutoutSafeInsets=null topActivityInfo=ActivityInfo{9783352 com.google.android.apps.nexuslauncher.NexusLauncherActivity} launchCookies=[] positionInParent=Point(0, 0) parentTaskId=-1 isFocused=true isVisible=false isVisibleRequested=true isSleeping=false locusId=LocusId[17_chars] displayAreaFeatureId=1 isTopActivityTransparent=false appCompatTaskInfo=AppCompatTaskInfo { topActivityInSizeCompat=false topActivityEligibleForLetterboxEducation= falseisLetterboxEducationEnabled= false isLetterboxDoubleTapEnabled= false topActivityEligibleForUserAspectRatioButton= false topActivityBoundsLetterboxed= false isFromLetterboxDoubleTap= false topActivityLetterboxVerticalPosition= -1 topActivityLetterboxHorizontalPosition= -1 topActivityLetterboxWidth=1080 topActivityLetterboxHeight=2400 isUserFullscreenOverrideEnabled=false isSystemFullscreenOverrideEnabled=false cameraCompatTaskInfo=CameraCompatTaskInfo { cameraCompatControlState=hidden freeformCameraCompatMode=inactive}}}, pipTask = null, remoteTransition = null, displayChange = null, flags = 0, debugId = 313 }
12-10 17:47:28.286 1383 1640 V WindowManager: startWCT=WindowContainerTransaction { changes = {} hops = [] errorCallbackToken=null taskFragmentOrganizer=null }
12-10 17:47:28.286 1383 1640 V WindowManager: info={id=313 t=OPEN f=0x0 trk=0 r=[0@Point(0, 0)] c=[
12-10 17:47:28.286 1383 1640 V WindowManager: {WCT{RemoteToken{f35cda Task{cabc84d #1 type=home}}} m=TO_FRONT f=SHOW_WALLPAPER|MOVE_TO_TOP leash=Surface(name=Task=1)/@0x4ed8623 sb=Rect(0, 0 - 1080, 2400) eb=Rect(0, 0 - 1080, 2400) d=0 taskParent=-1},
12-10 17:47:28.286 1383 1640 V WindowManager: {WCT{RemoteToken{bf9cf03 Task{d0be150 #272 type=standard A=10284:org.telegram.messenger}}} m=TO_BACK f=NONE leash=Surface(name=Task=272)/@0x1b2d1bd sb=Rect(0, 0 - 1080, 2400) eb=Rect(0, 0 - 1080, 2400) d=0 taskParent=-1},
12-10 17:47:28.286 1383 1640 V WindowManager: {null m=TO_FRONT f=IS_WALLPAPER leash=Surface(name=WallpaperWindowToken{f26e75a token=android.os.Binder@93a8b05})/@0x35eabdd sb=Rect(0, 0 - 1080, 2400) eb=Rect(0, 0 - 1080, 2400) d=0}
12-10 17:47:28.286 1383 1640 V WindowManager: ]}
12-10 17:47:28.320 1383 1640 D HintManagerService: Sent cleanup message for uid 10198
12-10 17:47:28.327 1383 2287 W PackageConfigPersister: App-specific configuration not found for packageName: com.google.android.apps.nexuslauncher and userId: 0
12-10 17:47:28.333 2025 2045 D WindowManagerShell: onKeepClearAreasChanged: restricted={}, unrestricted={}
12-10 17:47:28.708 1383 2101 D ShortcutService: Getting shortcuts for launcher= com.google.android.asuser=0 pkg=org.telegram.messenger
12-10 17:47:28.710 1383 3506 D ShortcutService: Getting shortcuts for launcher= com.google.android.asuser=0 pkg=org.telegram.messenger
12-10 17:47:28.895 2025 2045 V WindowManagerShell: Transition animation finished (aborted=false), notifying core (#313) android.os.BinderProxy@c808340@0
12-10 17:47:28.897 1383 1640 V WindowManager: Finish Transition (#313): created at
12-10 17:47:28.232 collect-started=0.083ms request-sent=7.153ms started=11.686ms ready=34.723ms sent=42.915ms finished=664.406ms
12-10 17:47:28.899 2025 2045 V WindowManagerShell: Track 0 became idle
12-10 17:47:28.899 2025 2045 V WindowManagerShell: All active transition animations finished
12-10 17:47:28.900 1383 2101 W UserManagerService: Requested status bar icon for non-badged user 0
12-10 17:47:28.901 1383 2101 W UserManagerService: Requested status bar icon for non-badged user 0
12-10 17:47:28.903 1383 1640 D HintManagerService: Sent cleanup message for uid 10284
12-10 17:47:29.327 1383 1874 D HintManagerService: Starts cleaning for 10198
12-10 17:47:29.440 1383 3417 W OptProp : Cannot read opt property android.window.PROPERTY_COMPAT_ALLOW_ORIENTATION_OVERRIDE
12-10 17:47:29.441 1383 3417 W OptProp : Cannot read opt property android.window.PROPERTY_COMPAT_ALLOW_RESIZEABLE_ACTIVITY_OVERRIDES
12-10 17:47:29.441 1383 3417 W OptProp : Cannot read opt property android.window.PROPERTY_COMPAT_ALLOW_MIN_ASPECT_RATIO_OVERRIDE
12-10 17:47:29.451 2025 2045 V WindowManagerShell: Transition requested (#314): android.os.BinderProxy@ca1e404 TransitionRequestInfo { type = OPEN, triggerTask = TaskInfo{userId=0 taskId=261 displayId=0 isRunning=true baseIntent=Intent { act=android.intent.action.MAIN cat=[android.intent.category.LAUNCHER] flg=0x34000000 pkg=im.status.ethereum cmp=im.status.ethereum/.MainActivity } baseActivity=ComponentInfo{im.status.ethereum/im.status.ethereum.MainActivity} topActivity=ComponentInfo{im.status.ethereum/im.status.ethereum.MainActivity} origActivity=null realActivity=ComponentInfo{im.status.ethereum/im.status.ethereum.MainActivity} numActivities=1 lastActiveTime=111564364 supportsMultiWindow=false resizeMode=0 isResizeable=false minWidth=-1 minHeight=-1 defaultMinSize=220 token=WCT{android.window.IWindowContainerToken$Stub$Proxy@37f7ded} topActivityType=1 pictureInPictureParams=null shouldDockBigOverlays=false launchIntoPipHostTaskId=-1 lastParentTaskIdBeforePip=-1 displayCutoutSafeInsets=Rect(0, 118 - 0, 0) topActivityInfo=ActivityInfo{7f50422 im.status.ethereum.MainActivity} launchCookies=[android.os.BinderProxy@ee14eb3] positionInParent=Point(0, 0) parentTaskId=-1 isFocused=false isVisible=false isVisibleRequested=false isSleeping=false locusId=null displayAreaFeatureId=1 isTopActivityTransparent=false appCompatTaskInfo=AppCompatTaskInfo { topActivityInSizeCompat=false topActivityEligibleForLetterboxEducation= falseisLetterboxEducationEnabled= false isLetterboxDoubleTapEnabled= false topActivityEligibleForUserAspectRatioButton= false topActivityBoundsLetterboxed= false isFromLetterboxDoubleTap= false topActivityLetterboxVerticalPosition= -1 topActivityLetterboxHorizontalPosition= -1 topActivityLetterboxWidth=1080 topActivityLetterboxHeight=2400 isUserFullscreenOverrideEnabled=false isSystemFullscreenOverrideEnabled=false cameraCompatTaskInfo=CameraCompatTaskInfo { cameraCompatControlState=hidden freeformCameraCompatMode=inactive}}}, pipTask = null, remoteTransition = RemoteTransition { remoteTransition = android.window.IRemoteTransition$Stub$Proxy@d5b3c70, appThread = android.app.IApplicationThread$Stub$Proxy@ae30be9, debugName = QuickstepLaunch }, displayChange = null, flags = 0, debugId = 314 }
12-10 17:47:29.451 2025 2045 V WindowManagerShell: RemoteTransition directly requested for (#314) android.os.BinderProxy@ca1e404: RemoteTransition { remoteTransition = android.window.IRemoteTransition$Stub$Proxy@d5b3c70, appThread = android.app.IApplicationThread$Stub$Proxy@ae30be9, debugName = QuickstepLaunch }
12-10 17:47:29.451 1383 3417 I ActivityTaskManager: START u0 {act=android.intent.action.MAIN cat=[android.intent.category.LAUNCHER] flg=0x10200000 cmp=im.status.ethereum/.MainActivity bnds=[561,213][766,486]} with LAUNCH_SINGLE_TASK from uid 10227 (BAL_ALLOW_VISIBLE_WINDOW) result code=2
12-10 17:47:29.455 2025 2045 D WindowManagerShell: onActivityRestartAttempt: ComponentInfo{im.status.ethereum/im.status.ethereum.MainActivity}
12-10 17:47:29.456 2025 2045 D WindowManagerShell: setLauncherKeepClearAreaHeight: visible=false, height=527
12-10 17:47:29.474 1383 1640 V WindowManager: Sent Transition (#314) createdAt=12-10 17:47:29.442 via request=TransitionRequestInfo { type = OPEN, triggerTask = TaskInfo{userId=0 taskId=261 displayId=0 isRunning=true baseIntent=Intent { act=android.intent.action.MAIN cat=[android.intent.category.LAUNCHER] flg=0x34000000 pkg=im.status.ethereum cmp=im.status.ethereum/.MainActivity } baseActivity=ComponentInfo{im.status.ethereum/im.status.ethereum.MainActivity} topActivity=ComponentInfo{im.status.ethereum/im.status.ethereum.MainActivity} origActivity=null realActivity=ComponentInfo{im.status.ethereum/im.status.ethereum.MainActivity} numActivities=1 lastActiveTime=111564364 supportsMultiWindow=false resizeMode=0 isResizeable=false minWidth=-1 minHeight=-1 defaultMinSize=220 token=WCT{RemoteToken{e7e52e4 Task{1954008 #261 type=standard A=10357:im.status.ethereum}}} topActivityType=1 pictureInPictureParams=null shouldDockBigOverlays=false launchIntoPipHostTaskId=-1 lastParentTaskIdBeforePip=-1 displayCutoutSafeInsets=Rect(0, 118 - 0, 0) topActivityInfo=ActivityInfo{4883313 im.status.ethereum.MainActivity} launchCookies=[android.os.BinderProxy@41fa332] positionInParent=Point(0, 0) parentTaskId=-1 isFocused=false isVisible=false isVisibleRequested=false isSleeping=false locusId=null displayAreaFeatureId=1 isTopActivityTransparent=false appCompatTaskInfo=AppCompatTaskInfo { topActivityInSizeCompat=false topActivityEligibleForLetterboxEducation= falseisLetterboxEducationEnabled= false isLetterboxDoubleTapEnabled= false topActivityEligibleForUserAspectRatioButton= false topActivityBoundsLetterboxed= false isFromLetterboxDoubleTap= false topActivityLetterboxVerticalPosition= -1 topActivityLetterboxHorizontalPosition= -1 topActivityLetterboxWidth=1080 topActivityLetterboxHeight=2400 isUserFullscreenOverrideEnabled=false isSystemFullscreenOverrideEnabled=false cameraCompatTaskInfo=CameraCompatTaskInfo { cameraCompatControlState=hidden freeformCameraCompatMode=inactive}}}, pipTask = null, remoteTransition = RemoteTransition { remoteTransition = android.window.IRemoteTransition$Stub$Proxy@fdde883, appThread = android.app.IApplicationThread$Stub$Proxy@6a61a00, debugName = QuickstepLaunch }, displayChange = null, flags = 0, debugId = 314 }
12-10 17:47:29.474 1383 1640 V WindowManager: startWCT=WindowContainerTransaction { changes = {} hops = [] errorCallbackToken=null taskFragmentOrganizer=null }
12-10 17:47:29.474 1383 1640 V WindowManager: info={id=314 t=OPEN f=0x0 trk=0 r=[0@Point(0, 0)] c=[
12-10 17:47:29.474 1383 1640 V WindowManager: {WCT{RemoteToken{e7e52e4 Task{1954008 #261 type=standard A=10357:im.status.ethereum}}} m=TO_FRONT f=MOVE_TO_TOP leash=Surface(name=Task=261)/@0x21cbb38 sb=Rect(0, 0 - 1080, 2400) eb=Rect(0, 0 - 1080, 2400) d=0 taskParent=-1},
12-10 17:47:29.474 1383 1640 V WindowManager: {WCT{RemoteToken{f35cda Task{cabc84d #1 type=home}}} m=TO_BACK f=SHOW_WALLPAPER leash=Surface(name=Task=1)/@0x4ed8623 sb=Rect(0, 0 - 1080, 2400) eb=Rect(0, 0 - 1080, 2400) d=0 taskParent=-1}
12-10 17:47:29.474 1383 1640 V WindowManager: ]}
12-10 17:47:29.475 2025 2383 V WindowManagerShell: onTransitionReady(transaction=5939939794283)
12-10 17:47:29.475 2025 2045 V WindowManagerShell: onTransitionReady (#314) android.os.BinderProxy@ca1e404: {id=314 t=OPEN f=0x0 trk=0 r=[0@Point(0, 0)] c=[{WCT{android.window.IWindowContainerToken$Stub$Proxy@31eef46} m=TO_FRONT f=MOVE_TO_TOP leash=Surface(name=Task=261)/@0x93de12b sb=Rect(0, 0 - 1080, 2400) eb=Rect(0, 0 - 1080, 2400) d=0 taskParent=-1},{WCT{android.window.IWindowContainerToken$Stub$Proxy@7376507} m=TO_BACK f=SHOW_WALLPAPER leash=Surface(name=Task=1)/@0xc362988 sb=Rect(0, 0 - 1080, 2400) eb=Rect(0, 0 - 1080, 2400) d=0 taskParent=-1}]}
12-10 17:47:29.475 2025 2045 V WindowManagerShell: Playing animation for (#314) android.os.BinderProxy@ca1e404@0
12-10 17:47:29.475 2025 2045 V WindowManagerShell: try firstHandler com.android.wm.shell.transition.DefaultMixedHandler@dcd770
12-10 17:47:29.475 2025 2045 V WindowManagerShell: Mixed transition for opening an intent with a remote transition and PIP #314
12-10 17:47:29.475 2025 2045 V WindowManagerShell: Delegate animation for (#314) to RemoteTransition { remoteTransition = android.window.IRemoteTransition$Stub$Proxy@d5b3c70, appThread = android.app.IApplicationThread$Stub$Proxy@ae30be9, debugName = QuickstepLaunch }
12-10 17:47:29.476 1383 2164 W UserManagerService: Requested status bar icon for non-badged user 0
12-10 17:47:29.477 2025 2045 V WindowManagerShell: animated by firstHandler
12-10 17:47:29.489 1383 2287 W ActivityManager: Receiver with filter android.content.IntentFilter@c59e4fb already registered for pid 18720, callerPackage is im.status.ethereum
12-10 17:47:29.503 1383 2101 D BiometricService: canAuthenticate: User=0, Caller=0, Authenticators=15
12-10 17:47:29.503 1383 2101 D BiometricService/PreAuthInfo: Package: im.status.ethereum Sensor ID: 1 Modality: 8 Status: 4
12-10 17:47:29.503 1383 2101 D BiometricService/PreAuthInfo: Package: im.status.ethereum Sensor ID: 0 Modality: 2 Status: 1
12-10 17:47:29.503 1383 2101 D BiometricService/PreAuthInfo: getCanAuthenticateInternal Modality: 2 AuthenticatorStatus: 1
12-10 17:47:29.504 1383 2101 D AuthService: canAuthenticate, userId: 0, callingUserId: 0, authenticators: 15, result: 0
12-10 17:47:29.573 1383 2164 W PackageConfigPersister: App-specific configuration not found for packageName: im.status.ethereum and userId: 0
12-10 17:47:29.605 1383 2287 D ShortcutService: rescanPackageIfNeeded 0@org.telegram.messenger, forceRescan=false , isNewApp=false
12-10 17:47:29.638 1383 2287 D ShortcutService: rescanPackageIfNeeded 0@org.telegram.messenger, forceRescan=false , isNewApp=false
12-10 17:47:29.654 1383 3417 D ShortcutService: Getting shortcuts for launcher= androiduser=0 pkg=org.telegram.messenger
12-10 17:47:29.655 1383 3417 D ShortcutService: rescanPackageIfNeeded 0@org.telegram.messenger, forceRescan=false , isNewApp=false
12-10 17:47:29.756 1383 1990 D ShortcutService: Saving package item org.telegram.messenger to /data/system_ce/0/shortcut_service/packages/org.telegram.messenger.xml
12-10 17:47:29.757 1383 1670 D ShortcutService: Getting shortcuts for launcher= com.google.android.asuser=0 pkg=org.telegram.messenger
12-10 17:47:29.763 1383 1670 D ShortcutService: Getting shortcuts for launcher= com.google.android.apps.nexuslauncheruser=0 pkg=org.telegram.messenger
12-10 17:47:29.764 1383 1670 D ShortcutService: Getting shortcuts for launcher= com.android.systemuiuser=0 pkg=org.telegram.messenger
12-10 17:47:29.768 1383 3417 D ShortcutService: rescanPackageIfNeeded 0@org.telegram.messenger, forceRescan=false , isNewApp=false
12-10 17:47:29.787 1383 3417 D ShortcutService: rescanPackageIfNeeded 0@org.telegram.messenger, forceRescan=false , isNewApp=false
12-10 17:47:29.810 1383 3417 D ShortcutService: Getting shortcuts for launcher= androiduser=0 pkg=org.telegram.messenger
12-10 17:47:29.812 1383 2287 D ShortcutService: rescanPackageIfNeeded 0@org.telegram.messenger, forceRescan=false , isNewApp=false
12-10 17:47:29.858 14541 14591 W LocaleConfig: The resource file pointed to by the given resource ID isn't found.
12-10 17:47:29.858 1383 1383 W NotificationHistory: Attempted to add notif for locked/gone/disabled user 0
12-10 17:47:29.865 14541 14591 W LocaleConfig: The resource file pointed to by the given resource ID isn't found.
12-10 17:47:29.870 14541 14591 W LocaleConfig: The resource file pointed to by the given resource ID isn't found.
12-10 17:47:29.906 1383 1874 D HintManagerService: Starts cleaning for 10284
12-10 17:47:29.917 1383 1990 D ShortcutService: Saving package item org.telegram.messenger to /data/system_ce/0/shortcut_service/packages/org.telegram.messenger.xml
12-10 17:47:29.918 1383 1670 D ShortcutService: Getting shortcuts for launcher= com.google.android.asuser=0 pkg=org.telegram.messenger
12-10 17:47:29.934 1383 1670 D ShortcutService: Getting shortcuts for launcher= com.google.android.apps.nexuslauncheruser=0 pkg=org.telegram.messenger
12-10 17:47:29.934 1383 1670 D ShortcutService: Getting shortcuts for launcher= com.android.systemuiuser=0 pkg=org.telegram.messenger
12-10 17:47:30.013 2025 2045 V WindowManagerShell: Transition animation finished (aborted=false), notifying core (#314) android.os.BinderProxy@ca1e404@0
12-10 17:47:30.016 1383 1640 V WindowManager: Finish Transition (#314): created at
12-10 17:47:29.442 collect-started=0.132ms request-sent=7.486ms started=12.94ms ready=20.115ms sent=30.979ms finished=571.741ms
12-10 17:47:30.018 2025 2045 V WindowManagerShell: Track 0 became idle
12-10 17:47:30.018 2025 2045 V WindowManagerShell: All active transition animations finished
12-10 17:47:30.018 1383 3181 W UserManagerService: Requested status bar icon for non-badged user 0
12-10 17:47:30.019 1383 3181 W UserManagerService: Requested status bar icon for non-badged user 0
12-10 17:47:32.771 1383 2164 D ShortcutService: Getting shortcuts for launcher= com.google.android.asuser=0 pkg=org.telegram.messenger
12-10 17:47:32.774 1383 2164 D ShortcutService: Getting shortcuts for launcher= com.google.android.asuser=0 pkg=org.telegram.messenger
12-10 17:47:34.254 1383 2287 D ShortcutService: rescanPackageIfNeeded 0@org.telegram.messenger, forceRescan=false , isNewApp=false
12-10 17:47:34.288 1383 2287 D ShortcutService: rescanPackageIfNeeded 0@org.telegram.messenger, forceRescan=false , isNewApp=false
12-10 17:47:34.307 1383 2164 D ShortcutService: Getting shortcuts for launcher= androiduser=0 pkg=org.telegram.messenger
12-10 17:47:34.308 1383 2164 D ShortcutService: rescanPackageIfNeeded 0@org.telegram.messenger, forceRescan=false , isNewApp=false
12-10 17:47:34.409 1383 1670 D ShortcutService: Getting shortcuts for launcher= com.google.android.asuser=0 pkg=org.telegram.messenger
12-10 17:47:34.410 1383 1990 D ShortcutService: Saving package item org.telegram.messenger to /data/system_ce/0/shortcut_service/packages/org.telegram.messenger.xml
12-10 17:47:34.418 1383 2164 D ShortcutService: rescanPackageIfNeeded 0@org.telegram.messenger, forceRescan=false , isNewApp=false
12-10 17:47:34.420 1383 1670 D ShortcutService: Getting shortcuts for launcher= com.google.android.apps.nexuslauncheruser=0 pkg=org.telegram.messenger
12-10 17:47:34.443 1383 1670 D ShortcutService: Getting shortcuts for launcher= com.android.systemuiuser=0 pkg=org.telegram.messenger
12-10 17:47:34.445 1383 2287 D ShortcutService: rescanPackageIfNeeded 0@org.telegram.messenger, forceRescan=false , isNewApp=false
12-10 17:47:34.480 1383 2287 D ShortcutService: Getting shortcuts for launcher= androiduser=0 pkg=org.telegram.messenger
12-10 17:47:34.482 1383 2287 D ShortcutService: rescanPackageIfNeeded 0@org.telegram.messenger, forceRescan=false , isNewApp=false
12-10 17:47:34.526 1383 2287 E NotificationService: Package enqueue rate is 6.3882923. Shedding 0|org.telegram.messenger|-2094546118|null|10284. package=org.telegram.messenger
12-10 17:47:34.565 14541 14591 W LocaleConfig: The resource file pointed to by the given resource ID isn't found.
12-10 17:47:34.571 14541 14591 W LocaleConfig: The resource file pointed to by the given resource ID isn't found.
12-10 17:47:34.576 14541 14591 W LocaleConfig: The resource file pointed to by the given resource ID isn't found.
12-10 17:47:34.584 1383 1990 D ShortcutService: Saving package item org.telegram.messenger to /data/system_ce/0/shortcut_service/packages/org.telegram.messenger.xml
12-10 17:47:34.585 1383 1670 D ShortcutService: Getting shortcuts for launcher= com.google.android.asuser=0 pkg=org.telegram.messenger
12-10 17:47:34.617 1383 1670 D ShortcutService: Getting shortcuts for launcher= com.google.android.apps.nexuslauncheruser=0 pkg=org.telegram.messenger
12-10 17:47:34.618 1383 1670 D ShortcutService: Getting shortcuts for launcher= com.android.systemuiuser=0 pkg=org.telegram.messenger
12-10 17:47:37.192 1383 2164 D CoreBackPreview: Window{5a1f79c u0 NotificationShade}: Setting back callback OnBackInvokedCallbackInfo{mCallback=android.window.IOnBackInvokedCallback$Stub$Proxy@bd81be8, mPriority=0, mIsAnimationCallback=false}
12-10 17:47:37.227 1383 2164 W NotificationHistory: Attempted to add notif for locked/gone/disabled user 0
12-10 17:47:37.241 1383 3417 D SystemServerTiming: getUserSwitchability-0
12-10 17:47:37.241 1383 3417 D SystemServerTiming: TM.isInCall
12-10 17:47:37.241 1383 2164 D SystemServerTiming: getUserSwitchability-0
12-10 17:47:37.241 1383 2164 D SystemServerTiming: TM.isInCall
12-10 17:47:37.242 1383 3417 D SystemServerTiming: hasUserRestriction-DISALLOW_USER_SWITCH
12-10 17:47:37.242 1383 3417 D SystemServerTiming: getInt-ALLOW_USER_SWITCHING_WHEN_SYSTEM_USER_LOCKED
12-10 17:47:37.242 1383 3417 D SystemServerTiming: isUserUnlocked-USER_SYSTEM
12-10 17:47:37.242 1383 2164 D SystemServerTiming: hasUserRestriction-DISALLOW_USER_SWITCH
12-10 17:47:37.242 1383 2164 D SystemServerTiming: getInt-ALLOW_USER_SWITCHING_WHEN_SYSTEM_USER_LOCKED
12-10 17:47:37.242 1383 2164 D SystemServerTiming: isUserUnlocked-USER_SYSTEM
12-10 17:47:37.293 1383 3417 D ActivityManager: sync unfroze 29146 com.google.android.gms for 6
12-10 17:47:37.422 1383 3417 D ShortcutService: Getting shortcuts for launcher= com.google.android.asuser=0 pkg=org.telegram.messenger
12-10 17:47:37.423 1383 2164 D ShortcutService: Getting shortcuts for launcher= com.google.android.asuser=0 pkg=org.telegram.messenger
12-10 17:47:38.251 1383 1872 D ActivityManager: freezing 12198 android.process.acore
12-10 17:47:39.819 1383 2287 D CoreBackPreview: Window{bfd2bde u0 Запис відео з екрана}: Setting back callback OnBackInvokedCallbackInfo{mCallback=android.window.IOnBackInvokedCallback$Stub$Proxy@20f3978, mPriority=-1, mIsAnimationCallback=false}
12-10 17:47:39.819 1383 2287 D CoreBackPreview: Window{bfd2bde u0 Запис відео з екрана}: Setting back callback OnBackInvokedCallbackInfo{mCallback=android.window.IOnBackInvokedCallback$Stub$Proxy@ece3851, mPriority=0, mIsAnimationCallback=true}
12-10 17:47:39.819 1383 2287 D CoreBackPreview: Window{bfd2bde u0 Запис відео з екрана}: Setting back callback OnBackInvokedCallbackInfo{mCallback=android.window.IOnBackInvokedCallback$Stub$Proxy@29cd8b6, mPriority=0, mIsAnimationCallback=true}
12-10 17:47:41.193 1383 2651 D ActivityManager: sync unfroze 8202 com.google.android.permissioncontroller for 5
12-10 17:47:42.866 1383 2164 D ShortcutService: rescanPackageIfNeeded 0@org.telegram.messenger, forceRescan=false , isNewApp=false
12-10 17:47:42.887 1383 2164 D ShortcutService: rescanPackageIfNeeded 0@org.telegram.messenger, forceRescan=false , isNewApp=false
12-10 17:47:42.917 1383 2287 D ShortcutService: Getting shortcuts for launcher= androiduser=0 pkg=org.telegram.messenger
12-10 17:47:42.919 1383 2287 D ShortcutService: rescanPackageIfNeeded 0@org.telegram.messenger, forceRescan=false , isNewApp=false
12-10 17:47:42.977 14541 14591 W LocaleConfig: The resource file pointed to by the given resource ID isn't found.
12-10 17:47:42.984 14541 14591 W LocaleConfig: The resource file pointed to by the given resource ID isn't found.
12-10 17:47:42.989 14541 14591 W LocaleConfig: The resource file pointed to by the given resource ID isn't found.
12-10 17:47:43.020 1383 1670 D ShortcutService: Getting shortcuts for launcher= com.google.android.asuser=0 pkg=org.telegram.messenger
12-10 17:47:43.020 1383 1670 D ShortcutService: Getting shortcuts for launcher= com.google.android.apps.nexuslauncheruser=0 pkg=org.telegram.messenger
12-10 17:47:43.020 1383 1670 D ShortcutService: Getting shortcuts for launcher= com.android.systemuiuser=0 pkg=org.telegram.messenger
12-10 17:47:43.021 1383 1990 D ShortcutService: Saving package item org.telegram.messenger to /data/system_ce/0/shortcut_service/packages/org.telegram.messenger.xml
12-10 17:47:43.222 1383 1383 W NotificationHistory: Attempted to add notif for locked/gone/disabled user 0
12-10 17:47:43.265 14541 14591 W LocaleConfig: The resource file pointed to by the given resource ID isn't found.
