12-10 17:58:39.824 1383 3631 D ImeInsetsSourceProvider: showImePostLayout cancelled, isScheduledAndReadyToShowIme: false, mImeRequester: Window{d077b75 u0 org.telegram.messenger/org.telegram.messenger.DefaultIcon}, serverVisible: false, frozen: false, mWindowContainer is: non-null, windowState: Window{3ba32e5 u0 InputMethod}, isDrawn: false, mGivenInsetsPending: false, dcTarget: Window{6d158b8 u0 SnapshotStartingWindow for taskId=272}, controlTarget: Window{d077b75 u0 org.telegram.messenger/org.telegram.messenger.DefaultIcon}
12-10 17:58:39.824 1383 3631 D ImeInsetsSourceProvider: controlTarget == DisplayContent.controlTarget: true, hasPendingControls: false, leash is: non-null, isImeLayeringTarget: false, isAboveImeLayeringTarget: false, isImeFallbackTarget: false, isImeInputTarget: true, sameAsImeControlTarget: true
12-10 17:58:39.851 2025 2045 D WindowManagerShell: onKeepClearAreasChanged: restricted={}, unrestricted={Rect(0, 1517 - 1080, 2400)}
12-10 17:58:39.869 1383 3442 W SpeechRecognitionManagerServiceImpl: Number of sessions exceeded for uid: 10165
12-10 17:58:40.180 2025 2045 V WindowManagerShell: Transition animation finished (aborted=false), notifying core (#320) android.os.BinderProxy@31e3215@0
12-10 17:58:40.181 1383 1640 V WindowManager: Finish Transition (#320): created at
12-10 17:58:39.629 collect-started=0.059ms request-sent=3.796ms started=5.096ms ready=20.249ms sent=23.257ms finished=551.5ms
12-10 17:58:40.182 2025 2045 V WindowManagerShell: Track 0 became idle
12-10 17:58:40.182 2025 2045 V WindowManagerShell: All active transition animations finished
12-10 17:58:40.182 1383 3442 W UserManagerService: Requested status bar icon for non-badged user 0
12-10 17:58:40.183 1383 3442 W UserManagerService: Requested status bar icon for non-badged user 0
12-10 17:58:40.323 1383 1874 D HintManagerService: Starts cleaning for 10357
12-10 17:58:41.160 1383 3442 D CoreBackPreview: Window{2aff2e u0 org.telegram.messenger/org.telegram.messenger.DefaultIcon}: Setting back callback OnBackInvokedCallbackInfo{mCallback=android.window.IOnBackInvokedCallback$Stub$Proxy@59c54eb, mPriority=0, mIsAnimationCallback=false}
12-10 17:58:41.831 873 873 I Lyric : camera_powerhal.cc:172: SetPowerBoost Trigger CAMERA_LAUNCH for 1000ms
12-10 17:58:41.832 873 9414 W Lyric : device_context.cc:330: NotifyCaptureSessionOpen: No OisController found for physical camera RearWide. Status: NOT_FOUND: Failed to find controller by type and camera id(RearWide); Controller with ID: optical image stabilization controller for camera: RearWide not present in device_context
12-10 17:58:41.832 873 9414 I G3ACoordinator: coordinator.cc:1448: Coordinator::AeNotifyCaptureSessionOpen called for camera: {position: rear, lens_type: multi_fov, spectrum: visible, instance: real}
12-10 17:58:41.832 873 9414 I G3ACoordinator: coordinator.cc:1425: Coordinator::NotifyCaptureSessionOpen called for camera: {position: rear, lens_type: multi_fov, spectrum: visible, instance: real}
12-10 17:58:41.832 873 9414 I G3ACoordinator: rls_manager.cc:274: RlsManager::TofRegister(): Tof is not supported, no need to register
12-10 17:58:41.832 873 9414 I G3ACoordinator: coordinator.cc:1425: Coordinator::NotifyCaptureSessionOpen called for camera: {position: rear, lens_type: multi_fov, spectrum: visible, instance: real}
12-10 17:58:41.833 873 9414 I G3ACoordinator: rls_manager.cc:274: RlsManager::TofRegister(): Tof is not supported, no need to register
12-10 17:58:41.833 873 9414 I G3ACoordinator: coordinator.cc:1425: Coordinator::NotifyCaptureSessionOpen called for camera: {position: rear, lens_type: multi_fov, spectrum: visible, instance: real}
12-10 17:58:41.833 873 9414 I G3ACoordinator: rls_manager.cc:274: RlsManager::TofRegister(): Tof is not supported, no need to register
12-10 17:58:41.833 873 9414 I G3ACoordinator: coordinator.cc:1425: Coordinator::NotifyCaptureSessionOpen called for camera: {position: rear, lens_type: multi_fov, spectrum: visible, instance: real}
12-10 17:58:41.833 873 9414 I G3ACoordinator: rls_manager.cc:274: RlsManager::TofRegister(): Tof is not supported, no need to register
12-10 17:58:41.833 873 1798 I Lyric : motion_sensor_controller_proxy.cc:354: Start to create all sensor readers.
12-10 17:58:41.833 873 9414 I Lyric : device_context.cc:164: Unable to get RoiTrackingController. Status: NOT_FOUND: Failed to find controller by type; Controller with ID: Roi tracking controller not present in device_context
12-10 17:58:41.833 873 9414 I Lyric : device_context.cc:175: Unable to get SoftwareFocusValueController. Status: NOT_FOUND: Failed to find controller by type; Controller with ID: software focus value controller not present in device_context
12-10 17:58:41.833 873 873 I Lyric : camera_device_session_manager_base.cc:352: CameraDeviceSessionManager for camera id(RearMultiFov) is created.
12-10 17:58:41.833 961 1022 I WifiOptimization: startListenTwtVendorEvent: -3
12-10 17:58:41.833 873 873 I Lyric : camera_device_session_hwl_impl.cc:353: Created CameraDeviceSessionHwlImpl for camera 0
12-10 17:58:41.846 873 1798 I Lyric : direct_channel_motion_sensor_reader.cc:264: Enabled DirectChannelMotionSensorReader, type: gyroscope
12-10 17:58:41.848 873 9426 I Lyric : binder_environment_sensor_reader.cc:57: Enabled BinderEnvironmentSensorReader, type: device_orientation
12-10 17:58:41.848 873 1667 I Lyric : lyric_basic_capture_session.cc:69: LyricBasicCaptureSession supports the stream config
12-10 17:58:41.848 873 1667 I Lyric : camera_device_session_manager_impl.cc:248: ==========Classfied stream for camera 0==========
12-10 17:58:41.848 873 1667 I Lyric : camera_device_session_manager_impl.cc:252: Physical camera id 2 stream id 32768 width 1280 height 720 format: YCBCR_420_888 usage: 2 type Output
12-10 17:58:41.848 873 1667 I Lyric : camera_device_session_manager_impl.cc:252: Physical camera id 2 stream id 32771 width 1920 height 1080 format: BLOB usage: 1 type Output
12-10 17:58:41.848 873 1667 I Lyric : camera_device_session_manager_impl.cc:252: Physical camera id 2 stream id 32774 width 1920 height 1080 format: YCBCR_420_888 usage: 0 type Output
12-10 17:58:41.848 873 1667 I Lyric : camera_device_session_manager_impl.cc:252: Physical camera id 3 stream id 32769 width 1280 height 720 format: YCBCR_420_888 usage: 2 type Output
12-10 17:58:41.848 873 1667 I Lyric : camera_device_session_manager_impl.cc:252: Physical camera id 3 stream id 32772 width 1920 height 1080 format: BLOB usage: 1 type Output
12-10 17:58:41.848 873 1667 I Lyric : camera_device_session_manager_impl.cc:252: Physical camera id 3 stream id 32775 width 1920 height 1080 format: YCBCR_420_888 usage: 0 type Output
12-10 17:58:41.848 873 1667 I Lyric : camera_device_session_manager_impl.cc:252: Physical camera id 4 stream id 32770 width 1280 height 720 format: YCBCR_420_888 usage: 2 type Output
12-10 17:58:41.848 873 1667 I Lyric : camera_device_session_manager_impl.cc:252: Physical camera id 4 stream id 32773 width 1920 height 1080 format: BLOB usage: 1 type Output
12-10 17:58:41.848 873 1667 I Lyric : camera_device_session_manager_impl.cc:252: Physical camera id 4 stream id 32776 width 1920 height 1080 format: YCBCR_420_888 usage: 0 type Output
12-10 17:58:41.848 873 1667 I Lyric : camera_device_session_manager_impl.cc:259: Dump lyric internal stream:
12-10 17:58:41.848 873 1667 I Lyric : internal stream 32775 map to framework stream id 65552 for camera id 3
12-10 17:58:41.848 873 1667 I Lyric : internal stream 32768 map to framework stream id 0 for camera id 2
12-10 17:58:41.848 873 1667 I Lyric : internal stream 32771 map to framework stream id 1 for camera id 2
12-10 17:58:41.848 873 1667 I Lyric : internal stream 32774 map to framework stream id 65552 for camera id 2
12-10 17:58:41.848 873 1667 I Lyric : internal stream 32770 map to framework stream id 0 for camera id 4
12-10 17:58:41.848 873 1667 I Lyric : internal stream 32773 map to framework stream id 1 for camera id 4
12-10 17:58:41.848 873 1667 I Lyric : internal stream 32776 map to framework stream id 65552 for camera id 4
12-10 17:58:41.848 873 1667 I Lyric : internal stream 32772 map to framework stream id 1 for camera id 3
12-10 17:58:41.848 873 1667 I Lyric : internal stream 32769 map to framework stream id 0 for camera id 3
12-10 17:58:41.848 873 1667 I Lyric : camera_powerhal.cc:172: SetPowerBoost Trigger CAMERA_BACKEND_BOOST for 300ms
12-10 17:58:41.849 873 1667 I Lyric : camera_powerhal.cc:247: SetPowerStreamingMode CAMERA_STREAMING_STANDARD mode
12-10 17:58:41.849 873 1667 I Lyric : camera_powerhal.cc:247: SetPowerStreamingMode CAMERA_GPU_STANDARD mode
12-10 17:58:41.849 873 9416 I Lyric : camera_device_session_hwl_impl.cc:881: BuildPipelines entered, camera_id: 0
12-10 17:58:41.849 873 9416 I Lyric : active_camera_device_tracker.cc:51: Adding camera: 0, is_logical_camera: 1, is_front_camera: 0, is_1p_camera_app: 0, active devices: 0, is_tele_camera_participant: 0
12-10 17:58:41.849 873 9416 I Lyric : active_camera_device_tracker.cc:193: No specific graph requested, allowing lyric to select based on stream configuration.
12-10 17:58:41.849 873 9416 I Lyric : camera_device_session_manager_base.cc:553: Attempting to build a processing graph
12-10 17:58:41.849 873 9416 I Lyric : choose_and_make.h:48: Not making GenericGraph due to: FAILED_PRECONDITION: GenericGraph can't support stream configuration with logical camera
12-10 17:58:41.849 873 9416 I Lyric : multicam_node.cc:835: Create Multicam node for logical camera 0, default camera fov Wide, roi transformation type 0, enable metadata validation 0, enable zoom ratio recalculation 0
12-10 17:58:41.849 873 9416 I Lyric : multicam_node.cc:844: Multicam Activation Resolver enabled
12-10 17:58:41.849 873 9416 I Lyric : stream_info_parser.cc:133: Project11 enabled: 0
12-10 17:58:41.849 873 9416 I Lyric : stream_info_parser.cc:342: Camera Rear Preview stream: {type: Streaminfo, stream_id: 32768, camera_id: Rear, format: YCBCR_420_888, width: 1280, height: 720, usage: [HwTexture], stream_type: Output, use_case: Default, data_space: DataSpace(Color)::(Standard: BT709, Transfer: RGB, Range: Full), is_framework_physical_stream: 0, dynamic_range_profile: Standard, intended_for_max_resolution_mode: 0, group_id: -1, is_tunable: 1}
12-10 17:58:41.849 873 9416 W Lyric : stream_info_parser.cc:349: Camera Rear unknown stream: {type: Streaminfo, stream_id: 32774, camera_id: Rear, format: YCBCR_420_888, width: 1920, height: 1080, usage: [], stream_type: Output, use_case: Default, data_space: DataSpace(Custom)::Arbitrary, is_framework_physical_stream: 0, dynamic_range_profile: Standard, intended_for_max_resolution_mode: 0, group_id: -1, is_tunable: 1} does not fall in any known use case
12-10 17:58:41.849 873 9416 I Lyric : generic_power_throttle_controller.cc:633: Video Conferencing Mode: 0
12-10 17:58:41.849 873 9416 I Lyric : generic_power_throttle_controller.cc:636: camera thermal: updated config max fps: 30 min fps: 15 portrait mode? 0 video bokeh mode? 0 camera app 1p? 0 has preview stream only? 0
12-10 17:58:41.849 873 9416 I Lyric : generic_subgraph.cc:1071: The aligner on camera Rear is Hw Tnr Align
12-10 17:58:41.849 873 9416 I Lyric : generic_subgraph.cc:1095: Roshi not supported in Rear
12-10 17:58:41.849 873 9416 I Lyric : stream_info_parser.cc:133: Project11 enabled: 0
12-10 17:58:41.849 873 9416 W Lyric : stream_info_parser.cc:349: Camera RearWide unknown stream: {type: Streaminfo, stream_id: 32775, camera_id: RearWide, format: YCBCR_420_888, width: 1920, height: 1080, usage: [], stream_type: Output, use_case: Default, data_space: DataSpace(Custom)::Arbitrary, is_framework_physical_stream: 0, dynamic_range_profile: Standard, intended_for_max_resolution_mode: 0, group_id: -1, is_tunable: 1} does not fall in any known use case
12-10 17:58:41.849 873 9416 I Lyric : stream_info_parser.cc:342: Camera RearWide Preview stream: {type: Streaminfo, stream_id: 32769, camera_id: RearWide, format: YCBCR_420_888, width: 1280, height: 720, usage: [HwTexture], stream_type: Output, use_case: Default, data_space: DataSpace(Color)::(Standard: BT709, Transfer: RGB, Range: Full), is_framework_physical_stream: 0, dynamic_range_profile: Standard, intended_for_max_resolution_mode: 0, group_id: -1, is_tunable: 1}
12-10 17:58:41.849 873 9416 I Lyric : generic_power_throttle_controller.cc:633: Video Conferencing Mode: 0
12-10 17:58:41.849 873 9416 I Lyric : generic_power_throttle_controller.cc:636: camera thermal: updated config max fps: 30 min fps: 15 portrait mode? 0 video bokeh mode? 0 camera app 1p? 0 has preview stream only? 0
12-10 17:58:41.850 873 9416 I Lyric : generic_subgraph.cc:1071: The aligner on camera RearWide is Hw Tnr Align
12-10 17:58:41.850 873 9416 I Lyric : generic_subgraph.cc:1095: Roshi not supported in RearWide
12-10 17:58:41.850 873 9416 I Lyric : stream_info_parser.cc:133: Project11 enabled: 0
12-10 17:58:41.850 873 9416 W Lyric : stream_info_parser.cc:349: Camera RearVirtual unknown stream: {type: Streaminfo, stream_id: 32776, camera_id: RearVirtual, format: YCBCR_420_888, width: 1920, height: 1080, usage: [], stream_type: Output, use_case: Default, data_space: DataSpace(Custom)::Arbitrary, is_framework_physical_stream: 0, dynamic_range_profile: Standard, intended_for_max_resolution_mode: 0, group_id: -1, is_tunable: 1} does not fall in any known use case
12-10 17:58:41.850 873 9416 I Lyric : stream_info_parser.cc:342: Camera RearVirtual Preview stream: {type: Streaminfo, stream_id: 32770, camera_id: RearVirtual, format: YCBCR_420_888, width: 1280, height: 720, usage: [HwTexture], stream_type: Output, use_case: Default, data_space: DataSpace(Color)::(Standard: BT709, Transfer: RGB, Range: Full), is_framework_physical_stream: 0, dynamic_range_profile: Standard, intended_for_max_resolution_mode: 0, group_id: -1, is_tunable: 1}
12-10 17:58:41.850 873 9416 I Lyric : generic_power_throttle_controller.cc:633: Video Conferencing Mode: 0
12-10 17:58:41.850 873 9416 I Lyric : generic_power_throttle_controller.cc:636: camera thermal: updated config max fps: 30 min fps: 15 portrait mode? 0 video bokeh mode? 0 camera app 1p? 0 has preview stream only? 0
12-10 17:58:41.850 873 9416 I Lyric : generic_subgraph.cc:1071: The aligner on camera RearVirtual is Hw Tnr Align
12-10 17:58:41.850 873 9416 I Lyric : generic_subgraph.cc:1095: Roshi not supported in RearVirtual
12-10 17:58:41.850 873 9419 I G3ACoordinator: actuator_session_config_parser_lyric.cc:123: [FATP] INF 878, MACRO 3574
12-10 17:58:41.850 873 9422 I G3ACoordinator: actuator_session_config_parser_lyric.cc:123: [FATP] INF 878, MACRO 3574
12-10 17:58:41.850 873 9419 I G3ACoordinator: actuator_engine.cc:50: [7, 2] ActuatorEngine_7_2 initialized
12-10 17:58:41.850 873 9422 I G3ACoordinator: actuator_engine.cc:50: [7, 4] ActuatorEngine_7_4 initialized
12-10 17:58:41.850 873 9419 W Lyric : generic_subgraph.cc:1424: camera_id = 2, actuator_name = act-rear-normal; actuator_sensitivity: 0.102374, actuator_max_position_logical: 324
12-10 17:58:41.850 873 9422 W Lyric : generic_subgraph.cc:1424: camera_id = 4, actuator_name = act-rear-normal; actuator_sensitivity: 0.102374, actuator_max_position_logical: 324
12-10 17:58:41.851 873 9424 I Lyric : sensor_generic_driver.cc:4809: OKSOKO ReadSensorId success: 0x787 setting version: 17 setting type: 0
12-10 17:58:41.852 873 9419 I Lyric : sensor_generic_driver.cc:1778: OKSOKO GetModeIndex requirement {size = {width: 1920, height: 1080}, frame_rate_range = [15, 30], request_binning_mode = false, request_pd_stream = false, only_config_logical_cam_stream = true, camera_id = [], require_full_fov = false, is_high_frame_rate = false, crop_margin = 0, is_sibling_camera_participating = true, sub_image_count = 1, is_face_auth = false, is_video_mode = false, is_high_resolution_mode = false, is_roshi_enabled = false, is_specific_aspect_ratio_video = false, require_exact_size = false, force_sensor_mode_index = -1, is_multi_cam_usecase = true, raw_stream_usecase = 0} required aspect ratio 1.77778 pick_transition_mode 1 require exact size 0
12-10 17:58:41.852 873 9419 I Lyric : sensor_generic_driver.cc:1872: OKSOKO GetModeIndex requirement use_binning_mode 0
12-10 17:58:41.852 873 9419 I Lyric : sensor_generic_driver.cc:1879: OKSOKO candidate mode index 0, size = {width: 4624, height: 3472}, pd = 1, frame rate range = [7.5, 30], is faceauth mode 0
12-10 17:58:41.852 873 9440 I Lyric : binder_sensor_vsync_reader.cc:25: Created BinderSensorVsyncReader, cam_vsync_id: 3
12-10 17:58:41.852 873 9419 I Lyric : sensor_generic_driver.cc:1879: OKSOKO candidate mode index 1, size = {width: 4624, height: 2608}, pd = 1, frame rate range = [7.5, 30], is faceauth mode 0
12-10 17:58:41.852 873 9419 I Lyric : sensor_generic_driver.cc:1879: OKSOKO candidate mode index 2, size = {width: 4624, height: 2608}, pd = 1, frame rate range = [7.5, 60.02], is faceauth mode 0
12-10 17:58:41.852 873 9419 I Lyric : sensor_generic_driver.cc:1879: OKSOKO candidate mode index 3, size = {width: 2312, height: 1736}, pd = 1, frame rate range = [15, 60], is faceauth mode 0
12-10 17:58:41.852 873 9419 I Lyric : sensor_generic_driver.cc:1879: OKSOKO candidate mode index 4, size = {width: 2312, height: 1304}, pd = 1, frame rate range = [15, 60], is faceauth mode 0
12-10 17:58:41.852 873 9419 I Lyric : sensor_generic_driver.cc:1879: OKSOKO candidate mode index 5, size = {width: 2312, height: 1304}, pd = 1, frame rate range = [120, 120.11], is faceauth mode 0
12-10 17:58:41.852 873 9419 I Lyric : sensor_generic_driver.cc:1879: OKSOKO candidate mode index 6, size = {width: 2312, height: 1304}, pd = 0, frame rate range = [240, 240.03], is faceauth mode 0
12-10 17:58:41.852 873 9419 I Lyric : sensor_generic_driver.cc:2027: OKSOKO Matching sensor mode found, mode index: 0
12-10 17:58:41.852 873 9419 I Lyric : sensor_generic_driver.cc:2207: OKSOKO Mode size {width: 4624, height: 3472} FPS [7.5, 30] requested FPS [15, 30] MIPI rate 1382.4Msps rss 24.428992ms
12-10 17:58:41.852 873 9419 I Lyric : sensor_generic_driver.cc:2346: dpm: camera OKSOKO, line time: 7.036us, pixel_rate_vt: 1359870000, width: 4624, height: 3472, dual pd size: {width: 4624, height: 868}, sparse pd size: {width: 0, height: 0}, emb height: 2, hblanking: 711, mode.hblanking: 711, vblanking: 1244(8.752784ms), mode.vblanking: 1244(8.752784ms), frame lines: 4736, frame lines for required fps: 4736, line pixels: 9568, FPS: 30, requested FPS: 30, binning factor: {x: 1, y: 1}, analog_gain_range: [1.29, 16], digital_gain_range: [1, 16], mode index = 0, size = {width: 4624, height: 3472}, pd = 1, frame rate range = [7.5, 30]
12-10 17:58:41.852 873 9419 I Lyric : dpm_bandwidth_controller_v1.cc:291: dpm: camera 2, csis_required_clock: 223509825, img_preprocessor_required_clock: 223509825
12-10 17:58:41.852 873 9422 I Lyric : sensor_generic_driver.cc:2086: OKSOKOMode already set, is_virtual: 0
12-10 17:58:41.852 873 9422 I Lyric : sensor_generic_driver.cc:1778: OKSOKORM GetModeIndex requirement {size = {width: 1920, height: 1080}, frame_rate_range = [15, 30], request_binning_mode = false, request_pd_stream = false, only_config_logical_cam_stream = true, camera_id = [], require_full_fov = false, is_high_frame_rate = false, crop_margin = 0, is_sibling_camera_participating = true, sub_image_count = 1, is_face_auth = false, is_video_mode = false, is_high_resolution_mode = false, is_roshi_enabled = false, is_specific_aspect_ratio_video = false, require_exact_size = false, force_sensor_mode_index = -1, is_multi_cam_usecase = true, raw_stream_usecase = 0} required aspect ratio 1.77778 pick_transition_mode 0 require exact size 0
12-10 17:58:41.852 873 9422 I Lyric : sensor_generic_driver.cc:1872: OKSOKORM GetModeIndex requirement use_binning_mode 0
12-10 17:58:41.852 873 9422 I Lyric : sensor_generic_driver.cc:1879: OKSOKORM candidate mode index 0, size = {width: 4624, height: 3472}, pd = 1, frame rate range = [7.5, 30], is faceauth mode 0
12-10 17:58:41.852 873 9422 I Lyric : sensor_generic_driver.cc:2027: OKSOKORM Matching sensor mode found, mode index: 0
12-10 17:58:41.852 873 9422 I Lyric : sensor_generic_driver.cc:2207: OKSOKORM Mode size {width: 4624, height: 3472} FPS [7.5, 30] requested FPS [15, 30] MIPI rate 1867.78Msps rss 19.614196ms
12-10 17:58:41.852 873 9422 I Lyric : sensor_generic_driver.cc:2346: dpm: camera OKSOKORM, line time: 5.64925us, pixel_rate_vt: 1826820000, width: 4624, height: 3472, dual pd size: {width: 2312, height: 868}, sparse pd size: {width: 0, height: 0}, emb height: 2, hblanking: 1626, mode.hblanking: 1626, vblanking: 2376(13.422618ms), mode.vblanking: 2376(13.422618ms), frame lines: 5900, frame lines for required fps: 5900, line pixels: 10320, FPS: 30, requested FPS: 30, binning factor: {x: 1, y: 1}, analog_gain_range: [1, 16], digital_gain_range: [1, 16], mode index = 0, size = {width: 4624, height: 3472}, pd = 1, frame rate range = [7.5, 30]
12-10 17:58:41.852 873 9422 I Lyric : dpm_bandwidth_controller_v1.cc:291: dpm: camera 4, csis_required_clock: 314906250, img_preprocessor_required_clock: 314906250
12-10 17:58:41.852 873 9419 I Lyric : sensor_node.cc:424: cam2_sensor: CPU affinity setting: Auto
12-10 17:58:41.852 873 9419 I Lyric : sensor_generic_driver.cc:5017: OKSOKO apply qsc calibration data
12-10 17:58:41.852 873 9422 I Lyric : sensor_node.cc:424: cam4_sensor: CPU affinity setting: Auto
12-10 17:58:41.852 873 9419 I Lyric : generic_subgraph.cc:1709: minimum pipeline delay: 3, is_portrait_mode: 0 pipeline delay: 3
12-10 17:58:41.852 873 9422 W Lyric : sensor_generic_driver.cc:5564: OKSOKO QSC data has been set already
12-10 17:58:41.852 873 9419 I Lyric : generic_subgraph.cc:1718: positive_offset_enabled: DISABLED
12-10 17:58:41.852 873 9422 I Lyric : generic_subgraph.cc:1709: minimum pipeline delay: 3, is_portrait_mode: 0 pipeline delay: 3
12-10 17:58:41.852 873 9419 I Lyric : generic_subgraph.cc:1725: hal_touch_roi_tracking_enabled: DISABLED
12-10 17:58:41.852 873 9422 I Lyric : generic_subgraph.cc:1718: positive_offset_enabled: DISABLED
12-10 17:58:41.852 873 9422 I Lyric : generic_subgraph.cc:1725: hal_touch_roi_tracking_enabled: DISABLED
12-10 17:58:41.852 873 9422 I Lyric : generic_subgraph.cc:1819: enable_eis_blur_refinement_mask_data_flow=0 camera=4
12-10 17:58:41.852 873 9419 I Lyric : generic_subgraph.cc:1819: enable_eis_blur_refinement_mask_data_flow=0 camera=2
12-10 17:58:41.852 873 9422 I Lyric : generic_subgraph.cc:1931: Adding segmentation node
12-10 17:58:41.852 873 9419 I Lyric : generic_subgraph.cc:1931: Adding segmentation node
12-10 17:58:41.852 873 9422 I Lyric : segmentation_node.cc:209: using ultralite segmentor
12-10 17:58:41.852 873 9419 I Lyric : segmentation_node.cc:209: using ultralite segmentor
12-10 17:58:41.852 873 9422 I Lyric : segmentation_node.cc:228: cam4_segmentation: CPU affinity setting: Big Core
12-10 17:58:41.852 873 9419 I Lyric : segmentation_node.cc:228: cam2_segmentation: CPU affinity setting: Big Core
12-10 17:58:41.852 873 9419 I Lyric : eaf_node.cc:90: cam2_eaf: stream_id 32768, res 1280x720, pipeline_id 0, is_video_stream false
12-10 17:58:41.852 873 9422 I Lyric : eaf_node.cc:90: cam4_eaf: stream_id 32770, res 1280x720, pipeline_id 0, is_video_stream false
12-10 17:58:41.852 873 9422 I Lyric : whi_like_isp_back_end_core_subgraph.cc:426: Enable TNR nodes in graph
12-10 17:58:41.853 873 9419 I Lyric : whi_like_isp_back_end_core_subgraph.cc:426: Enable TNR nodes in graph
12-10 17:58:41.853 873 9422 I Lyric : whi_like_isp_back_end_core_subgraph.cc:546: TnrMergeNode is configured to output consumer type 2 fmt: HalImageFormat{ pixel_format = YCBCR_420_SPN_S10B, stride_alignment = 16, num_buffers = 1 } for RearVirtual
12-10 17:58:41.853 873 9419 I Lyric : whi_like_isp_back_end_core_subgraph.cc:546: TnrMergeNode is configured to output consumer type 2 fmt: HalImageFormat{ pixel_format = YCBCR_420_SPN_S10B, stride_alignment = 16, num_buffers = 1 } for Rear
12-10 17:58:41.853 873 9422 I Lyric : whi_like_isp_back_end_core_subgraph.cc:848: RawToYuvNode is configured to output consumer type 0 fmt: HalImageFormat{ pixel_format = YCBCR_420_SPN_S10B, stride_alignment = 16, num_buffers = 1 } for RearVirtual
12-10 17:58:41.853 873 9419 I Lyric : whi_like_isp_back_end_core_subgraph.cc:848: RawToYuvNode is configured to output consumer type 0 fmt: HalImageFormat{ pixel_format = YCBCR_420_SPN_S10B, stride_alignment = 16, num_buffers = 1 } for Rear
12-10 17:58:41.853 873 9422 I Lyric : whi_like_isp_back_end_core_subgraph.cc:948: RawToYuvNode for snapshot exceeding video is configured to output consumer type 2 fmt: HalImageFormat{ pixel_format = YCBCR_420_SPN_S10B, stride_alignment = 16, num_buffers = 1 } for RearVirtual
12-10 17:58:41.853 873 9419 I Lyric : whi_like_isp_back_end_core_subgraph.cc:948: RawToYuvNode for snapshot exceeding video is configured to output consumer type 2 fmt: HalImageFormat{ pixel_format = YCBCR_420_SPN_S10B, stride_alignment = 16, num_buffers = 1 } for Rear
12-10 17:58:41.853 873 9422 I Lyric : whi_like_isp_post_proc_subgraph.cc:271: Including MeshWarpNode
12-10 17:58:41.853 873 9422 I Lyric : whi_like_isp_post_proc_subgraph.cc:297: Including mesh warp pipeline for preview
12-10 17:58:41.853 873 9419 I Lyric : whi_like_isp_post_proc_subgraph.cc:271: Including MeshWarpNode
12-10 17:58:41.853 873 9419 I Lyric : whi_like_isp_post_proc_subgraph.cc:297: Including mesh warp pipeline for preview
12-10 17:58:41.853 873 9422 I Lyric : whi_like_isp_post_proc_subgraph.cc:328: Preview mesh warp is configured to output HalImageFormat{ pixel_format = YCBCR_420_SPN_S10B, stride_alignment = 16, num_buffers = 1 }
12-10 17:58:41.853 873 9419 I Lyric : whi_like_isp_post_proc_subgraph.cc:328: Preview mesh warp is configured to output HalImageFormat{ pixel_format = YCBCR_420_SPN_S10B, stride_alignment = 16, num_buffers = 1 }
12-10 17:58:41.853 873 9422 I Lyric : whi_isp_subgraph.cc:845: stream=32770 allocate_internal_buffer=0
12-10 17:58:41.853 873 9419 I Lyric : whi_isp_subgraph.cc:845: stream=32768 allocate_internal_buffer=0
12-10 17:58:41.853 873 9422 I Lyric : camera_device_session_manager_base.cc:1389: Stream 32770 limited to 8 inflight requests
12-10 17:58:41.853 873 9422 I Lyric : camera_device_session_manager_base.cc:1389: Stream 32773 limited to 13 inflight requests
12-10 17:58:41.853 873 9422 I Lyric : camera_device_session_manager_base.cc:1389: Stream 32776 limited to 8 inflight requests
12-10 17:58:41.853 873 9422 I Lyric : camera_device_session_manager_base.cc:1399: RearVirtual frontend limited to 3 inflight requests
12-10 17:58:41.853 873 9422 I Lyric : generic_subgraph.cc:2828: camera_id = 4; is_front_camera = 0; is_1p_camera_app = 0; video_call = 0
12-10 17:58:41.853 873 9419 I Lyric : camera_device_session_manager_base.cc:1389: Stream 32768 limited to 7 inflight requests
12-10 17:58:41.853 873 9419 I Lyric : camera_device_session_manager_base.cc:1389: Stream 32771 limited to 12 inflight requests
12-10 17:58:41.853 873 9419 I Lyric : camera_device_session_manager_base.cc:1389: Stream 32774 limited to 7 inflight requests
12-10 17:58:41.853 873 9419 I Lyric : camera_device_session_manager_base.cc:1399: Rear frontend limited to 3 inflight requests
12-10 17:58:41.853 873 9419 I Lyric : generic_subgraph.cc:2828: camera_id = 2; is_front_camera = 0; is_1p_camera_app = 0; video_call = 0
12-10 17:58:41.853 873 9422 W Lyric : auto_focus_node.cc:616: instance_name = cam4_af failed to get TofController from device_context.
12-10 17:58:41.853 873 9419 W Lyric : auto_focus_node.cc:616: instance_name = cam2_af failed to get TofController from device_context.
12-10 17:58:41.853 873 9422 I Lyric : phase_detection_node.cc:448: cam4_pd: CPU affinity settings for HW solution: Auto; for SW solution: Big Core
12-10 17:58:41.853 873 9419 I Lyric : phase_detection_node.cc:448: cam2_pd: CPU affinity settings for HW solution: Auto; for SW solution: Big Core
12-10 17:58:41.853 873 9422 I Lyric : auto_exposure_node.cc:609: cam4_ae: CPU affinity setting: Medium Core
12-10 17:58:41.853 873 9419 I Lyric : auto_exposure_node.cc:609: cam2_ae: CPU affinity setting: Medium Core
12-10 17:58:41.855 873 9422 I Lyric : face_detection_node.cc:350: Face Detection: FaceDetectionNode: update expected scaled YUV size to 640 x 480
12-10 17:58:41.855 873 9419 I Lyric : face_detection_node.cc:350: Face Detection: FaceDetectionNode: update expected scaled YUV size to 640 x 480
12-10 17:58:41.855 873 1798 I Lyric : direct_channel_motion_sensor_reader.cc:264: Enabled DirectChannelMotionSensorReader, type: gravity
12-10 17:58:41.857 873 9425 I Lyric : sensor_generic_driver.cc:4809: LESHENUW ReadSensorId success: 0x712 setting version: 9 setting type: 0
12-10 17:58:41.858 873 9415 I Lyric : sensor_generic_driver.cc:1778: LESHENUW GetModeIndex requirement {size = {width: 1920, height: 1080}, frame_rate_range = [15, 30], request_binning_mode = false, request_pd_stream = false, only_config_logical_cam_stream = true, camera_id = [], require_full_fov = false, is_high_frame_rate = false, crop_margin = 0, is_sibling_camera_participating = false, sub_image_count = 1, is_face_auth = false, is_video_mode = false, is_high_resolution_mode = false, is_roshi_enabled = false, is_specific_aspect_ratio_video = false, require_exact_size = false, force_sensor_mode_index = -1, is_multi_cam_usecase = true, raw_stream_usecase = 0} required aspect ratio 1.77778 pick_transition_mode 0 require exact size 0
12-10 17:58:41.858 873 9441 I Lyric : binder_sensor_vsync_reader.cc:25: Created BinderSensorVsyncReader, cam_vsync_id: 1
12-10 17:58:41.858 873 9415 I Lyric : sensor_generic_driver.cc:1872: LESHENUW GetModeIndex requirement use_binning_mode 0
12-10 17:58:41.858 873 9415 I Lyric : sensor_generic_driver.cc:1879: LESHENUW candidate mode index 0, size = {width: 4208, height: 3120}, pd = 0, frame rate range = [7.5, 30], is faceauth mode 0
12-10 17:58:41.858 873 9415 I Lyric : sensor_generic_driver.cc:1879: LESHENUW candidate mode index 1, size = {width: 4208, height: 2368}, pd = 0, frame rate range = [7.5, 30], is faceauth mode 0
12-10 17:58:41.858 873 9415 I Lyric : sensor_generic_driver.cc:1879: LESHENUW candidate mode index 2, size = {width: 2104, height: 1560}, pd = 0, frame rate range = [15, 60], is faceauth mode 0
12-10 17:58:41.858 873 9415 I Lyric : sensor_generic_driver.cc:1879: LESHENUW candidate mode index 3, size = {width: 2104, height: 1184}, pd = 0, frame rate range = [30, 120], is faceauth mode 0
12-10 17:58:41.858 873 9415 I Lyric : sensor_generic_driver.cc:1879: LESHENUW candidate mode index 4, size = {width: 2104, height: 1184}, pd = 0, frame rate range = [15, 60], is faceauth mode 0
12-10 17:58:41.858 873 9415 I Lyric : sensor_generic_driver.cc:2027: LESHENUW Matching sensor mode found, mode index: 1
12-10 17:58:41.858 873 9415 I Lyric : sensor_generic_driver.cc:2207: LESHENUW Mode size {width: 4208, height: 2368} FPS [7.5, 30] requested FPS [15, 30] MIPI rate 958.475Mbps rss 38.77302ms
12-10 17:58:41.858 873 9415 I Lyric : sensor_generic_driver.cc:2346: dpm: camera LESHENUW, line time: 12.42725us, pixel_rate_vt: 417790000, width: 4208, height: 2368, dual pd size: {width: 0, height: 0}, sparse pd size: {width: 0, height: 0}, emb height: 1, hblanking: 556, mode.hblanking: 556, vblanking: 310(3.8524475ms), mode.vblanking: 310(3.8524475ms), frame lines: 2682, frame lines for required fps: 2682, line pixels: 5192, FPS: 30, requested FPS: 30, binning factor: {x: 1, y: 1}, analog_gain_range: [1, 16], digital_gain_range: [1, 6], mode index = 1, size = {width: 4208, height: 2368}, pd = 0, frame rate range = [7.5, 30]
12-10 17:58:41.858 873 9415 I Lyric : dpm_bandwidth_controller_v1.cc:291: dpm: camera 3, csis_required_clock: 95720670, img_preprocessor_required_clock: 95720670
12-10 17:58:41.858 873 9415 I Lyric : sensor_node.cc:424: cam3_sensor: CPU affinity setting: Auto
12-10 17:58:41.858 873 9415 W Lyric : sensor_node.cc:236: Failed to get pdaf calibration data
12-10 17:58:41.858 873 9415 I Lyric : generic_subgraph.cc:1709: minimum pipeline delay: 3, is_portrait_mode: 0 pipeline delay: 3
12-10 17:58:41.858 873 9415 I Lyric : generic_subgraph.cc:1718: positive_offset_enabled: DISABLED
12-10 17:58:41.858 873 9415 I Lyric : generic_subgraph.cc:1725: hal_touch_roi_tracking_enabled: DISABLED
12-10 17:58:41.858 873 9415 I Lyric : generic_subgraph.cc:1819: enable_eis_blur_refinement_mask_data_flow=0 camera=3
12-10 17:58:41.858 873 9415 I Lyric : generic_subgraph.cc:1931: Adding segmentation node
12-10 17:58:41.858 873 9415 I Lyric : segmentation_node.cc:209: using ultralite segmentor
12-10 17:58:41.858 873 9415 I Lyric : segmentation_node.cc:228: cam3_segmentation: CPU affinity setting: Big Core
12-10 17:58:41.858 873 9415 I Lyric : eaf_node.cc:90: cam3_eaf: stream_id 32769, res 1280x720, pipeline_id 0, is_video_stream false
12-10 17:58:41.858 873 9415 I Lyric : whi_like_isp_back_end_core_subgraph.cc:426: Enable TNR nodes in graph
12-10 17:58:41.858 873 9415 I Lyric : whi_like_isp_back_end_core_subgraph.cc:546: TnrMergeNode is configured to output consumer type 2 fmt: HalImageFormat{ pixel_format = YCBCR_420_SPN_S10B, stride_alignment = 16, num_buffers = 1 } for RearWide
12-10 17:58:41.858 873 9415 I Lyric : whi_like_isp_back_end_core_subgraph.cc:848: RawToYuvNode is configured to output consumer type 0 fmt: HalImageFormat{ pixel_format = YCBCR_420_SPN_S10B, stride_alignment = 16, num_buffers = 1 } for RearWide
12-10 17:58:41.858 873 9415 I Lyric : whi_like_isp_back_end_core_subgraph.cc:948: RawToYuvNode for snapshot exceeding video is configured to output consumer type 2 fmt: HalImageFormat{ pixel_format = YCBCR_420_SPN_S10B, stride_alignment = 16, num_buffers = 1 } for RearWide
12-10 17:58:41.858 873 9415 I Lyric : whi_like_isp_post_proc_subgraph.cc:271: Including MeshWarpNode
12-10 17:58:41.858 873 9415 I Lyric : whi_like_isp_post_proc_subgraph.cc:297: Including mesh warp pipeline for preview
12-10 17:58:41.858 873 9415 I Lyric : whi_like_isp_post_proc_subgraph.cc:328: Preview mesh warp is configured to output HalImageFormat{ pixel_format = YCBCR_420_SPN_S10B, stride_alignment = 16, num_buffers = 1 }
12-10 17:58:41.858 873 9415 I Lyric : whi_isp_subgraph.cc:845: stream=32769 allocate_internal_buffer=0
12-10 17:58:41.858 873 9415 I Lyric : camera_device_session_manager_base.cc:1389: Stream 32775 limited to 8 inflight requests
12-10 17:58:41.858 873 9415 I Lyric : camera_device_session_manager_base.cc:1389: Stream 32769 limited to 8 inflight requests
12-10 17:58:41.858 873 9415 I Lyric : camera_device_session_manager_base.cc:1389: Stream 32772 limited to 13 inflight requests
12-10 17:58:41.858 873 9415 I Lyric : camera_device_session_manager_base.cc:1399: RearWide frontend limited to 3 inflight requests
12-10 17:58:41.859 873 9415 I Lyric : generic_subgraph.cc:2828: camera_id = 3; is_front_camera = 0; is_1p_camera_app = 0; video_call = 0
12-10 17:58:41.859 873 9415 I Lyric : auto_exposure_node.cc:609: cam3_ae: CPU affinity setting: Medium Core
12-10 17:58:41.859 873 9415 I Lyric : face_detection_node.cc:350: Face Detection: FaceDetectionNode: update expected scaled YUV size to 640 x 360
12-10 17:58:41.860 873 9416 I Lyric : whi_like_isp_back_end_core_subgraph.cc:189: RawToYuvNode(Rear) output size: {width: 3184, height: 1792}
12-10 17:58:41.860 873 9416 I Lyric : multicam_graph.cc:1147: AE is connected to multicam routing node for camera Rear(2)
12-10 17:58:41.860 873 9416 I Lyric : multicam_graph.cc:1151: AF is connected to multicam routing node for camera Rear(2)
12-10 17:58:41.860 873 9416 I Lyric : multicam_graph.cc:1155: AWB is connected to multicam routing node for camera Rear(2)
12-10 17:58:41.860 873 9416 I Lyric : multicam_graph.cc:1163: rectiface is connected to multicam routing node for camera Rear(2)
12-10 17:58:41.860 873 9416 I Lyric : multicam_graph.cc:1167: autocal is connected to multicam routing node for camera Rear(2)
12-10 17:58:41.860 873 9416 I Lyric : multicam_graph.cc:1147: AE is connected to multicam routing node for camera RearVirtual(4)
12-10 17:58:41.860 873 9416 I Lyric : multicam_graph.cc:1151: AF is connected to multicam routing node for camera RearVirtual(4)
12-10 17:58:41.860 873 9416 I Lyric : multicam_graph.cc:1155: AWB is connected to multicam routing node for camera RearVirtual(4)
12-10 17:58:41.860 873 9416 I Lyric : multicam_graph.cc:1163: rectiface is connected to multicam routing node for camera RearVirtual(4)
12-10 17:58:41.860 873 9416 I Lyric : multicam_graph.cc:1167: autocal is connected to multicam routing node for camera RearVirtual(4)
12-10 17:58:41.860 873 9416 I Lyric : multicam_graph.cc:1147: AE is connected to multicam routing node for camera RearWide(3)
12-10 17:58:41.860 873 9416 I Lyric : multicam_graph.cc:1155: AWB is connected to multicam routing node for camera RearWide(3)
12-10 17:58:41.860 873 9416 I Lyric : multicam_graph.cc:1163: rectiface is connected to multicam routing node for camera RearWide(3)
12-10 17:58:41.860 873 9416 I Lyric : multicam_graph.cc:1167: autocal is connected to multicam routing node for camera RearWide(3)
12-10 17:58:41.860 873 9416 I Lyric : multicam_graph.cc:1175: number of video bokeh nodes connected to multicam routing node = 0
12-10 17:58:41.860 873 9416 I Lyric : multicam_graph.cc:1178: number of rectiface nodes connected to multicam routing node = 3
12-10 17:58:41.860 873 9416 I Lyric : multicam_graph.cc:1181: number of EIS nodes connected to multicam routing node = 0
12-10 17:58:41.860 873 9416 I Lyric : whi_like_isp_back_end_core_subgraph.cc:189: RawToYuvNode(RearVirtual) output size: {width: 3184, height: 1792}
12-10 17:58:41.861 873 9416 I Lyric : whi_like_isp_back_end_core_subgraph.cc:189: RawToYuvNode(RearWide) output size: {width: 2720, height: 1532}
12-10 17:58:41.861 873 9440 I Lyric : binder_sensor_vsync_reader.cc:40: Enabled BinderSensorVsyncReader, cam_vsync_id: 3
12-10 17:58:41.861 873 9416 I Lyric : multicam_coordinator.cc:318: st_set: 13, main_index_: 0
12-10 17:58:41.861 873 9416 I Lyric : multicam_coordinator.cc:345: logical camera_id: 0, [Camera Ultrawide, FOV 2.56837, camera_id 3, focal length 1.835, sensor size (4.71296, 3.4944) active array {left: 0, top: 0, right: 4208, bottom: 3120}, has active_array_size_max: 0)], [Camera Wide, FOV 1.3625, camera_id 2, focal length 5.43, sensor size (7.3984, 5.5552) active array {left: 0, top: 0, right: 4624, bottom: 3472}, has active_array_size_max: 0)], [Camera WideVirtual, FOV 0.681252, camera_id 4, focal length 5.43, sensor size (3.6992, 2.7776) active array {left: 0, top: 0, right: 4624, bottom: 3472}, has active_array_size_max: 0)],
12-10 17:58:41.861 873 9416 W Lyric : multicam_defs.h:445: Can't found CameraFov for auto
12-10 17:58:41.861 873 9416 I Lyric : multicam_stprocessor.cc:207: ST zoom ratio (min, max): (0.530494, 8.00001)
12-10 17:58:41.861 873 9416 I Lyric : multicam_stprocessor.cc:333: ST: FOV participant:
12-10 17:58:41.861 873 9416 I Lyric : multicam_stprocessor.cc:335: ST: Ultrawide
12-10 17:58:41.861 873 9416 I Lyric : multicam_stprocessor.cc:335: ST: Wide
12-10 17:58:41.861 873 9416 I Lyric : multicam_stprocessor.cc:335: ST: WideVirtual
12-10 17:58:41.861 873 9416 I Lyric : multicam_stprocessor.cc:341: ST params:
12-10 17:58:41.861 873 9416 I Lyric : multicam_stprocessor.cc:349: Ultrawide -> Wide switch = 0.998 | off = 0.999
12-10 17:58:41.861 873 9416 I Lyric : multicam_stprocessor.cc:352: Wide -> Ultrawide switch = 0.99 | off = 0.69
12-10 17:58:41.861 873 9416 I Lyric : multicam_stprocessor.cc:349: Wide -> WideVirtual switch = 2 | off = 2
12-10 17:58:41.861 873 9416 I Lyric : multicam_stprocessor.cc:352: WideVirtual -> Wide switch = 2 | off = 2
12-10 17:58:41.861 873 9416 I Lyric : multicam_stprocessor.cc:322: ST: add transition to state: kUltraWideLeadOthersOff, target: kUltraWideLeadOthersOff, (0.530494, 0.69)
12-10 17:58:41.861 873 9416 I Lyric : multicam_stprocessor.cc:322: ST: add transition to state: kUltraWideLeadWideFollow, target: kUltraWideLeadOthersOff, (0.530494, 0.69)
12-10 17:58:41.861 873 9416 I Lyric : multicam_stprocessor.cc:322: ST: add transition to state: kUltraWideLeadWideVirtualFollow, target: kUltraWideLeadOthersOff, (0.530494, 0.69)
12-10 17:58:41.861 873 9416 I Lyric : multicam_stprocessor.cc:322: ST: add transition to state: kUltraWideLeadOthersOff, target: kUltraWideLeadWideFollow, (0.69, 0.998)
12-10 17:58:41.861 873 9416 I Lyric : multicam_stprocessor.cc:322: ST: add transition to state: kUltraWideLeadWideFollow, target: kUltraWideLeadWideFollow, (0.69, 0.998)
12-10 17:58:41.861 873 9416 I Lyric : multicam_stprocessor.cc:322: ST: add transition to state: kUltraWideLeadWideVirtualFollow, target: kUltraWideLeadWideFollow, (0.69, 0.998)
12-10 17:58:41.861 873 9416 I Lyric : multicam_stprocessor.cc:322: ST: add transition to state: kUltraWideLeadOthersOff, target: kWideLeadOthersOff, (0.999, 2)
12-10 17:58:41.861 873 9416 I Lyric : multicam_stprocessor.cc:322: ST: add transition to state: kUltraWideLeadWideFollow, target: kWideLeadOthersOff, (0.999, 2)
12-10 17:58:41.861 873 9416 I Lyric : multicam_stprocessor.cc:322: ST: add transition to state: kUltraWideLeadWideVirtualFollow, target: kWideLeadOthersOff, (0.999, 2)
12-10 17:58:41.861 873 9416 I Lyric : multicam_stprocessor.cc:322: ST: add transition to state: kUltraWideLeadOthersOff, target: kWideLeadUltraWideFollow, (0.99, 0.999)
12-10 17:58:41.861 873 9416 I Lyric : multicam_stprocessor.cc:322: ST: add transition to state: kUltraWideLeadWideFollow, target: kWideLeadUltraWideFollow, (0.99, 0.999)
12-10 17:58:41.861 873 9416 I Lyric : multicam_stprocessor.cc:322: ST: add transition to state: kUltraWideLeadWideVirtualFollow, target: kWideLeadUltraWideFollow, (0.99, 0.999)
12-10 17:58:41.861 873 9416 I Lyric : multicam_stprocessor.cc:322: ST: add transition to state: kUltraWideLeadOthersOff, target: kWideVirtualLeadOthersOff, (2, 8.00001)
12-10 17:58:41.861 873 9416 I Lyric : multicam_stprocessor.cc:322: ST: add transition to state: kUltraWideLeadWideFollow, target: kWideVirtualLeadOthersOff, (2, 8.00001)
12-10 17:58:41.861 873 9416 I Lyric : multicam_stprocessor.cc:322: ST: add transition to state: kUltraWideLeadWideVirtualFollow, target: kWideVirtualLeadOthersOff, (2, 8.00001)
12-10 17:58:41.861 873 9416 I Lyric : multicam_stprocessor.cc:322: ST: add transition to state: kWideLeadOthersOff, target: kUltraWideLeadOthersOff, (0.530494, 0.69)
12-10 17:58:41.861 873 9416 I Lyric : multicam_stprocessor.cc:322: ST: add transition to state: kWideLeadUltraWideFollow, target: kUltraWideLeadOthersOff, (0.530494, 0.69)
12-10 17:58:41.861 873 9416 I Lyric : multicam_stprocessor.cc:322: ST: add transition to state: kWideLeadOthersOff, target: kUltraWideLeadWideFollow, (0.69, 0.998)
12-10 17:58:41.861 873 9416 I Lyric : multicam_stprocessor.cc:322: ST: add transition to state: kWideLeadUltraWideFollow, target: kUltraWideLeadWideFollow, (0.69, 0.998)
12-10 17:58:41.861 873 9416 I Lyric : multicam_stprocessor.cc:322: ST: add transition to state: kWideLeadOthersOff, target: kWideLeadOthersOff, (0.999, 2)
12-10 17:58:41.861 873 9416 I Lyric : multicam_stprocessor.cc:322: ST: add transition to state: kWideLeadUltraWideFollow, target: kWideLeadOthersOff, (0.999, 2)
12-10 17:58:41.861 873 9416 I Lyric : multicam_stprocessor.cc:322: ST: add transition to state: kWideLeadOthersOff, target: kWideLeadUltraWideFollow, (0.99, 0.999)
12-10 17:58:41.861 873 9416 I Lyric : multicam_stprocessor.cc:322: ST: add transition to state: kWideLeadUltraWideFollow, target: kWideLeadUltraWideFollow, (0.99, 0.999)
12-10 17:58:41.861 873 9416 I Lyric : multicam_stprocessor.cc:322: ST: add transition to state: kWideLeadOthersOff, target: kWideVirtualLeadOthersOff, (2, 8.00001)
12-10 17:58:41.861 873 9416 I Lyric : multicam_stprocessor.cc:322: ST: add transition to state: kWideLeadUltraWideFollow, target: kWideVirtualLeadOthersOff, (2, 8.00001)
12-10 17:58:41.861 873 9416 I Lyric : multicam_stprocessor.cc:322: ST: add transition to state: kWideVirtualLeadOthersOff, target: kUltraWideLeadOthersOff, (0.530494, 0.69)
12-10 17:58:41.861 873 9416 I Lyric : multicam_stprocessor.cc:322: ST: add transition to state: kWideVirtualLeadUltraWideFollow, target: kUltraWideLeadOthersOff, (0.530494, 0.69)
12-10 17:58:41.861 873 9416 I Lyric : multicam_stprocessor.cc:322: ST: add transition to state: kWideVirtualLeadOthersOff, target: kUltraWideLeadWideFollow, (0.69, 0.998)
12-10 17:58:41.861 873 9416 I Lyric : multicam_stprocessor.cc:322: ST: add transition to state: kWideVirtualLeadUltraWideFollow, target: kUltraWideLeadWideFollow, (0.69, 0.998)
12-10 17:58:41.861 873 9416 I Lyric : multicam_stprocessor.cc:322: ST: add transition to state: kWideVirtualLeadOthersOff, target: kWideLeadOthersOff, (0.999, 2)
12-10 17:58:41.861 873 9416 I Lyric : multicam_stprocessor.cc:322: ST: add transition to state: kWideVirtualLeadUltraWideFollow, target: kWideLeadOthersOff, (0.999, 2)
12-10 17:58:41.861 873 9416 I Lyric : multicam_stprocessor.cc:322: ST: add transition to state: kWideVirtualLeadOthersOff, target: kWideLeadUltraWideFollow, (0.99, 0.999)
12-10 17:58:41.861 873 9416 I Lyric : multicam_stprocessor.cc:322: ST: add transition to state: kWideVirtualLeadUltraWideFollow, target: kWideLeadUltraWideFollow, (0.99, 0.999)
12-10 17:58:41.861 873 9416 I Lyric : multicam_stprocessor.cc:322: ST: add transition to state: kWideVirtualLeadOthersOff, target: kWideVirtualLeadOthersOff, (2, 8.00001)
12-10 17:58:41.861 873 9416 I Lyric : multicam_stprocessor.cc:322: ST: add transition to state: kWideVirtualLeadUltraWideFollow, target: kWideVirtualLeadOthersOff, (2, 8.00001)
12-10 17:58:41.861 873 9416 I Lyric : camera_device_session_manager_base.cc:573: Successfully constructed graph: top_graph_for_camera_RearMultiFov, graph class: MulticamGraph, graph_configuration:
12-10 17:58:41.861 873 9416 I Lyric : graph_configuration.cc:378: {type: Streaminfo, stream_id: 32770, camera_id: RearVirtual, format: YCBCR_420_888, width: 1280, height: 720, usage: [HwTexture], stream_type: Output, use_case: Default, data_space: DataSpace(Color)::(Standard: BT709, Transfer: RGB, Range: Full), is_framework_physical_stream: 0, dynamic_range_profile: Standard, intended_for_max_resolution_mode: 0, group_id: -1, is_tunable: 1}
12-10 17:58:41.861 873 9416 I Lyric : graph_configuration.cc:378: {type: Streaminfo, stream_id: 32773, camera_id: RearVirtual, format: BLOB, width: 1920, height: 1080, usage: [], stream_type: Output, use_case: Default, data_space: DataSpace(Color)::(Standard: BT601_625, Transfer: SMPTE_170M, Range: Full), is_framework_physical_stream: 0, dynamic_range_profile: Standard, intended_for_max_resolution_mode: 0, group_id: -1, is_tunable: 1}
12-10 17:58:41.861 873 9416 I Lyric : graph_configuration.cc:378: {type: Streaminfo, stream_id: 32775, camera_id: RearWide, format: YCBCR_420_888, width: 1920, height: 1080, usage: [], stream_type: Output, use_case: Default, data_space: DataSpace(Custom)::Arbitrary, is_framework_physical_stream: 0, dynamic_range_profile: Standard, intended_for_max_resolution_mode: 0, group_id: -1, is_tunable: 1}
12-10 17:58:41.861 873 9416 I Lyric : graph_configuration.cc:378: {type: Streaminfo, stream_id: 32776, camera_id: RearVirtual, format: YCBCR_420_888, width: 1920, height: 1080, usage: [], stream_type: Output, use_case: Default, data_space: DataSpace(Custom)::Arbitrary, is_framework_physical_stream: 0, dynamic_range_profile: Standard, intended_for_max_resolution_mode: 0, group_id: -1, is_tunable: 1}
12-10 17:58:41.861 873 9416 I Lyric : graph_configuration.cc:378: {type: Streaminfo, stream_id: 32769, camera_id: RearWide, format: YCBCR_420_888, width: 1280, height: 720, usage: [HwTexture], stream_type: Output, use_case: Default, data_space: DataSpace(Color)::(Standard: BT709, Transfer: RGB, Range: Full), is_framework_physical_stream: 0, dynamic_range_profile: Standard, intended_for_max_resolution_mode: 0, group_id: -1, is_tunable: 1}
12-10 17:58:41.861 873 9416 I Lyric : graph_configuration.cc:378: {type: Streaminfo, stream_id: 32768, camera_id: Rear, format: YCBCR_420_888, width: 1280, height: 720, usage: [HwTexture], stream_type: Output, use_case: Default, data_space: DataSpace(Color)::(Standard: BT709, Transfer: RGB, Range: Full), is_framework_physical_stream: 0, dynamic_range_profile: Standard, intended_for_max_resolution_mode: 0, group_id: -1, is_tunable: 1}
12-10 17:58:41.861 873 9416 I Lyric : graph_configuration.cc:378: {type: Streaminfo, stream_id: 32771, camera_id: Rear, format: BLOB, width: 1920, height: 1080, usage: [], stream_type: Output, use_case: Default, data_space: DataSpace(Color)::(Standard: BT601_625, Transfer: SMPTE_170M, Range: Full), is_framework_physical_stream: 0, dynamic_range_profile: Standard, intended_for_max_resolution_mode: 0, group_id: -1, is_tunable: 1}
12-10 17:58:41.861 873 9416 I Lyric : graph_configuration.cc:378: {type: Streaminfo, stream_id: 32772, camera_id: RearWide, format: BLOB, width: 1920, height: 1080, usage: [], stream_type: Output, use_case: Default, data_space: DataSpace(Color)::(Standard: BT601_625, Transfer: SMPTE_170M, Range: Full), is_framework_physical_stream: 0, dynamic_range_profile: Standard, intended_for_max_resolution_mode: 0, group_id: -1, is_tunable: 1}
12-10 17:58:41.861 873 9416 I Lyric : graph_configuration.cc:378: {type: Streaminfo, stream_id: 32774, camera_id: Rear, format: YCBCR_420_888, width: 1920, height: 1080, usage: [], stream_type: Output, use_case: Default, data_space: DataSpace(Custom)::Arbitrary, is_framework_physical_stream: 0, dynamic_range_profile: Standard, intended_for_max_resolution_mode: 0, group_id: -1, is_tunable: 1}
12-10 17:58:41.861 873 9416 I Lyric : graph_configuration.cc:381: {type: StreamConfigurationMode, Rear: Normal}
12-10 17:58:41.861 873 9416 I Lyric : graph_configuration.cc:381: {type: StreamConfigurationMode, RearVirtual: Normal}
12-10 17:58:41.861 873 9416 I Lyric : graph_configuration.cc:381: {type: StreamConfigurationMode, RearWide: Normal}
