12-10 17:47:43.271 14541 14591 W LocaleConfig: The resource file pointed to by the given resource ID isn't found.
12-10 17:47:43.274 14541 14591 W LocaleConfig: The resource file pointed to by the given resource ID isn't found.
12-10 17:47:43.543 1383 1671 D ActivityManager: sync unfroze 14920 com.google.android.settings.intelligence for 3
12-10 17:47:43.543 1383 1671 D ActivityManager: sync unfroze 7888 com.android.settings for 3
12-10 17:47:43.558 1383 2287 D ActivityManager: sync unfroze 8762 com.google.android.turboadapter for 6
12-10 17:47:44.835 1383 1872 D ActivityManager: freezing 16312 com.google.android.apps.privacy.wildlife
12-10 17:47:46.024 1383 8934 D ShortcutService: Getting shortcuts for launcher= com.google.android.asuser=0 pkg=org.telegram.messenger
12-10 17:47:46.025 1383 3417 D ShortcutService: Getting shortcuts for launcher= com.google.android.asuser=0 pkg=org.telegram.messenger
12-10 17:47:49.942 1383 1640 D HintManagerService: Sent cleanup message for uid 10284
12-10 17:47:50.945 1383 1874 D HintManagerService: Starts cleaning for 10284
12-10 17:47:53.035 1383 1671 D ActivityManager: sync unfroze 16312 com.google.android.apps.privacy.wildlife for 3
12-10 17:47:53.558 1383 1872 D ActivityManager: freezing 7888 com.android.settings
12-10 17:47:53.565 1383 1872 D ActivityManager: freezing 14920 com.google.android.settings.intelligence
12-10 17:47:53.574 1383 1872 D ActivityManager: freezing 8762 com.google.android.turboadapter
12-10 17:48:01.561 1383 2164 D CoreBackPreview: Window{bfd2bde u0 Запис відео з екрана}: Setting back callback null
12-10 17:48:01.569 1383 2164 W OptProp : Cannot read opt property android.window.PROPERTY_COMPAT_ALLOW_ORIENTATION_OVERRIDE
12-10 17:48:01.570 1383 2164 W OptProp : Cannot read opt property android.window.PROPERTY_COMPAT_ALLOW_MIN_ASPECT_RATIO_OVERRIDE
12-10 17:48:01.574 1383 2164 W OptProp : Cannot read opt property android.window.PROPERTY_COMPAT_ALLOW_RESIZEABLE_ACTIVITY_OVERRIDES
12-10 17:48:01.578 1383 2164 I ActivityTaskManager: START u0 {flg=0x14000000 cmp=com.android.systemui/.mediaprojection.appselector.MediaProjectionAppSelectorActivity (has extras)} with LAUNCH_MULTIPLE from uid 10249 (BAL_ALLOW_VISIBLE_WINDOW) result code=0
12-10 17:48:01.578 2025 2045 V WindowManagerShell: Transition requested (#315): android.os.BinderProxy@d6d486c TransitionRequestInfo { type = OPEN, triggerTask = TaskInfo{userId=0 taskId=273 displayId=0 isRunning=true baseIntent=Intent { flg=0x14800000 cmp=com.android.systemui/.mediaprojection.appselector.MediaProjectionAppSelectorActivity } baseActivity=ComponentInfo{com.android.systemui/com.android.systemui.mediaprojection.appselector.MediaProjectionAppSelectorActivity} topActivity=ComponentInfo{com.android.systemui/com.android.systemui.mediaprojection.appselector.MediaProjectionAppSelectorActivity} origActivity=null realActivity=ComponentInfo{com.android.systemui/com.android.systemui.mediaprojection.appselector.MediaProjectionAppSelectorActivity} numActivities=1 lastActiveTime=111729102 supportsMultiWindow=true resizeMode=1 isResizeable=true minWidth=-1 minHeight=-1 defaultMinSize=220 token=WCT{android.window.IWindowContainerToken$Stub$Proxy@320ee35} topActivityType=1 pictureInPictureParams=null shouldDockBigOverlays=false launchIntoPipHostTaskId=-1 lastParentTaskIdBeforePip=-1 displayCutoutSafeInsets=Rect(0, 118 - 0, 0) topActivityInfo=ActivityInfo{f97c2ca com.android.systemui.mediaprojection.appselector.MediaProjectionAppSelectorActivity} launchCookies=[] positionInParent=Point(0, 0) parentTaskId=-1 isFocused=false isVisible=false isVisibleRequested=false isSleeping=false locusId=null displayAreaFeatureId=1 isTopActivityTransparent=true appCompatTaskInfo=AppCompatTaskInfo { topActivityInSizeCompat=false topActivityEligibleForLetterboxEducation= falseisLetterboxEducationEnabled= false isLetterboxDoubleTapEnabled= false topActivityEligibleForUserAspectRatioButton= false topActivityBoundsLetterboxed= false isFromLetterboxDoubleTap= false topActivityLetterboxVerticalPosition= -1 topActivityLetterboxHorizontalPosition= -1 topActivityLetterboxWidth=1080 topActivityLetterboxHeight=2400 isUserFullscreenOverrideEnabled=false isSystemFullscreenOverrideEnabled=false cameraCompatTaskInfo=CameraCompatTaskInfo { cameraCompatControlState=hidden freeformCameraCompatMode=inactive}}}, pipTask = null, remoteTransition = null, displayChange = null, flags = 0, debugId = 315 }
12-10 17:48:01.582 1383 1643 V WindowManager: Unknown focus tokens, dropping reportFocusChanged
12-10 17:48:01.602 1383 2101 W PackageConfigPersister: App-specific configuration not found for packageName: im.status.ethereum and userId: 0
12-10 17:48:01.626 1383 2164 D CoreBackPreview: Window{b3c44ba u0 com.android.systemui/com.android.systemui.mediaprojection.appselector.MediaProjectionAppSelectorActivity}: Setting back callback OnBackInvokedCallbackInfo{mCallback=android.window.IOnBackInvokedCallback$Stub$Proxy@2a02ac8, mPriority=-1, mIsAnimationCallback=false}
12-10 17:48:01.636 2025 20367 V WindowManagerShell: onTransitionReady(transaction=5939939794414)
12-10 17:48:01.636 2025 2045 V WindowManagerShell: onTransitionReady (#315) android.os.BinderProxy@d6d486c: {id=315 t=OPEN f=0x0 trk=0 r=[0@Point(0, 0)] c=[{WCT{android.window.IWindowContainerToken$Stub$Proxy@c031488} m=OPEN f=TRANSLUCENT leash=Surface(name=Task=273)/@0xf21287a sb=Rect(0, 0 - 1080, 2400) eb=Rect(0, 0 - 1080, 2400) d=0 taskParent=-1}]}
12-10 17:48:01.636 2025 2045 V WindowManagerShell: Playing animation for (#315) android.os.BinderProxy@d6d486c@0
12-10 17:48:01.636 2025 2045 V WindowManagerShell: try handler com.android.wm.shell.transition.DefaultMixedHandler@dcd770
12-10 17:48:01.636 2025 2045 V WindowManagerShell: try handler com.android.wm.shell.keyguard.KeyguardTransitionHandler@84c0ae9
12-10 17:48:01.636 2025 2045 V WindowManagerShell: try handler com.android.wm.shell.pip.PipTransition@7aea39a
12-10 17:48:01.636 2025 2045 V WindowManagerShell: try handler com.android.wm.shell.activityembedding.ActivityEmbeddingController@e50c4cb
12-10 17:48:01.636 2025 2045 V WindowManagerShell: try handler com.android.wm.shell.recents.RecentsTransitionHandler@45bd4a8
12-10 17:48:01.636 2025 2045 V ShellRecents: RecentsTransitionHandler.startAnimation: no controller found
12-10 17:48:01.636 2025 2045 V WindowManagerShell: try handler com.android.wm.shell.splitscreen.StageCoordinator@7d4ebc1
12-10 17:48:01.636 2025 2045 V WindowManagerShell: try handler com.android.wm.shell.transition.RemoteTransitionHandler@dc35f66
12-10 17:48:01.636 2025 2045 V WindowManagerShell: Transition doesn't have explicit remote, search filters for match for {id=315 t=OPEN f=0x0 trk=0 r=[0@Point(0, 0)] c=[{WCT{android.window.IWindowContainerToken$Stub$Proxy@c031488} m=OPEN f=TRANSLUCENT leash=Surface(name=Task=273)/@0xf21287a sb=Rect(0, 0 - 1080, 2400) eb=Rect(0, 0 - 1080, 2400) d=0 taskParent=-1}]}
12-10 17:48:01.636 2025 2045 V WindowManagerShell: Checking filter Pair{{types=[] flags=0x0] notFlags=0x0 checks=[{atype=undefined independent=true modes=[OPEN,TO_FRONT] flags=IN_TASK_WITH_EMBEDDED_ACTIVITY mustBeTask=false order=ANY topActivity=ComponentInfo{com.google.android.apps.nexuslauncher/com.google.android.apps.nexuslauncher.NexusLauncherActivity} launchCookie=null},{atype=undefined independent=true modes=[CLOSE,TO_BACK] flags=IN_TASK_WITH_EMBEDDED_ACTIVITY mustBeTask=false order=ANY topActivity=null launchCookie=null}]} RemoteTransition { remoteTransition = android.window.IRemoteTransition$Stub$Proxy@9bf8cc4, appThread = android.app.IApplicationThread$Stub$Proxy@70ad7ad, debugName = OverlaySwipeBack }}
12-10 17:48:01.636 2025 2045 V WindowManagerShell: Checking filter Pair{{types=[] flags=0x0] notFlags=0x0 checks=[{atype=dream independent=true modes=[OPEN,TO_FRONT] flags=NONE mustBeTask=false order=ANY topActivity=null launchCookie=null},{atype=home independent=true modes=[CLOSE,TO_BACK] flags=NONE mustBeTask=false order=ANY topActivity=null launchCookie=null}]} RemoteTransition { remoteTransition = android.window.IRemoteTransition$Stub$Proxy@a22bae2, appThread = android.app.IApplicationThread$Stub$Proxy@2869e73, debugName = LauncherToDream }}
12-10 17:48:01.636 2025 2045 V WindowManagerShell: Checking filter Pair{{types=[] flags=0x0] notFlags=0x100 checks=[{atype=home independent=true modes=[OPEN,TO_FRONT] flags=NONE mustBeTask=false order=TOP topActivity=ComponentInfo{com.google.android.apps.nexuslauncher/com.google.android.apps.nexuslauncher.NexusLauncherActivity} launchCookie=null},{atype=standard independent=true modes=[CLOSE,TO_BACK] flags=NONE mustBeTask=false order=ANY topActivity=null launchCookie=null}]} RemoteTransition { remoteTransition = android.window.IRemoteTransition$Stub$Proxy@78ab130, appThread = android.app.IApplicationThread$Stub$Proxy@32a41a9, debugName = QuickstepLaunchHome }}
12-10 17:48:01.636 2025 2045 V WindowManagerShell: Delegate animation for (#315) to null
12-10 17:48:01.636 2025 2045 V WindowManagerShell: try handler com.android.wm.shell.transition.DefaultTransitionHandler@d8a51f9
12-10 17:48:01.636 2025 2045 V WindowManagerShell: start default transition animation, info = {id=315 t=OPEN f=0x0 trk=0 r=[0@Point(0, 0)] c=[{WCT{android.window.IWindowContainerToken$Stub$Proxy@c031488} m=OPEN f=TRANSLUCENT leash=Surface(name=Task=273)/@0xf21287a sb=Rect(0, 0 - 1080, 2400) eb=Rect(0, 0 - 1080, 2400) d=0 taskParent=-1}]}
12-10 17:48:01.637 2025 2045 V WindowManagerShell: loadAnimation: anim=android.view.animation.AnimationSet@4f8f134 animAttr=0x4 type=OPEN isEntrance=true
12-10 17:48:01.637 2025 2045 V WindowManagerShell: animated by com.android.wm.shell.transition.DefaultTransitionHandler@d8a51f9
12-10 17:48:01.641 1383 1640 V WindowManager: Sent Transition (#315) createdAt=12-10 17:48:01.570 via request=TransitionRequestInfo { type = OPEN, triggerTask = TaskInfo{userId=0 taskId=273 displayId=0 isRunning=true baseIntent=Intent { flg=0x14800000 cmp=com.android.systemui/.mediaprojection.appselector.MediaProjectionAppSelectorActivity } baseActivity=ComponentInfo{com.android.systemui/com.android.systemui.mediaprojection.appselector.MediaProjectionAppSelectorActivity} topActivity=ComponentInfo{com.android.systemui/com.android.systemui.mediaprojection.appselector.MediaProjectionAppSelectorActivity} origActivity=null realActivity=ComponentInfo{com.android.systemui/com.android.systemui.mediaprojection.appselector.MediaProjectionAppSelectorActivity} numActivities=1 lastActiveTime=111729102 supportsMultiWindow=true resizeMode=1 isResizeable=true minWidth=-1 minHeight=-1 defaultMinSize=220 token=WCT{RemoteToken{a52b112 Task{cb930ac #273 type=standard A=10249:com.android.systemui}}} topActivityType=1 pictureInPictureParams=null shouldDockBigOverlays=false launchIntoPipHostTaskId=-1 lastParentTaskIdBeforePip=-1 displayCutoutSafeInsets=Rect(0, 118 - 0, 0) topActivityInfo=ActivityInfo{d1510e3 com.android.systemui.mediaprojection.appselector.MediaProjectionAppSelectorActivity} launchCookies=[] positionInParent=Point(0, 0) parentTaskId=-1 isFocused=false isVisible=false isVisibleRequested=false isSleeping=false locusId=null displayAreaFeatureId=1 isTopActivityTransparent=true appCompatTaskInfo=AppCompatTaskInfo { topActivityInSizeCompat=false topActivityEligibleForLetterboxEducation= falseisLetterboxEducationEnabled= false isLetterboxDoubleTapEnabled= false topActivityEligibleForUserAspectRatioButton= false topActivityBoundsLetterboxed= false isFromLetterboxDoubleTap= false topActivityLetterboxVerticalPosition= -1 topActivityLetterboxHorizontalPosition= -1 topActivityLetterboxWidth=1080 topActivityLetterboxHeight=2400 isUserFullscreenOverrideEnabled=false isSystemFullscreenOverrideEnabled=false cameraCompatTaskInfo=CameraCompatTaskInfo { cameraCompatControlState=hidden freeformCameraCompatMode=inactive}}}, pipTask = null, remoteTransition = null, displayChange = null, flags = 0, debugId = 315 }
12-10 17:48:01.641 1383 1640 V WindowManager: startWCT=WindowContainerTransaction { changes = {} hops = [] errorCallbackToken=null taskFragmentOrganizer=null }
12-10 17:48:01.641 1383 1640 V WindowManager: info={id=315 t=OPEN f=0x0 trk=0 r=[0@Point(0, 0)] c=[
12-10 17:48:01.641 1383 1640 V WindowManager: {WCT{RemoteToken{a52b112 Task{cb930ac #273 type=standard A=10249:com.android.systemui}}} m=OPEN f=TRANSLUCENT leash=Surface(name=Task=273)/@0x5554747 sb=Rect(0, 0 - 1080, 2400) eb=Rect(0, 0 - 1080, 2400) d=0 taskParent=-1}
12-10 17:48:01.641 1383 1640 V WindowManager: ]}
12-10 17:48:01.651 1383 9730 W UserManagerService: Requested status bar icon for non-badged user 0
12-10 17:48:01.659 1383 2101 W PackageConfigPersister: App-specific configuration not found for packageName: com.android.systemui and userId: 0
12-10 17:48:01.946 2025 2045 V WindowManagerShell: Transition animation finished (aborted=false), notifying core (#315) android.os.BinderProxy@d6d486c@0
12-10 17:48:01.947 1383 1640 V WindowManager: Finish Transition (#315): created at
12-10 17:48:01.570 collect-started=0.063ms request-sent=7.37ms started=11.87ms ready=24.828ms sent=65.312ms finished=377.027ms
12-10 17:48:01.948 2025 2045 V WindowManagerShell: Track 0 became idle
12-10 17:48:01.948 2025 2045 V WindowManagerShell: All active transition animations finished
12-10 17:48:01.972 1383 3417 W UserManagerService: Requested status bar icon for non-badged user 0
12-10 17:48:02.339 1383 3181 D CoreBackPreview: Window{5a1f79c u0 NotificationShade}: Setting back callback null
12-10 17:48:02.391 1383 1872 D ActivityManager: freezing 29146 com.google.android.gms
12-10 17:48:02.877 1383 9718 W ActivityTaskManager: callingPackage for (uid=-1, pid=-1) has no WPC
12-10 17:48:02.880 2025 2045 V WindowManagerShell: Transition requested (#316): android.os.BinderProxy@1982b83 TransitionRequestInfo { type = TO_FRONT, triggerTask = TaskInfo{userId=0 taskId=261 displayId=0 isRunning=true baseIntent=Intent { act=android.intent.action.MAIN cat=[android.intent.category.LAUNCHER] flg=0x34000000 pkg=im.status.ethereum cmp=im.status.ethereum/.MainActivity } baseActivity=ComponentInfo{im.status.ethereum/im.status.ethereum.MainActivity} topActivity=ComponentInfo{im.status.ethereum/im.status.ethereum.MainActivity} origActivity=null realActivity=ComponentInfo{im.status.ethereum/im.status.ethereum.MainActivity} numActivities=1 lastActiveTime=111729101 supportsMultiWindow=false resizeMode=0 isResizeable=false minWidth=-1 minHeight=-1 defaultMinSize=220 token=WCT{android.window.IWindowContainerToken$Stub$Proxy@55ea100} topActivityType=1 pictureInPictureParams=null shouldDockBigOverlays=false launchIntoPipHostTaskId=-1 lastParentTaskIdBeforePip=-1 displayCutoutSafeInsets=null topActivityInfo=ActivityInfo{458bd39 im.status.ethereum.MainActivity} launchCookies=[android.os.BinderProxy@ee14eb3] positionInParent=Point(0, 0) parentTaskId=-1 isFocused=false isVisible=true isVisibleRequested=true isSleeping=false locusId=null displayAreaFeatureId=1 isTopActivityTransparent=false appCompatTaskInfo=AppCompatTaskInfo { topActivityInSizeCompat=false topActivityEligibleForLetterboxEducation= falseisLetterboxEducationEnabled= false isLetterboxDoubleTapEnabled= false topActivityEligibleForUserAspectRatioButton= false topActivityBoundsLetterboxed= false isFromLetterboxDoubleTap= false topActivityLetterboxVerticalPosition= -1 topActivityLetterboxHorizontalPosition= -1 topActivityLetterboxWidth=1080 topActivityLetterboxHeight=2400 isUserFullscreenOverrideEnabled=false isSystemFullscreenOverrideEnabled=false cameraCompatTaskInfo=CameraCompatTaskInfo { cameraCompatControlState=hidden freeformCameraCompatMode=inactive}}}, pipTask = null, remoteTransition = null, displayChange = null, flags = 0, debugId = 316 }
12-10 17:48:02.882 2025 2045 D WindowManagerShell: onActivityRestartAttempt: ComponentInfo{im.status.ethereum/im.status.ethereum.MainActivity}
12-10 17:48:02.886 2025 20367 V WindowManagerShell: onTransitionReady(transaction=5939939794453)
12-10 17:48:02.886 2025 2045 V WindowManagerShell: onTransitionReady (#316) android.os.BinderProxy@1982b83: {id=316 t=TO_FRONT f=0x0 trk=0 opt={t=CUSTOM overrideTask=true enterResId=0 exitResId=17432699} r=[0@Point(0, 0)] c=[{WCT{android.window.IWindowContainerToken$Stub$Proxy@cb987fb} m=CHANGE f=MOVE_TO_TOP leash=Surface(name=Task=261)/@0x98ccd2c sb=Rect(0, 0 - 1080, 2400) eb=Rect(0, 0 - 1080, 2400) d=0 taskParent=-1},{WCT{android.window.IWindowContainerToken$Stub$Proxy@98f9018} m=CLOSE f=TRANSLUCENT leash=Surface(name=Task=273)/@0x37ef3f5 sb=Rect(0, 0 - 1080, 2400) eb=Rect(0, 0 - 1080, 2400) d=0 taskParent=-1}]}
12-10 17:48:02.886 2025 2045 V WindowManagerShell: Playing animation for (#316) android.os.BinderProxy@1982b83@0
12-10 17:48:02.886 2025 2045 V WindowManagerShell: try handler com.android.wm.shell.transition.DefaultMixedHandler@dcd770
12-10 17:48:02.886 2025 2045 V WindowManagerShell: try handler com.android.wm.shell.keyguard.KeyguardTransitionHandler@84c0ae9
12-10 17:48:02.886 2025 2045 V WindowManagerShell: try handler com.android.wm.shell.pip.PipTransition@7aea39a
12-10 17:48:02.886 2025 2045 V WindowManagerShell: try handler com.android.wm.shell.activityembedding.ActivityEmbeddingController@e50c4cb
12-10 17:48:02.886 2025 2045 V WindowManagerShell: try handler com.android.wm.shell.recents.RecentsTransitionHandler@45bd4a8
12-10 17:48:02.886 2025 2045 V ShellRecents: RecentsTransitionHandler.startAnimation: no controller found
12-10 17:48:02.886 2025 2045 V WindowManagerShell: try handler com.android.wm.shell.splitscreen.StageCoordinator@7d4ebc1
12-10 17:48:02.886 2025 2045 V WindowManagerShell: try handler com.android.wm.shell.transition.RemoteTransitionHandler@dc35f66
12-10 17:48:02.886 2025 2045 V WindowManagerShell: Transition doesn't have explicit remote, search filters for match for {id=316 t=TO_FRONT f=0x0 trk=0 opt={t=CUSTOM overrideTask=true enterResId=0 exitResId=17432699} r=[0@Point(0, 0)] c=[{WCT{android.window.IWindowContainerToken$Stub$Proxy@cb987fb} m=CHANGE f=MOVE_TO_TOP leash=Surface(name=Task=261)/@0x98ccd2c sb=Rect(0, 0 - 1080, 2400) eb=Rect(0, 0 - 1080, 2400) d=0 taskParent=-1},{WCT{android.window.IWindowContainerToken$Stub$Proxy@98f9018} m=CLOSE f=TRANSLUCENT leash=Surface(name=Task=273)/@0x37ef3f5 sb=Rect(0, 0 - 1080, 2400) eb=Rect(0, 0 - 1080, 2400) d=0 taskParent=-1}]}
12-10 17:48:02.886 2025 2045 V WindowManagerShell: Checking filter Pair{{types=[] flags=0x0] notFlags=0x0 checks=[{atype=undefined independent=true modes=[OPEN,TO_FRONT] flags=IN_TASK_WITH_EMBEDDED_ACTIVITY mustBeTask=false order=ANY topActivity=ComponentInfo{com.google.android.apps.nexuslauncher/com.google.android.apps.nexuslauncher.NexusLauncherActivity} launchCookie=null},{atype=undefined independent=true modes=[CLOSE,TO_BACK] flags=IN_TASK_WITH_EMBEDDED_ACTIVITY mustBeTask=false order=ANY topActivity=null launchCookie=null}]} RemoteTransition { remoteTransition = android.window.IRemoteTransition$Stub$Proxy@9bf8cc4, appThread = android.app.IApplicationThread$Stub$Proxy@70ad7ad, debugName = OverlaySwipeBack }}
12-10 17:48:02.886 2025 2045 V WindowManagerShell: Checking filter Pair{{types=[] flags=0x0] notFlags=0x0 checks=[{atype=dream independent=true modes=[OPEN,TO_FRONT] flags=NONE mustBeTask=false order=ANY topActivity=null launchCookie=null},{atype=home independent=true modes=[CLOSE,TO_BACK] flags=NONE mustBeTask=false order=ANY topActivity=null launchCookie=null}]} RemoteTransition { remoteTransition = android.window.IRemoteTransition$Stub$Proxy@a22bae2, appThread = android.app.IApplicationThread$Stub$Proxy@2869e73, debugName = LauncherToDream }}
12-10 17:48:02.886 2025 2045 V WindowManagerShell: Checking filter Pair{{types=[] flags=0x0] notFlags=0x100 checks=[{atype=home independent=true modes=[OPEN,TO_FRONT] flags=NONE mustBeTask=false order=TOP topActivity=ComponentInfo{com.google.android.apps.nexuslauncher/com.google.android.apps.nexuslauncher.NexusLauncherActivity} launchCookie=null},{atype=standard independent=true modes=[CLOSE,TO_BACK] flags=NONE mustBeTask=false order=ANY topActivity=null launchCookie=null}]} RemoteTransition { remoteTransition = android.window.IRemoteTransition$Stub$Proxy@78ab130, appThread = android.app.IApplicationThread$Stub$Proxy@32a41a9, debugName = QuickstepLaunchHome }}
12-10 17:48:02.886 2025 2045 V WindowManagerShell: Delegate animation for (#316) to null
12-10 17:48:02.886 2025 2045 V WindowManagerShell: try handler com.android.wm.shell.transition.DefaultTransitionHandler@d8a51f9
12-10 17:48:02.886 2025 2045 V WindowManagerShell: start default transition animation, info = {id=316 t=TO_FRONT f=0x0 trk=0 opt={t=CUSTOM overrideTask=true enterResId=0 exitResId=17432699} r=[0@Point(0, 0)] c=[{WCT{android.window.IWindowContainerToken$Stub$Proxy@cb987fb} m=CHANGE f=MOVE_TO_TOP leash=Surface(name=Task=261)/@0x98ccd2c sb=Rect(0, 0 - 1080, 2400) eb=Rect(0, 0 - 1080, 2400) d=0 taskParent=-1},{WCT{android.window.IWindowContainerToken$Stub$Proxy@98f9018} m=CLOSE f=TRANSLUCENT leash=Surface(name=Task=273)/@0x37ef3f5 sb=Rect(0, 0 - 1080, 2400) eb=Rect(0, 0 - 1080, 2400) d=0 taskParent=-1}]}
12-10 17:48:02.888 2025 2045 V WindowManagerShell: animated by com.android.wm.shell.transition.DefaultTransitionHandler@d8a51f9
12-10 17:48:02.892 1383 1640 V WindowManager: Sent Transition (#316) createdAt=12-10 17:48:02.877 via request=TransitionRequestInfo { type = TO_FRONT, triggerTask = TaskInfo{userId=0 taskId=261 displayId=0 isRunning=true baseIntent=Intent { act=android.intent.action.MAIN cat=[android.intent.category.LAUNCHER] flg=0x34000000 pkg=im.status.ethereum cmp=im.status.ethereum/.MainActivity } baseActivity=ComponentInfo{im.status.ethereum/im.status.ethereum.MainActivity} topActivity=ComponentInfo{im.status.ethereum/im.status.ethereum.MainActivity} origActivity=null realActivity=ComponentInfo{im.status.ethereum/im.status.ethereum.MainActivity} numActivities=1 lastActiveTime=111729101 supportsMultiWindow=false resizeMode=0 isResizeable=false minWidth=-1 minHeight=-1 defaultMinSize=220 token=WCT{RemoteToken{e7e52e4 Task{1954008 #261 type=standard A=10357:im.status.ethereum}}} topActivityType=1 pictureInPictureParams=null shouldDockBigOverlays=false launchIntoPipHostTaskId=-1 lastParentTaskIdBeforePip=-1 displayCutoutSafeInsets=null topActivityInfo=ActivityInfo{4883313 im.status.ethereum.MainActivity} launchCookies=[android.os.BinderProxy@41fa332] positionInParent=Point(0, 0) parentTaskId=-1 isFocused=false isVisible=true isVisibleRequested=true isSleeping=false locusId=null displayAreaFeatureId=1 isTopActivityTransparent=false appCompatTaskInfo=AppCompatTaskInfo { topActivityInSizeCompat=false topActivityEligibleForLetterboxEducation= falseisLetterboxEducationEnabled= false isLetterboxDoubleTapEnabled= false topActivityEligibleForUserAspectRatioButton= false topActivityBoundsLetterboxed= false isFromLetterboxDoubleTap= false topActivityLetterboxVerticalPosition= -1 topActivityLetterboxHorizontalPosition= -1 topActivityLetterboxWidth=1080 topActivityLetterboxHeight=2400 isUserFullscreenOverrideEnabled=false isSystemFullscreenOverrideEnabled=false cameraCompatTaskInfo=CameraCompatTaskInfo { cameraCompatControlState=hidden freeformCameraCompatMode=inactive}}}, pipTask = null, remoteTransition = null, displayChange = null, flags = 0, debugId = 316 }
12-10 17:48:02.892 1383 1640 V WindowManager: startWCT=WindowContainerTransaction { changes = {} hops = [] errorCallbackToken=null taskFragmentOrganizer=null }
12-10 17:48:02.892 1383 1640 V WindowManager: info={id=316 t=TO_FRONT f=0x0 trk=0 opt={t=CUSTOM overrideTask=true enterResId=0 exitResId=17432699} r=[0@Point(0, 0)] c=[
12-10 17:48:02.892 1383 1640 V WindowManager: {WCT{RemoteToken{e7e52e4 Task{1954008 #261 type=standard A=10357:im.status.ethereum}}} m=CHANGE f=MOVE_TO_TOP leash=Surface(name=Task=261)/@0x21cbb38 sb=Rect(0, 0 - 1080, 2400) eb=Rect(0, 0 - 1080, 2400) d=0 taskParent=-1},
12-10 17:48:02.892 1383 1640 V WindowManager: {WCT{RemoteToken{a52b112 Task{cb930ac #273 type=standard A=10249:com.android.systemui}}} m=CLOSE f=TRANSLUCENT leash=Surface(name=Task=273)/@0x5554747 sb=Rect(0, 0 - 1080, 2400) eb=Rect(0, 0 - 1080, 2400) d=0 taskParent=-1}
12-10 17:48:02.892 1383 1640 V WindowManager: ]}
12-10 17:48:02.896 1383 3442 W ActivityManager: Receiver with filter android.content.IntentFilter@7ef73d4 already registered for pid 18720, callerPackage is im.status.ethereum
12-10 17:48:02.897 1383 3181 W UserManagerService: Requested status bar icon for non-badged user 0
12-10 17:48:02.907 1383 9718 D BiometricService: canAuthenticate: User=0, Caller=0, Authenticators=15
12-10 17:48:02.907 1383 9718 D BiometricService/PreAuthInfo: Package: im.status.ethereum Sensor ID: 1 Modality: 8 Status: 4
12-10 17:48:02.908 1383 9718 D BiometricService/PreAuthInfo: Package: im.status.ethereum Sensor ID: 0 Modality: 2 Status: 1
12-10 17:48:02.908 1383 9718 D BiometricService/PreAuthInfo: getCanAuthenticateInternal Modality: 2 AuthenticatorStatus: 1
12-10 17:48:02.908 1383 9718 D AuthService: canAuthenticate, userId: 0, callingUserId: 0, authenticators: 15, result: 0
12-10 17:48:02.921 1383 9718 W PackageConfigPersister: App-specific configuration not found for packageName: im.status.ethereum and userId: 0
12-10 17:48:03.249 2025 2045 V WindowManagerShell: Transition animation finished (aborted=false), notifying core (#316) android.os.BinderProxy@1982b83@0
12-10 17:48:03.253 1383 1640 V WindowManager: Finish Transition (#316): created at
12-10 17:48:02.877 collect-started=0.072ms request-sent=2.559ms started=3.671ms ready=6.767ms sent=8.102ms finished=375.258ms
12-10 17:48:03.258 2025 2045 V WindowManagerShell: Track 0 became idle
12-10 17:48:03.258 2025 2045 V WindowManagerShell: All active transition animations finished
12-10 17:48:03.260 1383 9718 W UserManagerService: Requested status bar icon for non-badged user 0
12-10 17:48:03.275 1383 9718 W ActivityTaskManager: Finishing task with all activities already finished
12-10 17:48:03.276 1383 9718 W ActivityTaskManager: Duplicate finish request for r=ActivityRecord{581be5f u0 com.android.systemui/.mediaprojection.appselector.MediaProjectionAppSelectorActivity t273 f}}
12-10 17:48:03.276 1383 3181 D CoreBackPreview: Window{b3c44ba u0 com.android.systemui/com.android.systemui.mediaprojection.appselector.MediaProjectionAppSelectorActivity}: Setting back callback null
12-10 17:48:05.904 1383 3417 I ActivityManager: Background started FGS: Allowed [callingPackage: com.android.systemui; callingUid: 10249; uidState: PER ; uidBFSL: [BFSL]; intent: Intent { act=com.android.systemui.screenrecord.START cmp=com.android.systemui/.screenrecord.RecordingService (has extras) }; code:PROC_STATE_PERSISTENT; tempAllowListReason:; targetSdkVersion:35; callerTargetSdkVersion:35; startForegroundCount:0; bindFromPackage:null: isBindService:false]
12-10 17:48:05.922 1383 3181 V MediaProjectionManagerService: Start the token instance com.android.server.media.projection.MediaProjectionManagerService$MediaProjection@646dbf6
12-10 17:48:06.040 1383 3181 D DisplayManagerService: Virtual Display: creating DisplayDevice with VirtualDisplayAdapter
12-10 17:48:06.041 1383 3181 D VirtualDisplayAdapter: Virtual Display: registered media projection callback for new VirtualDisplayDevice
12-10 17:48:06.041 1383 3181 I DisplayDeviceRepository: Display device added: DisplayDeviceInfo{"Recording Display": uniqueId="virtual:com.android.systemui,10249,Recording Display,10", 1080 x 2400, modeId 13, renderFrameRate 60.0, defaultModeId 13, userPreferredModeId -1, supportedModes [{id=13, width=1080, height=2400, fps=60.0, vsync=60.0, synthetic=false, alternativeRefreshRates=[], supportedHdrTypes=[]}], colorMode 0, supportedColorModes [0], hdrCapabilities null, allmSupported false, gameContentTypeSupported false, density 420, 420.0 x 420.0 dpi, appVsyncOff 0, presDeadline 16666666, touch NONE, rotation 0, type VIRTUAL, deviceProductInfo null, state ON, committedState UNKNOWN, owner com.android.systemui (uid 10249), frameRateOverride , brightnessMinimum 0.0, brightnessMaximum 0.0, brightnessDefault 0.0, hdrSdrRatio NaN, FLAG_PRIVATE, FLAG_PRESENTATION, installOrientation 0, displayShape DisplayShape{ spec=-1893857183 displayWidth=1080 displayHeight=2400 physicalPixelDisplaySizeRatio=1.0 rotation=0 offsetX=0 offsetY=0 scale=1.0}}
12-10 17:48:06.043 1383 3181 I LogicalDisplayMapper: Applying layout: [{dispId: 0(ON), displayGroupName: , addr: {port=0, model=0x401ceccbbbeef1}, mThermalBrightnessThrottlingMapId: null, mRefreshRateZoneId: null, mLeadDisplayId: -1, mLeadDisplayAddress: null, mThermalRefreshRateThrottlingMapId: null, mPowerThrottlingMapId: null}], Previous layout: [{dispId: 0(ON), displayGroupName: , addr: {port=0, model=0x401ceccbbbeef1}, mThermalBrightnessThrottlingMapId: null, mRefreshRateZoneId: null, mLeadDisplayId: -1, mLeadDisplayAddress: null, mThermalRefreshRateThrottlingMapId: null, mPowerThrottlingMapId: null}]
12-10 17:48:06.043 1383 3181 I LogicalDisplayMapper: Setting new display group 0 for display 12, from previous group: null
12-10 17:48:06.047 1383 3181 W BrightnessThrottler: DeviceConfig ThermalBrightnessThrottlingData is null
12-10 17:48:06.047 1383 3181 W DisplayPowerController2[12]: Screen brightness nits configuration is unavailable; falling back
12-10 17:48:06.048 1383 1640 D BrightnessThermalClamper: New thermal throttling status = 0
12-10 17:48:06.049 1383 3181 V WindowManager: Content Recording: Handle incoming session on display 12, with a pre-existing session null
12-10 17:48:06.075 1383 3181 I WindowManager: Override config changes=20005df8 {0.0 ?mcc0mnc ?localeList ?layoutDir sw411dp w411dp h914dp 420dpi nrml long port ?uimode ?night -touch -keyb/v/h -nav/h winConfig={ mBounds=Rect(0, 0 - 1080, 2400) mAppBounds=Rect(0, 0 - 1080, 2400) mMaxBounds=Rect(0, 0 - 1080, 2400) mDisplayRotation=ROTATION_0 mWindowingMode=fullscreen mActivityType=undefined mAlwaysOnTop=undefined mRotation=ROTATION_0} ?fontWeightAdjustment} for displayId=12
12-10 17:48:06.077 2025 2045 W DisplayController: Skipping Display Configuration change on non-added display.
12-10 17:48:06.079 1383 3181 I DisplayDevice: [12] Layerstack set to 12 for virtual:com.android.systemui,10249,Recording Display,10
12-10 17:48:06.081 1383 3181 V WindowManager: Content Recording: Display 12 has no content and is on, so start recording for state 2
12-10 17:48:06.082 1383 3181 V WindowManager: Content Recording: Apply transformations of shift 0 x 0, scale 1.0 x 1.0, crop (aka recorded content size) 1080 x 2400 for display 12; display has size 411 x 914; surface has size 1080 x 2400
12-10 17:48:06.084 1383 3181 D DisplayManagerService: Content Recording: notifying MediaProjection of successful VirtualDisplay creation.
12-10 17:48:06.084 1383 3181 D DisplayManagerService: Virtual Display: successfully set up virtual display 12
12-10 17:48:06.089 2025 2045 V ShellDragAndDrop: Display added: 12
12-10 17:48:06.089 1383 1641 V WindowManager: Content Recording: Display 12 state was (2), is now (2), so update recording?
12-10 17:48:06.089 1383 1643 D DisplayManagerService: Ignore redundant display event 12/2 to 10275/8202
12-10 17:48:06.089 1383 1643 D DisplayManagerService: Ignore redundant display event 12/2 to 10100/9912
12-10 17:48:06.089 1383 1643 D DisplayManagerService: Ignore redundant display event 12/2 to 10180/12102
12-10 17:48:06.089 1383 1643 D DisplayManagerService: Ignore redundant display event 12/2 to 10284/15685
12-10 17:48:06.090 1383 1643 D DisplayManagerService: Ignore redundant display event 12/2 to 10094/24096
12-10 17:48:06.090 1383 1643 D DisplayManagerService: Ignore redundant display event 12/2 to 10206/27953
12-10 17:48:06.090 1383 1643 D DisplayManagerService: Ignore redundant display event 12/2 to 10206/28045
12-10 17:48:06.093 1383 1730 V DisplayPowerController2[12]: Brightness [0.0] reason changing to: 'manual', previous reason: '0'.
12-10 17:48:06.094 1383 1730 I DisplayPowerController2[12]: BrightnessEvent: disp=12, physDisp=virtual:com.android.systemui,10249,Recording Display,10, displayState=ON, displayPolicy=BRIGHT, brt=0.0, initBrt=NaN, rcmdBrt=NaN, preBrt=NaN, lux=0.0, preLux=0.0, hbmMax=1.0, hbmMode=off, rbcStrength=-1, thrmMax=1.0, powerFactor=1.0, wasShortTermModelActive=false, flags=, reason=manual, autoBrightness=true, strategy=InvalidBrightnessStrategy, autoBrightnessMode=default
12-10 17:48:06.094 1383 3181 W ForegroundServiceTypeLoggerModule: Foreground service start for UID: 10249 does not have any types
12-10 17:48:06.310 1383 1383 W NotificationHistory: Attempted to add notif for locked/gone/disabled user 0
12-10 17:48:12.518 1383 1872 D ActivityManager: freezing 12102 com.android.vending
12-10 17:48:14.344 1383 1937 W ActivityManager: pid 1383 system sent binder code 1 with flags 1 to frozen apps and got error -2147483646
12-10 17:48:14.348 1383 1937 W ActivityManager: pid 1383 system sent binder code 1 with flags 1 to frozen apps and got error -2147483646
12-10 17:48:14.348 1383 1937 D ActivityManager: Too many transaction errors, throttling freezer binder callback.
12-10 17:48:14.349 1383 1937 W ActivityManager: pid 1383 system sent binder code 1 with flags 1 to frozen apps and got error -2147483646
12-10 17:48:14.349 1383 1937 D ActivityManager: Too many transaction errors, throttling freezer binder callback.
12-10 17:48:17.387 1383 1937 W ActivityManager: pid 1383 system sent binder code 1 with flags 1 to frozen apps and got error -2147483646
12-10 17:48:17.388 1383 1937 D ActivityManager: Too many transaction errors, throttling freezer binder callback.
12-10 17:48:17.388 1383 1937 W ActivityManager: pid 1383 system sent binder code 1 with flags 1 to frozen apps and got error -2147483646
12-10 17:48:17.389 1383 1937 D ActivityManager: Too many transaction errors, throttling freezer binder callback.
12-10 17:48:17.389 1383 1937 W ActivityManager: pid 1383 system sent binder code 1 with flags 1 to frozen apps and got error -2147483646
12-10 17:48:17.389 1383 1937 D ActivityManager: Too many transaction errors, throttling freezer binder callback.
12-10 17:48:17.390 1383 1937 W ActivityManager: pid 1383 system sent binder code 1 with flags 1 to frozen apps and got error -2147483646
12-10 17:48:17.390 1383 1937 D ActivityManager: Too many transaction errors, throttling freezer binder callback.
12-10 17:48:20.429 1383 1937 W ActivityManager: pid 1383 system sent binder code 1 with flags 1 to frozen apps and got error -2147483646
12-10 17:48:20.430 1383 1937 D ActivityManager: Too many transaction errors, throttling freezer binder callback.
12-10 17:48:20.430 1383 1937 W ActivityManager: pid 1383 system sent binder code 1 with flags 1 to frozen apps and got error -2147483646
12-10 17:48:20.430 1383 1937 D ActivityManager: Too many transaction errors, throttling freezer binder callback.
12-10 17:48:20.431 1383 1937 W ActivityManager: pid 1383 system sent binder code 1 with flags 1 to frozen apps and got error -2147483646
12-10 17:48:20.431 1383 1937 D ActivityManager: Too many transaction errors, throttling freezer binder callback.
12-10 17:48:20.432 1383 1937 W ActivityManager: pid 1383 system sent binder code 1 with flags 1 to frozen apps and got error -2147483646
12-10 17:48:20.432 1383 1937 D ActivityManager: Too many transaction errors, throttling freezer binder callback.
12-10 17:48:26.659 1383 1937 W ActivityManager: pid 1383 system sent binder code 1 with flags 1 to frozen apps and got error -2147483646
12-10 17:48:26.660 1383 1937 W ActivityManager: pid 1383 system sent binder code 1 with flags 1 to frozen apps and got error -2147483646
12-10 17:48:26.660 1383 1937 D ActivityManager: Too many transaction errors, throttling freezer binder callback.
12-10 17:48:26.660 1383 1937 W ActivityManager: pid 1383 system sent binder code 1 with flags 1 to frozen apps and got error -2147483646
12-10 17:48:26.660 1383 1937 D ActivityManager: Too many transaction errors, throttling freezer binder callback.
12-10 17:48:26.661 1383 1937 W ActivityManager: pid 1383 system sent binder code 1 with flags 1 to frozen apps and got error -2147483646
12-10 17:48:26.661 1383 1937 D ActivityManager: Too many transaction errors, throttling freezer binder callback.
12-10 17:48:29.715 1383 1937 W ActivityManager: pid 1383 system sent binder code 1 with flags 1 to frozen apps and got error -2147483646
12-10 17:48:29.716 1383 1937 D ActivityManager: Too many transaction errors, throttling freezer binder callback.
12-10 17:48:29.720 1383 1937 W ActivityManager: pid 1383 system sent binder code 1 with flags 1 to frozen apps and got error -2147483646
12-10 17:48:29.720 1383 1937 D ActivityManager: Too many transaction errors, throttling freezer binder callback.
12-10 17:48:29.720 1383 1937 W ActivityManager: pid 1383 system sent binder code 1 with flags 1 to frozen apps and got error -2147483646
12-10 17:48:29.720 1383 1937 D ActivityManager: Too many transaction errors, throttling freezer binder callback.
12-10 17:48:29.721 1383 1937 W ActivityManager: pid 1383 system sent binder code 1 with flags 1 to frozen apps and got error -2147483646
12-10 17:48:29.721 1383 1937 D ActivityManager: Too many transaction errors, throttling freezer binder callback.
12-10 17:48:32.771 1383 1937 W ActivityManager: pid 1383 system sent binder code 1 with flags 1 to frozen apps and got error -2147483646
12-10 17:48:32.771 1383 1937 D ActivityManager: Too many transaction errors, throttling freezer binder callback.
12-10 17:48:32.772 1383 1937 W ActivityManager: pid 1383 system sent binder code 1 with flags 1 to frozen apps and got error -2147483646
12-10 17:48:32.772 1383 1937 D ActivityManager: Too many transaction errors, throttling freezer binder callback.
12-10 17:48:32.773 1383 1937 W ActivityManager: pid 1383 system sent binder code 1 with flags 1 to frozen apps and got error -2147483646
12-10 17:48:32.773 1383 1937 D ActivityManager: Too many transaction errors, throttling freezer binder callback.
12-10 17:48:32.773 1383 1937 W ActivityManager: pid 1383 system sent binder code 1 with flags 1 to frozen apps and got error -2147483646
12-10 17:48:32.774 1383 1937 D ActivityManager: Too many transaction errors, throttling freezer binder callback.
12-10 17:48:42.035 1383 1872 D ActivityManager: freezing 8202 com.google.android.permissioncontroller
12-10 17:48:42.077 1383 1937 W ActivityManager: pid 1383 system sent binder code 1 with flags 1 to frozen apps and got error -2147483646
12-10 17:48:42.078 1383 1937 W ActivityManager: pid 1383 system sent binder code 1 with flags 1 to frozen apps and got error -2147483646
12-10 17:48:42.078 1383 1937 D ActivityManager: Too many transaction errors, throttling freezer binder callback.
12-10 17:48:42.080 1383 1937 W ActivityManager: pid 1383 system sent binder code 1 with flags 1 to frozen apps and got error -2147483646
12-10 17:48:42.080 1383 1937 D ActivityManager: Too many transaction errors, throttling freezer binder callback.
12-10 17:48:42.080 1383 1937 W ActivityManager: pid 1383 system sent binder code 1 with flags 1 to frozen apps and got error -2147483646
12-10 17:48:42.080 1383 1937 D ActivityManager: Too many transaction errors, throttling freezer binder callback.
12-10 17:48:45.093 1383 1937 W ActivityManager: pid 1383 system sent binder code 1 with flags 1 to frozen apps and got error -2147483646
12-10 17:48:45.093 1383 1937 D ActivityManager: Too many transaction errors, throttling freezer binder callback.
12-10 17:48:45.093 1383 1937 W ActivityManager: pid 1383 system sent binder code 1 with flags 1 to frozen apps and got error -2147483646
12-10 17:48:45.093 1383 1937 D ActivityManager: Too many transaction errors, throttling freezer binder callback.
12-10 17:48:45.093 1383 1937 W ActivityManager: pid 1383 system sent binder code 1 with flags 1 to frozen apps and got error -2147483646
12-10 17:48:45.093 1383 1937 D ActivityManager: Too many transaction errors, throttling freezer binder callback.
12-10 17:48:45.094 1383 1937 W ActivityManager: pid 1383 system sent binder code 1 with flags 1 to frozen apps and got error -2147483646
12-10 17:48:45.094 1383 1937 D ActivityManager: Too many transaction errors, throttling freezer binder callback.
12-10 17:48:48.136 1383 1937 W ActivityManager: pid 1383 system sent binder code 1 with flags 1 to frozen apps and got error -2147483646
12-10 17:48:48.136 1383 1937 D ActivityManager: Too many transaction errors, throttling freezer binder callback.
12-10 17:48:48.136 1383 1937 W ActivityManager: pid 1383 system sent binder code 1 with flags 1 to frozen apps and got error -2147483646
12-10 17:48:48.136 1383 1937 D ActivityManager: Too many transaction errors, throttling freezer binder callback.
12-10 17:48:48.137 1383 1937 W ActivityManager: pid 1383 system sent binder code 1 with flags 1 to frozen apps and got error -2147483646
12-10 17:48:48.137 1383 1937 D ActivityManager: Too many transaction errors, throttling freezer binder callback.
12-10 17:48:48.142 1383 1937 W ActivityManager: pid 1383 system sent binder code 1 with flags 1 to frozen apps and got error -2147483646
12-10 17:48:48.142 1383 1937 D ActivityManager: Too many transaction errors, throttling freezer binder callback.
12-10 17:48:51.927 1383 9718 D CoreBackPreview: Window{5a1f79c u0 NotificationShade}: Setting back callback OnBackInvokedCallbackInfo{mCallback=android.window.IOnBackInvokedCallback$Stub$Proxy@509ca4, mPriority=0, mIsAnimationCallback=false}
12-10 17:48:51.966 1383 9718 D SystemServerTiming: getUserSwitchability-0
12-10 17:48:51.966 1383 9718 D SystemServerTiming: TM.isInCall
12-10 17:48:51.966 1383 2101 D SystemServerTiming: getUserSwitchability-0
12-10 17:48:51.966 1383 2101 D SystemServerTiming: TM.isInCall
12-10 17:48:51.966 1383 9718 D SystemServerTiming: hasUserRestriction-DISALLOW_USER_SWITCH
12-10 17:48:51.966 1383 9718 D SystemServerTiming: getInt-ALLOW_USER_SWITCHING_WHEN_SYSTEM_USER_LOCKED
12-10 17:48:51.966 1383 9718 D SystemServerTiming: isUserUnlocked-USER_SYSTEM
12-10 17:48:51.966 1383 2101 D SystemServerTiming: hasUserRestriction-DISALLOW_USER_SWITCH
12-10 17:48:51.966 1383 2101 D SystemServerTiming: getInt-ALLOW_USER_SWITCHING_WHEN_SYSTEM_USER_LOCKED
12-10 17:48:51.966 1383 2101 D SystemServerTiming: isUserUnlocked-USER_SYSTEM
12-10 17:48:51.975 1383 2101 D ActivityManager: sync unfroze 29146 com.google.android.gms for 6
12-10 17:48:51.982 1383 9718 W ProcessStats: Tracking association SourceState{41e1478 com.google.android.gms.persistent/10181 BFgs #78465} whose proc state 4 is better than process ProcessState{93ffd3a com.google.android.gms/10181 pkg=com.google.android.gms} proc state 14 (11 skipped)
12-10 17:48:53.097 1383 2101 D CoreBackPreview: Window{5a1f79c u0 NotificationShade}: Setting back callback null
12-10 17:48:53.138 1383 3181 W PackageConfigPersister: App-specific configuration not found for packageName: im.status.ethereum and userId: 0
12-10 17:48:54.229 1383 1937 W ActivityManager: pid 1383 system sent binder code 1 with flags 1 to frozen apps and got error -2147483646
12-10 17:48:54.230 1383 1937 W ActivityManager: pid 1383 system sent binder code 1 with flags 1 to frozen apps and got error -2147483646
12-10 17:48:54.230 1383 1937 D ActivityManager: Too many transaction errors, throttling freezer binder callback.
12-10 17:48:54.230 1383 1937 W ActivityManager: pid 1383 system sent binder code 1 with flags 1 to frozen apps and got error -2147483646
12-10 17:48:54.230 1383 1937 D ActivityManager: Too many transaction errors, throttling freezer binder callback.
12-10 17:48:54.230 1383 1937 W ActivityManager: pid 1383 system sent binder code 1 with flags 1 to frozen apps and got error -2147483646
12-10 17:48:54.230 1383 1937 D ActivityManager: Too many transaction errors, throttling freezer binder callback.
12-10 17:48:57.277 1383 1937 W ActivityManager: pid 1383 system sent binder code 1 with flags 1 to frozen apps and got error -2147483646
12-10 17:48:57.277 1383 1937 D ActivityManager: Too many transaction errors, throttling freezer binder callback.
12-10 17:48:57.278 1383 1937 W ActivityManager: pid 1383 system sent binder code 1 with flags 1 to frozen apps and got error -2147483646
12-10 17:48:57.278 1383 1937 D ActivityManager: Too many transaction errors, throttling freezer binder callback.
12-10 17:48:57.278 1383 1937 W ActivityManager: pid 1383 system sent binder code 1 with flags 1 to frozen apps and got error -2147483646
12-10 17:48:57.278 1383 1937 D ActivityManager: Too many transaction errors, throttling freezer binder callback.
12-10 17:48:57.278 1383 1937 W ActivityManager: pid 1383 system sent binder code 1 with flags 1 to frozen apps and got error -2147483646
12-10 17:48:57.278 1383 1937 D ActivityManager: Too many transaction errors, throttling freezer binder callback.
12-10 17:49:00.284 1383 1937 W ActivityManager: pid 1383 system sent binder code 1 with flags 1 to frozen apps and got error -2147483646
12-10 17:49:00.284 1383 1937 D ActivityManager: Too many transaction errors, throttling freezer binder callback.
12-10 17:49:00.285 1383 1937 W ActivityManager: pid 1383 system sent binder code 1 with flags 1 to frozen apps and got error -2147483646
12-10 17:49:00.285 1383 1937 D ActivityManager: Too many transaction errors, throttling freezer binder callback.
12-10 17:49:00.285 1383 1937 W ActivityManager: pid 1383 system sent binder code 1 with flags 1 to frozen apps and got error -2147483646
12-10 17:49:00.285 1383 1937 D ActivityManager: Too many transaction errors, throttling freezer binder callback.
12-10 17:49:00.285 1383 1937 W ActivityManager: pid 1383 system sent binder code 1 with flags 1 to frozen apps and got error -2147483646
12-10 17:49:00.285 1383 1937 D ActivityManager: Too many transaction errors, throttling freezer binder callback.
12-10 17:49:06.446 1383 1937 W ActivityManager: pid 1383 system sent binder code 1 with flags 1 to frozen apps and got error -2147483646
12-10 17:49:06.447 1383 1937 W ActivityManager: pid 1383 system sent binder code 1 with flags 1 to frozen apps and got error -2147483646
12-10 17:49:06.447 1383 1937 D ActivityManager: Too many transaction errors, throttling freezer binder callback.
12-10 17:49:06.447 1383 1937 W ActivityManager: pid 1383 system sent binder code 1 with flags 1 to frozen apps and got error -2147483646
12-10 17:49:06.447 1383 1937 D ActivityManager: Too many transaction errors, throttling freezer binder callback.
12-10 17:49:06.448 1383 1937 W ActivityManager: pid 1383 system sent binder code 1 with flags 1 to frozen apps and got error -2147483646
12-10 17:49:06.448 1383 1937 D ActivityManager: Too many transaction errors, throttling freezer binder callback.
12-10 17:49:09.481 1383 1937 W ActivityManager: pid 1383 system sent binder code 1 with flags 1 to frozen apps and got error -2147483646
12-10 17:49:09.481 1383 1937 D ActivityManager: Too many transaction errors, throttling freezer binder callback.
12-10 17:49:09.481 1383 1937 W ActivityManager: pid 1383 system sent binder code 1 with flags 1 to frozen apps and got error -2147483646
12-10 17:49:09.481 1383 1937 D ActivityManager: Too many transaction errors, throttling freezer binder callback.
12-10 17:49:09.482 1383 1937 W ActivityManager: pid 1383 system sent binder code 1 with flags 1 to frozen apps and got error -2147483646
12-10 17:49:09.482 1383 1937 D ActivityManager: Too many transaction errors, throttling freezer binder callback.
12-10 17:49:09.482 1383 1937 W ActivityManager: pid 1383 system sent binder code 1 with flags 1 to frozen apps and got error -2147483646
12-10 17:49:09.482 1383 1937 D ActivityManager: Too many transaction errors, throttling freezer binder callback.
12-10 17:49:15.527 1383 1937 W ActivityManager: pid 1383 system sent binder code 1 with flags 1 to frozen apps and got error -2147483646
12-10 17:49:15.527 1383 1937 D ActivityManager: Too many transaction errors, throttling freezer binder callback.
12-10 17:49:15.528 1383 1937 W ActivityManager: pid 1383 system sent binder code 1 with flags 1 to frozen apps and got error -2147483646
12-10 17:49:15.528 1383 1937 D ActivityManager: Too many transaction errors, throttling freezer binder callback.
12-10 17:49:15.528 1383 1937 W ActivityManager: pid 1383 system sent binder code 1 with flags 1 to frozen apps and got error -2147483646
12-10 17:49:15.528 1383 1937 D ActivityManager: Too many transaction errors, throttling freezer binder callback.
12-10 17:49:15.528 1383 1937 W ActivityManager: pid 1383 system sent binder code 1 with flags 1 to frozen apps and got error -2147483646
12-10 17:49:15.528 1383 1937 D ActivityManager: Too many transaction errors, throttling freezer binder callback.
12-10 17:49:17.079 1383 1872 D ActivityManager: freezing 29146 com.google.android.gms
12-10 17:49:24.669 1383 1937 W ActivityManager: pid 1383 system sent binder code 1 with flags 1 to frozen apps and got error -2147483646
12-10 17:49:24.669 1383 1937 W ActivityManager: pid 1383 system sent binder code 1 with flags 1 to frozen apps and got error -2147483646
12-10 17:49:24.669 1383 1937 D ActivityManager: Too many transaction errors, throttling freezer binder callback.
12-10 17:49:24.670 1383 1937 W ActivityManager: pid 1383 system sent binder code 1 with flags 1 to frozen apps and got error -2147483646
12-10 17:49:24.670 1383 1937 D ActivityManager: Too many transaction errors, throttling freezer binder callback.
12-10 17:49:24.670 1383 1937 W ActivityManager: pid 1383 system sent binder code 1 with flags 1 to frozen apps and got error -2147483646
12-10 17:49:24.670 1383 1937 D ActivityManager: Too many transaction errors, throttling freezer binder callback.
12-10 17:49:30.773 1383 1937 W ActivityManager: pid 1383 system sent binder code 1 with flags 1 to frozen apps and got error -2147483646
12-10 17:49:30.773 1383 1937 D ActivityManager: Too many transaction errors, throttling freezer binder callback.
12-10 17:49:30.774 1383 1937 W ActivityManager: pid 1383 system sent binder code 1 with flags 1 to frozen apps and got error -2147483646
