12-10 17:57:16.531 1383 1937 W ActivityManager: pid 1383 system sent binder code 1 with flags 1 to frozen apps and got error -2147483646
12-10 17:57:16.531 1383 1937 D ActivityManager: Too many transaction errors, throttling freezer binder callback.
12-10 17:57:16.532 1383 1937 W ActivityManager: pid 1383 system sent binder code 1 with flags 1 to frozen apps and got error -2147483646
12-10 17:57:16.532 1383 1937 D ActivityManager: Too many transaction errors, throttling freezer binder callback.
12-10 17:57:19.586 1383 1937 W ActivityManager: pid 1383 system sent binder code 1 with flags 1 to frozen apps and got error -2147483646
12-10 17:57:19.586 1383 1937 D ActivityManager: Too many transaction errors, throttling freezer binder callback.
12-10 17:57:19.587 1383 1937 W ActivityManager: pid 1383 system sent binder code 1 with flags 1 to frozen apps and got error -2147483646
12-10 17:57:19.587 1383 1937 D ActivityManager: Too many transaction errors, throttling freezer binder callback.
12-10 17:57:19.587 1383 1937 W ActivityManager: pid 1383 system sent binder code 1 with flags 1 to frozen apps and got error -2147483646
12-10 17:57:19.587 1383 1937 D ActivityManager: Too many transaction errors, throttling freezer binder callback.
12-10 17:57:19.588 1383 1937 W ActivityManager: pid 1383 system sent binder code 1 with flags 1 to frozen apps and got error -2147483646
12-10 17:57:19.588 1383 1937 D ActivityManager: Too many transaction errors, throttling freezer binder callback.
12-10 17:57:22.644 1383 1937 W ActivityManager: pid 1383 system sent binder code 1 with flags 1 to frozen apps and got error -2147483646
12-10 17:57:22.645 1383 1937 W ActivityManager: pid 1383 system sent binder code 1 with flags 1 to frozen apps and got error -2147483646
12-10 17:57:22.645 1383 1937 D ActivityManager: Too many transaction errors, throttling freezer binder callback.
12-10 17:57:22.645 1383 1937 W ActivityManager: pid 1383 system sent binder code 1 with flags 1 to frozen apps and got error -2147483646
12-10 17:57:22.645 1383 1937 D ActivityManager: Too many transaction errors, throttling freezer binder callback.
12-10 17:57:22.645 1383 1937 W ActivityManager: pid 1383 system sent binder code 1 with flags 1 to frozen apps and got error -2147483646
12-10 17:57:22.645 1383 1937 D ActivityManager: Too many transaction errors, throttling freezer binder callback.
12-10 17:57:25.654 1383 1937 W ActivityManager: pid 1383 system sent binder code 1 with flags 1 to frozen apps and got error -2147483646
12-10 17:57:25.654 1383 1937 D ActivityManager: Too many transaction errors, throttling freezer binder callback.
12-10 17:57:25.654 1383 1937 W ActivityManager: pid 1383 system sent binder code 1 with flags 1 to frozen apps and got error -2147483646
12-10 17:57:25.654 1383 1937 D ActivityManager: Too many transaction errors, throttling freezer binder callback.
12-10 17:57:25.655 1383 1937 W ActivityManager: pid 1383 system sent binder code 1 with flags 1 to frozen apps and got error -2147483646
12-10 17:57:25.655 1383 1937 D ActivityManager: Too many transaction errors, throttling freezer binder callback.
12-10 17:57:25.655 1383 1937 W ActivityManager: pid 1383 system sent binder code 1 with flags 1 to frozen apps and got error -2147483646
12-10 17:57:25.656 1383 1937 D ActivityManager: Too many transaction errors, throttling freezer binder callback.
12-10 17:57:25.984 1383 2287 D ShortcutService: rescanPackageIfNeeded 0@org.telegram.messenger, forceRescan=false , isNewApp=false
12-10 17:57:26.019 1383 2287 D ShortcutService: rescanPackageIfNeeded 0@org.telegram.messenger, forceRescan=false , isNewApp=false
12-10 17:57:26.052 1383 3417 D ShortcutService: Getting shortcuts for launcher= androiduser=0 pkg=org.telegram.messenger
12-10 17:57:26.053 1383 3417 D ShortcutService: rescanPackageIfNeeded 0@org.telegram.messenger, forceRescan=false , isNewApp=false
12-10 17:57:26.069 14541 14591 W LocaleConfig: The resource file pointed to by the given resource ID isn't found.
12-10 17:57:26.159 1383 1990 D ShortcutService: Saving package item org.telegram.messenger to /data/system_ce/0/shortcut_service/packages/org.telegram.messenger.xml
12-10 17:57:26.163 1383 1670 D ShortcutService: Getting shortcuts for launcher= com.google.android.asuser=0 pkg=org.telegram.messenger
12-10 17:57:26.197 1383 1670 D ShortcutService: Getting shortcuts for launcher= com.google.android.apps.nexuslauncheruser=0 pkg=org.telegram.messenger
12-10 17:57:26.197 1383 1670 D ShortcutService: Getting shortcuts for launcher= com.android.systemuiuser=0 pkg=org.telegram.messenger
12-10 17:57:26.213 14541 14591 W LocaleConfig: The resource file pointed to by the given resource ID isn't found.
12-10 17:57:26.221 14541 14591 W LocaleConfig: The resource file pointed to by the given resource ID isn't found.
12-10 17:57:26.229 14541 14591 W LocaleConfig: The resource file pointed to by the given resource ID isn't found.
12-10 17:57:26.683 14541 14591 W LocaleConfig: The resource file pointed to by the given resource ID isn't found.
12-10 17:57:26.688 14541 14591 W LocaleConfig: The resource file pointed to by the given resource ID isn't found.
12-10 17:57:26.693 14541 14591 W LocaleConfig: The resource file pointed to by the given resource ID isn't found.
12-10 17:57:28.716 1383 1937 W ActivityManager: pid 1383 system sent binder code 1 with flags 1 to frozen apps and got error -2147483646
12-10 17:57:28.716 1383 1937 D ActivityManager: Too many transaction errors, throttling freezer binder callback.
12-10 17:57:28.716 1383 1937 W ActivityManager: pid 1383 system sent binder code 1 with flags 1 to frozen apps and got error -2147483646
12-10 17:57:28.716 1383 1937 D ActivityManager: Too many transaction errors, throttling freezer binder callback.
12-10 17:57:28.717 1383 1937 W ActivityManager: pid 1383 system sent binder code 1 with flags 1 to frozen apps and got error -2147483646
12-10 17:57:28.717 1383 1937 D ActivityManager: Too many transaction errors, throttling freezer binder callback.
12-10 17:57:28.717 1383 1937 W ActivityManager: pid 1383 system sent binder code 1 with flags 1 to frozen apps and got error -2147483646
12-10 17:57:28.717 1383 1937 D ActivityManager: Too many transaction errors, throttling freezer binder callback.
12-10 17:57:29.205 1383 9718 D ShortcutService: Getting shortcuts for launcher= com.google.android.asuser=0 pkg=org.telegram.messenger
12-10 17:57:29.209 1383 9718 D ShortcutService: Getting shortcuts for launcher= com.google.android.asuser=0 pkg=org.telegram.messenger
12-10 17:57:31.777 1383 1937 W ActivityManager: pid 1383 system sent binder code 1 with flags 1 to frozen apps and got error -2147483646
12-10 17:57:31.777 1383 1937 D ActivityManager: Too many transaction errors, throttling freezer binder callback.
12-10 17:57:31.778 1383 1937 W ActivityManager: pid 1383 system sent binder code 1 with flags 1 to frozen apps and got error -2147483646
12-10 17:57:31.778 1383 1937 D ActivityManager: Too many transaction errors, throttling freezer binder callback.
12-10 17:57:31.779 1383 1937 W ActivityManager: pid 1383 system sent binder code 1 with flags 1 to frozen apps and got error -2147483646
12-10 17:57:31.779 1383 1937 D ActivityManager: Too many transaction errors, throttling freezer binder callback.
12-10 17:57:31.780 1383 1937 W ActivityManager: pid 1383 system sent binder code 1 with flags 1 to frozen apps and got error -2147483646
12-10 17:57:31.780 1383 1937 D ActivityManager: Too many transaction errors, throttling freezer binder callback.
12-10 17:57:34.828 1383 1937 W ActivityManager: pid 1383 system sent binder code 1 with flags 1 to frozen apps and got error -2147483646
12-10 17:57:34.830 1383 1937 W ActivityManager: pid 1383 system sent binder code 1 with flags 1 to frozen apps and got error -2147483646
12-10 17:57:34.830 1383 1937 D ActivityManager: Too many transaction errors, throttling freezer binder callback.
12-10 17:57:34.830 1383 1937 W ActivityManager: pid 1383 system sent binder code 1 with flags 1 to frozen apps and got error -2147483646
12-10 17:57:34.830 1383 1937 D ActivityManager: Too many transaction errors, throttling freezer binder callback.
12-10 17:57:34.831 1383 1937 W ActivityManager: pid 1383 system sent binder code 1 with flags 1 to frozen apps and got error -2147483646
12-10 17:57:34.831 1383 1937 D ActivityManager: Too many transaction errors, throttling freezer binder callback.
12-10 17:57:37.873 1383 1937 W ActivityManager: pid 1383 system sent binder code 1 with flags 1 to frozen apps and got error -2147483646
12-10 17:57:37.874 1383 1937 D ActivityManager: Too many transaction errors, throttling freezer binder callback.
12-10 17:57:37.874 1383 1937 W ActivityManager: pid 1383 system sent binder code 1 with flags 1 to frozen apps and got error -2147483646
12-10 17:57:37.874 1383 1937 D ActivityManager: Too many transaction errors, throttling freezer binder callback.
12-10 17:57:37.875 1383 1937 W ActivityManager: pid 1383 system sent binder code 1 with flags 1 to frozen apps and got error -2147483646
12-10 17:57:37.875 1383 1937 D ActivityManager: Too many transaction errors, throttling freezer binder callback.
12-10 17:57:37.875 1383 1937 W ActivityManager: pid 1383 system sent binder code 1 with flags 1 to frozen apps and got error -2147483646
12-10 17:57:37.875 1383 1937 D ActivityManager: Too many transaction errors, throttling freezer binder callback.
12-10 17:57:37.974 1383 3417 D ShortcutService: rescanPackageIfNeeded 0@org.telegram.messenger, forceRescan=false , isNewApp=false
12-10 17:57:38.020 1383 9730 D ShortcutService: rescanPackageIfNeeded 0@org.telegram.messenger, forceRescan=false , isNewApp=false
12-10 17:57:38.038 1383 3417 D ShortcutService: Getting shortcuts for launcher= androiduser=0 pkg=org.telegram.messenger
12-10 17:57:38.042 1383 2287 D ShortcutService: rescanPackageIfNeeded 0@org.telegram.messenger, forceRescan=false , isNewApp=false
12-10 17:57:38.146 1383 1990 D ShortcutService: Saving package item org.telegram.messenger to /data/system_ce/0/shortcut_service/packages/org.telegram.messenger.xml
12-10 17:57:38.146 1383 1670 D ShortcutService: Getting shortcuts for launcher= com.google.android.asuser=0 pkg=org.telegram.messenger
12-10 17:57:38.164 14541 14591 W LocaleConfig: The resource file pointed to by the given resource ID isn't found.
12-10 17:57:38.169 1383 3181 D ShortcutService: rescanPackageIfNeeded 0@org.telegram.messenger, forceRescan=false , isNewApp=false
12-10 17:57:38.181 1383 1670 D ShortcutService: Getting shortcuts for launcher= com.google.android.apps.nexuslauncheruser=0 pkg=org.telegram.messenger
12-10 17:57:38.200 1383 3417 D ShortcutService: rescanPackageIfNeeded 0@org.telegram.messenger, forceRescan=false , isNewApp=false
12-10 17:57:38.204 1383 1670 D ShortcutService: Getting shortcuts for launcher= com.android.systemuiuser=0 pkg=org.telegram.messenger
12-10 17:57:38.225 1383 2287 D ShortcutService: Getting shortcuts for launcher= androiduser=0 pkg=org.telegram.messenger
12-10 17:57:38.227 1383 3181 D ShortcutService: rescanPackageIfNeeded 0@org.telegram.messenger, forceRescan=false , isNewApp=false
12-10 17:57:38.246 1383 1383 W NotificationHistory: Attempted to add notif for locked/gone/disabled user 0
12-10 17:57:38.329 14541 14591 W LocaleConfig: The resource file pointed to by the given resource ID isn't found.
12-10 17:57:38.332 1383 1990 D ShortcutService: Saving package item org.telegram.messenger to /data/system_ce/0/shortcut_service/packages/org.telegram.messenger.xml
12-10 17:57:38.332 1383 1670 D ShortcutService: Getting shortcuts for launcher= com.google.android.asuser=0 pkg=org.telegram.messenger
12-10 17:57:38.334 14541 14591 W LocaleConfig: The resource file pointed to by the given resource ID isn't found.
12-10 17:57:38.339 14541 14591 W LocaleConfig: The resource file pointed to by the given resource ID isn't found.
12-10 17:57:38.378 1383 1670 D ShortcutService: Getting shortcuts for launcher= com.google.android.apps.nexuslauncheruser=0 pkg=org.telegram.messenger
12-10 17:57:38.379 1383 1670 D ShortcutService: Getting shortcuts for launcher= com.android.systemuiuser=0 pkg=org.telegram.messenger
12-10 17:57:38.543 1383 2287 E NotificationService: Package enqueue rate is 5.733407. Shedding 0|org.telegram.messenger|-1739974105|null|10284. package=org.telegram.messenger
12-10 17:57:38.557 1383 2287 D ShortcutService: rescanPackageIfNeeded 0@org.telegram.messenger, forceRescan=false , isNewApp=false
12-10 17:57:38.577 1383 2287 D ShortcutService: rescanPackageIfNeeded 0@org.telegram.messenger, forceRescan=false , isNewApp=false
12-10 17:57:38.594 1383 2287 D ShortcutService: Getting shortcuts for launcher= androiduser=0 pkg=org.telegram.messenger
12-10 17:57:38.595 1383 2287 D ShortcutService: rescanPackageIfNeeded 0@org.telegram.messenger, forceRescan=false , isNewApp=false
12-10 17:57:38.596 14541 14591 W LocaleConfig: The resource file pointed to by the given resource ID isn't found.
12-10 17:57:38.699 1383 1990 D ShortcutService: Saving package item org.telegram.messenger to /data/system_ce/0/shortcut_service/packages/org.telegram.messenger.xml
12-10 17:57:38.701 1383 1670 D ShortcutService: Getting shortcuts for launcher= com.google.android.asuser=0 pkg=org.telegram.messenger
12-10 17:57:38.730 1383 1670 D ShortcutService: Getting shortcuts for launcher= com.google.android.apps.nexuslauncheruser=0 pkg=org.telegram.messenger
12-10 17:57:38.732 1383 1670 D ShortcutService: Getting shortcuts for launcher= com.android.systemuiuser=0 pkg=org.telegram.messenger
12-10 17:57:38.792 14541 14591 W LocaleConfig: The resource file pointed to by the given resource ID isn't found.
12-10 17:57:38.796 14541 14591 W LocaleConfig: The resource file pointed to by the given resource ID isn't found.
12-10 17:57:38.801 14541 14591 W LocaleConfig: The resource file pointed to by the given resource ID isn't found.
12-10 17:57:38.897 1383 1383 W NotificationHistory: Attempted to add notif for locked/gone/disabled user 0
12-10 17:57:40.923 1383 1937 W ActivityManager: pid 1383 system sent binder code 1 with flags 1 to frozen apps and got error -2147483646
12-10 17:57:40.923 1383 1937 D ActivityManager: Too many transaction errors, throttling freezer binder callback.
12-10 17:57:40.924 1383 1937 W ActivityManager: pid 1383 system sent binder code 1 with flags 1 to frozen apps and got error -2147483646
12-10 17:57:40.924 1383 1937 D ActivityManager: Too many transaction errors, throttling freezer binder callback.
12-10 17:57:40.924 1383 1937 W ActivityManager: pid 1383 system sent binder code 1 with flags 1 to frozen apps and got error -2147483646
12-10 17:57:40.924 1383 1937 D ActivityManager: Too many transaction errors, throttling freezer binder callback.
12-10 17:57:40.925 1383 1937 W ActivityManager: pid 1383 system sent binder code 1 with flags 1 to frozen apps and got error -2147483646
12-10 17:57:40.925 1383 1937 D ActivityManager: Too many transaction errors, throttling freezer binder callback.
12-10 17:57:41.202 1383 1788 D ShortcutService: Getting shortcuts for launcher= com.google.android.asuser=0 pkg=org.telegram.messenger
12-10 17:57:41.203 1383 3417 D ShortcutService: Getting shortcuts for launcher= com.google.android.asuser=0 pkg=org.telegram.messenger
12-10 17:57:43.985 1383 1937 W ActivityManager: pid 1383 system sent binder code 1 with flags 1 to frozen apps and got error -2147483646
12-10 17:57:43.985 1383 1937 D ActivityManager: Too many transaction errors, throttling freezer binder callback.
12-10 17:57:43.987 1383 1937 W ActivityManager: pid 1383 system sent binder code 1 with flags 1 to frozen apps and got error -2147483646
12-10 17:57:43.987 1383 1937 D ActivityManager: Too many transaction errors, throttling freezer binder callback.
12-10 17:57:43.987 1383 1937 W ActivityManager: pid 1383 system sent binder code 1 with flags 1 to frozen apps and got error -2147483646
12-10 17:57:43.987 1383 1937 D ActivityManager: Too many transaction errors, throttling freezer binder callback.
12-10 17:57:43.988 1383 1937 W ActivityManager: pid 1383 system sent binder code 1 with flags 1 to frozen apps and got error -2147483646
12-10 17:57:43.988 1383 1937 D ActivityManager: Too many transaction errors, throttling freezer binder callback.
12-10 17:57:44.766 1383 9718 D ShortcutService: rescanPackageIfNeeded 0@org.telegram.messenger, forceRescan=false , isNewApp=false
12-10 17:57:44.770 14541 14591 W LocaleConfig: The resource file pointed to by the given resource ID isn't found.
12-10 17:57:44.778 1383 9718 D ShortcutService: rescanPackageIfNeeded 0@org.telegram.messenger, forceRescan=false , isNewApp=false
12-10 17:57:44.797 1383 9718 D ShortcutService: Getting shortcuts for launcher= androiduser=0 pkg=org.telegram.messenger
12-10 17:57:44.797 1383 3417 D ShortcutService: rescanPackageIfNeeded 0@org.telegram.messenger, forceRescan=false , isNewApp=false
12-10 17:57:44.850 1383 1788 E NotificationService: Package enqueue rate is 5.5098. Shedding 0|org.telegram.messenger|-1146915410|null|10284. package=org.telegram.messenger
12-10 17:57:44.852 14541 14591 W LocaleConfig: The resource file pointed to by the given resource ID isn't found.
12-10 17:57:44.855 14541 14591 W LocaleConfig: The resource file pointed to by the given resource ID isn't found.
12-10 17:57:44.858 14541 14591 W LocaleConfig: The resource file pointed to by the given resource ID isn't found.
12-10 17:57:44.903 1383 1990 D ShortcutService: Saving package item org.telegram.messenger to /data/system_ce/0/shortcut_service/packages/org.telegram.messenger.xml
12-10 17:57:44.903 1383 1670 D ShortcutService: Getting shortcuts for launcher= com.google.android.asuser=0 pkg=org.telegram.messenger
12-10 17:57:44.961 1383 1670 D ShortcutService: Getting shortcuts for launcher= com.google.android.apps.nexuslauncheruser=0 pkg=org.telegram.messenger
12-10 17:57:44.961 1383 1670 D ShortcutService: Getting shortcuts for launcher= com.android.systemuiuser=0 pkg=org.telegram.messenger
12-10 17:57:46.100 1383 1640 D HintManagerService: Sent cleanup message for uid 10284
12-10 17:57:46.969 1383 3417 D ShortcutService: rescanPackageIfNeeded 0@org.telegram.messenger, forceRescan=false , isNewApp=false
12-10 17:57:46.976 14541 14591 W LocaleConfig: The resource file pointed to by the given resource ID isn't found.
12-10 17:57:46.999 1383 3181 D ShortcutService: rescanPackageIfNeeded 0@org.telegram.messenger, forceRescan=false , isNewApp=false
12-10 17:57:47.021 1383 1937 W ActivityManager: pid 1383 system sent binder code 1 with flags 1 to frozen apps and got error -2147483646
12-10 17:57:47.021 1383 1937 W ActivityManager: pid 1383 system sent binder code 1 with flags 1 to frozen apps and got error -2147483646
12-10 17:57:47.021 1383 1937 D ActivityManager: Too many transaction errors, throttling freezer binder callback.
12-10 17:57:47.022 1383 1937 W ActivityManager: pid 1383 system sent binder code 1 with flags 1 to frozen apps and got error -2147483646
12-10 17:57:47.022 1383 1937 D ActivityManager: Too many transaction errors, throttling freezer binder callback.
12-10 17:57:47.022 1383 1937 W ActivityManager: pid 1383 system sent binder code 1 with flags 1 to frozen apps and got error -2147483646
12-10 17:57:47.022 1383 1937 D ActivityManager: Too many transaction errors, throttling freezer binder callback.
12-10 17:57:47.039 1383 9718 D ShortcutService: Getting shortcuts for launcher= androiduser=0 pkg=org.telegram.messenger
12-10 17:57:47.042 1383 9718 D ShortcutService: rescanPackageIfNeeded 0@org.telegram.messenger, forceRescan=false , isNewApp=false
12-10 17:57:47.095 14541 14591 W LocaleConfig: The resource file pointed to by the given resource ID isn't found.
12-10 17:57:47.101 14541 14591 W LocaleConfig: The resource file pointed to by the given resource ID isn't found.
12-10 17:57:47.103 1383 1874 D HintManagerService: Starts cleaning for 10284
12-10 17:57:47.106 14541 14591 W LocaleConfig: The resource file pointed to by the given resource ID isn't found.
12-10 17:57:47.145 1383 1670 D ShortcutService: Getting shortcuts for launcher= com.google.android.asuser=0 pkg=org.telegram.messenger
12-10 17:57:47.146 1383 1990 D ShortcutService: Saving package item org.telegram.messenger to /data/system_ce/0/shortcut_service/packages/org.telegram.messenger.xml
12-10 17:57:47.176 1383 1670 D ShortcutService: Getting shortcuts for launcher= com.google.android.apps.nexuslauncheruser=0 pkg=org.telegram.messenger
12-10 17:57:47.178 1383 1670 D ShortcutService: Getting shortcuts for launcher= com.android.systemuiuser=0 pkg=org.telegram.messenger
12-10 17:57:47.968 1383 9718 D ShortcutService: Getting shortcuts for launcher= com.google.android.asuser=0 pkg=org.telegram.messenger
12-10 17:57:47.973 1383 9718 D ShortcutService: Getting shortcuts for launcher= com.google.android.asuser=0 pkg=org.telegram.messenger
12-10 17:57:50.090 1383 1937 W ActivityManager: pid 1383 system sent binder code 1 with flags 1 to frozen apps and got error -2147483646
12-10 17:57:50.090 1383 1937 D ActivityManager: Too many transaction errors, throttling freezer binder callback.
12-10 17:57:50.091 1383 1937 W ActivityManager: pid 1383 system sent binder code 1 with flags 1 to frozen apps and got error -2147483646
12-10 17:57:50.092 1383 1937 D ActivityManager: Too many transaction errors, throttling freezer binder callback.
12-10 17:57:50.092 1383 1937 W ActivityManager: pid 1383 system sent binder code 1 with flags 1 to frozen apps and got error -2147483646
12-10 17:57:50.092 1383 1937 D ActivityManager: Too many transaction errors, throttling freezer binder callback.
12-10 17:57:50.093 1383 1937 W ActivityManager: pid 1383 system sent binder code 1 with flags 1 to frozen apps and got error -2147483646
12-10 17:57:50.093 1383 1937 D ActivityManager: Too many transaction errors, throttling freezer binder callback.
12-10 17:57:56.250 1383 1937 W ActivityManager: pid 1383 system sent binder code 1 with flags 1 to frozen apps and got error -2147483646
12-10 17:57:56.251 1383 1937 D ActivityManager: Too many transaction errors, throttling freezer binder callback.
12-10 17:57:56.252 1383 1937 W ActivityManager: pid 1383 system sent binder code 1 with flags 1 to frozen apps and got error -2147483646
12-10 17:57:56.252 1383 1937 D ActivityManager: Too many transaction errors, throttling freezer binder callback.
12-10 17:57:56.253 1383 1937 W ActivityManager: pid 1383 system sent binder code 1 with flags 1 to frozen apps and got error -2147483646
12-10 17:57:56.253 1383 1937 D ActivityManager: Too many transaction errors, throttling freezer binder callback.
12-10 17:57:56.253 1383 1937 W ActivityManager: pid 1383 system sent binder code 1 with flags 1 to frozen apps and got error -2147483646
12-10 17:57:56.254 1383 1937 D ActivityManager: Too many transaction errors, throttling freezer binder callback.
12-10 17:57:59.324 1383 1937 W ActivityManager: pid 1383 system sent binder code 1 with flags 1 to frozen apps and got error -2147483646
12-10 17:57:59.325 1383 1937 W ActivityManager: pid 1383 system sent binder code 1 with flags 1 to frozen apps and got error -2147483646
12-10 17:57:59.325 1383 1937 D ActivityManager: Too many transaction errors, throttling freezer binder callback.
12-10 17:57:59.327 1383 1937 W ActivityManager: pid 1383 system sent binder code 1 with flags 1 to frozen apps and got error -2147483646
12-10 17:57:59.327 1383 1937 D ActivityManager: Too many transaction errors, throttling freezer binder callback.
12-10 17:57:59.328 1383 1937 W ActivityManager: pid 1383 system sent binder code 1 with flags 1 to frozen apps and got error -2147483646
12-10 17:57:59.328 1383 1937 D ActivityManager: Too many transaction errors, throttling freezer binder callback.
12-10 17:58:02.368 1383 1937 W ActivityManager: pid 1383 system sent binder code 1 with flags 1 to frozen apps and got error -2147483646
12-10 17:58:02.368 1383 1937 D ActivityManager: Too many transaction errors, throttling freezer binder callback.
12-10 17:58:02.369 1383 1937 W ActivityManager: pid 1383 system sent binder code 1 with flags 1 to frozen apps and got error -2147483646
12-10 17:58:02.369 1383 1937 D ActivityManager: Too many transaction errors, throttling freezer binder callback.
12-10 17:58:02.370 1383 1937 W ActivityManager: pid 1383 system sent binder code 1 with flags 1 to frozen apps and got error -2147483646
12-10 17:58:02.370 1383 1937 D ActivityManager: Too many transaction errors, throttling freezer binder callback.
12-10 17:58:02.378 1383 1937 W ActivityManager: pid 1383 system sent binder code 1 with flags 1 to frozen apps and got error -2147483646
12-10 17:58:02.378 1383 1937 D ActivityManager: Too many transaction errors, throttling freezer binder callback.
12-10 17:58:07.285 1383 9730 D CoreBackPreview: Window{67236cb u0 im.status.ethereum/im.status.ethereum.MainActivity}: Setting back callback OnBackInvokedCallbackInfo{mCallback=android.window.IOnBackInvokedCallback$Stub$Proxy@7b345f2, mPriority=0, mIsAnimationCallback=false}
12-10 17:58:08.389 1383 9718 D CoreBackPreview: Window{67236cb u0 im.status.ethereum/im.status.ethereum.MainActivity EXITING}: Setting back callback null
12-10 17:58:08.401 1383 1643 V WindowManager: Unknown focus tokens, dropping reportFocusChanged
12-10 17:58:08.438 1383 9718 W PackageConfigPersister: App-specific configuration not found for packageName: im.status.ethereum and userId: 0
12-10 17:58:08.449 1383 1937 W ActivityManager: pid 1383 system sent binder code 1 with flags 1 to frozen apps and got error -2147483646
12-10 17:58:08.449 1383 1937 D ActivityManager: Too many transaction errors, throttling freezer binder callback.
12-10 17:58:08.450 1383 1937 W ActivityManager: pid 1383 system sent binder code 1 with flags 1 to frozen apps and got error -2147483646
12-10 17:58:08.450 1383 1937 D ActivityManager: Too many transaction errors, throttling freezer binder callback.
12-10 17:58:08.450 1383 1937 W ActivityManager: pid 1383 system sent binder code 1 with flags 1 to frozen apps and got error -2147483646
12-10 17:58:08.450 1383 1937 D ActivityManager: Too many transaction errors, throttling freezer binder callback.
12-10 17:58:08.451 1383 1937 W ActivityManager: pid 1383 system sent binder code 1 with flags 1 to frozen apps and got error -2147483646
12-10 17:58:08.451 1383 1937 D ActivityManager: Too many transaction errors, throttling freezer binder callback.
12-10 17:58:08.756 1383 3181 D ShortcutService: rescanPackageIfNeeded 0@org.telegram.messenger, forceRescan=false , isNewApp=false
12-10 17:58:08.785 1383 3181 D ShortcutService: rescanPackageIfNeeded 0@org.telegram.messenger, forceRescan=false , isNewApp=false
12-10 17:58:08.806 1383 2287 D ShortcutService: Getting shortcuts for launcher= androiduser=0 pkg=org.telegram.messenger
12-10 17:58:08.808 1383 9718 D ShortcutService: rescanPackageIfNeeded 0@org.telegram.messenger, forceRescan=false , isNewApp=false
12-10 17:58:08.809 14541 14591 W LocaleConfig: The resource file pointed to by the given resource ID isn't found.
12-10 17:58:08.910 1383 1990 D ShortcutService: Saving package item org.telegram.messenger to /data/system_ce/0/shortcut_service/packages/org.telegram.messenger.xml
12-10 17:58:08.911 1383 1670 D ShortcutService: Getting shortcuts for launcher= com.google.android.asuser=0 pkg=org.telegram.messenger
12-10 17:58:08.924 14541 14591 W LocaleConfig: The resource file pointed to by the given resource ID isn't found.
12-10 17:58:08.928 1383 1670 D ShortcutService: Getting shortcuts for launcher= com.google.android.apps.nexuslauncheruser=0 pkg=org.telegram.messenger
12-10 17:58:08.930 14541 14591 W LocaleConfig: The resource file pointed to by the given resource ID isn't found.
12-10 17:58:08.930 1383 1670 D ShortcutService: Getting shortcuts for launcher= com.android.systemuiuser=0 pkg=org.telegram.messenger
12-10 17:58:08.934 14541 14591 W LocaleConfig: The resource file pointed to by the given resource ID isn't found.
12-10 17:58:09.192 14541 14591 W LocaleConfig: The resource file pointed to by the given resource ID isn't found.
12-10 17:58:09.201 14541 14591 W LocaleConfig: The resource file pointed to by the given resource ID isn't found.
12-10 17:58:09.205 14541 14591 W LocaleConfig: The resource file pointed to by the given resource ID isn't found.
12-10 17:58:11.518 1383 1937 W ActivityManager: pid 1383 system sent binder code 1 with flags 1 to frozen apps and got error -2147483646
12-10 17:58:11.520 1383 1937 W ActivityManager: pid 1383 system sent binder code 1 with flags 1 to frozen apps and got error -2147483646
12-10 17:58:11.520 1383 1937 D ActivityManager: Too many transaction errors, throttling freezer binder callback.
12-10 17:58:11.520 1383 1937 W ActivityManager: pid 1383 system sent binder code 1 with flags 1 to frozen apps and got error -2147483646
12-10 17:58:11.520 1383 1937 D ActivityManager: Too many transaction errors, throttling freezer binder callback.
12-10 17:58:11.521 1383 1937 W ActivityManager: pid 1383 system sent binder code 1 with flags 1 to frozen apps and got error -2147483646
12-10 17:58:11.521 1383 1937 D ActivityManager: Too many transaction errors, throttling freezer binder callback.
12-10 17:58:11.937 1383 3424 D ShortcutService: Getting shortcuts for launcher= com.google.android.asuser=0 pkg=org.telegram.messenger
12-10 17:58:11.944 1383 3417 D ShortcutService: Getting shortcuts for launcher= com.google.android.asuser=0 pkg=org.telegram.messenger
12-10 17:58:14.574 1383 1937 W ActivityManager: pid 1383 system sent binder code 1 with flags 1 to frozen apps and got error -2147483646
12-10 17:58:14.574 1383 1937 D ActivityManager: Too many transaction errors, throttling freezer binder callback.
12-10 17:58:14.575 1383 1937 W ActivityManager: pid 1383 system sent binder code 1 with flags 1 to frozen apps and got error -2147483646
12-10 17:58:14.575 1383 1937 D ActivityManager: Too many transaction errors, throttling freezer binder callback.
12-10 17:58:14.576 1383 1937 W ActivityManager: pid 1383 system sent binder code 1 with flags 1 to frozen apps and got error -2147483646
12-10 17:58:14.576 1383 1937 D ActivityManager: Too many transaction errors, throttling freezer binder callback.
12-10 17:58:14.576 1383 1937 W ActivityManager: pid 1383 system sent binder code 1 with flags 1 to frozen apps and got error -2147483646
12-10 17:58:14.576 1383 1937 D ActivityManager: Too many transaction errors, throttling freezer binder callback.
12-10 17:58:15.313 1383 3506 V AutofillSession: Primary service component name: ComponentInfo{com.google.android.gms/com.google.android.gms.autofill.service.AutofillService}, secondary service component name: ComponentInfo{com.android.credentialmanager/com.android.credentialmanager.autofill.CredentialAutofillService}
12-10 17:58:15.315 1383 3506 V SecondaryProviderHandler: Creating a secondary provider handler with component name, ComponentInfo{com.android.credentialmanager/com.android.credentialmanager.autofill.CredentialAutofillService}
12-10 17:58:15.320 1383 3506 W FillRequestEventLogger: Couldn't find packageName: com.google.android.inputmethod.latin
12-10 17:58:15.339 1383 3181 W PackageConfigPersister: App-specific configuration not found for packageName: im.status.ethereum and userId: 0
12-10 17:58:15.346 1383 3506 D AutofillSession: createPendingIntent for request 346
12-10 17:58:15.377 1383 3506 D ActivityManager: sync unfroze 29146 com.google.android.gms for 6
12-10 17:58:15.378 1383 3506 W ProcessStats: Tracking association SourceState{9d734f8 com.google.android.inputmethod.latin/10198 BFgs #79446} whose proc state 4 is better than process ProcessState{93ffd3a com.google.android.gms/10181 pkg=com.google.android.gms} proc state 14 (0 skipped)
12-10 17:58:15.394 2025 2045 D WindowManagerShell: onKeepClearAreasChanged: restricted={}, unrestricted={Rect(0, 1517 - 1080, 2400)}
12-10 17:58:15.402 1383 3181 D ActivityManager: sync unfroze 12198 android.process.acore for 7
12-10 17:58:15.536 1383 1383 W FillRequestEventLogger: Shouldn't be logging AutofillFillRequestReported again for same event
12-10 17:58:15.536 1383 1383 W FillResponseEventLogger: Shouldn't be logging AutofillFillRequestReported again for same event
12-10 17:58:15.537 1383 1383 D AutofillSession: clearPendingIntentLocked
12-10 17:58:17.595 1383 1937 W ActivityManager: pid 1383 system sent binder code 1 with flags 1 to frozen apps and got error -2147483646
12-10 17:58:17.596 1383 1937 D ActivityManager: Too many transaction errors, throttling freezer binder callback.
12-10 17:58:17.596 1383 1937 W ActivityManager: pid 1383 system sent binder code 1 with flags 1 to frozen apps and got error -2147483646
12-10 17:58:17.596 1383 1937 D ActivityManager: Too many transaction errors, throttling freezer binder callback.
12-10 17:58:17.597 1383 1937 W ActivityManager: pid 1383 system sent binder code 1 with flags 1 to frozen apps and got error -2147483646
12-10 17:58:17.597 1383 1937 D ActivityManager: Too many transaction errors, throttling freezer binder callback.
12-10 17:58:17.597 1383 1937 W ActivityManager: pid 1383 system sent binder code 1 with flags 1 to frozen apps and got error -2147483646
12-10 17:58:17.597 1383 1937 D ActivityManager: Too many transaction errors, throttling freezer binder callback.
12-10 17:58:20.620 1383 1937 W ActivityManager: pid 1383 system sent binder code 1 with flags 1 to frozen apps and got error -2147483646
12-10 17:58:20.620 1383 1937 D ActivityManager: Too many transaction errors, throttling freezer binder callback.
12-10 17:58:20.620 1383 1937 W ActivityManager: pid 1383 system sent binder code 1 with flags 1 to frozen apps and got error -2147483646
12-10 17:58:20.620 1383 1937 D ActivityManager: Too many transaction errors, throttling freezer binder callback.
12-10 17:58:20.620 1383 1937 W ActivityManager: pid 1383 system sent binder code 1 with flags 1 to frozen apps and got error -2147483646
12-10 17:58:20.620 1383 1937 D ActivityManager: Too many transaction errors, throttling freezer binder callback.
12-10 17:58:20.620 1383 1937 W ActivityManager: pid 1383 system sent binder code 1 with flags 1 to frozen apps and got error -2147483646
12-10 17:58:20.620 1383 1937 D ActivityManager: Too many transaction errors, throttling freezer binder callback.
12-10 17:58:23.352 1383 9730 D CompatChangeReporter: Compat change id reported: 151861875; UID 10197; state: ENABLED
12-10 17:58:23.352 1383 9730 W OptProp : Cannot read opt property android.window.PROPERTY_COMPAT_ALLOW_ORIENTATION_OVERRIDE
12-10 17:58:23.353 1383 9730 W LocaleConfig: The resource file pointed to by the given resource ID isn't found.
12-10 17:58:23.370 1383 9730 W OptProp : Cannot read opt property android.window.PROPERTY_COMPAT_ALLOW_RESIZEABLE_ACTIVITY_OVERRIDES
12-10 17:58:23.370 1383 9730 W OptProp : Cannot read opt property android.window.PROPERTY_COMPAT_ALLOW_MIN_ASPECT_RATIO_OVERRIDE
12-10 17:58:23.371 1383 9730 D CompatChangeReporter: Compat change id reported: 306666082; UID 10197; state: ENABLED
12-10 17:58:23.384 2025 2062 W LocaleConfig: The resource file pointed to by the given resource ID isn't found.
12-10 17:58:23.386 1383 9730 I ActivityTaskManager: START u0 {act=android.intent.action.SEND_MULTIPLE flg=0x10000001 xflg=0x1 cmp=com.google.android.gm/.ComposeActivityGmailExternal clip={null {U(content)}} (has extras) sel=act=android.intent.action.SENDTO dat=mailto:}} with LAUNCH_MULTIPLE from uid 10357 (BAL_ALLOW_VISIBLE_WINDOW) result code=0
12-10 17:58:23.386 2025 2045 V WindowManagerShell: Transition requested (#317): android.os.BinderProxy@24aa2ee TransitionRequestInfo { type = OPEN, triggerTask = TaskInfo{userId=0 taskId=274 displayId=0 isRunning=true baseIntent=Intent { act=android.intent.action.SEND_MULTIPLE flg=0x10080001 cmp=com.google.android.gm/.ComposeActivityGmailExternal } baseActivity=ComponentInfo{com.google.android.gm/com.google.android.gm.ComposeActivityGmailExternal} topActivity=ComponentInfo{com.google.android.gm/com.google.android.gm.ComposeActivityGmailExternal} origActivity=null realActivity=ComponentInfo{com.google.android.gm/com.google.android.gm.ComposeActivityGmailExternal} numActivities=1 lastActiveTime=112350910 supportsMultiWindow=true resizeMode=2 isResizeable=true minWidth=-1 minHeight=-1 defaultMinSize=220 token=WCT{android.window.IWindowContainerToken$Stub$Proxy@980138f} topActivityType=1 pictureInPictureParams=null shouldDockBigOverlays=false launchIntoPipHostTaskId=-1 lastParentTaskIdBeforePip=-1 displayCutoutSafeInsets=Rect(0, 118 - 0, 0) topActivityInfo=ActivityInfo{118161c com.google.android.gm.ComposeActivityGmailExternal} launchCookies=[] positionInParent=Point(0, 0) parentTaskId=-1 isFocused=false isVisible=false isVisibleRequested=false isSleeping=false locusId=null displayAreaFeatureId=1 isTopActivityTransparent=false appCompatTaskInfo=AppCompatTaskInfo { topActivityInSizeCompat=false topActivityEligibleForLetterboxEducation= falseisLetterboxEducationEnabled= false isLetterboxDoubleTapEnabled= false topActivityEligibleForUserAspectRatioButton= false topActivityBoundsLetterboxed= false isFromLetterboxDoubleTap= false topActivityLetterboxVerticalPosition= -1 topActivityLetterboxHorizontalPosition= -1 topActivityLetterboxWidth=1080 topActivityLetterboxHeight=2400 isUserFullscreenOverrideEnabled=false isSystemFullscreenOverrideEnabled=false cameraCompatTaskInfo=CameraCompatTaskInfo { cameraCompatControlState=hidden freeformCameraCompatMode=inactive}}}, pipTask = null, remoteTransition = null, displayChange = null, flags = 0, debugId = 317 }
12-10 17:58:23.391 1383 3181 D CompatChangeReporter: Compat change id reported: 309578419; UID 10197; state: ENABLED
12-10 17:58:23.404 1383 1672 I ActivityManager: Start proc 9068:com.google.android.gm/u0a197 for next-top-activity {com.google.android.gm/com.google.android.gm.ComposeActivityGmailExternal}
12-10 17:58:23.410 1383 3181 D CoreBackPreview: Window{c296057 u0 Splash Screen com.google.android.gm}: Setting back callback OnBackInvokedCallbackInfo{mCallback=android.window.IOnBackInvokedCallback$Stub$Proxy@ff9aaf3, mPriority=0, mIsAnimationCallback=false}
12-10 17:58:23.412 1383 9730 W PackageConfigPersister: App-specific configuration not found for packageName: im.status.ethereum and userId: 0
12-10 17:58:23.428 2025 2383 V WindowManagerShell: onTransitionReady(transaction=5939939794594)
12-10 17:58:23.428 2025 2045 V WindowManagerShell: onTransitionReady (#317) android.os.BinderProxy@24aa2ee: {id=317 t=OPEN f=0x0 trk=0 r=[0@Point(0, 0)] c=[{WCT{android.window.IWindowContainerToken$Stub$Proxy@ed3435b} m=OPEN f=NONE leash=Surface(name=Task=274)/@0xdde170c sb=Rect(0, 0 - 1080, 2400) eb=Rect(0, 0 - 1080, 2400) d=0 taskParent=-1},{WCT{android.window.IWindowContainerToken$Stub$Proxy@1db97f8} m=TO_BACK f=NONE leash=Surface(name=Task=261)/@0x1dda855 sb=Rect(0, 0 - 1080, 2400) eb=Rect(0, 0 - 1080, 2400) d=0 taskParent=-1}]}
12-10 17:58:23.428 2025 2045 V WindowManagerShell: Playing animation for (#317) android.os.BinderProxy@24aa2ee@0
12-10 17:58:23.428 2025 2045 V WindowManagerShell: try handler com.android.wm.shell.transition.DefaultMixedHandler@dcd770
12-10 17:58:23.428 2025 2045 V WindowManagerShell: try handler com.android.wm.shell.keyguard.KeyguardTransitionHandler@84c0ae9
12-10 17:58:23.428 2025 2045 V WindowManagerShell: try handler com.android.wm.shell.pip.PipTransition@7aea39a
12-10 17:58:23.428 2025 2045 V WindowManagerShell: try handler com.android.wm.shell.activityembedding.ActivityEmbeddingController@e50c4cb
12-10 17:58:23.428 2025 2045 V WindowManagerShell: try handler com.android.wm.shell.recents.RecentsTransitionHandler@45bd4a8
12-10 17:58:23.428 2025 2045 V ShellRecents: RecentsTransitionHandler.startAnimation: no controller found
12-10 17:58:23.428 2025 2045 V WindowManagerShell: try handler com.android.wm.shell.splitscreen.StageCoordinator@7d4ebc1
12-10 17:58:23.428 2025 2045 V WindowManagerShell: try handler com.android.wm.shell.transition.RemoteTransitionHandler@dc35f66
12-10 17:58:23.428 2025 2045 V WindowManagerShell: Transition doesn't have explicit remote, search filters for match for {id=317 t=OPEN f=0x0 trk=0 r=[0@Point(0, 0)] c=[{WCT{android.window.IWindowContainerToken$Stub$Proxy@ed3435b} m=OPEN f=NONE leash=Surface(name=Task=274)/@0xdde170c sb=Rect(0, 0 - 1080, 2400) eb=Rect(0, 0 - 1080, 2400) d=0 taskParent=-1},{WCT{android.window.IWindowContainerToken$Stub$Proxy@1db97f8} m=TO_BACK f=NONE leash=Surface(name=Task=261)/@0x1dda855 sb=Rect(0, 0 - 1080, 2400) eb=Rect(0, 0 - 1080, 2400) d=0 taskParent=-1}]}
12-10 17:58:23.429 2025 2045 V WindowManagerShell: Checking filter Pair{{types=[] flags=0x0] notFlags=0x0 checks=[{atype=undefined independent=true modes=[OPEN,TO_FRONT] flags=IN_TASK_WITH_EMBEDDED_ACTIVITY mustBeTask=false order=ANY topActivity=ComponentInfo{com.google.android.apps.nexuslauncher/com.google.android.apps.nexuslauncher.NexusLauncherActivity} launchCookie=null},{atype=undefined independent=true modes=[CLOSE,TO_BACK] flags=IN_TASK_WITH_EMBEDDED_ACTIVITY mustBeTask=false order=ANY topActivity=null launchCookie=null}]} RemoteTransition { remoteTransition = android.window.IRemoteTransition$Stub$Proxy@9bf8cc4, appThread = android.app.IApplicationThread$Stub$Proxy@70ad7ad, debugName = OverlaySwipeBack }}
12-10 17:58:23.429 2025 2045 V WindowManagerShell: Checking filter Pair{{types=[] flags=0x0] notFlags=0x0 checks=[{atype=dream independent=true modes=[OPEN,TO_FRONT] flags=NONE mustBeTask=false order=ANY topActivity=null launchCookie=null},{atype=home independent=true modes=[CLOSE,TO_BACK] flags=NONE mustBeTask=false order=ANY topActivity=null launchCookie=null}]} RemoteTransition { remoteTransition = android.window.IRemoteTransition$Stub$Proxy@a22bae2, appThread = android.app.IApplicationThread$Stub$Proxy@2869e73, debugName = LauncherToDream }}
12-10 17:58:23.429 2025 2045 V WindowManagerShell: Checking filter Pair{{types=[] flags=0x0] notFlags=0x100 checks=[{atype=home independent=true modes=[OPEN,TO_FRONT] flags=NONE mustBeTask=false order=TOP topActivity=ComponentInfo{com.google.android.apps.nexuslauncher/com.google.android.apps.nexuslauncher.NexusLauncherActivity} launchCookie=null},{atype=standard independent=true modes=[CLOSE,TO_BACK] flags=NONE mustBeTask=false order=ANY topActivity=null launchCookie=null}]} RemoteTransition { remoteTransition = android.window.IRemoteTransition$Stub$Proxy@78ab130, appThread = android.app.IApplicationThread$Stub$Proxy@32a41a9, debugName = QuickstepLaunchHome }}
12-10 17:58:23.429 2025 2045 V WindowManagerShell: Delegate animation for (#317) to null
12-10 17:58:23.429 2025 2045 V WindowManagerShell: try handler com.android.wm.shell.transition.DefaultTransitionHandler@d8a51f9
12-10 17:58:23.429 2025 2045 V WindowManagerShell: start default transition animation, info = {id=317 t=OPEN f=0x0 trk=0 r=[0@Point(0, 0)] c=[{WCT{android.window.IWindowContainerToken$Stub$Proxy@ed3435b} m=OPEN f=NONE leash=Surface(name=Task=274)/@0xdde170c sb=Rect(0, 0 - 1080, 2400) eb=Rect(0, 0 - 1080, 2400) d=0 taskParent=-1},{WCT{android.window.IWindowContainerToken$Stub$Proxy@1db97f8} m=TO_BACK f=NONE leash=Surface(name=Task=261)/@0x1dda855 sb=Rect(0, 0 - 1080, 2400) eb=Rect(0, 0 - 1080, 2400) d=0 taskParent=-1}]}
12-10 17:58:23.430 2025 2045 V WindowManagerShell: loadAnimation: anim=android.view.animation.AnimationSet@ef8ba37 animAttr=0x9 type=OPEN isEntrance=false
12-10 17:58:23.432 1383 1640 V WindowManager: Sent Transition (#317) createdAt=12-10 17:58:23.371 via request=TransitionRequestInfo { type = OPEN, triggerTask = TaskInfo{userId=0 taskId=274 displayId=0 isRunning=true baseIntent=Intent { act=android.intent.action.SEND_MULTIPLE flg=0x10080001 cmp=com.google.android.gm/.ComposeActivityGmailExternal } baseActivity=ComponentInfo{com.google.android.gm/com.google.android.gm.ComposeActivityGmailExternal} topActivity=ComponentInfo{com.google.android.gm/com.google.android.gm.ComposeActivityGmailExternal} origActivity=null realActivity=ComponentInfo{com.google.android.gm/com.google.android.gm.ComposeActivityGmailExternal} numActivities=1 lastActiveTime=112350910 supportsMultiWindow=true resizeMode=2 isResizeable=true minWidth=-1 minHeight=-1 defaultMinSize=220 token=WCT{RemoteToken{4bb79ae Task{351445f #274 type=standard A=10197:com.google.android.gm}}} topActivityType=1 pictureInPictureParams=null shouldDockBigOverlays=false launchIntoPipHostTaskId=-1 lastParentTaskIdBeforePip=-1 displayCutoutSafeInsets=Rect(0, 118 - 0, 0) topActivityInfo=ActivityInfo{d7a034f com.google.android.gm.ComposeActivityGmailExternal} launchCookies=[] positionInParent=Point(0, 0) parentTaskId=-1 isFocused=false isVisible=false isVisibleRequested=false isSleeping=false locusId=null displayAreaFeatureId=1 isTopActivityTransparent=false appCompatTaskInfo=AppCompatTaskInfo { topActivityInSizeCompat=false topActivityEligibleForLetterboxEducation= falseisLetterboxEducationEnabled= false isLetterboxDoubleTapEnabled= false topActivityEligibleForUserAspectRatioButton= false topActivityBoundsLetterboxed= false isFromLetterboxDoubleTap= false topActivityLetterboxVerticalPosition= -1 topActivityLetterboxHorizontalPosition= -1 topActivityLetterboxWidth=1080 topActivityLetterboxHeight=2400 isUserFullscreenOverrideEnabled=false isSystemFullscreenOverrideEnabled=false cameraCompatTaskInfo=CameraCompatTaskInfo { cameraCompatControlState=hidden freeformCameraCompatMode=inactive}}}, pipTask = null, remoteTransition = null, displayChange = null, flags = 0, debugId = 317 }
12-10 17:58:23.433 1383 1640 V WindowManager: startWCT=WindowContainerTransaction { changes = {} hops = [] errorCallbackToken=null taskFragmentOrganizer=null }
12-10 17:58:23.433 1383 1640 V WindowManager: info={id=317 t=OPEN f=0x0 trk=0 r=[0@Point(0, 0)] c=[
12-10 17:58:23.433 1383 1640 V WindowManager: {WCT{RemoteToken{4bb79ae Task{351445f #274 type=standard A=10197:com.google.android.gm}}} m=OPEN f=NONE leash=Surface(name=Task=274)/@0xa5603b0 sb=Rect(0, 0 - 1080, 2400) eb=Rect(0, 0 - 1080, 2400) d=0 taskParent=-1},
12-10 17:58:23.433 1383 1640 V WindowManager: {WCT{RemoteToken{e7e52e4 Task{1954008 #261 type=standard A=10357:im.status.ethereum}}} m=TO_BACK f=NONE leash=Surface(name=Task=261)/@0x21cbb38 sb=Rect(0, 0 - 1080, 2400) eb=Rect(0, 0 - 1080, 2400) d=0 taskParent=-1}
12-10 17:58:23.433 1383 1640 V WindowManager: ]}
12-10 17:58:23.445 2025 2045 V WindowManagerShell: loadAnimation: anim=android.view.animation.AnimationSet@fdeb92f animAttr=0x8 type=OPEN isEntrance=true
12-10 17:58:23.446 2025 2045 V WindowManagerShell: animated by com.android.wm.shell.transition.DefaultTransitionHandler@d8a51f9
12-10 17:58:23.447 1383 9730 W UserManagerService: Requested status bar icon for non-badged user 0
12-10 17:58:23.608 1383 3424 D CompatChangeReporter: Compat change id reported: 324203798; UID 10197; state: ENABLED
12-10 17:58:23.615 1383 1863 D IntervalStats: Unable to parse usage stats packages: [71, 142, 148, 260, 276, 293, 386, 387, 393]
12-10 17:58:23.618 1383 1863 D IntervalStats: Unable to parse usage stats packages: [393, 394]
12-10 17:58:23.623 1383 1863 D IntervalStats: Unable to parse usage stats packages: [386, 394, 401]
12-10 17:58:23.626 1383 1863 D IntervalStats: Unable to parse usage stats packages: [401]
12-10 17:58:23.634 1383 1863 D IntervalStats: Unable to parse usage stats packages: [401]
12-10 17:58:23.750 9068 9068 V ResourcesManager: The following library key has been added: ResourcesKey{ mHash=6a974f29 mResDir=null mSplitDirs=[] mOverlayDirs=[/product/overlay/NavigationBarMode3Button/NavigationBarMode3ButtonOverlay.apk,/data/resource-cache/com.android.systemui-neutral-4td6.frro,/data/resource-cache/com.android.systemui-accent-hish.frro,/data/resource-cache/com.android.systemui-dynamic-aT6o.frro] mLibDirs=[/data/app/~~UDPs1sRwWzUz5GtjpVJgTA==/com.google.android.webview-cCZLMgnH0n-CjiMwMpBnTw==/base.apk,/data/app/~~UDPs1sRwWzUz5GtjpVJgTA==/com.google.android.webview-cCZLMgnH0n-CjiMwMpBnTw==/split_config.bg.apk,/data/app/~~UDPs1sRwWzUz5GtjpVJgTA==/com.google.android.webview-cCZLMgnH0n-CjiMwMpBnTw==/split_config.en.apk,/data/app/~~UDPs1sRwWzUz5GtjpVJgTA==/com.google.android.webview-cCZLMgnH0n-CjiMwMpBnTw==/split_config.uk.apk,/data/app/~~Bm-SZXkwBIZIpF-y-ulFIQ==/com.google.android.trichromelibrary_677803933-QxEcE0Y9dcfIs4NopKtQDA==/base.apk,/system_ext/framework/androidx.window.extensions.jar] mDisplayId=0 mOverrideConfig=v35 mCompatInfo={420dpi always-compat} mLoaders=[]}
12-10 17:58:23.803 1383 3424 D ActivityManager: sync unfroze 10198 com.google.android.webview:webview_service for 6
12-10 17:58:23.848 1383 1672 I ActivityManager: Start proc 9175:com.google.android.webview:sandboxed_process0:org.chromium.content.app.SandboxedProcessService0:0/u0i10 for {com.google.android.gm/org.chromium.content.app.SandboxedProcessService0:0}
12-10 17:58:23.920 1383 3424 D CompatChangeReporter: Compat change id reported: 271850009; UID 10204; state: ENABLED
12-10 17:58:23.920 1383 3424 D CompatChangeReporter: Compat change id reported: 253665015; UID 10204; state: ENABLED
12-10 17:58:23.926 1383 3424 D ActivityManager: sync unfroze 10256 com.google.android.webview:webview_apk for 6
12-10 17:58:23.930 1383 9730 D CompatChangeReporter: Compat change id reported: 319212206; UID 10197; state: ENABLED
12-10 17:58:23.940 10256 10256 D ActivityThread: Package [im.status.ethereum] reported as REPLACED, but missing application info. Assuming REMOVED.
12-10 17:58:23.940 10256 10256 D ActivityThread: Package [im.status.ethereum] reported as REPLACED, but missing application info. Assuming REMOVED.
12-10 17:58:23.940 10256 10256 D ActivityThread: Package [im.status.ethereum] reported as REPLACED, but missing application info. Assuming REMOVED.
12-10 17:58:23.960 2025 2045 V WindowManagerShell: Transition animation finished (aborted=false), notifying core (#317) android.os.BinderProxy@24aa2ee@0
12-10 17:58:23.961 1383 1640 V WindowManager: Finish Transition (#317): created at
