12-10 17:59:14.135 2121 2134 I deeptouch: I0000 00:00:1733846354.135900 2134 tf_lite_classifier.cc:413] Event stream classified as kNone
12-10 17:59:14.324 2121 2134 I deeptouch: I0000 00:00:1733846354.324749 2134 tf_lite_classifier.cc:413] Event stream classified as kNone
12-10 17:59:14.332 1285 9721 D Vibrator: waitForComplete: Vibrator is already off
12-10 17:59:14.344 1779 1785 I pixel-thermal: VIRTUAL-SKIN-CHARGE-WLC:30.4181 raw data: VIRTUAL-SKIN-CHARGE-WLC:30418.1 disp_therm:27854 skin_therm2:32663 usb_pwr_therm2:28300
12-10 17:59:14.358 1779 1785 I pixel-thermal: VIRTUAL-SKIN-CPU:28.7952 raw data: VIRTUAL-NEU-QUT-SKIN1-SKIN2-USB-USB2-GNSS-1:28501.7 VIRTUAL-NEU-QUT-SKIN1-SKIN2-USB-USB2-GNSS-4:28076.3 VIRTUAL-QUT-SKIN2-USB-GNSS-3:28795.2 VIRTUAL-QUT-SKIN2-USB-USB2-2:27944.4 VIRTUAL-SKIN:28795.2 VIRTUAL-SKIN-CPU:28795.2 gnss_tcxo_therm:31327 neutral_therm:31015 quiet_therm:28478 skin_therm1:30014 skin_therm2:32663 usb_pwr_therm:28055 usb_pwr_therm2:28300
12-10 17:59:14.358 1779 1785 I pixel-thermal: skin_therm1:30.014 raw data: skin_therm1:30014
12-10 17:59:14.359 1779 1785 I pixel-thermal: VIRTUAL-SKIN:28.7952 raw data: VIRTUAL-SKIN:28795.2
12-10 17:59:14.359 1779 1785 I pixel-thermal: VIRTUAL-SKIN-HINT:28.7952 raw data: VIRTUAL-SKIN:28795.2 VIRTUAL-SKIN-HINT:28795.2
12-10 17:59:14.359 1779 1785 I pixel-thermal: VIRTUAL-SKIN-CHARGE:28.7952 raw data: VIRTUAL-SKIN:28795.2 VIRTUAL-SKIN-CHARGE:28795.2
12-10 17:59:14.359 1779 1785 I pixel-thermal: cellular-emergency:28.7952 raw data: VIRTUAL-SKIN:28795.2 cellular-emergency:28795.2
12-10 17:59:14.360 1779 1785 I pixel-thermal: VIRTUAL-SKIN-CPU-GPU:28.7952 raw data: VIRTUAL-SKIN:28795.2 VIRTUAL-SKIN-CPU-GPU:28795.2
12-10 17:59:14.566 1285 9722 D Vibrator: waitForComplete: Vibrator is already off
12-10 17:59:14.570 2121 2134 I deeptouch: I0000 00:00:1733846354.570587 2134 tf_lite_classifier.cc:413] Event stream classified as kNone
12-10 17:59:14.602 15512 15512 W TextView: onProvideContentCaptureStructure(): calling assumeLayout()
12-10 17:59:14.644 1383 1937 D InetDiagMessage: Destroyed 0 sockets, proto=IPPROTO_TCP, family=AF_INET, states=14
12-10 17:59:14.646 1383 1937 D InetDiagMessage: Destroyed 0 sockets, proto=IPPROTO_TCP, family=AF_INET6, states=14
12-10 17:59:14.647 1383 1937 D InetDiagMessage: Destroyed live tcp sockets for uids={10167} in 5ms
12-10 17:59:14.649 1383 1937 D InetDiagMessage: Destroyed 0 sockets, proto=IPPROTO_TCP, family=AF_INET, states=14
12-10 17:59:14.652 1383 1937 D InetDiagMessage: Destroyed 0 sockets, proto=IPPROTO_TCP, family=AF_INET6, states=14
12-10 17:59:14.652 1383 1937 D InetDiagMessage: Destroyed live tcp sockets for uids={20167} in 5ms
12-10 17:59:14.672 15512 15512 I KeyboardWrapper: KeyboardWrapper.switchToKeyboard():669 switchToKeyboard(): type=symbol, status=1
12-10 17:59:14.672 15512 15512 I KeyboardManager: KeyboardManager.requestKeyboard():234 Creating keyboard symbol, imeId=ime_russian, cacheKey=theme_border_keyboard_mode_screen_size_5_5_keyboard_mode_screen_width_middle_stylesheet_noshadow_reordertheme_pgsans_silkpopup_dark_phone_bottom4dp
12-10 17:59:14.673 15512 15512 I KeyboardWrapper: KeyboardWrapper.onKeyboardReady():250 onKeyboardReady(): type=prime(symbol), kb=com.google.android.apps.inputmethod.latin.keyboard.LatinSymbolsKeyboard@ff2efae
12-10 17:59:14.674 15512 15512 I NgaStateManager: NgaStateManager.setKeyboardType():102 setKeyboardTypeChanged prime -> symbol [SDG]
12-10 17:59:14.675 15512 15512 I KeyboardWrapper: KeyboardWrapper.doActivateKeyboard():618 doActivateKeyboard(): symbol
12-10 17:59:14.693 15512 15512 I KeyboardHeightUtil: KeyboardHeightUtil.calculateMaxKeyboardBodyHeight():45 leave 281 height for app when ime window height:2156, header height:116 and isFullscreenMode:false, so the max keyboard body height is:1759
12-10 17:59:14.693 15512 15512 W TooltipLifecycleManager: TooltipLifecycleManager.dismissTooltips():154 Tooltip with id undo_access_point_promotion_banner not found in tooltipManager.
12-10 17:59:14.694 15512 15512 W Keyboard: Keyboard.getKeyboardViewHelper():598 null helper is returned: keyboardDef=kpj{processedConditions={language=ru-RU, deprecate_long_press_space_for_ime_picker=false, device=phone, keyboard_mode=normal, expressions=normal}, globalConditions={global_theme_key=theme_border_keyboard_mode_screen_size_5_5_keyboard_mode_screen_width_middle_stylesheet_noshadow_reordertheme_pgsans_silkpopup_dark_phone_bottom4dp, global_locale=ru_RU, global_density_dpi=420, global_orientation=1}, className=.latin.keyboard.LatinSymbolsKeyboard, resourceIds=[#0x7f170963], initialStates=0, keyboardViewDefs=[kpw{direction=LOCALE, id=#0x7f0b015e, isScalable=false, layoutId=#0x7f0e04c2, type=HEADER, touchable=true, defaultShow=true}, kpw{direction=null, id=#0x7f0b015e, isScalable=true, layoutId=#0x7f0e04a6, type=BODY, touchable=true, defaultShow=true}], persistentStates=0, persistentStatesPrefKey=null, popupBubbleLayoutId=#0x7f0e05d6, recentKeyLayoutId=#0x7f0e06b3, recentKeyPopupLayoutId=#0x7f0e05c9, recentKeyType=null, rememberRecentKey=NONE, sessionStates=0}, type=FLOATING_CANDIDATES, helpersCreated=[kby@d9c48f5, kby@c43e68a, null, null], context.getResources().getConfiguration(): {1.0 ?mcc0mnc [ru_RU] ldltr sw411dp w411dp h914dp 420dpi nrml long hdr widecg port night finger -keyb/v/h -nav/h winConfig={ mBounds=Rect(0, 0 - 1080, 2400) mAppBounds=Rect(0, 0 - 1080, 2400) mMaxBounds=Rect(0, 0 - 1080, 2400) mDisplayRotation=ROTATION_0 mWindowingMode=fullscreen mActivityType=undefined mAlwaysOnTop=undefined mRotation=ROTATION_0} s.8 fontWeightAdjustment=0}
12-10 17:59:14.694 15512 15512 W Keyboard: Keyboard.getKeyboardViewHelper():598 null helper is returned: keyboardDef=kpj{processedConditions={language=ru-RU, deprecate_long_press_space_for_ime_picker=false, device=phone, keyboard_mode=normal, expressions=normal}, globalConditions={global_theme_key=theme_border_keyboard_mode_screen_size_5_5_keyboard_mode_screen_width_middle_stylesheet_noshadow_reordertheme_pgsans_silkpopup_dark_phone_bottom4dp, global_locale=ru_RU, global_density_dpi=420, global_orientation=1}, className=.latin.keyboard.LatinSymbolsKeyboard, resourceIds=[#0x7f170963], initialStates=0, keyboardViewDefs=[kpw{direction=LOCALE, id=#0x7f0b015e, isScalable=false, layoutId=#0x7f0e04c2, type=HEADER, touchable=true, defaultShow=true}, kpw{direction=null, id=#0x7f0b015e, isScalable=true, layoutId=#0x7f0e04a6, type=BODY, touchable=true, defaultShow=true}], persistentStates=0, persistentStatesPrefKey=null, popupBubbleLayoutId=#0x7f0e05d6, recentKeyLayoutId=#0x7f0e06b3, recentKeyPopupLayoutId=#0x7f0e05c9, recentKeyType=null, rememberRecentKey=NONE, sessionStates=0}, type=WIDGET, helpersCreated=[kby@d9c48f5, kby@c43e68a, null, null], context.getResources().getConfiguration(): {1.0 ?mcc0mnc [ru_RU] ldltr sw411dp w411dp h914dp 420dpi nrml long hdr widecg port night finger -keyb/v/h -nav/h winConfig={ mBounds=Rect(0, 0 - 1080, 2400) mAppBounds=Rect(0, 0 - 1080, 2400) mMaxBounds=Rect(0, 0 - 1080, 2400) mDisplayRotation=ROTATION_0 mWindowingMode=fullscreen mActivityType=undefined mAlwaysOnTop=undefined mRotation=ROTATION_0} s.8 fontWeightAdjustment=0}
12-10 17:59:14.695 15512 15512 I KeyboardHeightUtil: KeyboardHeightUtil.calculateMaxKeyboardBodyHeight():45 leave 281 height for app when ime window height:2156, header height:116 and isFullscreenMode:false, so the max keyboard body height is:1759
12-10 17:59:14.695 15512 15512 E KeyboardViewController: KeyboardViewController.setSubViewControllerInternal():400 More than one sub view controller is declared to keyboardType: null, viewType: HEADER, viewId: 2131431996(#0x7f0b123c), controller: dat@1b3ec4, original controller: dat@f317390
12-10 17:59:14.697 29182 29197 I ActiveUnlock: (REDACTED) StorageMediator database state changed from %s to %s
12-10 17:59:14.697 29182 29197 I ActiveUnlock: (REDACTED) StorageMediator database state changed from %s to %s
12-10 17:59:14.705 15512 15512 W TextView: onProvideContentCaptureStructure(): calling assumeLayout()
12-10 17:59:14.706 15512 15512 I GoogleInputMethodService: GoogleInputMethodService$1.onKeyboardViewShown():468 onKeyboardViewShown: keyboardType=symbol, keyboardViewType=HEADER keyboardView=com.google.android.libraries.inputmethod.widgets.SoftKeyboardView{d582d3c V.E...... ........ 0,0-1080,116 #7f0b02b3 app:id/0_resource_name_obfuscated aid=8342}
12-10 17:59:14.707 15512 15512 I KeyboardViewController: KeyboardViewController.showSelfAndAncestors():642 current view doesn't has the priority com.google.android.libraries.inputmethod.accesspoint.widget.AccessPointsBar{3be9378 I.E...... ......ID 0,0-850,116 #7f0b0020 app:id/0_resource_name_obfuscated aid=8306} to show itself, DEFAULT
12-10 17:59:14.707 15512 15512 I GoogleInputMethodService: GoogleInputMethodService$1.onKeyboardViewShown():468 onKeyboardViewShown: keyboardType=symbol, keyboardViewType=BODY keyboardView=com.google.android.libraries.inputmethod.widgets.SoftKeyboardView{f0a550f V.E...... ........ 0,0-1080,641 aid=8424}
12-10 17:59:14.707 15512 15512 I NewLanguagePromptExtension: NewLanguagePromptExtension$1.onKeyboardViewShown():86 Not show new language banner: not prime keyboard, or the extension not activated.
12-10 17:59:14.708 15512 15512 I WindowMetricsNotification: WindowMetricsNotification.notifyWithWindow():175
12-10 17:59:14.708 15512 15512 I WindowMetricsNotification: WindowMetricsNotification.notify():168 WindowMetricsNotification{bounds=Rect(0, 118 - 1080, 2400), insets=Rect(0, 0 - 0, 126), densityDpi=420, smallestScreenWidthDp=411, displayWidth=1080, displayHeight=2400, xdpi=391.885, ydpi=409.127, isTrustable=true, displayId=0}; DisplayMetrics{density=2.625, width=1080, height=2400, scaledDensity=2.625, xdpi=391.885, ydpi=409.127}
12-10 17:59:14.708 15512 15512 I WindowMetricsNotification: WindowMetricsNotification.notifyWithWindow():175
12-10 17:59:14.708 15512 15512 I WindowMetricsNotification: WindowMetricsNotification.notify():168 WindowMetricsNotification{bounds=Rect(0, 118 - 1080, 2400), insets=Rect(0, 0 - 0, 126), densityDpi=420, smallestScreenWidthDp=411, displayWidth=1080, displayHeight=2400, xdpi=391.885, ydpi=409.127, isTrustable=true, displayId=0}; DisplayMetrics{density=2.625, width=1080, height=2400, scaledDensity=2.625, xdpi=391.885, ydpi=409.127}
12-10 17:59:14.764 2121 2134 I deeptouch: I0000 00:00:1733846354.764317 2134 tf_lite_classifier.cc:413] Event stream classified as kNone
12-10 17:59:14.781 1285 9723 D Vibrator: waitForComplete: Vibrator is already off
12-10 17:59:15.003 18720 18720 W Thread-5: type=1400 audit(0.0:83410): avc: denied { bind } for scontext=u:r:untrusted_app:s0:c101,c257,c512,c768 tcontext=u:r:untrusted_app:s0:c101,c257,c512,c768 tclass=netlink_route_socket permissive=0 bug=b/155595000 app=im.status.ethereum
12-10 17:59:15.151 15512 15512 W TextView: onProvideContentCaptureStructure(): calling assumeLayout()
12-10 17:59:15.204 2121 2134 I deeptouch: I0000 00:00:1733846355.204321 2134 tf_lite_classifier.cc:413] Event stream classified as kNone
12-10 17:59:15.213 1285 9725 D Vibrator: waitForComplete: Vibrator is already off
12-10 17:59:15.236 15512 15512 W TextView: onProvideContentCaptureStructure(): calling assumeLayout()
12-10 17:59:15.449 29146 29146 D BoundBrokerSvc: onUnbind: Intent { act=com.google.firebase.dynamiclinks.service.START pkg=com.google.android.gms }
12-10 17:59:15.439 18720 18720 W Thread-5: type=1400 audit(0.0:83411): avc: denied { bind } for scontext=u:r:untrusted_app:s0:c101,c257,c512,c768 tcontext=u:r:untrusted_app:s0:c101,c257,c512,c768 tclass=netlink_route_socket permissive=0 bug=b/155595000 app=im.status.ethereum
12-10 17:59:15.689 1383 1937 D ConnectivityService: NetReassign [no changes] [c 0] [a 0] [i 1]
12-10 17:59:15.751 2121 2134 I deeptouch: I0000 00:00:1733846355.750819 2134 tf_lite_classifier.cc:413] Event stream classified as kNone
12-10 17:59:15.751 1285 9729 D Vibrator: waitForComplete: Vibrator is already off
12-10 17:59:15.807 2139 2228 D ImpulseConnection: timeout didn't happen: com.google.android.apps.turbo
12-10 17:59:15.809 2139 2293 D TemperatureStateSource: sequence=6002 actualDelay=10001
12-10 17:59:15.809 2139 2293 D TemperatureStateSource: Reading temperature: sequence=6003
12-10 17:59:15.814 1779 1779 I pixel-thermal: VIRTUAL-SKIN:28.7952 raw data: VIRTUAL-SKIN:28795.2
12-10 17:59:15.814 2139 2293 D TemperatureStateSource: getDeviceTemperatures: sequence=6003 deviceTemperatureType=3 temperatureSource=0 temperatures=[28.795244]
12-10 17:59:15.815 2139 2293 D TemperatureStateSource: sequence=6003 waitTime=10000
12-10 17:59:15.815 2139 2245 D BusinessScope: Start running the #12090 block
12-10 17:59:15.817 1779 1779 I pixel-thermal: VIRTUAL-SKIN:28.7952 raw data: VIRTUAL-SKIN:28795.2
12-10 17:59:15.818 2139 2245 I TemperatureStateSource: temperature was set
12-10 17:59:15.819 2139 2245 D ImpulseStateSource: Notify clients: 6043
12-10 17:59:15.819 2139 2245 D BusinessScope: Finish running the #12090 block
12-10 17:59:15.819 2139 2245 D BusinessScope: Start running the #12091 block
12-10 17:59:15.820 2139 2228 D BusinessScope: Finish running the #12091 block
12-10 17:59:15.939 1285 9731 D Vibrator: waitForComplete: Vibrator is already off
12-10 17:59:15.964 2121 2134 I deeptouch: I0000 00:00:1733846355.964645 2134 tf_lite_classifier.cc:413] Event stream classified as kNone
12-10 17:59:16.169 15685 15688 I egram.messenger: Method exceeds compiler instruction limit: 17656 in void org.telegram.ui.ChatActivity.didReceivedNotification(int, int, java.lang.Object[])
12-10 17:59:16.184 15685 15688 I egram.messenger: Method exceeds compiler instruction limit: 28561 in void org.telegram.ui.Cells.ChatMessageCell.setMessageContent(org.telegram.messenger.MessageObject, org.telegram.messenger.MessageObject$GroupedMessages, boolean, boolean)
12-10 17:59:16.185 15685 15688 I egram.messenger: Method exceeds compiler instruction limit: 28561 in void org.telegram.ui.Cells.ChatMessageCell.setMessageContent(org.telegram.messenger.MessageObject, org.telegram.messenger.MessageObject$GroupedMessages, boolean, boolean)
12-10 17:59:16.187 15685 15688 I egram.messenger: Method exceeds compiler instruction limit: 28561 in void org.telegram.ui.Cells.ChatMessageCell.setMessageContent(org.telegram.messenger.MessageObject, org.telegram.messenger.MessageObject$GroupedMessages, boolean, boolean)
12-10 17:59:16.250 2121 2134 I deeptouch: I0000 00:00:1733846356.250702 2134 tf_lite_classifier.cc:413] Event stream classified as kNone
12-10 17:59:16.253 15512 15512 I KeyboardWrapper: KeyboardWrapper.switchToKeyboard():669 switchToKeyboard(): type=prime, status=1
12-10 17:59:16.253 15512 15512 I KeyboardManager: KeyboardManager.requestKeyboard():234 Creating keyboard prime, imeId=ime_russian, cacheKey=theme_border_keyboard_mode_screen_size_5_5_keyboard_mode_screen_width_middle_stylesheet_noshadow_reordertheme_pgsans_silkpopup_dark_phone_bottom4dp
12-10 17:59:16.254 15512 15512 I KeyboardWrapper: KeyboardWrapper.onKeyboardReady():250 onKeyboardReady(): type=symbol(prime), kb=com.google.android.apps.inputmethod.latin.keyboard.LatinPrimeKeyboard@34ce668
12-10 17:59:16.255 15512 15512 I KeyboardViewController: KeyboardViewController.clearSubViewControllerInternal():454 Clears keyboard sub view controller for keyboardType: symbol, viewType: HEADER, viewId: 2131431999(#0x7f0b123f),which has not been set.
12-10 17:59:16.255 15512 15512 I NgaStateManager: NgaStateManager.setKeyboardType():102 setKeyboardTypeChanged symbol -> prime [SDG]
12-10 17:59:16.255 15512 15512 I KeyboardWrapper: KeyboardWrapper.doActivateKeyboard():618 doActivateKeyboard(): prime
12-10 17:59:16.258 1285 9732 D Vibrator: waitForComplete: Vibrator is already off
12-10 17:59:16.266 15512 15512 I KeyboardHeightUtil: KeyboardHeightUtil.calculateMaxKeyboardBodyHeight():45 leave 281 height for app when ime window height:2156, header height:116 and isFullscreenMode:false, so the max keyboard body height is:1759
12-10 17:59:16.266 15512 15512 W TooltipLifecycleManager: TooltipLifecycleManager.dismissTooltips():154 Tooltip with id undo_access_point_promotion_banner not found in tooltipManager.
12-10 17:59:16.267 15512 15512 W Keyboard: Keyboard.getKeyboardViewHelper():598 null helper is returned: keyboardDef=kpj{processedConditions={enable_more_candidates_view_for_multilingual=false, enable_secondary_symbols=false, variant=russian, language=ru-RU, deprecate_long_press_space_for_ime_picker=false, expressions=normal, device=phone, keyboard_mode=normal, show_secondary_digits=true, enable_preemptive_decode=true, rtl_layout=false}, globalConditions={global_theme_key=theme_border_keyboard_mode_screen_size_5_5_keyboard_mode_screen_width_middle_stylesheet_noshadow_reordertheme_pgsans_silkpopup_dark_phone_bottom4dp, global_locale=ru_RU, global_density_dpi=420, global_orientation=1}, className=.latin.keyboard.LatinPrimeKeyboard, resourceIds=[#0x7f170989], initialStates=0, keyboardViewDefs=[kpw{direction=null, id=#0x7f0b015e, isScalable=false, layoutId=#0x7f0e01d0, type=FLOATING_CANDIDATES, touchable=false, defaultShow=false}, kpw{direction=LOCALE, id=#0x7f0b015e, isScalable=false, layoutId=#0x7f0e04da, type=HEADER, touchable=true, defaultShow=true}, kpw{direction=null, id=#0x7f0b015e, isScalable=true, layoutId=#0x7f0e03b6, type=BODY, touchable=true, defaultShow=true}], persistentStates=0, persistentStatesPrefKey=null, popupBubbleLayoutId=#0x7f0e05d6, recentKeyLayoutId=0, recentKeyPopupLayoutId=0, recentKeyType=null, rememberRecentKey=NONE, sessionStates=17592186044419}, type=WIDGET, helpersCreated=[kby@bca948c, kby@ecc17d5, kby@fe73bea, null], context.getResources().getConfiguration(): {1.0 ?mcc0mnc [ru_RU] ldltr sw411dp w411dp h914dp 420dpi nrml long hdr widecg port night finger -keyb/v/h -nav/h winConfig={ mBounds=Rect(0, 0 - 1080, 2400) mAppBounds=Rect(0, 0 - 1080, 2400) mMaxBounds=Rect(0, 0 - 1080, 2400) mDisplayRotation=ROTATION_0 mWindowingMode=fullscreen mActivityType=undefined mAlwaysOnTop=undefined mRotation=ROTATION_0} s.8 fontWeightAdjustment=0}
12-10 17:59:16.268 15512 15512 I KeyboardHeightUtil: KeyboardHeightUtil.calculateMaxKeyboardBodyHeight():45 leave 281 height for app when ime window height:2156, header height:116 and isFullscreenMode:false, so the max keyboard body height is:1759
12-10 17:59:16.268 15512 15512 E KeyboardViewController: KeyboardViewController.setSubViewControllerInternal():400 More than one sub view controller is declared to keyboardType: null, viewType: HEADER, viewId: 2131431996(#0x7f0b123c), controller: dat@f317390, original controller: dat@1b3ec4
12-10 17:59:16.280 15512 15512 I GoogleInputMethodService: GoogleInputMethodService$1.onKeyboardViewShown():468 onKeyboardViewShown: keyboardType=prime, keyboardViewType=HEADER keyboardView=com.google.android.libraries.inputmethod.widgets.SoftKeyboardView{7ecadc V.E...... ......ID 0,0-1080,116 aid=8119}
12-10 17:59:16.281 15512 15512 I KeyboardViewController: KeyboardViewController.showSelfAndAncestors():642 current view doesn't has the priority com.google.android.libraries.inputmethod.accesspoint.widget.AccessPointsBar{127a1b4 I.E...... ......ID 0,0-850,116 #7f0b0020 app:id/0_resource_name_obfuscated aid=8099} to show itself, DEFAULT
12-10 17:59:16.283 15512 15512 W TextView: onProvideContentCaptureStructure(): calling assumeLayout()
12-10 17:59:16.283 15512 15512 I GoogleInputMethodService: GoogleInputMethodService$1.onKeyboardViewShown():468 onKeyboardViewShown: keyboardType=prime, keyboardViewType=BODY keyboardView=com.google.android.libraries.inputmethod.widgets.SoftKeyboardView{98fd346 V.E...... ........ 0,0-1080,641 aid=8221}
12-10 17:59:16.284 15512 15512 I NewLanguagePromptExtension: NewLanguagePromptExtension$1.onKeyboardViewShown():96 Not show new language banner: no change in enabled input method entries
12-10 17:59:16.284 15512 15512 I WindowMetricsNotification: WindowMetricsNotification.notifyWithWindow():175
12-10 17:59:16.284 15512 15512 I WindowMetricsNotification: WindowMetricsNotification.notify():168 WindowMetricsNotification{bounds=Rect(0, 118 - 1080, 2400), insets=Rect(0, 0 - 0, 126), densityDpi=420, smallestScreenWidthDp=411, displayWidth=1080, displayHeight=2400, xdpi=391.885, ydpi=409.127, isTrustable=true, displayId=0}; DisplayMetrics{density=2.625, width=1080, height=2400, scaledDensity=2.625, xdpi=391.885, ydpi=409.127}
12-10 17:59:16.284 15512 15512 I WindowMetricsNotification: WindowMetricsNotification.notifyWithWindow():175
12-10 17:59:16.284 15512 15512 I WindowMetricsNotification: WindowMetricsNotification.notify():168 WindowMetricsNotification{bounds=Rect(0, 118 - 1080, 2400), insets=Rect(0, 0 - 0, 126), densityDpi=420, smallestScreenWidthDp=411, displayWidth=1080, displayHeight=2400, xdpi=391.885, ydpi=409.127, isTrustable=true, displayId=0}; DisplayMetrics{density=2.625, width=1080, height=2400, scaledDensity=2.625, xdpi=391.885, ydpi=409.127}
12-10 17:59:16.284 15512 15592 I Delight5Decoder: Delight5DecoderWrapper.setKeyboardLayout():514 setKeyboardLayout()
12-10 17:59:16.485 15685 15688 I egram.messenger: Method exceeds compiler instruction limit: 17656 in void org.telegram.ui.ChatActivity.didReceivedNotification(int, int, java.lang.Object[])
12-10 17:59:16.502 15685 15688 I egram.messenger: Method exceeds compiler instruction limit: 17656 in void org.telegram.ui.ChatActivity.didReceivedNotification(int, int, java.lang.Object[])
12-10 17:59:16.518 15685 15688 I egram.messenger: Method exceeds compiler instruction limit: 28561 in void org.telegram.ui.Cells.ChatMessageCell.setMessageContent(org.telegram.messenger.MessageObject, org.telegram.messenger.MessageObject$GroupedMessages, boolean, boolean)
12-10 17:59:16.519 15685 15688 I egram.messenger: Method exceeds compiler instruction limit: 28561 in void org.telegram.ui.Cells.ChatMessageCell.setMessageContent(org.telegram.messenger.MessageObject, org.telegram.messenger.MessageObject$GroupedMessages, boolean, boolean)
12-10 17:59:16.520 15685 15688 I egram.messenger: Method exceeds compiler instruction limit: 28561 in void org.telegram.ui.Cells.ChatMessageCell.setMessageContent(org.telegram.messenger.MessageObject, org.telegram.messenger.MessageObject$GroupedMessages, boolean, boolean)
12-10 17:59:16.616 29182 29197 I ActiveUnlock: (REDACTED) StorageMediator database state changed from %s to %s
12-10 17:59:16.617 29182 29197 I ActiveUnlock: (REDACTED) StorageMediator database state changed from %s to %s
12-10 17:59:16.693 1285 9733 D Vibrator: waitForComplete: Vibrator is already off
12-10 17:59:16.705 2121 2134 I deeptouch: I0000 00:00:1733846356.705760 2134 tf_lite_classifier.cc:413] Event stream classified as kNone
12-10 17:59:16.725 29182 9350 I AlarmManager: setExactAndAllowWhileIdle [name: GCM_HB_ALARM type: 2 triggerAtMillis: 114134250]
12-10 17:59:16.747 29182 9712 I AlarmManager: setExactAndAllowWhileIdle [name: FcmRetry type: 2 triggerAtMillis: 112524269]
12-10 17:59:16.756 1383 1671 W ProcessStats: Tracking association SourceState{a2b2631 org.telegram.messenger/10284 BTop #79772} whose proc state 2 is better than process ProcessState{e46a0b com.google.android.webview:sandboxed_process0:org.chromium.content.app.SandboxedProcessService0:0/10284 pkg=org.telegram.messenger} proc state 13 (4 skipped)
12-10 17:59:16.798 1285 9738 D Vibrator: waitForComplete: Vibrator is already off
12-10 17:59:16.805 1383 7204 W JobInfo : Job 'org.telegram.messenger/.KeepAliveJob#1000' has a deadline with functional constraints and an extremely short time window of 0 ms (delay=0, deadline=0). The functional constraints are not likely to be satisfied when the job runs.
12-10 17:59:16.805 15685 15688 I egram.messenger: Method exceeds compiler instruction limit: 17656 in void org.telegram.ui.ChatActivity.didReceivedNotification(int, int, java.lang.Object[])
12-10 17:59:16.805 1383 7204 W JobInfo : Job 'org.telegram.messenger/.KeepAliveJob#1000' has a deadline with functional constraints and an extremely short time window of 0 ms (delay=0, deadline=0). The functional constraints are not likely to be satisfied when the job runs.
12-10 17:59:16.817 15685 15688 I egram.messenger: Method exceeds compiler instruction limit: 28561 in void org.telegram.ui.Cells.ChatMessageCell.setMessageContent(org.telegram.messenger.MessageObject, org.telegram.messenger.MessageObject$GroupedMessages, boolean, boolean)
12-10 17:59:16.818 15685 15688 I egram.messenger: Method exceeds compiler instruction limit: 28561 in void org.telegram.ui.Cells.ChatMessageCell.setMessageContent(org.telegram.messenger.MessageObject, org.telegram.messenger.MessageObject$GroupedMessages, boolean, boolean)
12-10 17:59:16.818 15685 15688 I egram.messenger: Method exceeds compiler instruction limit: 28561 in void org.telegram.ui.Cells.ChatMessageCell.setMessageContent(org.telegram.messenger.MessageObject, org.telegram.messenger.MessageObject$GroupedMessages, boolean, boolean)
12-10 17:59:16.819 15685 15688 I egram.messenger: Method exceeds compiler instruction limit: 28561 in void org.telegram.ui.Cells.ChatMessageCell.setMessageContent(org.telegram.messenger.MessageObject, org.telegram.messenger.MessageObject$GroupedMessages, boolean, boolean)
12-10 17:59:16.819 15685 15688 I egram.messenger: Method exceeds compiler instruction limit: 28561 in void org.telegram.ui.Cells.ChatMessageCell.setMessageContent(org.telegram.messenger.MessageObject, org.telegram.messenger.MessageObject$GroupedMessages, boolean, boolean)
12-10 17:59:16.879 1285 9744 D Vibrator: waitForComplete: Vibrator is already off
12-10 17:59:16.929 2121 2134 I deeptouch: I0000 00:00:1733846356.929290 2134 tf_lite_classifier.cc:413] Event stream classified as kNone
12-10 17:59:17.079 1285 9747 D Vibrator: waitForComplete: Vibrator is already off
12-10 17:59:17.099 2121 2134 I deeptouch: I0000 00:00:1733846357.098943 2134 tf_lite_classifier.cc:413] Event stream classified as kNone
12-10 17:59:17.103 15685 15688 I egram.messenger: Method exceeds compiler instruction limit: 17656 in void org.telegram.ui.ChatActivity.didReceivedNotification(int, int, java.lang.Object[])
12-10 17:59:17.104 15685 15688 I egram.messenger: Method exceeds compiler instruction limit: 17656 in void org.telegram.ui.ChatActivity.didReceivedNotification(int, int, java.lang.Object[])
12-10 17:59:17.231 1285 9748 D Vibrator: waitForComplete: Vibrator is already off
12-10 17:59:17.258 2121 2134 I deeptouch: I0000 00:00:1733846357.258059 2134 tf_lite_classifier.cc:413] Event stream classified as kNone
12-10 17:59:17.447 18720 18720 W Thread-5: type=1400 audit(0.0:83412): avc: denied { bind } for scontext=u:r:untrusted_app:s0:c101,c257,c512,c768 tcontext=u:r:untrusted_app:s0:c101,c257,c512,c768 tclass=netlink_route_socket permissive=0 bug=b/155595000 app=im.status.ethereum
12-10 17:59:17.462 1285 9749 D Vibrator: waitForComplete: Vibrator is already off
12-10 17:59:17.481 2121 2134 I deeptouch: I0000 00:00:1733846357.481453 2134 tf_lite_classifier.cc:413] Event stream classified as kNone
12-10 17:59:17.646 1285 9752 D Vibrator: waitForComplete: Vibrator is already off
12-10 17:59:17.651 2121 2134 I deeptouch: I0000 00:00:1733846357.651473 2134 tf_lite_classifier.cc:413] Event stream classified as kNone
12-10 17:59:17.851 1285 9756 D Vibrator: waitForComplete: Vibrator is already off
12-10 17:59:17.893 2121 2134 I deeptouch: I0000 00:00:1733846357.893443 2134 tf_lite_classifier.cc:413] Event stream classified as kNone
12-10 17:59:17.976 1285 9757 D Vibrator: waitForComplete: Vibrator is already off
12-10 17:59:17.995 2121 2134 I deeptouch: I0000 00:00:1733846357.995748 2134 tf_lite_classifier.cc:413] Event stream classified as kNone
12-10 17:59:18.021 15512 15512 I Environment: Environment.isPackageInstalled():220 com.bitstrips.imoji is not installed
12-10 17:59:18.164 2121 2134 I deeptouch: I0000 00:00:1733846358.164868 2134 tf_lite_classifier.cc:413] Event stream classified as kNone
12-10 17:59:18.179 1285 9758 D Vibrator: waitForComplete: Vibrator is already off
12-10 17:59:18.202 15512 15512 W TextView: onProvideContentCaptureStructure(): calling assumeLayout()
12-10 17:59:18.336 1285 9759 D Vibrator: waitForComplete: Vibrator is already off
12-10 17:59:18.361 2121 2134 I deeptouch: I0000 00:00:1733846358.361122 2134 tf_lite_classifier.cc:413] Event stream classified as kNone
12-10 17:59:18.469 1285 9760 D Vibrator: waitForComplete: Vibrator is already off
12-10 17:59:18.498 2121 2134 I deeptouch: I0000 00:00:1733846358.498255 2134 tf_lite_classifier.cc:413] Event stream classified as kNone
12-10 17:59:18.631 1285 9761 D Vibrator: waitForComplete: Vibrator is already off
12-10 17:59:18.640 2121 2134 I deeptouch: I0000 00:00:1733846358.640159 2134 tf_lite_classifier.cc:413] Event stream classified as kNone
12-10 17:59:18.730 1383 1937 D ConnectivityService: NetReassign [no changes] [c 0] [a 0] [i 1]
12-10 17:59:18.787 2121 2134 I deeptouch: I0000 00:00:1733846358.787399 2134 tf_lite_classifier.cc:413] Event stream classified as kNone
12-10 17:59:18.792 1285 9762 D Vibrator: waitForComplete: Vibrator is already off
12-10 17:59:18.855 18720 18720 W Thread-17: type=1400 audit(0.0:83413): avc: denied { bind } for scontext=u:r:untrusted_app:s0:c101,c257,c512,c768 tcontext=u:r:untrusted_app:s0:c101,c257,c512,c768 tclass=netlink_route_socket permissive=0 bug=b/155595000 app=im.status.ethereum
12-10 17:59:18.855 18720 18720 W Thread-17: type=1400 audit(0.0:83414): avc: denied { bind } for scontext=u:r:untrusted_app:s0:c101,c257,c512,c768 tcontext=u:r:untrusted_app:s0:c101,c257,c512,c768 tclass=netlink_route_socket permissive=0 bug=b/155595000 app=im.status.ethereum
12-10 17:59:18.855 18720 18720 W Thread-17: type=1400 audit(0.0:83415): avc: denied { bind } for scontext=u:r:untrusted_app:s0:c101,c257,c512,c768 tcontext=u:r:untrusted_app:s0:c101,c257,c512,c768 tclass=netlink_route_socket permissive=0 bug=b/155595000 app=im.status.ethereum
12-10 17:59:18.885 18720 18816 D ReactNativeJS: 2024-12-10T15:59:18.874Z DEBUG [status-im.common.signals.events:33] - Signal received {:type "wakuv2.peerstats"}
12-10 17:59:18.891 18720 18816 D ReactNativeJS: 2024-12-10T15:59:18.886Z DEBUG [status-im.common.signals.events:107] - Event wakuv2.peerstats not handled
12-10 17:59:18.947 18720 18720 W Thread-15: type=1400 audit(0.0:83416): avc: denied { bind } for scontext=u:r:untrusted_app:s0:c101,c257,c512,c768 tcontext=u:r:untrusted_app:s0:c101,c257,c512,c768 tclass=netlink_route_socket permissive=0 bug=b/155595000 app=im.status.ethereum
12-10 17:59:19.015 1285 9767 D Vibrator: waitForComplete: Vibrator is already off
12-10 17:59:19.023 2121 2134 I deeptouch: I0000 00:00:1733846359.022981 2134 tf_lite_classifier.cc:413] Event stream classified as kNone
12-10 17:59:19.247 1285 9768 D Vibrator: waitForComplete: Vibrator is already off
12-10 17:59:19.258 2121 2134 I deeptouch: I0000 00:00:1733846359.258118 2134 tf_lite_classifier.cc:413] Event stream classified as kNone
12-10 17:59:19.391 1285 9769 D Vibrator: waitForComplete: Vibrator is already off
12-10 17:59:19.421 2121 2134 I deeptouch: I0000 00:00:1733846359.421798 2134 tf_lite_classifier.cc:413] Event stream classified as kNone
12-10 17:59:19.443 18720 18720 W Thread-10: type=1400 audit(0.0:83417): avc: denied { bind } for scontext=u:r:untrusted_app:s0:c101,c257,c512,c768 tcontext=u:r:untrusted_app:s0:c101,c257,c512,c768 tclass=netlink_route_socket permissive=0 bug=b/155595000 app=im.status.ethereum
12-10 17:59:19.459 18720 18720 W Thread-15: type=1400 audit(0.0:83418): avc: denied { bind } for scontext=u:r:untrusted_app:s0:c101,c257,c512,c768 tcontext=u:r:untrusted_app:s0:c101,c257,c512,c768 tclass=netlink_route_socket permissive=0 bug=b/155595000 app=im.status.ethereum
12-10 17:59:19.510 1285 9770 D Vibrator: waitForComplete: Vibrator is already off
12-10 17:59:19.514 2121 2134 I deeptouch: I0000 00:00:1733846359.514095 2134 tf_lite_classifier.cc:413] Event stream classified as kNone
12-10 17:59:19.659 1383 1872 D ActivityManager: freezing 16312 com.google.android.apps.privacy.wildlife
12-10 17:59:19.663 1383 1937 D InetDiagMessage: Destroyed 0 sockets, proto=IPPROTO_TCP, family=AF_INET, states=14
12-10 17:59:19.665 1383 1937 D InetDiagMessage: Destroyed 0 sockets, proto=IPPROTO_TCP, family=AF_INET6, states=14
12-10 17:59:19.665 1383 1937 D InetDiagMessage: Destroyed live tcp sockets for uids={10167} in 4ms
12-10 17:59:19.721 1285 9775 D Vibrator: waitForComplete: Vibrator is already off
12-10 17:59:19.759 2121 2134 I deeptouch: I0000 00:00:1733846359.759575 2134 tf_lite_classifier.cc:413] Event stream classified as kNone
12-10 17:59:19.829 1285 9776 D Vibrator: waitForComplete: Vibrator is already off
12-10 17:59:20.003 18720 18720 W Thread-17: type=1400 audit(0.0:83419): avc: denied { bind } for scontext=u:r:untrusted_app:s0:c101,c257,c512,c768 tcontext=u:r:untrusted_app:s0:c101,c257,c512,c768 tclass=netlink_route_socket permissive=0 bug=b/155595000 app=im.status.ethereum
12-10 17:59:20.024 2121 2134 I deeptouch: I0000 00:00:1733846360.024727 2134 tf_lite_classifier.cc:413] Event stream classified as kNone
12-10 17:59:20.029 1285 9777 D Vibrator: waitForComplete: Vibrator is already off
12-10 17:59:20.173 2168 2913 D HbmSvManager: Ambient sensor : TMD3719 Ambient Light update Lux : 33.99592
12-10 17:59:20.181 2121 2134 I deeptouch: I0000 00:00:1733846360.181639 2134 tf_lite_classifier.cc:413] Event stream classified as kNone
12-10 17:59:20.184 1285 9779 D Vibrator: waitForComplete: Vibrator is already off
12-10 17:59:20.220 15512 15512 W TextView: onProvideContentCaptureStructure(): calling assumeLayout()
12-10 17:59:20.531 2121 2134 I deeptouch: I0000 00:00:1733846360.531555 2134 tf_lite_classifier.cc:413] Event stream classified as kNone
12-10 17:59:20.546 1285 9780 D Vibrator: waitForComplete: Vibrator is already off
12-10 17:59:20.764 1285 9781 D Vibrator: waitForComplete: Vibrator is already off
12-10 17:59:20.776 2121 2134 I deeptouch: I0000 00:00:1733846360.775870 2134 tf_lite_classifier.cc:413] Event stream classified as kNone
12-10 17:59:20.803 15512 15512 W TextView: onProvideContentCaptureStructure(): calling assumeLayout()
12-10 17:59:21.029 2121 2134 I deeptouch: I0000 00:00:1733846361.028978 2134 tf_lite_classifier.cc:413] Event stream classified as kNone
12-10 17:59:21.038 1285 9782 D Vibrator: waitForComplete: Vibrator is already off
12-10 17:59:21.368 1779 1785 I pixel-thermal: VIRTUAL-SKIN-CHARGE-WLC:30.2052 raw data: VIRTUAL-SKIN-CHARGE-WLC:30205.2 disp_therm:27966 skin_therm2:32084 usb_pwr_therm2:28522
12-10 17:59:21.388 1779 1785 I pixel-thermal: VIRTUAL-SKIN-CPU:28.4983 raw data: VIRTUAL-NEU-QUT-SKIN1-SKIN2-USB-USB2-GNSS-1:28365.5 VIRTUAL-NEU-QUT-SKIN1-SKIN2-USB-USB2-GNSS-4:27944.5 VIRTUAL-QUT-SKIN2-USB-GNSS-3:28498.3 VIRTUAL-QUT-SKIN2-USB-USB2-2:27982.9 VIRTUAL-SKIN:28498.3 VIRTUAL-SKIN-CPU:28498.3 gnss_tcxo_therm:31060 neutral_therm:30770 quiet_therm:28411 skin_therm1:29880 skin_therm2:32084 usb_pwr_therm:28144 usb_pwr_therm2:28522
12-10 17:59:21.388 1779 1785 I pixel-thermal: skin_therm1:29.88 raw data: skin_therm1:29880
12-10 17:59:21.388 1779 1785 I pixel-thermal: VIRTUAL-SKIN:28.4983 raw data: VIRTUAL-SKIN:28498.3
12-10 17:59:21.388 1779 1785 I pixel-thermal: VIRTUAL-SKIN-HINT:28.4983 raw data: VIRTUAL-SKIN:28498.3 VIRTUAL-SKIN-HINT:28498.3
12-10 17:59:21.388 1779 1785 I pixel-thermal: VIRTUAL-SKIN-CHARGE:28.4983 raw data: VIRTUAL-SKIN:28498.3 VIRTUAL-SKIN-CHARGE:28498.3
12-10 17:59:21.389 1779 1785 I pixel-thermal: cellular-emergency:28.4983 raw data: VIRTUAL-SKIN:28498.3 cellular-emergency:28498.3
12-10 17:59:21.389 1779 1785 I pixel-thermal: VIRTUAL-SKIN-CPU-GPU:28.4983 raw data: VIRTUAL-SKIN:28498.3 VIRTUAL-SKIN-CPU-GPU:28498.3
12-10 17:59:21.410 1285 9783 D Vibrator: waitForComplete: Vibrator is already off
12-10 17:59:21.443 2121 2134 I deeptouch: I0000 00:00:1733846361.443192 2134 tf_lite_classifier.cc:413] Event stream classified as kNone
12-10 17:59:21.471 18720 18720 W Thread-10: type=1400 audit(0.0:83420): avc: denied { bind } for scontext=u:r:untrusted_app:s0:c101,c257,c512,c768 tcontext=u:r:untrusted_app:s0:c101,c257,c512,c768 tclass=netlink_route_socket permissive=0 bug=b/155595000 app=im.status.ethereum
12-10 17:59:21.612 1285 9786 D Vibrator: waitForComplete: Vibrator is already off
12-10 17:59:21.626 2121 2134 I deeptouch: I0000 00:00:1733846361.626653 2134 tf_lite_classifier.cc:413] Event stream classified as kNone
12-10 17:59:21.757 2461 2568 D IwlanDataService: onCapabilitiesChanged: 101 [ Transports: WIFI Capabilities: NOT_METERED&INTERNET&NOT_RESTRICTED&TRUSTED&NOT_VPN&VALIDATED&NOT_ROAMING&FOREGROUND&NOT_CONGESTED&NOT_SUSPENDED&NOT_VCN_MANAGED&NOT_BANDWIDTH_CONSTRAINED LinkUpBandwidth>=31181Kbps LinkDnBandwidth>=41598Kbps TransportInfo: , Provider friendly name: , Requesting package name: "DarkSide"wpa2-pskMLO Information: , Is TID-To-Link negotiation supported by the AP: false, AP MLD Address: , AP MLO Link Id: , AP MLO Affiliated links: , Vendor Data: > SignalStrength: -60 OwnerUid: 1000 AdminUids: [1000] SSID: "DarkSide" UnderlyingNetworks: Null]
12-10 17:59:21.757 2461 2568 D IwlanDataService: Network 101 connected using transport WIFI
12-10 17:59:21.757 2461 2609 D IwlanNetworkService: onCapabilitiesChanged: 101
12-10 17:59:21.757 2526 2628 D IwlanNetworkStatusTracker: onCapabilitiesChanged: 101
12-10 17:59:21.758 2526 2628 D IwlanNetworkStatusTracker: OnCapability : Wifi Available already true and validation status unchanged
12-10 17:59:21.758 2945 3012 D DeviceStateHelper: Wifi freq: 5240
12-10 17:59:21.761 3279 3952 I BugleRcsEngine: handleMessage processing message:[NOTIFY_UPTIME_IGNORE_STATE_CHANGED] with [non-null]:RcsEngineImpl reference [CONTEXT log_prefix="RcsEngineImpl[DUAL_REG]:[6169b3b5-03f0]>Handler" thread_id=64 ]
12-10 17:59:21.761 3279 3835 I BugleRcsEngine: Connected state: [1], networkType: [WIFI] [CONTEXT thread_id=58 ]
12-10 17:59:21.765 19186 19277 D WM-NetworkStateTracker: Network capabilities changed: [ Transports: WIFI Capabilities: NOT_METERED&INTERNET&NOT_RESTRICTED&TRUSTED&NOT_VPN&VALIDATED&NOT_ROAMING&FOREGROUND&NOT_CONGESTED&NOT_SUSPENDED&NOT_VCN_MANAGED&NOT_BANDWIDTH_CONSTRAINED LinkUpBandwidth>=31181Kbps LinkDnBandwidth>=41598Kbps TransportInfo: , BSSID: 02:00:00:00:00:00, MAC: 02:00:00:00:00:00, IP: /192.168.0.86, Security type: 2, Supplicant state: COMPLETED, Wi-Fi standard: 11ax, RSSI: -60, Link speed: 576Mbps, Tx Link speed: 576Mbps, Max Supported Tx Link speed: 1200Mbps, Rx Link speed: 720Mbps, Max Supported Rx Link speed: 1200Mbps, Frequency: 5240MHz, Net ID: -1, Metered hint: false, score: 60, isUsable: true, CarrierMerged: false, SubscriptionId: -1, IsPrimary: -1, Trusted: true, Restricted: false, Ephemeral: false, OEM paid: false, OEM private: false, OSU AP: false, FQDN: , Provider friendly name: , Requesting package name: MLO Information: , Is TID-To-Link negotiation supported by the AP: false, AP MLD Address: , AP MLO Link Id: , AP MLO Affiliated links: , Vendor Data: > SignalStrength: -60 UnderlyingNetworks: Null]
12-10 17:59:21.766 2300 2650 E PhoneInterfaceManager: getCarrierPrivilegeStatusForUid: Invalid subId
12-10 17:59:21.768 29182 29211 I ChimeraSrvcProxy: NullBinder for android.net.action.RECOMMEND_NETWORKS triggering remote TransactionTooLargeException due to Service without Chimera impl
12-10 17:59:21.768 29182 29211 W .gms.persistent: Large reply transaction of 1056768 bytes, interface descriptor , code 1
12-10 17:59:21.773 1383 1671 D ActivityManager: sync unfroze 16312 com.google.android.apps.privacy.wildlife for 3
12-10 17:59:21.774 1383 1937 D ConnectivityService: NetReassign [no changes] [c 0] [a 1] [i 6]
12-10 17:59:21.776 16312 16312 I Wildlife_WildlifeVpnReceiver: ACTION_WIFI_STATE_CHANGED
12-10 17:59:21.777 3279 3952 I BugleRcsEngine: No RCS Configuration was found in Bugle for simID: redacted-pii:sim_id[chars:0,last3:] [CONTEXT log_prefix="ProvisioningEngineDataRetriever" thread_id=64 ]
12-10 17:59:21.784 16312 16312 I Wildlife_WildlifeVpnManagerImpl: toggleVpnByFeaturePreferences, -1, 1, -1, 1
12-10 17:59:21.784 16312 16312 I Wildlife_WildlifeVpnManagerImpl: handleFirstTimePromptNotification() Same network. Ignored.
12-10 17:59:21.784 16312 16312 I Wildlife_WildlifeVpnManagerImpl: restoreSettingsFromBackupIfNecessary() false, false, false
12-10 17:59:21.814 1285 9787 D Vibrator: waitForComplete: Vibrator is already off
12-10 17:59:21.826 2121 2134 I deeptouch: I0000 00:00:1733846361.826090 2134 tf_lite_classifier.cc:413] Event stream classified as kNone
12-10 17:59:21.955 1285 9788 D Vibrator: waitForComplete: Vibrator is already off
12-10 17:59:21.993 2121 2134 I deeptouch: I0000 00:00:1733846361.993796 2134 tf_lite_classifier.cc:413] Event stream classified as kNone
12-10 17:59:22.053 1285 9789 D Vibrator: waitForComplete: Vibrator is already off
12-10 17:59:22.225 2121 2134 I deeptouch: I0000 00:00:1733846362.225429 2134 tf_lite_classifier.cc:413] Event stream classified as kNone
12-10 17:59:22.236 1285 9790 D Vibrator: waitForComplete: Vibrator is already off
12-10 17:59:22.412 1285 9791 D Vibrator: waitForComplete: Vibrator is already off
12-10 17:59:22.448 2121 2134 I deeptouch: I0000 00:00:1733846362.448131 2134 tf_lite_classifier.cc:413] Event stream classified as kNone
12-10 17:59:22.599 1285 9792 D Vibrator: waitForComplete: Vibrator is already off
12-10 17:59:22.605 2121 2134 I deeptouch: I0000 00:00:1733846362.605702 2134 tf_lite_classifier.cc:413] Event stream classified as kNone
12-10 17:59:22.729 1285 9793 D Vibrator: waitForComplete: Vibrator is already off
12-10 17:59:22.758 2121 2134 I deeptouch: I0000 00:00:1733846362.758429 2134 tf_lite_classifier.cc:413] Event stream classified as kNone
12-10 17:59:22.861 1285 9794 D Vibrator: waitForComplete: Vibrator is already off
12-10 17:59:22.868 2121 2134 I deeptouch: I0000 00:00:1733846362.868002 2134 tf_lite_classifier.cc:413] Event stream classified as kNone
12-10 17:59:23.054 2121 2134 I deeptouch: I0000 00:00:1733846363.054629 2134 tf_lite_classifier.cc:413] Event stream classified as kNone
12-10 17:59:23.058 1285 9795 D Vibrator: waitForComplete: Vibrator is already off
12-10 17:59:23.228 1285 9796 D Vibrator: waitForComplete: Vibrator is already off
12-10 17:59:23.233 2121 2134 I deeptouch: I0000 00:00:1733846363.233262 2134 tf_lite_classifier.cc:413] Event stream classified as kNone
12-10 17:59:23.374 1285 9797 D Vibrator: waitForComplete: Vibrator is already off
12-10 17:59:23.375 2121 2134 I deeptouch: I0000 00:00:1733846363.375907 2134 tf_lite_classifier.cc:413] Event stream classified as kNone
12-10 17:59:23.483 18720 18720 W Thread-10: type=1400 audit(0.0:83421): avc: denied { bind } for scontext=u:r:untrusted_app:s0:c101,c257,c512,c768 tcontext=u:r:untrusted_app:s0:c101,c257,c512,c768 tclass=netlink_route_socket permissive=0 bug=b/155595000 app=im.status.ethereum
12-10 17:59:23.553 1285 9800 D Vibrator: waitForComplete: Vibrator is already off
12-10 17:59:23.567 2121 2134 I deeptouch: I0000 00:00:1733846363.567249 2134 tf_lite_classifier.cc:413] Event stream classified as kNone
12-10 17:59:23.679 1285 9801 D Vibrator: waitForComplete: Vibrator is already off
12-10 17:59:23.725 2121 2134 I deeptouch: I0000 00:00:1733846363.725832 2134 tf_lite_classifier.cc:413] Event stream classified as kNone
12-10 17:59:23.802 1285 9802 D Vibrator: waitForComplete: Vibrator is already off
12-10 17:59:23.855 18720 18720 W Thread-10: type=1400 audit(0.0:83422): avc: denied { bind } for scontext=u:r:untrusted_app:s0:c101,c257,c512,c768 tcontext=u:r:untrusted_app:s0:c101,c257,c512,c768 tclass=netlink_route_socket permissive=0 bug=b/155595000 app=im.status.ethereum
12-10 17:59:23.855 18720 18720 W Thread-10: type=1400 audit(0.0:83423): avc: denied { bind } for scontext=u:r:untrusted_app:s0:c101,c257,c512,c768 tcontext=u:r:untrusted_app:s0:c101,c257,c512,c768 tclass=netlink_route_socket permissive=0 bug=b/155595000 app=im.status.ethereum
12-10 17:59:23.855 18720 18720 W Thread-10: type=1400 audit(0.0:83424): avc: denied { bind } for scontext=u:r:untrusted_app:s0:c101,c257,c512,c768 tcontext=u:r:untrusted_app:s0:c101,c257,c512,c768 tclass=netlink_route_socket permissive=0 bug=b/155595000 app=im.status.ethereum
12-10 17:59:23.890 18720 18816 D ReactNativeJS: 2024-12-10T15:59:23.873Z DEBUG [status-im.common.signals.events:33] - Signal received {:type "wakuv2.peerstats"}
12-10 17:59:23.896 18720 18816 D ReactNativeJS: 2024-12-10T15:59:23.891Z DEBUG [status-im.common.signals.events:107] - Event wakuv2.peerstats not handled
12-10 17:59:23.981 2121 2134 I deeptouch: I0000 00:00:1733846363.981796 2134 tf_lite_classifier.cc:413] Event stream classified as kNone
12-10 17:59:23.990 1285 9803 D Vibrator: waitForComplete: Vibrator is already off
12-10 17:59:24.203 1285 9804 D Vibrator: waitForComplete: Vibrator is already off
12-10 17:59:24.208 2121 2134 I deeptouch: I0000 00:00:1733846364.208136 2134 tf_lite_classifier.cc:413] Event stream classified as kNone
12-10 17:59:24.392 1285 9805 D Vibrator: waitForComplete: Vibrator is already off
12-10 17:59:24.428 2121 2134 I deeptouch: I0000 00:00:1733846364.428419 2134 tf_lite_classifier.cc:413] Event stream classified as kNone
12-10 17:59:24.451 18720 18720 W Thread-15: type=1400 audit(0.0:83425): avc: denied { bind } for scontext=u:r:untrusted_app:s0:c101,c257,c512,c768 tcontext=u:r:untrusted_app:s0:c101,c257,c512,c768 tclass=netlink_route_socket permissive=0 bug=b/155595000 app=im.status.ethereum
12-10 17:59:24.516 1285 9806 D Vibrator: waitForComplete: Vibrator is already off
12-10 17:59:24.681 1285 9809 D Vibrator: waitForComplete: Vibrator is already off
12-10 17:59:24.692 2121 2134 I deeptouch: I0000 00:00:1733846364.692822 2134 tf_lite_classifier.cc:413] Event stream classified as kNone
12-10 17:59:24.782 2461 2609 D IwlanNetworkService: onCapabilitiesChanged: 101
12-10 17:59:24.782 2461 2568 D IwlanDataService: onCapabilitiesChanged: 101 [ Transports: WIFI Capabilities: NOT_METERED&INTERNET&NOT_RESTRICTED&TRUSTED&NOT_VPN&VALIDATED&NOT_ROAMING&FOREGROUND&NOT_CONGESTED&NOT_SUSPENDED&NOT_VCN_MANAGED&NOT_BANDWIDTH_CONSTRAINED LinkUpBandwidth>=31181Kbps LinkDnBandwidth>=41598Kbps TransportInfo: , Provider friendly name: , Requesting package name: "DarkSide"wpa2-pskMLO Information: , Is TID-To-Link negotiation supported by the AP: false, AP MLD Address: , AP MLO Link Id: , AP MLO Affiliated links: , Vendor Data: > SignalStrength: -60 OwnerUid: 1000 AdminUids: [1000] SSID: "DarkSide" UnderlyingNetworks: Null]
12-10 17:59:24.782 2461 2568 D IwlanDataService: Network 101 connected using transport WIFI
12-10 17:59:24.783 2526 2628 D IwlanNetworkStatusTracker: onCapabilitiesChanged: 101
12-10 17:59:24.783 2526 2628 D IwlanNetworkStatusTracker: OnCapability : Wifi Available already true and validation status unchanged
12-10 17:59:24.784 2945 3012 D DeviceStateHelper: Wifi freq: 5240
12-10 17:59:24.786 19186 19277 D WM-NetworkStateTracker: Network capabilities changed: [ Transports: WIFI Capabilities: NOT_METERED&INTERNET&NOT_RESTRICTED&TRUSTED&NOT_VPN&VALIDATED&NOT_ROAMING&FOREGROUND&NOT_CONGESTED&NOT_SUSPENDED&NOT_VCN_MANAGED&NOT_BANDWIDTH_CONSTRAINED LinkUpBandwidth>=31181Kbps LinkDnBandwidth>=41598Kbps TransportInfo: , BSSID: 02:00:00:00:00:00, MAC: 02:00:00:00:00:00, IP: /192.168.0.86, Security type: 2, Supplicant state: COMPLETED, Wi-Fi standard: 11ax, RSSI: -60, Link speed: 626Mbps, Tx Link speed: 626Mbps, Max Supported Tx Link speed: 1200Mbps, Rx Link speed: 720Mbps, Max Supported Rx Link speed: 1200Mbps, Frequency: 5240MHz, Net ID: -1, Metered hint: false, score: 60, isUsable: true, CarrierMerged: false, SubscriptionId: -1, IsPrimary: -1, Trusted: true, Restricted: false, Ephemeral: false, OEM paid: false, OEM private: false, OSU AP: false, FQDN: , Provider friendly name: , Requesting package name: MLO Information: , Is TID-To-Link negotiation supported by the AP: false, AP MLD Address: , AP MLO Link Id: , AP MLO Affiliated links: , Vendor Data: > SignalStrength: -60 UnderlyingNetworks: Null]
12-10 17:59:24.789 3279 3952 I BugleRcsEngine: handleMessage processing message:[NOTIFY_UPTIME_IGNORE_STATE_CHANGED] with [non-null]:RcsEngineImpl reference [CONTEXT log_prefix="RcsEngineImpl[DUAL_REG]:[6169b3b5-03f0]>Handler" thread_id=64 ]
12-10 17:59:24.789 3279 3835 I BugleRcsEngine: Connected state: [1], networkType: [WIFI] [CONTEXT thread_id=58 ]
12-10 17:59:24.790 2300 2586 E PhoneInterfaceManager: getCarrierPrivilegeStatusForUid: Invalid subId
12-10 17:59:24.795 1383 1937 D ConnectivityService: NetReassign [no changes] [c 0] [a 0] [i 6]
12-10 17:59:24.796 3279 3952 I BugleRcsEngine: No RCS Configuration was found in Bugle for simID: redacted-pii:sim_id[chars:0,last3:] [CONTEXT log_prefix="ProvisioningEngineDataRetriever" thread_id=64 ]
12-10 17:59:24.798 16312 16312 I Wildlife_WildlifeVpnReceiver: ACTION_WIFI_STATE_CHANGED
12-10 17:59:24.804 29182 29190 I ChimeraSrvcProxy: NullBinder for android.net.action.RECOMMEND_NETWORKS triggering remote TransactionTooLargeException due to Service without Chimera impl
12-10 17:59:24.804 29182 29190 W .gms.persistent: Large reply transaction of 1056768 bytes, interface descriptor , code 1
12-10 17:59:24.808 1285 9810 D Vibrator: waitForComplete: Vibrator is already off
12-10 17:59:24.809 16312 16312 I Wildlife_WildlifeVpnManagerImpl: toggleVpnByFeaturePreferences, -1, 1, -1, 1
12-10 17:59:24.809 16312 16312 I Wildlife_WildlifeVpnManagerImpl: handleFirstTimePromptNotification() Same network. Ignored.
12-10 17:59:24.809 16312 16312 I Wildlife_WildlifeVpnManagerImpl: restoreSettingsFromBackupIfNecessary() false, false, false
12-10 17:59:24.818 2121 2134 I deeptouch: I0000 00:00:1733846364.818626 2134 tf_lite_classifier.cc:413] Event stream classified as kNone
12-10 17:59:25.003 18720 18720 W Thread-12: type=1400 audit(0.0:83426): avc: denied { bind } for scontext=u:r:untrusted_app:s0:c101,c257,c512,c768 tcontext=u:r:untrusted_app:s0:c101,c257,c512,c768 tclass=netlink_route_socket permissive=0 bug=b/155595000 app=im.status.ethereum
