12-10 17:58:44.974 15685 15688 I egram.messenger: Method exceeds compiler instruction limit: 28561 in void org.telegram.ui.Cells.ChatMessageCell.setMessageContent(org.telegram.messenger.MessageObject, org.telegram.messenger.MessageObject$GroupedMessages, boolean, boolean)
12-10 17:58:44.986 15685 15688 I egram.messenger: Method exceeds compiler instruction limit: 28561 in void org.telegram.ui.Cells.ChatMessageCell.setMessageContent(org.telegram.messenger.MessageObject, org.telegram.messenger.MessageObject$GroupedMessages, boolean, boolean)
12-10 17:58:44.987 15685 15688 I egram.messenger: Method exceeds compiler instruction limit: 28561 in void org.telegram.ui.Cells.ChatMessageCell.setMessageContent(org.telegram.messenger.MessageObject, org.telegram.messenger.MessageObject$GroupedMessages, boolean, boolean)
12-10 17:58:44.995 18720 18720 W Thread-15: type=1400 audit(0.0:83371): avc: denied { bind } for scontext=u:r:untrusted_app:s0:c101,c257,c512,c768 tcontext=u:r:untrusted_app:s0:c101,c257,c512,c768 tclass=netlink_route_socket permissive=0 bug=b/155595000 app=im.status.ethereum
12-10 17:58:45.013 2526 2628 D IwlanNetworkStatusTracker: onCapabilitiesChanged: 101
12-10 17:58:45.013 2945 3012 D DeviceStateHelper: Wifi freq: 5240
12-10 17:58:45.013 2526 2628 D IwlanNetworkStatusTracker: OnCapability : Wifi Available already true and validation status unchanged
12-10 17:58:45.013 2461 2609 D IwlanNetworkService: onCapabilitiesChanged: 101
12-10 17:58:45.013 2461 2568 D IwlanDataService: onCapabilitiesChanged: 101 [ Transports: WIFI Capabilities: NOT_METERED&INTERNET&NOT_RESTRICTED&TRUSTED&NOT_VPN&VALIDATED&NOT_ROAMING&FOREGROUND&NOT_CONGESTED&NOT_SUSPENDED&NOT_VCN_MANAGED&NOT_BANDWIDTH_CONSTRAINED LinkUpBandwidth>=10170Kbps LinkDnBandwidth>=43726Kbps TransportInfo: , Provider friendly name: , Requesting package name: "DarkSide"wpa2-pskMLO Information: , Is TID-To-Link negotiation supported by the AP: false, AP MLD Address: , AP MLO Link Id: , AP MLO Affiliated links: , Vendor Data: > SignalStrength: -55 OwnerUid: 1000 AdminUids: [1000] SSID: "DarkSide" UnderlyingNetworks: Null]
12-10 17:58:45.014 2461 2568 D IwlanDataService: Network 101 connected using transport WIFI
12-10 17:58:45.015 19186 19277 D WM-NetworkStateTracker: Network capabilities changed: [ Transports: WIFI Capabilities: NOT_METERED&INTERNET&NOT_RESTRICTED&TRUSTED&NOT_VPN&VALIDATED&NOT_ROAMING&FOREGROUND&NOT_CONGESTED&NOT_SUSPENDED&NOT_VCN_MANAGED&NOT_BANDWIDTH_CONSTRAINED LinkUpBandwidth>=10170Kbps LinkDnBandwidth>=43726Kbps TransportInfo: , BSSID: 02:00:00:00:00:00, MAC: 02:00:00:00:00:00, IP: /192.168.0.86, Security type: 2, Supplicant state: COMPLETED, Wi-Fi standard: 11ax, RSSI: -55, Link speed: 576Mbps, Tx Link speed: 576Mbps, Max Supported Tx Link speed: 1200Mbps, Rx Link speed: 576Mbps, Max Supported Rx Link speed: 1200Mbps, Frequency: 5240MHz, Net ID: -1, Metered hint: false, score: 60, isUsable: true, CarrierMerged: false, SubscriptionId: -1, IsPrimary: -1, Trusted: true, Restricted: false, Ephemeral: false, OEM paid: false, OEM private: false, OSU AP: false, FQDN: , Provider friendly name: , Requesting package name: MLO Information: , Is TID-To-Link negotiation supported by the AP: false, AP MLD Address: , AP MLO Link Id: , AP MLO Affiliated links: , Vendor Data: > SignalStrength: -55 UnderlyingNetworks: Null]
12-10 17:58:45.019 3279 3835 I BugleRcsEngine: Connected state: [1], networkType: [WIFI] [CONTEXT thread_id=58 ]
12-10 17:58:45.025 3279 3952 I BugleRcsEngine: handleMessage processing message:[NOTIFY_UPTIME_IGNORE_STATE_CHANGED] with [non-null]:RcsEngineImpl reference [CONTEXT log_prefix="RcsEngineImpl[DUAL_REG]:[6169b3b5-03f0]>Handler" thread_id=64 ]
12-10 17:58:45.025 2300 2586 E PhoneInterfaceManager: getCarrierPrivilegeStatusForUid: Invalid subId
12-10 17:58:45.033 3279 3952 I BugleRcsEngine: No RCS Configuration was found in Bugle for simID: redacted-pii:sim_id[chars:0,last3:] [CONTEXT log_prefix="ProvisioningEngineDataRetriever" thread_id=64 ]
12-10 17:58:45.034 29182 29192 I ChimeraSrvcProxy: NullBinder for android.net.action.RECOMMEND_NETWORKS triggering remote TransactionTooLargeException due to Service without Chimera impl
12-10 17:58:45.034 29182 29192 W .gms.persistent: Large reply transaction of 1056768 bytes, interface descriptor , code 1
12-10 17:58:45.036 1383 1937 D ConnectivityService: NetReassign [no changes] [c 0] [a 0] [i 5]
12-10 17:58:45.037 16312 16312 I Wildlife_WildlifeVpnReceiver: ACTION_WIFI_STATE_CHANGED
12-10 17:58:45.040 1285 9533 D Vibrator: waitForComplete: Vibrator is already off
12-10 17:58:45.063 16312 16312 I Wildlife_WildlifeVpnManagerImpl: toggleVpnByFeaturePreferences, -1, 1, -1, 1
12-10 17:58:45.063 16312 16312 I Wildlife_WildlifeVpnManagerImpl: handleFirstTimePromptNotification() Same network. Ignored.
12-10 17:58:45.063 16312 16312 I Wildlife_WildlifeVpnManagerImpl: restoreSettingsFromBackupIfNecessary() false, false, false
12-10 17:58:45.065 883 946 I CHRE : @ 112374.489: [AR] walking: 80.784314
12-10 17:58:45.074 2121 2134 I deeptouch: I0000 00:00:1733846325.074588 2134 tf_lite_classifier.cc:413] Event stream classified as kNone
12-10 17:58:45.103 15512 15512 W TextView: onProvideContentCaptureStructure(): calling assumeLayout()
12-10 17:58:45.103 15512 15512 W TextView: onProvideContentCaptureStructure(): calling assumeLayout()
12-10 17:58:45.104 15512 15512 W TextView: onProvideContentCaptureStructure(): calling assumeLayout()
12-10 17:58:45.109 15512 22046 I AndroidSpellCheckerService: AndroidSpellCheckerService.createSession():139 com.google.android.keyboard.client.delight5.LanguageIdentifier@d5e5bb8 is created
12-10 17:58:45.179 2121 2134 I deeptouch: I0000 00:00:1733846325.178956 2134 tf_lite_classifier.cc:413] Event stream classified as kNone
12-10 17:58:45.194 1285 9535 D Vibrator: waitForComplete: Vibrator is already off
12-10 17:58:45.223 1117 2070 D AidlBufferPool: bufferpool2 0xb400007914fa4e58 : 0(0 size) total buffers - 0(0 size) used buffers - 38/41 (recycle/alloc) - 3/40 (fetch/transfer)
12-10 17:58:45.223 1117 2070 D AidlBufferPoolAcc: evictor expired: 2, evicted: 1
12-10 17:58:45.223 1082 7945 D AidlBufferPool: bufferpool2 0xb400007c2dbcaa78 : 0(0 size) total buffers - 0(0 size) used buffers - 38/46 (recycle/alloc) - 8/86 (fetch/transfer)
12-10 17:58:45.223 1082 7945 D AidlBufferPoolAcc: evictor expired: 1, evicted: 1
12-10 17:58:45.357 1285 9536 D Vibrator: waitForComplete: Vibrator is already off
12-10 17:58:45.398 2121 2134 I deeptouch: I0000 00:00:1733846325.397986 2134 tf_lite_classifier.cc:413] Event stream classified as kNone
12-10 17:58:45.512 1285 9537 D Vibrator: waitForComplete: Vibrator is already off
12-10 17:58:45.517 2121 2134 I deeptouch: I0000 00:00:1733846325.517410 2134 tf_lite_classifier.cc:413] Event stream classified as kNone
12-10 17:58:45.643 1285 9538 D Vibrator: waitForComplete: Vibrator is already off
12-10 17:58:45.645 2121 2134 I deeptouch: I0000 00:00:1733846325.645724 2134 tf_lite_classifier.cc:413] Event stream classified as kNone
12-10 17:58:45.675 544 8274 W gralloc4: Unable to set buffer name VRI[ScreenDecorOverlay]#224(BLAST Consumer)224: File name too long
12-10 17:58:45.677 544 8274 W gralloc4: Unable to set buffer name VRI[ScreenDecorOverlay]#224(BLAST Consumer)224: File name too long
12-10 17:58:45.678 544 8274 W gralloc4: Unable to set buffer name VRI[ScreenDecorOverlay]#224(BLAST Consumer)224: File name too long
12-10 17:58:45.680 544 8274 W gralloc4: Unable to set buffer name VRI[ScreenDecorOverlay]#224(BLAST Consumer)224: File name too long
12-10 17:58:45.789 2139 2228 D TemperatureStateSource: sequence=5999 actualDelay=10001
12-10 17:58:45.789 2139 2228 D TemperatureStateSource: Reading temperature: sequence=6000
12-10 17:58:45.795 1779 1779 I pixel-thermal: VIRTUAL-SKIN:27.4313 raw data: VIRTUAL-NEU-QUT-SKIN1-SKIN2-USB-USB2-GNSS-1:27229 VIRTUAL-NEU-QUT-SKIN1-SKIN2-USB-USB2-GNSS-4:26721 VIRTUAL-QUT-SKIN2-USB-GNSS-3:27431.3 VIRTUAL-QUT-SKIN2-USB-USB2-2:27054.6 VIRTUAL-SKIN:27431.3 gnss_tcxo_therm:29813 neutral_therm:29502 quiet_therm:27498 skin_therm1:28700 skin_therm2:30770 usb_pwr_therm:27610 usb_pwr_therm2:27587
12-10 17:58:45.796 2139 2228 D TemperatureStateSource: getDeviceTemperatures: sequence=6000 deviceTemperatureType=3 temperatureSource=0 temperatures=[27.43131]
12-10 17:58:45.796 2139 2293 D BusinessScope: Start running the #12082 block
12-10 17:58:45.797 2139 2228 D TemperatureStateSource: sequence=6000 waitTime=10000
12-10 17:58:45.804 1779 1779 I pixel-thermal: VIRTUAL-SKIN:27.4313 raw data: VIRTUAL-SKIN:27431.3
12-10 17:58:45.804 2139 2293 I TemperatureStateSource: temperature was set
12-10 17:58:45.805 2139 2293 D ImpulseStateSource: Notify clients: 6039
12-10 17:58:45.805 2139 2293 D BusinessScope: Finish running the #12082 block
12-10 17:58:45.806 2139 2293 D BusinessScope: Start running the #12083 block
12-10 17:58:45.810 2139 2245 D BusinessScope: Finish running the #12083 block
12-10 17:58:45.873 1285 9540 D Vibrator: waitForComplete: Vibrator is already off
12-10 17:58:45.916 2121 2134 I deeptouch: I0000 00:00:1733846325.916582 2134 tf_lite_classifier.cc:413] Event stream classified as kNone
12-10 17:58:46.002 873 9452 W G3ACoordinator: data_manager.cc:154: [5, 25, 9000] can't be found
12-10 17:58:46.031 1285 9541 D Vibrator: waitForComplete: Vibrator is already off
12-10 17:58:46.049 873 9444 I Lyric : retiming_node.cc:821: Camera: Rear, Over the past 2.001090537s there were 59 responses sent and 59 of them had no error. FPS: 29.4839 Non-error FPS: 29.4839
12-10 17:58:46.058 2121 2134 I deeptouch: I0000 00:00:1733846326.058113 2134 tf_lite_classifier.cc:413] Event stream classified as kNone
12-10 17:58:46.222 2121 2134 I deeptouch: I0000 00:00:1733846326.222250 2134 tf_lite_classifier.cc:413] Event stream classified as kNone
12-10 17:58:46.223 1117 2070 D AidlBufferPool: bufferpool2 0xb400007914faede8 : 0(0 size) total buffers - 0(0 size) used buffers - 0/3 (recycle/alloc) - 1/1 (fetch/transfer)
12-10 17:58:46.223 1082 7945 D AidlBufferPool: bufferpool2 0xb400007c2dbcdb08 : 0(0 size) total buffers - 0(0 size) used buffers - 0/4 (recycle/alloc) - 3/3 (fetch/transfer)
12-10 17:58:46.223 1082 7945 D AidlBufferPoolAcc: evictor expired: 1, evicted: 1
12-10 17:58:46.223 1117 2070 D AidlBufferPoolAcc: evictor expired: 1, evicted: 1
12-10 17:58:46.225 1285 9542 D Vibrator: waitForComplete: Vibrator is already off
12-10 17:58:46.257 1779 1785 I pixel-thermal: VIRTUAL-SKIN-CHARGE-WLC:29.1784 raw data: VIRTUAL-SKIN-CHARGE-WLC:29178.4 disp_therm:27454 skin_therm2:30770 usb_pwr_therm2:27587
12-10 17:58:46.275 1779 1785 I pixel-thermal: VIRTUAL-SKIN-CPU:27.4313 raw data: VIRTUAL-SKIN:27431.3 VIRTUAL-SKIN-CPU:27431.3
12-10 17:58:46.275 1779 1785 I pixel-thermal: skin_therm1:28.7 raw data: skin_therm1:28700
12-10 17:58:46.275 1779 1785 I pixel-thermal: VIRTUAL-SKIN:27.4313 raw data: VIRTUAL-SKIN:27431.3
12-10 17:58:46.275 1779 1785 I pixel-thermal: VIRTUAL-SKIN-HINT:27.4313 raw data: VIRTUAL-SKIN:27431.3 VIRTUAL-SKIN-HINT:27431.3
12-10 17:58:46.275 1779 1785 I pixel-thermal: VIRTUAL-SKIN-CHARGE:27.4313 raw data: VIRTUAL-SKIN:27431.3 VIRTUAL-SKIN-CHARGE:27431.3
12-10 17:58:46.275 1779 1785 I pixel-thermal: cellular-emergency:27.4313 raw data: VIRTUAL-SKIN:27431.3 cellular-emergency:27431.3
12-10 17:58:46.275 1779 1785 I pixel-thermal: VIRTUAL-SKIN-CPU-GPU:27.4313 raw data: VIRTUAL-SKIN:27431.3 VIRTUAL-SKIN-CPU-GPU:27431.3
12-10 17:58:46.335 18720 18720 W Thread-10: type=1400 audit(0.0:83372): avc: denied { bind } for scontext=u:r:untrusted_app:s0:c101,c257,c512,c768 tcontext=u:r:untrusted_app:s0:c101,c257,c512,c768 tclass=netlink_route_socket permissive=0 bug=b/155595000 app=im.status.ethereum
12-10 17:58:46.399 1285 9543 D Vibrator: waitForComplete: Vibrator is already off
12-10 17:58:46.416 2121 2134 I deeptouch: I0000 00:00:1733846326.416359 2134 tf_lite_classifier.cc:413] Event stream classified as kNone
12-10 17:58:46.570 1285 9547 D Vibrator: waitForComplete: Vibrator is already off
12-10 17:58:46.610 2121 2134 I deeptouch: I0000 00:00:1733846326.610071 2134 tf_lite_classifier.cc:413] Event stream classified as kNone
12-10 17:58:46.738 1285 9548 D Vibrator: waitForComplete: Vibrator is already off
12-10 17:58:46.769 2121 2134 I deeptouch: I0000 00:00:1733846326.769509 2134 tf_lite_classifier.cc:413] Event stream classified as kNone
12-10 17:58:46.925 1285 9549 D Vibrator: waitForComplete: Vibrator is already off
12-10 17:58:46.938 2121 2134 I deeptouch: I0000 00:00:1733846326.938092 2134 tf_lite_classifier.cc:413] Event stream classified as kNone
12-10 17:58:46.995 873 9483 I Lyric : g3aa_pipeline.cc:2224: [Bayer1] Frame Drop Dump; Skipped: [2]. Frame drop rate: 0.66%
12-10 17:58:46.995 873 9483 I Lyric : g3aa_pipeline.cc:2158: [Bayer1][Frame 149][SOF 149][ VALID ] frame_id: 148:[149], Timestamp: 112374520429793, HW was last programmed at SOF of Frame 148 Queue: [149 150].
12-10 17:58:46.995 873 9483 I Lyric : g3aa_pipeline.cc:2224: [PDAF1] Frame Drop Dump; Skipped: [2]. Frame drop rate: 0.66%
12-10 17:58:46.995 873 9483 I Lyric : g3aa_pipeline.cc:2158: [PDAF1][Frame 149][SOF 149][ VALID ] frame_id: 148:[149], Timestamp: 112374520467594, HW was last programmed at SOF of Frame 148 Queue: [149 150].
12-10 17:58:47.027 873 9417 I Lyric : g3aa_pipeline.cc:2186: [Bayer1][Frame 152] Submitted transaction on shadow 0. TriggerAt: SOF 151. Last received HW Frame 149 at SOF 149. Queue: [150 151 152]. Result: OK
12-10 17:58:47.027 873 9417 I Lyric : g3aa_pipeline.cc:2186: [PDAF1][Frame 152] Submitted transaction on shadow 0. TriggerAt: SOF 151. Last received HW Frame 149 at SOF 149. Queue: [150 151 152]. Result: OK
12-10 17:58:47.177 1285 9550 D Vibrator: waitForComplete: Vibrator is already off
12-10 17:58:47.223 2121 2134 I deeptouch: I0000 00:00:1733846327.223833 2134 tf_lite_classifier.cc:413] Event stream classified as kNone
12-10 17:58:47.357 1285 9551 D Vibrator: waitForComplete: Vibrator is already off
12-10 17:58:47.386 2121 2134 I deeptouch: I0000 00:00:1733846327.386278 2134 tf_lite_classifier.cc:413] Event stream classified as kNone
12-10 17:58:47.741 18720 18816 D ReactNativeJS: 2024-12-10T15:58:47.727Z DEBUG [status-im.common.signals.events:33] - Signal received {:type "wallet"}
12-10 17:58:47.762 18720 18816 D ReactNativeJS: 2024-12-10T15:58:47.750Z DEBUG [status-im.common.signals.events:33] - Signal received {:type "wallet"}
12-10 17:58:47.800 18720 18816 D ReactNativeJS: 2024-12-10T15:58:47.769Z DEBUG [status-im.contexts.wallet.signals:46] - [wallet] Wallet signal received {:type "wallet-blockchain-status-changed",
12-10 17:58:47.800 18720 18816 D ReactNativeJS: :block-number nil,
12-10 17:58:47.800 18720 18816 D ReactNativeJS: :accounts #js []}
12-10 17:58:47.842 18720 18816 D ReactNativeJS: 2024-12-10T15:58:47.808Z DEBUG [status-im.contexts.wallet.signals:46] - [wallet] Wallet signal received {:type "wallet-blockchain-health-changed",
12-10 17:58:47.842 18720 18816 D ReactNativeJS: :block-number nil,
12-10 17:58:47.842 18720 18816 D ReactNativeJS: :accounts nil}
12-10 17:58:47.930 1285 9557 D Vibrator: waitForComplete: Vibrator is already off
12-10 17:58:47.944 2121 2134 I deeptouch: I0000 00:00:1733846327.944483 2134 tf_lite_classifier.cc:413] Event stream classified as kNone
12-10 17:58:48.047 2461 2568 D IwlanDataService: onCapabilitiesChanged: 101 [ Transports: WIFI Capabilities: NOT_METERED&INTERNET&NOT_RESTRICTED&TRUSTED&NOT_VPN&VALIDATED&NOT_ROAMING&FOREGROUND&NOT_CONGESTED&NOT_SUSPENDED&NOT_VCN_MANAGED&NOT_BANDWIDTH_CONSTRAINED LinkUpBandwidth>=31181Kbps LinkDnBandwidth>=41598Kbps TransportInfo: , Provider friendly name: , Requesting package name: "DarkSide"wpa2-pskMLO Information: , Is TID-To-Link negotiation supported by the AP: false, AP MLD Address: , AP MLO Link Id: , AP MLO Affiliated links: , Vendor Data: > SignalStrength: -57 OwnerUid: 1000 AdminUids: [1000] SSID: "DarkSide" UnderlyingNetworks: Null]
12-10 17:58:48.047 2461 2568 D IwlanDataService: Network 101 connected using transport WIFI
12-10 17:58:48.047 2461 2609 D IwlanNetworkService: onCapabilitiesChanged: 101
12-10 17:58:48.047 2526 2628 D IwlanNetworkStatusTracker: onCapabilitiesChanged: 101
12-10 17:58:48.047 2526 2628 D IwlanNetworkStatusTracker: OnCapability : Wifi Available already true and validation status unchanged
12-10 17:58:48.053 3279 3952 I BugleRcsEngine: handleMessage processing message:[NOTIFY_UPTIME_IGNORE_STATE_CHANGED] with [non-null]:RcsEngineImpl reference [CONTEXT log_prefix="RcsEngineImpl[DUAL_REG]:[6169b3b5-03f0]>Handler" thread_id=64 ]
12-10 17:58:48.055 2300 2586 E PhoneInterfaceManager: getCarrierPrivilegeStatusForUid: Invalid subId
12-10 17:58:48.056 873 9447 I Lyric : retiming_node.cc:821: Camera: Rear, Over the past 2.006370647s there were 59 responses sent and 59 of them had no error. FPS: 29.4063 Non-error FPS: 29.4063
12-10 17:58:48.056 2945 3012 D DeviceStateHelper: Wifi freq: 5240
12-10 17:58:48.057 19186 19277 D WM-NetworkStateTracker: Network capabilities changed: [ Transports: WIFI Capabilities: NOT_METERED&INTERNET&NOT_RESTRICTED&TRUSTED&NOT_VPN&VALIDATED&NOT_ROAMING&FOREGROUND&NOT_CONGESTED&NOT_SUSPENDED&NOT_VCN_MANAGED&NOT_BANDWIDTH_CONSTRAINED LinkUpBandwidth>=31181Kbps LinkDnBandwidth>=41598Kbps TransportInfo: , BSSID: 02:00:00:00:00:00, MAC: 02:00:00:00:00:00, IP: /192.168.0.86, Security type: 2, Supplicant state: COMPLETED, Wi-Fi standard: 11ax, RSSI: -57, Link speed: 576Mbps, Tx Link speed: 576Mbps, Max Supported Tx Link speed: 1200Mbps, Rx Link speed: 576Mbps, Max Supported Rx Link speed: 1200Mbps, Frequency: 5240MHz, Net ID: -1, Metered hint: false, score: 60, isUsable: true, CarrierMerged: false, SubscriptionId: -1, IsPrimary: -1, Trusted: true, Restricted: false, Ephemeral: false, OEM paid: false, OEM private: false, OSU AP: false, FQDN: , Provider friendly name: , Requesting package name: MLO Information: , Is TID-To-Link negotiation supported by the AP: false, AP MLD Address: , AP MLO Link Id: , AP MLO Affiliated links: , Vendor Data: > SignalStrength: -57 UnderlyingNetworks: Null]
12-10 17:58:48.058 3279 3835 I BugleRcsEngine: Connected state: [1], networkType: [WIFI] [CONTEXT thread_id=58 ]
12-10 17:58:48.064 1383 1937 D ConnectivityService: NetReassign [no changes] [c 0] [a 0] [i 1]
12-10 17:58:48.067 29182 29190 I ChimeraSrvcProxy: NullBinder for android.net.action.RECOMMEND_NETWORKS triggering remote TransactionTooLargeException due to Service without Chimera impl
12-10 17:58:48.067 29182 29190 W .gms.persistent: Large reply transaction of 1056768 bytes, interface descriptor , code 1
12-10 17:58:48.070 3279 3952 I BugleRcsEngine: No RCS Configuration was found in Bugle for simID: redacted-pii:sim_id[chars:0,last3:] [CONTEXT log_prefix="ProvisioningEngineDataRetriever" thread_id=64 ]
12-10 17:58:48.087 16312 16312 I Wildlife_WildlifeVpnReceiver: ACTION_WIFI_STATE_CHANGED
12-10 17:58:48.099 16312 16312 I Wildlife_WildlifeVpnManagerImpl: toggleVpnByFeaturePreferences, -1, 1, -1, 1
12-10 17:58:48.100 16312 16312 I Wildlife_WildlifeVpnManagerImpl: handleFirstTimePromptNotification() Same network. Ignored.
12-10 17:58:48.100 16312 16312 I Wildlife_WildlifeVpnManagerImpl: restoreSettingsFromBackupIfNecessary() false, false, false
12-10 17:58:48.136 1285 9558 D Vibrator: waitForComplete: Vibrator is already off
12-10 17:58:48.149 2121 2134 I deeptouch: I0000 00:00:1733846328.149010 2134 tf_lite_classifier.cc:413] Event stream classified as kNone
12-10 17:58:48.274 883 946 I CHRE : @ 112377.699: [AR] inconsistent: 41.176471
12-10 17:58:48.299 1285 9559 D Vibrator: waitForComplete: Vibrator is already off
12-10 17:58:48.310 2121 2134 I deeptouch: I0000 00:00:1733846328.310407 2134 tf_lite_classifier.cc:413] Event stream classified as kNone
12-10 17:58:48.424 1285 9560 D Vibrator: waitForComplete: Vibrator is already off
12-10 17:58:48.431 2121 2134 I deeptouch: I0000 00:00:1733846328.431036 2134 tf_lite_classifier.cc:413] Event stream classified as kNone
12-10 17:58:48.471 873 9448 I G3ACoordinator: af_state_machine.cc:256: camera_name=RearNormal: af_mode=ContinuousPicture, event=ScanStart, af_state=PassiveFocused->PassiveScan
12-10 17:58:48.644 2121 2134 I deeptouch: I0000 00:00:1733846328.644685 2134 tf_lite_classifier.cc:413] Event stream classified as kNone
12-10 17:58:48.675 873 9448 I G3ACoordinator: af_state_machine.cc:256: camera_name=RearNormal: af_mode=ContinuousPicture, event=ScanSuccess, af_state=PassiveScan->PassiveFocused
12-10 17:58:48.677 1285 9561 D Vibrator: waitForComplete: Vibrator is already off
12-10 17:58:48.761 1285 9562 D Vibrator: waitForComplete: Vibrator is already off
12-10 17:58:48.780 2121 2134 I deeptouch: I0000 00:00:1733846328.780844 2134 tf_lite_classifier.cc:413] Event stream classified as kNone
12-10 17:58:48.859 18720 18720 W Thread-10: type=1400 audit(0.0:83373): avc: denied { bind } for scontext=u:r:untrusted_app:s0:c101,c257,c512,c768 tcontext=u:r:untrusted_app:s0:c101,c257,c512,c768 tclass=netlink_route_socket permissive=0 bug=b/155595000 app=im.status.ethereum
12-10 17:58:48.859 18720 18720 W Thread-10: type=1400 audit(0.0:83374): avc: denied { bind } for scontext=u:r:untrusted_app:s0:c101,c257,c512,c768 tcontext=u:r:untrusted_app:s0:c101,c257,c512,c768 tclass=netlink_route_socket permissive=0 bug=b/155595000 app=im.status.ethereum
12-10 17:58:48.863 18720 18720 W Thread-10: type=1400 audit(0.0:83375): avc: denied { bind } for scontext=u:r:untrusted_app:s0:c101,c257,c512,c768 tcontext=u:r:untrusted_app:s0:c101,c257,c512,c768 tclass=netlink_route_socket permissive=0 bug=b/155595000 app=im.status.ethereum
12-10 17:58:48.867 18720 18720 W Thread-17: type=1400 audit(0.0:83376): avc: denied { bind } for scontext=u:r:untrusted_app:s0:c101,c257,c512,c768 tcontext=u:r:untrusted_app:s0:c101,c257,c512,c768 tclass=netlink_route_socket permissive=0 bug=b/155595000 app=im.status.ethereum
12-10 17:58:48.894 18720 18816 D ReactNativeJS: 2024-12-10T15:58:48.874Z DEBUG [status-im.common.signals.events:33] - Signal received {:type "wakuv2.peerstats"}
12-10 17:58:48.902 18720 18816 D ReactNativeJS: 2024-12-10T15:58:48.895Z DEBUG [status-im.common.signals.events:107] - Event wakuv2.peerstats not handled
12-10 17:58:48.945 1285 9565 D Vibrator: waitForComplete: Vibrator is already off
12-10 17:58:48.972 2121 2134 I deeptouch: I0000 00:00:1733846328.972149 2134 tf_lite_classifier.cc:413] Event stream classified as kNone
12-10 17:58:49.078 1285 9566 D Vibrator: waitForComplete: Vibrator is already off
12-10 17:58:49.097 2121 2134 I deeptouch: I0000 00:00:1733846329.097917 2134 tf_lite_classifier.cc:413] Event stream classified as kNone
12-10 17:58:49.180 1285 9567 D Vibrator: waitForComplete: Vibrator is already off
12-10 17:58:49.204 873 9512 W Lyric : shutter_notification_manager.cc:229: 3 calls in 7 sec(s): vsync timeout for frame 214
12-10 17:58:49.208 2121 2134 I deeptouch: I0000 00:00:1733846329.207897 2134 tf_lite_classifier.cc:413] Event stream classified as kNone
12-10 17:58:49.236 873 9512 W Lyric : shutter_notification_manager.cc:29: 30 calls in 7 sec(s): vsync time has larger than expected drift: 34239875 ns. Max drift: 10000000 ns.
12-10 17:58:49.236 873 9512 W Lyric : shutter_notification_manager.cc:226: 30 calls in 7 sec(s): vsync unavailable for frame 215
12-10 17:58:49.333 2121 2134 I deeptouch: I0000 00:00:1733846329.333032 2134 tf_lite_classifier.cc:413] Event stream classified as kNone
12-10 17:58:49.339 18720 18720 W Thread-17: type=1400 audit(0.0:83377): avc: denied { bind } for scontext=u:r:untrusted_app:s0:c101,c257,c512,c768 tcontext=u:r:untrusted_app:s0:c101,c257,c512,c768 tclass=netlink_route_socket permissive=0 bug=b/155595000 app=im.status.ethereum
12-10 17:58:49.353 1285 9568 D Vibrator: waitForComplete: Vibrator is already off
12-10 17:58:49.462 1383 1872 D ActivityManager: freezing 22649 com.android.systemui:screenshot
12-10 17:58:49.516 1285 9572 D Vibrator: waitForComplete: Vibrator is already off
12-10 17:58:49.525 2121 2134 I deeptouch: I0000 00:00:1733846329.525360 2134 tf_lite_classifier.cc:413] Event stream classified as kNone
12-10 17:58:49.649 1285 9573 D Vibrator: waitForComplete: Vibrator is already off
12-10 17:58:49.656 2121 2134 I deeptouch: I0000 00:00:1733846329.656308 2134 tf_lite_classifier.cc:413] Event stream classified as kNone
12-10 17:58:49.834 1285 9574 D Vibrator: waitForComplete: Vibrator is already off
12-10 17:58:49.835 15512 15512 W TextView: onProvideContentCaptureStructure(): calling assumeLayout()
12-10 17:58:49.854 15512 15512 W TextView: onProvideContentCaptureStructure(): calling assumeLayout()
12-10 17:58:49.881 2121 2134 I deeptouch: I0000 00:00:1733846329.881241 2134 tf_lite_classifier.cc:403] Event stream classified as kDeepPress
12-10 17:58:49.920 1285 9575 D Vibrator: waitForComplete: Vibrator is already off
12-10 17:58:49.970 15512 15512 W TextView: onProvideContentCaptureStructure(): calling assumeLayout()
12-10 17:58:49.995 18720 18720 W Thread-17: type=1400 audit(0.0:83378): avc: denied { bind } for scontext=u:r:untrusted_app:s0:c101,c257,c512,c768 tcontext=u:r:untrusted_app:s0:c101,c257,c512,c768 tclass=netlink_route_socket permissive=0 bug=b/155595000 app=im.status.ethereum
12-10 17:58:50.026 1285 9576 D Vibrator: waitForComplete: Vibrator is already off
12-10 17:58:50.045 2121 2134 I deeptouch: I0000 00:00:1733846330.045122 2134 tf_lite_classifier.cc:413] Event stream classified as kNone
12-10 17:58:50.058 873 9448 I Lyric : retiming_node.cc:821: Camera: Rear, Over the past 2.002327516s there were 59 responses sent and 59 of them had no error. FPS: 29.4657 Non-error FPS: 29.4657
12-10 17:58:50.198 1285 9577 D Vibrator: waitForComplete: Vibrator is already off
12-10 17:58:50.213 2121 2134 I deeptouch: I0000 00:00:1733846330.213286 2134 tf_lite_classifier.cc:413] Event stream classified as kNone
12-10 17:58:50.372 1285 9578 D Vibrator: waitForComplete: Vibrator is already off
12-10 17:58:50.414 2121 2134 I deeptouch: I0000 00:00:1733846330.414519 2134 tf_lite_classifier.cc:413] Event stream classified as kNone
12-10 17:58:50.459 15512 15512 W TextView: onProvideContentCaptureStructure(): calling assumeLayout()
12-10 17:58:50.550 1285 9579 D Vibrator: waitForComplete: Vibrator is already off
12-10 17:58:50.573 2121 2134 I deeptouch: I0000 00:00:1733846330.573502 2134 tf_lite_classifier.cc:413] Event stream classified as kNone
12-10 17:58:50.602 15512 15512 W TextView: onProvideContentCaptureStructure(): calling assumeLayout()
12-10 17:58:50.781 1285 9581 D Vibrator: waitForComplete: Vibrator is already off
12-10 17:58:50.808 2121 2134 I deeptouch: I0000 00:00:1733846330.808562 2134 tf_lite_classifier.cc:413] Event stream classified as kNone
12-10 17:58:50.876 15685 15688 I egram.messenger: Method exceeds compiler instruction limit: 17656 in void org.telegram.ui.ChatActivity.didReceivedNotification(int, int, java.lang.Object[])
12-10 17:58:50.876 15685 15688 I egram.messenger: Method exceeds compiler instruction limit: 28561 in void org.telegram.ui.Cells.ChatMessageCell.setMessageContent(org.telegram.messenger.MessageObject, org.telegram.messenger.MessageObject$GroupedMessages, boolean, boolean)
12-10 17:58:50.948 1285 9582 D Vibrator: waitForComplete: Vibrator is already off
12-10 17:58:50.990 2121 2134 I deeptouch: I0000 00:00:1733846330.990196 2134 tf_lite_classifier.cc:413] Event stream classified as kNone
12-10 17:58:51.017 873 9447 W Lyric : generic_power_throttle_controller.cc:764: 2408 calls in 10 sec(s): Unsupported thermal policy: RoiTracker
12-10 17:58:51.017 873 9447 W G3ACoordinator: data_manager.cc:154: [5, 27, 9001] can't be found
12-10 17:58:51.054 2121 2134 I deeptouch: I0000 00:00:1733846331.054539 2134 tf_lite_classifier.cc:413] Event stream classified as kNone
12-10 17:58:51.074 1285 9583 D Vibrator: waitForComplete: Vibrator is already off
12-10 17:58:51.079 1383 1937 D ConnectivityService: NetReassign [no changes] [c 0] [a 0] [i 1]
12-10 17:58:51.220 1285 9584 D Vibrator: waitForComplete: Vibrator is already off
12-10 17:58:51.229 2121 2134 I deeptouch: I0000 00:00:1733846331.229266 2134 tf_lite_classifier.cc:413] Event stream classified as kNone
12-10 17:58:51.638 526 9398 I keystore2: system/security/keystore2/watchdog/src/lib.rs:319 - Watchdog thread idle -> terminating. Have a great day.
12-10 17:58:51.763 1285 9585 D Vibrator: waitForComplete: Vibrator is already off
12-10 17:58:51.793 2121 2134 I deeptouch: I0000 00:00:1733846331.793263 2134 tf_lite_classifier.cc:413] Event stream classified as kNone
12-10 17:58:51.958 1779 1779 I pixel-thermal: VIRTUAL-SKIN:28.2014 raw data: VIRTUAL-NEU-QUT-SKIN1-SKIN2-USB-USB2-GNSS-1:27769.4 VIRTUAL-NEU-QUT-SKIN1-SKIN2-USB-USB2-GNSS-4:27250.6 VIRTUAL-QUT-SKIN2-USB-GNSS-3:28201.4 VIRTUAL-QUT-SKIN2-USB-USB2-2:27546.9 VIRTUAL-SKIN:28201.4 gnss_tcxo_therm:30058 neutral_therm:30125 quiet_therm:28300 skin_therm1:29235 skin_therm2:32084 usb_pwr_therm:27632 usb_pwr_therm2:27899
12-10 17:58:51.958 1779 1779 I pixel-thermal: VIRTUAL-SKIN:28.2014 raw data: VIRTUAL-SKIN:28201.4
12-10 17:58:51.958 1285 9586 D Vibrator: waitForComplete: Vibrator is already off
12-10 17:58:51.979 2121 2134 I deeptouch: I0000 00:00:1733846331.979052 2134 tf_lite_classifier.cc:413] Event stream classified as kNone
12-10 17:58:52.022 873 9483 I Lyric : g3aa_pipeline.cc:2158: [Bayer1][Frame 297][SOF 297][ VALID ] frame_id: 296:[297], Timestamp: 112379545927232, HW was last programmed at SOF of Frame 296 Queue: [297 298 299].
12-10 17:58:52.022 873 9483 I Lyric : g3aa_pipeline.cc:2158: [PDAF1][Frame 297][SOF 297][ VALID ] frame_id: 296:[297], Timestamp: 112379545971625, HW was last programmed at SOF of Frame 296 Queue: [297 298 299].
12-10 17:58:52.050 873 9447 I Lyric : g3aa_pipeline.cc:2186: [Bayer1][Frame 300] Submitted transaction on shadow 0. TriggerAt: SOF 299. Last received HW Frame 297 at SOF 297. Queue: [298 299 300]. Result: OK
12-10 17:58:52.051 873 9447 I Lyric : g3aa_pipeline.cc:2186: [PDAF1][Frame 300] Submitted transaction on shadow 0. TriggerAt: SOF 299. Last received HW Frame 297 at SOF 297. Queue: [298 299 300]. Result: OK
12-10 17:58:52.058 873 9423 I Lyric : retiming_node.cc:821: Camera: Rear, Over the past 2.000193319s there were 59 responses sent and 59 of them had no error. FPS: 29.4971 Non-error FPS: 29.4971
12-10 17:58:52.127 2121 2134 I deeptouch: I0000 00:00:1733846332.127369 2134 tf_lite_classifier.cc:413] Event stream classified as kNone
12-10 17:58:52.132 1285 9587 D Vibrator: waitForComplete: Vibrator is already off
12-10 17:58:52.316 1285 9588 D Vibrator: waitForComplete: Vibrator is already off
12-10 17:58:52.328 2121 2134 I deeptouch: I0000 00:00:1733846332.328864 2134 tf_lite_classifier.cc:413] Event stream classified as kNone
12-10 17:58:52.411 873 9417 I G3ACoordinator: af_state_machine.cc:256: camera_name=RearNormal: af_mode=ContinuousPicture, event=ScanStart, af_state=PassiveFocused->PassiveScan
12-10 17:58:52.444 873 9417 W Lyric : external_auto_focus_controller_proxy.cc:641: 1 calls in 8 sec(s): In EarlyInterrupt: Set focus happens 36246838 ns after start of exposure time
12-10 17:58:52.492 1285 9589 D Vibrator: waitForComplete: Vibrator is already off
12-10 17:58:52.499 2121 2134 I deeptouch: I0000 00:00:1733846332.499661 2134 tf_lite_classifier.cc:413] Event stream classified as kNone
12-10 17:58:52.629 1383 1872 D ActivityManager: freezing 9068 com.google.android.gm
12-10 17:58:52.639 1383 1937 D InetDiagMessage: Destroyed 2 sockets, proto=IPPROTO_TCP, family=AF_INET, states=14
12-10 17:58:52.641 1383 1937 D InetDiagMessage: Destroyed 0 sockets, proto=IPPROTO_TCP, family=AF_INET6, states=14
12-10 17:58:52.641 1383 1937 D InetDiagMessage: Destroyed live tcp sockets for uids={10197} in 5ms
12-10 17:58:52.748 1285 9591 D Vibrator: waitForComplete: Vibrator is already off
12-10 17:58:52.799 2121 2134 I deeptouch: I0000 00:00:1733846332.799314 2134 tf_lite_classifier.cc:413] Event stream classified as kNone
12-10 17:58:52.877 1285 9592 D Vibrator: waitForComplete: Vibrator is already off
12-10 17:58:53.022 873 9417 W Lyric : external_auto_focus_controller_proxy.cc:641: 9 calls in 1 sec(s): In EarlyInterrupt: Set focus happens 36892060 ns after start of exposure time
12-10 17:58:53.059 2121 2134 I deeptouch: I0000 00:00:1733846333.059259 2134 tf_lite_classifier.cc:413] Event stream classified as kNone
12-10 17:58:53.063 1285 9593 D Vibrator: waitForComplete: Vibrator is already off
12-10 17:58:53.112 1383 1937 D InetDiagMessage: Destroyed 0 sockets, proto=IPPROTO_TCP, family=AF_INET, states=14
12-10 17:58:53.114 1383 1937 D InetDiagMessage: Destroyed 0 sockets, proto=IPPROTO_TCP, family=AF_INET6, states=14
12-10 17:58:53.114 1383 1937 D InetDiagMessage: Destroyed live tcp sockets for uids={10167} in 8ms
12-10 17:58:53.116 1383 1937 D InetDiagMessage: Destroyed 0 sockets, proto=IPPROTO_TCP, family=AF_INET, states=14
12-10 17:58:53.118 1383 1937 D InetDiagMessage: Destroyed 0 sockets, proto=IPPROTO_TCP, family=AF_INET6, states=14
12-10 17:58:53.118 1383 1937 D InetDiagMessage: Destroyed live tcp sockets for uids={20167} in 4ms
12-10 17:58:53.282 1779 1785 I pixel-thermal: VIRTUAL-SKIN-CHARGE-WLC:29.9371 raw data: VIRTUAL-SKIN-CHARGE-WLC:29937.1 disp_therm:27498 skin_therm2:32084 usb_pwr_therm2:27899
12-10 17:58:53.297 1779 1785 I pixel-thermal: VIRTUAL-SKIN-CPU:28.2014 raw data: VIRTUAL-SKIN:28201.4 VIRTUAL-SKIN-CPU:28201.4
12-10 17:58:53.297 1779 1785 I pixel-thermal: skin_therm1:29.235 raw data: skin_therm1:29235
12-10 17:58:53.297 1779 1785 I pixel-thermal: VIRTUAL-SKIN:28.2014 raw data: VIRTUAL-SKIN:28201.4
12-10 17:58:53.297 1779 1785 I pixel-thermal: VIRTUAL-SKIN-HINT:28.2014 raw data: VIRTUAL-SKIN:28201.4 VIRTUAL-SKIN-HINT:28201.4
12-10 17:58:53.297 1779 1785 I pixel-thermal: VIRTUAL-SKIN-CHARGE:28.2014 raw data: VIRTUAL-SKIN:28201.4 VIRTUAL-SKIN-CHARGE:28201.4
12-10 17:58:53.297 1779 1785 I pixel-thermal: cellular-emergency:28.2014 raw data: VIRTUAL-SKIN:28201.4 cellular-emergency:28201.4
12-10 17:58:53.297 1779 1785 I pixel-thermal: VIRTUAL-SKIN-CPU-GPU:28.2014 raw data: VIRTUAL-SKIN:28201.4 VIRTUAL-SKIN-CPU-GPU:28201.4
12-10 17:58:53.327 873 9417 I G3ACoordinator: af_state_machine.cc:256: camera_name=RearNormal: af_mode=ContinuousPicture, event=ScanSuccess, af_state=PassiveScan->PassiveFocused
12-10 17:58:53.343 18720 18720 W Thread-10: type=1400 audit(0.0:83379): avc: denied { bind } for scontext=u:r:untrusted_app:s0:c101,c257,c512,c768 tcontext=u:r:untrusted_app:s0:c101,c257,c512,c768 tclass=netlink_route_socket permissive=0 bug=b/155595000 app=im.status.ethereum
12-10 17:58:53.482 1285 9596 D Vibrator: waitForComplete: Vibrator is already off
12-10 17:58:53.512 14541 14588 I AiAiStatsd: (REDACTED) No op: the most recent atoms from the date %s have been uploaded.
12-10 17:58:53.524 2121 2134 I deeptouch: I0000 00:00:1733846333.524568 2134 tf_lite_classifier.cc:413] Event stream classified as kNone
12-10 17:58:53.643 1285 9597 D Vibrator: waitForComplete: Vibrator is already off
12-10 17:58:53.660 2121 2134 I deeptouch: I0000 00:00:1733846333.660895 2134 tf_lite_classifier.cc:413] Event stream classified as kNone
12-10 17:58:53.805 1285 9598 D Vibrator: waitForComplete: Vibrator is already off
12-10 17:58:53.826 2121 2134 I deeptouch: I0000 00:00:1733846333.826795 2134 tf_lite_classifier.cc:413] Event stream classified as kNone
12-10 17:58:53.855 18720 18720 W Thread-13: type=1400 audit(0.0:83380): avc: denied { bind } for scontext=u:r:untrusted_app:s0:c101,c257,c512,c768 tcontext=u:r:untrusted_app:s0:c101,c257,c512,c768 tclass=netlink_route_socket permissive=0 bug=b/155595000 app=im.status.ethereum
12-10 17:58:53.855 18720 18720 W Thread-13: type=1400 audit(0.0:83381): avc: denied { bind } for scontext=u:r:untrusted_app:s0:c101,c257,c512,c768 tcontext=u:r:untrusted_app:s0:c101,c257,c512,c768 tclass=netlink_route_socket permissive=0 bug=b/155595000 app=im.status.ethereum
12-10 17:58:53.855 18720 18720 W Thread-13: type=1400 audit(0.0:83382): avc: denied { bind } for scontext=u:r:untrusted_app:s0:c101,c257,c512,c768 tcontext=u:r:untrusted_app:s0:c101,c257,c512,c768 tclass=netlink_route_socket permissive=0 bug=b/155595000 app=im.status.ethereum
12-10 17:58:53.863 18720 18720 W Thread-13: type=1400 audit(0.0:83383): avc: denied { bind } for scontext=u:r:untrusted_app:s0:c101,c257,c512,c768 tcontext=u:r:untrusted_app:s0:c101,c257,c512,c768 tclass=netlink_route_socket permissive=0 bug=b/155595000 app=im.status.ethereum
12-10 17:58:53.895 18720 18816 D ReactNativeJS: 2024-12-10T15:58:53.870Z DEBUG [status-im.common.signals.events:33] - Signal received {:type "wakuv2.peerstats"}
12-10 17:58:53.899 18720 18816 D ReactNativeJS: 2024-12-10T15:58:53.896Z DEBUG [status-im.common.signals.events:107] - Event wakuv2.peerstats not handled
12-10 17:58:53.965 1285 9601 D Vibrator: waitForComplete: Vibrator is already off
12-10 17:58:53.972 2121 2134 I deeptouch: I0000 00:00:1733846333.972652 2134 tf_lite_classifier.cc:413] Event stream classified as kNone
12-10 17:58:54.091 873 9447 I Lyric : retiming_node.cc:821: Camera: Rear, Over the past 2.032776124s there were 60 responses sent and 60 of them had no error. FPS: 29.5163 Non-error FPS: 29.5163
12-10 17:58:54.180 1285 9602 D Vibrator: waitForComplete: Vibrator is already off
12-10 17:58:54.180 2121 2134 I deeptouch: I0000 00:00:1733846334.180454 2134 tf_lite_classifier.cc:413] Event stream classified as kNone
12-10 17:58:54.216 1383 1937 D ConnectivityService: NetReassign [no changes] [c 0] [a 0] [i 4]
12-10 17:58:54.245 873 9447 I G3ACoordinator: af_state_machine.cc:256: camera_name=RearNormal: af_mode=ContinuousPicture, event=ScanStart, af_state=PassiveFocused->PassiveScan
12-10 17:58:54.312 873 9447 W Lyric : external_auto_focus_controller_proxy.cc:641: 4 calls in 1 sec(s): In EarlyInterrupt: Set focus happens 36574068 ns after start of exposure time
12-10 17:58:54.410 1285 9606 D Vibrator: waitForComplete: Vibrator is already off
12-10 17:58:54.433 2121 2134 I deeptouch: I0000 00:00:1733846334.433177 2134 tf_lite_classifier.cc:413] Event stream classified as kNone
12-10 17:58:54.590 2121 2134 I deeptouch: I0000 00:00:1733846334.590500 2134 tf_lite_classifier.cc:413] Event stream classified as kNone
12-10 17:58:54.603 1285 9607 D Vibrator: waitForComplete: Vibrator is already off
12-10 17:58:54.796 1285 9608 D Vibrator: waitForComplete: Vibrator is already off
12-10 17:58:54.810 2121 2134 I deeptouch: I0000 00:00:1733846334.810803 2134 tf_lite_classifier.cc:413] Event stream classified as kNone
12-10 17:58:54.975 1285 9609 D Vibrator: waitForComplete: Vibrator is already off
12-10 17:58:54.984 2121 2134 I deeptouch: I0000 00:00:1733846334.984030 2134 tf_lite_classifier.cc:413] Event stream classified as kNone
12-10 17:58:54.995 18720 18720 W Thread-5: type=1400 audit(0.0:83384): avc: denied { bind } for scontext=u:r:untrusted_app:s0:c101,c257,c512,c768 tcontext=u:r:untrusted_app:s0:c101,c257,c512,c768 tclass=netlink_route_socket permissive=0 bug=b/155595000 app=im.status.ethereum
12-10 17:58:55.059 873 9447 W Lyric : external_auto_focus_controller_proxy.cc:641: 1 calls in 1 sec(s): In EarlyInterrupt: Set focus happens 36412854 ns after start of exposure time
12-10 17:58:55.102 1285 9610 D Vibrator: waitForComplete: Vibrator is already off
12-10 17:58:55.121 2121 2134 I deeptouch: I0000 00:00:1733846335.121112 2134 tf_lite_classifier.cc:413] Event stream classified as kNone
12-10 17:58:55.344 1285 9611 D Vibrator: waitForComplete: Vibrator is already off
12-10 17:58:55.352 2121 2134 I deeptouch: I0000 00:00:1733846335.352222 2134 tf_lite_classifier.cc:413] Event stream classified as kNone
12-10 17:58:55.355 18720 18720 W Thread-13: type=1400 audit(0.0:83385): avc: denied { bind } for scontext=u:r:untrusted_app:s0:c101,c257,c512,c768 tcontext=u:r:untrusted_app:s0:c101,c257,c512,c768 tclass=netlink_route_socket permissive=0 bug=b/155595000 app=im.status.ethereum
12-10 17:58:55.503 2121 2134 I deeptouch: I0000 00:00:1733846335.503632 2134 tf_lite_classifier.cc:413] Event stream classified as kNone
12-10 17:58:55.512 1285 9614 D Vibrator: waitForComplete: Vibrator is already off
12-10 17:58:55.757 1285 9615 D Vibrator: waitForComplete: Vibrator is already off
12-10 17:58:55.789 2139 2294 D ImpulseConnection: timeout didn't happen: com.google.android.apps.turbo
12-10 17:58:55.797 2139 2293 D TemperatureStateSource: sequence=6000 actualDelay=10000
12-10 17:58:55.797 2139 2293 D TemperatureStateSource: Reading temperature: sequence=6001
12-10 17:58:55.800 1779 1779 I pixel-thermal: VIRTUAL-SKIN:29.0259 raw data: VIRTUAL-NEU-QUT-SKIN1-SKIN2-USB-USB2-GNSS-1:28269.9 VIRTUAL-NEU-QUT-SKIN1-SKIN2-USB-USB2-GNSS-4:27684.1 VIRTUAL-QUT-SKIN2-USB-GNSS-3:29025.9 VIRTUAL-QUT-SKIN2-USB-USB2-2:27976.6 VIRTUAL-SKIN:29025.9 gnss_tcxo_therm:30615 neutral_therm:30770 quiet_therm:28767 skin_therm1:29702 skin_therm2:33419 usb_pwr_therm:27877 usb_pwr_therm2:28122
12-10 17:58:55.800 2139 2293 D TemperatureStateSource: getDeviceTemperatures: sequence=6001 deviceTemperatureType=3 temperatureSource=0 temperatures=[29.025887]
12-10 17:58:55.801 2139 2293 D TemperatureStateSource: sequence=6001 waitTime=10000
12-10 17:58:55.801 2139 2228 D BusinessScope: Start running the #12084 block
12-10 17:58:55.802 1779 1779 I pixel-thermal: VIRTUAL-SKIN:29.0259 raw data: VIRTUAL-SKIN:29025.9
12-10 17:58:55.803 2139 2228 I TemperatureStateSource: temperature was set
12-10 17:58:55.803 2139 2228 D ImpulseStateSource: Notify clients: 6040
12-10 17:58:55.803 2139 2228 D BusinessScope: Finish running the #12084 block
12-10 17:58:55.804 2139 2228 D BusinessScope: Start running the #12085 block
12-10 17:58:55.805 2139 2294 D BusinessScope: Finish running the #12085 block
12-10 17:58:55.805 2121 2134 I deeptouch: I0000 00:00:1733846335.805238 2134 tf_lite_classifier.cc:413] Event stream classified as kNone
12-10 17:58:55.805 873 9444 I G3ACoordinator: af_state_machine.cc:256: camera_name=RearNormal: af_mode=ContinuousPicture, event=ScanSuccess, af_state=PassiveScan->PassiveFocused
12-10 17:58:56.009 873 9447 W G3ACoordinator: data_manager.cc:154: [5, 27, 9001] can't be found
12-10 17:58:56.037 1285 9616 D Vibrator: waitForComplete: Vibrator is already off
12-10 17:58:56.074 2121 2134 I deeptouch: I0000 00:00:1733846336.073994 2134 tf_lite_classifier.cc:413] Event stream classified as kNone
12-10 17:58:56.099 873 9444 I Lyric : retiming_node.cc:821: Camera: Rear, Over the past 2.006921143s there were 59 responses sent and 59 of them had no error. FPS: 29.3983 Non-error FPS: 29.3983
12-10 17:58:56.119 15512 15512 W TextView: onProvideContentCaptureStructure(): calling assumeLayout()
12-10 17:58:56.769 15685 15688 I egram.messenger: Method exceeds compiler instruction limit: 17656 in void org.telegram.ui.ChatActivity.didReceivedNotification(int, int, java.lang.Object[])
12-10 17:58:56.981 2121 2134 I deeptouch: I0000 00:00:1733846336.980940 2134 tf_lite_classifier.cc:413] Event stream classified as kNone
12-10 17:58:56.987 1285 9617 D Vibrator: waitForComplete: Vibrator is already off
12-10 17:58:57.002 15512 15512 W TextView: onProvideContentCaptureStructure(): calling assumeLayout()
12-10 17:58:57.050 873 9483 I Lyric : g3aa_pipeline.cc:2158: [Bayer1][Frame 445][SOF 445][ VALID ] frame_id: 444:[445], Timestamp: 112384571429229, HW was last programmed at SOF of Frame 444 Queue: [445 446 447].
12-10 17:58:57.050 873 9483 I Lyric : g3aa_pipeline.cc:2158: [PDAF1][Frame 445][SOF 445][ VALID ] frame_id: 444:[445], Timestamp: 112384571468698, HW was last programmed at SOF of Frame 444 Queue: [445 446 447].
12-10 17:58:57.077 873 9417 I Lyric : g3aa_pipeline.cc:2186: [Bayer1][Frame 448] Submitted transaction on shadow 0. TriggerAt: SOF 447. Last received HW Frame 445 at SOF 445. Queue: [446 447 448]. Result: OK
12-10 17:58:57.077 873 9417 I Lyric : g3aa_pipeline.cc:2186: [PDAF1][Frame 448] Submitted transaction on shadow 0. TriggerAt: SOF 447. Last received HW Frame 445 at SOF 445. Queue: [446 447 448]. Result: OK
12-10 17:58:57.241 1285 9618 D Vibrator: waitForComplete: Vibrator is already off
12-10 17:58:57.245 2461 2568 D IwlanDataService: onCapabilitiesChanged: 101 [ Transports: WIFI Capabilities: NOT_METERED&INTERNET&NOT_RESTRICTED&TRUSTED&NOT_VPN&VALIDATED&NOT_ROAMING&FOREGROUND&NOT_CONGESTED&NOT_SUSPENDED&NOT_VCN_MANAGED&NOT_BANDWIDTH_CONSTRAINED LinkUpBandwidth>=31181Kbps LinkDnBandwidth>=41598Kbps TransportInfo: , Provider friendly name: , Requesting package name: "DarkSide"wpa2-pskMLO Information: , Is TID-To-Link negotiation supported by the AP: false, AP MLD Address: , AP MLO Link Id: , AP MLO Affiliated links: , Vendor Data: > SignalStrength: -57 OwnerUid: 1000 AdminUids: [1000] SSID: "DarkSide" UnderlyingNetworks: Null]
12-10 17:58:57.246 2461 2568 D IwlanDataService: Network 101 connected using transport WIFI
12-10 17:58:57.246 2461 2609 D IwlanNetworkService: onCapabilitiesChanged: 101
12-10 17:58:57.246 2526 2628 D IwlanNetworkStatusTracker: onCapabilitiesChanged: 101
12-10 17:58:57.246 2526 2628 D IwlanNetworkStatusTracker: OnCapability : Wifi Available already true and validation status unchanged
12-10 17:58:57.247 2945 3012 D DeviceStateHelper: Wifi freq: 5240
12-10 17:58:57.252 3279 3952 I BugleRcsEngine: handleMessage processing message:[NOTIFY_UPTIME_IGNORE_STATE_CHANGED] with [non-null]:RcsEngineImpl reference [CONTEXT log_prefix="RcsEngineImpl[DUAL_REG]:[6169b3b5-03f0]>Handler" thread_id=64 ]
12-10 17:58:57.253 3279 3835 I BugleRcsEngine: Connected state: [1], networkType: [WIFI] [CONTEXT thread_id=58 ]
12-10 17:58:57.253 2300 2606 E PhoneInterfaceManager: getCarrierPrivilegeStatusForUid: Invalid subId
12-10 17:58:57.254 29182 29190 I ChimeraSrvcProxy: NullBinder for android.net.action.RECOMMEND_NETWORKS triggering remote TransactionTooLargeException due to Service without Chimera impl
12-10 17:58:57.254 29182 29190 W .gms.persistent: Large reply transaction of 1056768 bytes, interface descriptor , code 1
12-10 17:58:57.260 19186 19277 D WM-NetworkStateTracker: Network capabilities changed: [ Transports: WIFI Capabilities: NOT_METERED&INTERNET&NOT_RESTRICTED&TRUSTED&NOT_VPN&VALIDATED&NOT_ROAMING&FOREGROUND&NOT_CONGESTED&NOT_SUSPENDED&NOT_VCN_MANAGED&NOT_BANDWIDTH_CONSTRAINED LinkUpBandwidth>=31181Kbps LinkDnBandwidth>=41598Kbps TransportInfo: , BSSID: 02:00:00:00:00:00, MAC: 02:00:00:00:00:00, IP: /192.168.0.86, Security type: 2, Supplicant state: COMPLETED, Wi-Fi standard: 11ax, RSSI: -57, Link speed: 626Mbps, Tx Link speed: 626Mbps, Max Supported Tx Link speed: 1200Mbps, Rx Link speed: 626Mbps, Max Supported Rx Link speed: 1200Mbps, Frequency: 5240MHz, Net ID: -1, Metered hint: false, score: 60, isUsable: true, CarrierMerged: false, SubscriptionId: -1, IsPrimary: -1, Trusted: true, Restricted: false, Ephemeral: false, OEM paid: false, OEM private: false, OSU AP: false, FQDN: , Provider friendly name: , Requesting package name: MLO Information: , Is TID-To-Link negotiation supported by the AP: false, AP MLD Address: , AP MLO Link Id: , AP MLO Affiliated links: , Vendor Data: > SignalStrength: -57 UnderlyingNetworks: Null]
12-10 17:58:57.262 2121 2134 I deeptouch: I0000 00:00:1733846337.262436 2134 tf_lite_classifier.cc:413] Event stream classified as kNone
12-10 17:58:57.267 1383 1937 D ConnectivityService: NetReassign [no changes] [c 0] [a 0] [i 4]
12-10 17:58:57.267 16312 16312 I Wildlife_WildlifeVpnReceiver: ACTION_WIFI_STATE_CHANGED
12-10 17:58:57.271 3279 3952 I BugleRcsEngine: No RCS Configuration was found in Bugle for simID: redacted-pii:sim_id[chars:0,last3:] [CONTEXT log_prefix="ProvisioningEngineDataRetriever" thread_id=64 ]
12-10 17:58:57.279 16312 16312 I Wildlife_WildlifeVpnManagerImpl: toggleVpnByFeaturePreferences, -1, 1, -1, 1
12-10 17:58:57.279 16312 16312 I Wildlife_WildlifeVpnManagerImpl: handleFirstTimePromptNotification() Same network. Ignored.
12-10 17:58:57.279 16312 16312 I Wildlife_WildlifeVpnManagerImpl: restoreSettingsFromBackupIfNecessary() false, false, false
12-10 17:58:57.285 873 9512 W Lyric : shutter_notification_manager.cc:229: 5 calls in 8 sec(s): vsync timeout for frame 452
12-10 17:58:57.317 873 9512 W Lyric : shutter_notification_manager.cc:29: 77 calls in 8 sec(s): vsync time has larger than expected drift: 34285087 ns. Max drift: 10000000 ns.
12-10 17:58:57.317 873 9512 W Lyric : shutter_notification_manager.cc:226: 77 calls in 8 sec(s): vsync unavailable for frame 453
12-10 17:58:57.359 18720 18720 W Thread-15: type=1400 audit(0.0:83386): avc: denied { bind } for scontext=u:r:untrusted_app:s0:c101,c257,c512,c768 tcontext=u:r:untrusted_app:s0:c101,c257,c512,c768 tclass=netlink_route_socket permissive=0 bug=b/155595000 app=im.status.ethereum
12-10 17:58:57.745 1285 9621 D Vibrator: waitForComplete: Vibrator is already off
12-10 17:58:57.768 2121 2134 I deeptouch: I0000 00:00:1733846337.768829 2134 tf_lite_classifier.cc:413] Event stream classified as kNone
12-10 17:58:57.967 1285 9625 D Vibrator: waitForComplete: Vibrator is already off
12-10 17:58:57.999 2121 2134 I deeptouch: I0000 00:00:1733846337.998926 2134 tf_lite_classifier.cc:413] Event stream classified as kNone
12-10 17:58:58.094 1285 9626 D Vibrator: waitForComplete: Vibrator is already off
12-10 17:58:58.091 1147 1147 W TracingMuxer: type=1400 audit(0.0:83387): avc: denied { write } for name="traced_producer" dev="tmpfs" ino=1227 scontext=u:r:gxp_logging:s0 tcontext=u:object_r:traced_producer_socket:s0 tclass=sock_file permissive=0
12-10 17:58:58.097 2121 2134 I deeptouch: I0000 00:00:1733846338.097140 2134 tf_lite_classifier.cc:413] Event stream classified as kNone
12-10 17:58:58.103 873 9447 I Lyric : retiming_node.cc:821: Camera: Rear, Over the past 2.004231243s there were 59 responses sent and 59 of them had no error. FPS: 29.4377 Non-error FPS: 29.4377
12-10 17:58:58.246 1285 9627 D Vibrator: waitForComplete: Vibrator is already off
12-10 17:58:58.274 2121 2134 I deeptouch: I0000 00:00:1733846338.274415 2134 tf_lite_classifier.cc:413] Event stream classified as kNone
