12-10 17:58:41.861 873 9416 I Lyric : camera_performance_analyzer.cc:21: [CPA] CPA-Lite is enabled.
12-10 17:58:41.862 873 9416 I Lyric : graph_runner_deferring_work_queue.cc:120: GraphRunner: Using GraphRunnerDeferringWorkQueue
12-10 17:58:41.862 873 9416 I Lyric : graph_runner_deferring_work_queue.cc:122: Thread pool config , Input Priority: High, affinity: Big Core, process group: CameraServicePerformance, # of threads: 7
12-10 17:58:41.862 873 9416 I Lyric : graph_runner_deferring_work_queue.cc:122: Thread pool config , Input Priority: Realtime, affinity: Auto, process group: CameraServicePerformance, # of threads: 3
12-10 17:58:41.862 873 9416 I Lyric : graph_runner_deferring_work_queue.cc:122: Thread pool config , Input Priority: High, affinity: Medium Core, process group: CameraServicePerformance, # of threads: 5
12-10 17:58:41.862 873 9416 I Lyric : graph_runner_deferring_work_queue.cc:122: Thread pool config , Input Priority: High, affinity: Auto, process group: CameraServicePerformance, # of threads: 12
12-10 17:58:41.862 873 9416 I Lyric : graph_runner_deferring_work_queue.cc:122: Thread pool config , Input Priority: Normal, affinity: Auto, process group: CameraServicePerformance, # of threads: 7
12-10 17:58:41.862 873 9416 I Lyric : graph_runner_deferring_work_queue.cc:122: Thread pool config , Input Priority: High, affinity: Auto, process group: CameraServicePower, # of threads: 1
12-10 17:58:41.862 873 9416 I Lyric : graph_runner_deferring_work_queue.cc:122: Thread pool config , Input Priority: Normal, affinity: Big Core, process group: CameraServicePerformance, # of threads: 1
12-10 17:58:41.862 873 9416 I Lyric : graph_runner_deferring_work_queue.cc:122: Thread pool config , Input Priority: Normal, affinity: Auto, process group: CameraServicePower, # of threads: 7
12-10 17:58:41.863 873 9441 I Lyric : binder_sensor_vsync_reader.cc:40: Enabled BinderSensorVsyncReader, cam_vsync_id: 1
12-10 17:58:41.863 873 9416 I Lyric : camera_device_session_manager_base.cc:646: CameraMode: 8
12-10 17:58:41.863 873 9416 I Lyric : camera_device_session_manager_base.cc:864: Attempting to start graph:top_graph_for_camera_RearMultiFov
12-10 17:58:41.864 873 1318 I Lyric : sensor_node.cc:431: SensorNode starting for sensor: OKSOKO, camera: Rear
12-10 17:58:41.864 873 1318 I Lyric : whi_autocal_controller.cc:393: WhiAutocalController: acquire context for camera 2
12-10 17:58:41.864 873 1319 I Lyric : whi_rectiface_controller.cc:64: camera_hal_id 2 active array 4624 3472
12-10 17:58:41.864 873 1319 I Lyric : front_end_controller.cc:2408: Camera position: rear lens type: normal target pdp channel: 1
12-10 17:58:41.864 873 1319 I Lyric : front_end_controller.cc:1228: dpm: skipping acquire for camera 2
12-10 17:58:41.865 873 1319 I Lyric : ipp_driver.cc:821: IPP Version: 8.7.0
12-10 17:58:41.865 873 9480 I Lyric : lwis_event_thread.cc:204: LwEv:Ipp event thread is starting . . .
12-10 17:58:41.865 873 1319 I Lyric : pdp_driver.cc:414: PDP: about to enable device
12-10 17:58:41.865 873 9481 I Lyric : lwis_event_thread.cc:204: LwEv:Pdp event thread is starting . . .
12-10 17:58:41.866 873 1319 I Lyric : pdp_driver.cc:418: PDP: device enabled
12-10 17:58:41.866 873 1319 I Lyric : pdp_driver.cc:347: PDP SwReset, is async? 1
12-10 17:58:41.866 873 1319 I Lyric : pdp_driver.cc:1023: PDP: about to SetLwisEventsEnable to 1
12-10 17:58:41.866 873 1319 I Lyric : pdp_driver.cc:1039: PDP: finished SetLwisEventsEnable to 1
12-10 17:58:41.866 873 1319 I Lyric : pdp_driver.cc:940: PDP: finished starting hardware
12-10 17:58:41.866 873 1319 I Lyric : pdp_driver.cc:433: PDP Version: 8.7.0
12-10 17:58:41.866 873 1319 I Lyric : pdp_driver.cc:439: PDP: finished power up
12-10 17:58:41.866 873 1319 I Lyric : csi_driver.cc:798: CSI: created new context 0xb400007291747470 for binding 10000
12-10 17:58:41.866 873 1319 I Lyric : csi_driver.cc:1000: Trying to initialize context with these resource assignments: Camera ID:N/A, CSIS LINK:-1, CSIS EBUF:-1, WDMA INPUT:-1, CSIS WDMA:-1, PDP WDMA:-1, ZSL WDMA:-1, EBUF CH:-1, PDP CH:-1, USAGE:0x0, sensor image: 0x0, sensor pd: has value:false: 0x0
12-10 17:58:41.867 873 1319 I Lyric : csi_driver.cc:312: CSI Version: 5.4.0.0
12-10 17:58:41.867 873 1319 I Lyric : csi_driver.cc:1594: Successfully enabled EBUF Qactive!
12-10 17:58:41.867 873 1319 I Lyric : csi_driver.cc:1230: CSI-1: Acquire processing context done.
12-10 17:58:41.867 873 1319 I Lyric : g3aa_driver.cc:1556: G3AA Product ID: 0X3AA, Version: 0.1.0
12-10 17:58:41.867 873 1319 I Lyric : g3aa_driver.cc:1298: Configuring global system CSRs
12-10 17:58:41.868 873 1319 I Lyric : g3aa_driver.cc:1094: Enabling LWIS events for context 0
12-10 17:58:41.868 873 1319 I Lyric : g3aa_driver.cc:1094: Enabling LWIS events for context 1
12-10 17:58:41.868 873 1319 I Lyric : g3aa_driver.cc:1094: Enabling LWIS events for context 2
12-10 17:58:41.868 873 1319 I Lyric : g3aa_driver.cc:905: ------------------------------------------------------
12-10 17:58:41.868 873 1319 I Lyric : g3aa_driver.cc:906: Acquiring context 0. Requirements: [Power-Up-Only]
12-10 17:58:41.868 873 1319 I Lyric : g3aa_driver.cc:908: ------------------------------------------------------
12-10 17:58:41.868 873 1319 I Lyric : g3aa_driver.cc:2008: Number of active HW contexts: 0, power-up-only contexts: 1. Details:
12-10 17:58:41.868 873 1319 I Lyric : front_end_controller.cc:1314: dpm: successfully acquired power-up contexts!
12-10 17:58:41.868 873 1318 I Lyric : front_end_controller.cc:1258: dpm: skipping acquire for camera 2
12-10 17:58:41.868 873 1318 I Lyric : front_end_controller.cc:1559: dpm: storing context for csi link 1 camera 2 context: 0xb4000073618526c8 sibling: 0x0 real context 0x0
12-10 17:58:41.868 873 1318 I Lyric : per_camera_barrier_impl.cc:47: Blocker for FrontEndBlockCam2ToStart acquired
12-10 17:58:41.868 873 9482 I Lyric : lwis_event_thread.cc:204: LwEv:Csi event thread is starting . . .
12-10 17:58:41.868 873 1320 I Lyric : front_end_controller.cc:1202: dpm: skipping acquire for camera 2
12-10 17:58:41.868 873 1319 I Lyric : tuning_node.cc:728: The Tuning configuration deadline = {.config_deadline_frame_offset = -1, sof_to_config_deadline = -2.82ms}
12-10 17:58:41.868 873 9483 I Lyric : lwis_event_thread.cc:204: LwEv:G3aa event thread is starting . . .
12-10 17:58:41.878 873 9478 I Lyric : binder_motion_sensor_reader.cc:69: Enabled BinderMotionSensorReader, type: gyroscope
12-10 17:58:41.879 873 1318 I G3ACoordinator: awb_session_config_parser_lyric.cc:245: sensor_mode ptr [0xb4000073f17e1628], sobek_enabled [false], post_process [0]
12-10 17:58:41.879 873 1318 I G3ACoordinator: awb_session_config_parser_lyric.cc:285: Map sensor mode property: sobek_enabled [false], hdr_mode [0]
12-10 17:58:41.879 873 1318 I G3ACoordinator: awb_session_config_parser_lyric.cc:210: Map sensor name [OKSOKO] binning_factor [1 1] mode_index [0] to GCam sensor ID [0]
12-10 17:58:41.879 873 1318 I G3ACoordinator: awb_session_config_parser_lyric.cc:138: Load flash calibration(size: 1) decision [0.5965 0.5125] for camera [rear normal]
12-10 17:58:41.879 873 1318 I G3ACoordinator: awb_session_config_parser_lyric.cc:138: Load flash calibration(size: 1) decision [0.5965 0.5125] for camera [rear normal]
12-10 17:58:41.879 873 1318 I G3ACoordinator: awb_engine.cc:416: Load lut file /apex/com.google.pixel.camera.hal/etc/camera/ghawb_para_lut_rear_normal.binarypb
12-10 17:58:41.879 873 1318 I G3ACoordinator: awb_engine.cc:469: Camera 2 Initial decision [2.076939 1 1.5385011] CCT [6066] CCM [1.6745 -0.6068 -0.0677, -0.18935 1.3607 -0.17135, 0.0628 -0.8706 1.8078, 0 0 0, 1->1]
12-10 17:58:41.880 873 1318 W G3ACoordinator: awb_engine.cc:513: Failed to register data types in data manager.
12-10 17:58:41.880 873 1318 I G3ACoordinator: awb_engine.cc:516: [2, 2] AwbEngine_2_2 initialized
12-10 17:58:41.880 873 1318 I Lyric : motion_sensor_controller_proxy.cc:290: MotionSensor context requests resource change to normal.
12-10 17:58:41.880 873 1318 W Lyric : display_state_reader.cc:72: Error opening power_state file: No such file or directory trying to read backlight state file instead
12-10 17:58:41.881 873 1318 I G3ACoordinator: ae_session_config_parser_lyric.cc:175: ispfe_raw_input_resolution [width:4624, height:3472]
12-10 17:58:41.881 873 1318 I G3ACoordinator: ae_session_config_parser_lyric.cc:228: Map sensor mode property: sobek_enabled = false, g3a_session_info.hdr_mode = 0, sensor_mode_property 1
12-10 17:58:41.881 873 1318 I G3ACoordinator: ae_session_config_parser_lyric.cc:240: Map sensor name [OKSOKO], binning_factor [1, 1] and mode_index [0] to GCam sensor ID [0]
12-10 17:58:41.881 873 1318 I G3ACoordinator: rls_manager.cc:443: RlsManager::PollAls(): Als is not supported
12-10 17:58:41.881 873 1318 I G3ACoordinator: ae_engine.cc:258: session_type 0
12-10 17:58:41.881 873 1318 I G3ACoordinator: ae_engine.cc:2418: GABC fatp_enable_ = 0
12-10 17:58:41.881 873 1318 I G3ACoordinator: ae_engine.cc:332: [0, 2] AeEngine_0_2 initialized
12-10 17:58:41.884 873 1318 I Lyric : ois_driver.cc:431: ois-rear-normal hall temperature compensation is enabled
12-10 17:58:41.885 873 1318 I Lyric : face_detection_engine_face_ssd.cc:238: Face Detection: FaceDetectionEngineFaceSsd::Initialize::CreateDetector takes 11.841us
12-10 17:58:41.885 873 1318 I Lyric : face_detection_controller.cc:484: Face Detection: Using graph runner thread pool.
12-10 17:58:41.885 873 9487 I Lyric : csi_driver.cc:798: CSI: created new context 0xb400007291738d00 for binding 1000
12-10 17:58:41.885 873 9487 I Lyric : csi_driver.cc:1000: Trying to initialize context with these resource assignments: Camera ID:N/A, CSIS LINK:-1, CSIS EBUF:-1, WDMA INPUT:-1, CSIS WDMA:-1, PDP WDMA:-1, ZSL WDMA:-1, EBUF CH:-1, PDP CH:-1, USAGE:0x0, sensor image: 0x0, sensor pd: has value:false: 0x0
12-10 17:58:41.885 873 9487 I Lyric : csi_driver.cc:1230: CSI-1: Acquire processing context done.
12-10 17:58:41.886 873 9492 I Lyric : common_scaler_driver.cc:240: whi-mcsc: Power up only, 0 outputs, 0x0, fps 0, input medium DMA
12-10 17:58:41.887 873 9490 I Lyric : gtnr_merge_driver.cc:542: Sw reset.
12-10 17:58:41.887 873 9491 I Lyric : common_gdc_driver.cc:667: whi-common-gdc0 Version: 8.7.0
12-10 17:58:41.887 873 9490 I Lyric : gtnr_merge_frame_control_helper.cc:284: Ip version:
12-10 17:58:41.887 873 9492 I Lyric : common_scaler_driver.cc:433: whi-mcsc: successfully powered up, version: 8.7.0
12-10 17:58:41.887 873 9490 I Lyric : gtnr_merge_driver.cc:1288: Successfully powered up merge block.
12-10 17:58:41.887 873 9492 I Lyric : common_scaler_driver.cc:240: whi-scsc: Power up only, 0 outputs, 0x0, fps 0, input medium DMA
12-10 17:58:41.887 873 9501 I Lyric : lwis_event_thread.cc:204: LwEv:TnrMg event thread is starting . . .
12-10 17:58:41.888 873 9489 I Lyric : itp_core_whi_pro.cc:88: Applying ITP/DNS WA SwReset sequence
12-10 17:58:41.888 873 9494 I Lyric : whi_votf_c2serv.cc:19: chip revision = 4, votf ip number = 0, register block id = 0
12-10 17:58:41.888 873 9494 I Lyric : whi_votf_c2serv.cc:23: num write dma = 14, num read dma = 0, process lines = 1
12-10 17:58:41.888 873 9494 I Lyric : whi_votf_c2serv.cc:19: chip revision = 4, votf ip number = 1, register block id = 1
12-10 17:58:41.888 873 9494 I Lyric : whi_votf_c2serv.cc:23: num write dma = 0, num read dma = 4, process lines = 1
12-10 17:58:41.888 873 9494 I Lyric : whi_votf_c2serv.cc:19: chip revision = 4, votf ip number = 3, register block id = 2
12-10 17:58:41.888 873 9494 I Lyric : whi_votf_c2serv.cc:23: num write dma = 0, num read dma = 1, process lines = 1
12-10 17:58:41.888 873 9494 I Lyric : whi_votf_c2serv.cc:19: chip revision = 4, votf ip number = 4, register block id = 3
12-10 17:58:41.888 873 9494 I Lyric : whi_votf_c2serv.cc:23: num write dma = 0, num read dma = 2, process lines = 32
12-10 17:58:41.888 873 9494 I Lyric : whi_votf_c2serv.cc:19: chip revision = 4, votf ip number = 7, register block id = 4
12-10 17:58:41.888 873 9494 I Lyric : whi_votf_c2serv.cc:23: num write dma = 9, num read dma = 0, process lines = 1
12-10 17:58:41.888 873 9494 I Lyric : whi_votf_c2serv.cc:19: chip revision = 4, votf ip number = 8, register block id = 5
12-10 17:58:41.888 873 9494 I Lyric : whi_votf_c2serv.cc:23: num write dma = 0, num read dma = 4, process lines = 1
12-10 17:58:41.888 873 9494 I Lyric : whi_votf_c2serv.cc:19: chip revision = 4, votf ip number = 10, register block id = 6
12-10 17:58:41.888 873 9494 I Lyric : whi_votf_c2serv.cc:23: num write dma = 2, num read dma = 0, process lines = 64
12-10 17:58:41.888 873 9494 I Lyric : whi_votf_c2serv.cc:19: chip revision = 4, votf ip number = 12, register block id = 7
12-10 17:58:41.888 873 9494 I Lyric : whi_votf_c2serv.cc:23: num write dma = 2, num read dma = 0, process lines = 64
12-10 17:58:41.888 873 9494 I Lyric : whi_votf_c2serv.cc:19: chip revision = 4, votf ip number = 13, register block id = 8
12-10 17:58:41.888 873 9494 I Lyric : whi_votf_c2serv.cc:23: num write dma = 0, num read dma = 3, process lines = 1
12-10 17:58:41.888 873 9489 I Lyric : itp_core_whi_pro.cc:195: ITP Version: 1.0.0
12-10 17:58:41.888 873 9489 I Lyric : itp_core_whi_pro.cc:197: ITSC Version: 8.7.0
12-10 17:58:41.888 873 9489 I Lyric : itp_core_whi_pro.cc:211: Applying ITP/DNS WA SwReset sequence for cleanup transaction.
12-10 17:58:41.889 873 9489 I Lyric : itp_driver.cc:1375: Initializing ITP/DNS COREX
12-10 17:58:41.889 873 1346 I Lyric : itp_event_handler_whi_pro.cc:174: itp_corex_initialized_ was 0 dns_corex_initialized_ was 0
12-10 17:58:41.889 873 1346 I Lyric : itp_event_handler_whi_pro.cc:174: itp_corex_initialized_ was 0 dns_corex_initialized_ was 1
12-10 17:58:41.891 873 9492 I Lyric : common_scaler_driver.cc:433: whi-scsc: successfully powered up, version: 8.7.0
12-10 17:58:41.891 873 9491 I Lyric : common_gdc_driver.cc:667: whi-common-gdc1 Version: 8.7.0
12-10 17:58:41.891 873 1318 I Lyric : slc_driver.cc:58: SLC setup: pid = 9 : Itp-Gtnr : 8 ways (buf fd 235)
12-10 17:58:41.892 873 1318 I Lyric : slc_driver.cc:58: SLC setup: pid = 6 : Gdc-Scaler : 5 ways (buf fd 236)
12-10 17:58:41.892 873 1318 I Lyric : slc_driver.cc:58: SLC setup: pid = 5 : Gdc-Scaler : 5 ways (buf fd 241)
12-10 17:58:41.892 873 1318 I Lyric : raw_to_yuv_node.cc:756: Starting node cam2_raw_to_yuv with Pipeline (ID: (instance_id: 15394), IPs: [ RawToYuv ], Max Outputs: 1, IPConnections: [ ) on camera 2
12-10 17:58:41.892 873 1318 I Lyric : stream_interface_controller.cc:522: Compression(Lossy SBWC High Compression) enabled for ITSC -> TNR for camera Rear with instance id 0
12-10 17:58:41.892 873 1318 I Lyric : slc_driver.cc:58: SLC setup: pid = 4 : GTNR iVOTF : 5 ways (buf fd 243)
12-10 17:58:41.893 873 1318 I Lyric : slc_driver.cc:58: SLC setup: pid = 7 : GTNR Prev : 4 ways (buf fd 244)
12-10 17:58:41.893 873 1318 I Lyric : tnr_merge_node.cc:411: Starting node cam2_tnr_merge with Pipeline (ID: (instance_id: 15396), IPs: [ TnrMerge ], Max Outputs: 1, IPConnections: [ ) on camera 2
12-10 17:58:41.894 0 0 I trusty : sac-ssmt: 111: TPU: Setup TZ SSMT 0
12-10 17:58:41.900 873 1318 I Lyric : stream_interface_controller.cc:522: Compression(Lossy SBWC High Compression) enabled for TNR -> GDC0 for camera Rear with instance id 0
12-10 17:58:41.900 873 9502 I Lyric : lwis_event_thread.cc:204: LwEv:TnrAl event thread is starting . . .
12-10 17:58:41.901 873 1318 I Lyric : mesh_warp_node.cc:352: Starting node cam2_preview_mesh_warp with Pipeline (ID: (instance_id: 15397), IPs: [ MeshWarp ], Max Outputs: 1, IPConnections: [ ) on camera 2
12-10 17:58:41.901 873 1318 I Lyric : stream_interface_controller.cc:522: Compression(Lossy SBWC High Compression) enabled for GDC0 -> SCSC for camera Rear with instance id 0
12-10 17:58:41.901 873 1318 I Lyric : common_scaler_driver.cc:240: whi-scsc: 4 outputs, 3184x1792, fps 30, input medium DMA_VOTF
12-10 17:58:41.901 873 1318 I Lyric : whi_scaler_controller.cc:253: OUT_OF_RANGE: Requested 4 outputs, but whi-scsc only supports up to 2 outputs.
12-10 17:58:41.901 873 1318 I Lyric : broker_scaler_controller.cc:86: Note: failed to acquire context for Rear from whi-scsc because OUT_OF_RANGE: Requested 4 outputs, but whi-scsc only supports up to 2 outputs.
12-10 17:58:41.901 873 1318 W Lyric : stream_interface_controller.cc:460: Note: processing_context->consumer is being re-assigned from 13 to 8
12-10 17:58:41.901 873 1318 I Lyric : stream_interface_controller.cc:522: Compression(Lossy SBWC High Compression) enabled for GDC0 -> MCSC for camera Rear with instance id 0
12-10 17:58:41.901 873 1318 I Lyric : common_scaler_driver.cc:240: whi-mcsc: 4 outputs, 3184x1792, fps 30, input medium DMA_VOTF
12-10 17:58:41.901 873 1318 I Lyric : scaler_node.cc:328: Starting node cam2_preview_scaler with Pipeline (ID: (instance_id: 15402), IPs: [ Scaler ], Max Outputs: 4, IPConnections: [ ) on camera 2
12-10 17:58:41.901 873 1318 I G3ACoordinator: auto_scene_detection_engine.cc:477: [9, 2] AutoSceneDetectionEngine_9_2 initialized
12-10 17:58:41.901 873 9505 I Lyric : common_scaler_driver.cc:657: whi-mcsc: entering processing thread.
12-10 17:58:41.902 873 1318 I Lyric : sensor_node.cc:431: SensorNode starting for sensor: LESHENUW, camera: RearWide
12-10 17:58:41.902 873 1318 I Lyric : whi_rectiface_controller.cc:64: camera_hal_id 3 active array 4208 3120
12-10 17:58:41.902 873 1318 I Lyric : whi_autocal_controller.cc:393: WhiAutocalController: acquire context for camera 3
12-10 17:58:41.902 873 1318 W Lyric : statistics_node.cc:357: Failed to get pdaf calibration data
12-10 17:58:41.902 873 1318 I Lyric : front_end_controller.cc:2408: Camera position: rear lens type: wide target pdp channel: 2
12-10 17:58:41.902 873 1318 I Lyric : front_end_controller.cc:1228: dpm: skipping acquire for camera 3
12-10 17:58:41.902 873 1318 I Lyric : front_end_controller.cc:1258: dpm: skipping acquire for camera 3
12-10 17:58:41.902 873 1318 I Lyric : front_end_controller.cc:1559: dpm: storing context for csi link 0 camera 3 context: 0xb400007361873f48 sibling: 0x0 real context 0x0
12-10 17:58:41.902 873 1318 I Lyric : per_camera_barrier_impl.cc:47: Blocker for FrontEndBlockCam3ToStart acquired
12-10 17:58:41.902 873 1318 I Lyric : front_end_controller.cc:1202: dpm: skipping acquire for camera 3
12-10 17:58:41.902 873 1318 I Lyric : tuning_node.cc:728: The Tuning configuration deadline = {.config_deadline_frame_offset = -1, sof_to_config_deadline = -2.82ms}
12-10 17:58:41.902 873 1318 I G3ACoordinator: awb_session_config_parser_lyric.cc:245: sensor_mode ptr [0xb4000073f17ecc68], sobek_enabled [false], post_process [0]
12-10 17:58:41.902 873 1318 I G3ACoordinator: awb_session_config_parser_lyric.cc:285: Map sensor mode property: sobek_enabled [false], hdr_mode [0]
12-10 17:58:41.902 873 1318 I G3ACoordinator: awb_session_config_parser_lyric.cc:210: Map sensor name [LESHENUW] binning_factor [1 1] mode_index [1] to GCam sensor ID [8]
12-10 17:58:41.902 873 1318 I G3ACoordinator: awb_session_config_parser_lyric.cc:145: Fail to read calibration data for camera[rear wide]]. Use the default LED decision in tuning!
12-10 17:58:41.902 873 1318 I G3ACoordinator: awb_session_config_parser_lyric.cc:138: Load flash calibration(size: 1) decision [0.5965 0.5125] for camera [rear normal]
12-10 17:58:41.902 873 1318 I G3ACoordinator: awb_engine.cc:416: Load lut file /apex/com.google.pixel.camera.hal/etc/camera/ghawb_para_lut_rear_wide.binarypb
12-10 17:58:41.902 873 1318 I G3ACoordinator: awb_engine.cc:469: Camera 3 Initial decision [2.04786 1 1.75743] CCT [5000] CCM [1.46208 -0.40016 -0.06192, -0.14466 1.34698 -0.20232, 0.04367 -0.7023 1.65863, 0 0 0, 1->1]
12-10 17:58:41.904 873 1318 W G3ACoordinator: awb_engine.cc:513: Failed to register data types in data manager.
12-10 17:58:41.904 873 1318 I G3ACoordinator: awb_engine.cc:516: [2, 3] AwbEngine_2_3 initialized
12-10 17:58:41.904 873 1318 I G3ACoordinator: ae_session_config_parser_lyric.cc:175: ispfe_raw_input_resolution [width:4208, height:2368]
12-10 17:58:41.904 873 1318 I G3ACoordinator: ae_session_config_parser_lyric.cc:228: Map sensor mode property: sobek_enabled = false, g3a_session_info.hdr_mode = 0, sensor_mode_property 0
12-10 17:58:41.904 873 1318 I G3ACoordinator: ae_session_config_parser_lyric.cc:240: Map sensor name [LESHENUW], binning_factor [1, 1] and mode_index [1] to GCam sensor ID [8]
12-10 17:58:41.904 873 1318 I G3ACoordinator: rls_manager.cc:443: RlsManager::PollAls(): Als is not supported
12-10 17:58:41.904 873 1318 I G3ACoordinator: ae_engine.cc:258: session_type 0
12-10 17:58:41.904 873 1318 I G3ACoordinator: ae_engine.cc:2418: GABC fatp_enable_ = 0
12-10 17:58:41.904 873 1318 I G3ACoordinator: ae_engine.cc:332: [0, 3] AeEngine_0_3 initialized
12-10 17:58:41.906 873 1318 I Lyric : face_detection_engine_face_ssd.cc:238: Face Detection: FaceDetectionEngineFaceSsd::Initialize::CreateDetector takes 16.113us
12-10 17:58:41.906 873 1318 I Lyric : raw_to_yuv_node.cc:756: Starting node cam3_raw_to_yuv with Pipeline (ID: (instance_id: 15412), IPs: [ RawToYuv ], Max Outputs: 1, IPConnections: [ ) on camera 3
12-10 17:58:41.906 873 1318 I Lyric : stream_interface_controller.cc:522: Compression(Lossy SBWC High Compression) enabled for ITSC -> TNR for camera RearWide with instance id 0
12-10 17:58:41.906 873 1318 I Lyric : tnr_merge_node.cc:411: Starting node cam3_tnr_merge with Pipeline (ID: (instance_id: 15414), IPs: [ TnrMerge ], Max Outputs: 1, IPConnections: [ ) on camera 3
12-10 17:58:41.906 873 1318 I Lyric : stream_interface_controller.cc:522: Compression(Lossy SBWC High Compression) enabled for TNR -> GDC0 for camera RearWide with instance id 0
12-10 17:58:41.906 873 1318 I Lyric : mesh_warp_node.cc:352: Starting node cam3_preview_mesh_warp with Pipeline (ID: (instance_id: 15415), IPs: [ MeshWarp ], Max Outputs: 1, IPConnections: [ ) on camera 3
12-10 17:58:41.906 873 1318 I Lyric : stream_interface_controller.cc:522: Compression(Lossy SBWC High Compression) enabled for GDC0 -> SCSC for camera RearWide with instance id 0
12-10 17:58:41.906 873 1318 I Lyric : common_scaler_driver.cc:240: whi-scsc: 4 outputs, 2720x1532, fps 30, input medium DMA
12-10 17:58:41.907 873 1318 I Lyric : whi_scaler_controller.cc:253: OUT_OF_RANGE: Requested 4 outputs, but whi-scsc only supports up to 2 outputs.
12-10 17:58:41.907 873 1318 I Lyric : broker_scaler_controller.cc:86: Note: failed to acquire context for RearWide from whi-scsc because OUT_OF_RANGE: Requested 4 outputs, but whi-scsc only supports up to 2 outputs.
12-10 17:58:41.907 873 1318 W Lyric : stream_interface_controller.cc:460: Note: processing_context->consumer is being re-assigned from 13 to 8
12-10 17:58:41.907 873 1318 I Lyric : stream_interface_controller.cc:522: Compression(Lossy SBWC High Compression) enabled for GDC0 -> MCSC for camera RearWide with instance id 0
12-10 17:58:41.907 873 1318 I Lyric : common_scaler_driver.cc:240: whi-mcsc: 4 outputs, 2720x1532, fps 30, input medium DMA
12-10 17:58:41.907 873 1318 I Lyric : scaler_node.cc:328: Starting node cam3_preview_scaler with Pipeline (ID: (instance_id: 15420), IPs: [ Scaler ], Max Outputs: 4, IPConnections: [ ) on camera 3
12-10 17:58:41.907 873 1318 I G3ACoordinator: auto_scene_detection_engine.cc:477: [9, 3] AutoSceneDetectionEngine_9_3 initialized
12-10 17:58:41.907 873 1318 I Lyric : sensor_node.cc:431: SensorNode starting for sensor: OKSOKORM, camera: RearVirtual
12-10 17:58:41.907 873 1318 I Lyric : whi_rectiface_controller.cc:64: camera_hal_id 4 active array 4624 3472
12-10 17:58:41.907 873 1318 I Lyric : whi_autocal_controller.cc:393: WhiAutocalController: acquire context for camera 4
12-10 17:58:41.907 873 1318 I Lyric : front_end_controller.cc:2408: Camera position: rear lens type: normal target pdp channel: 1
12-10 17:58:41.907 873 1318 I Lyric : front_end_controller.cc:1228: dpm: skipping acquire for camera 4
12-10 17:58:41.907 873 1318 I Lyric : front_end_controller.cc:1258: dpm: skipping acquire for camera 4
12-10 17:58:41.907 873 1318 I Lyric : front_end_controller.cc:1559: dpm: storing context for csi link 1 camera 4 context: 0xb400007361885968 sibling: 0xb4000073618526c8 real context 0x0
12-10 17:58:41.907 873 1318 I Lyric : front_end_controller.cc:1566: dpm: sibling_context->sibling 0xb400007361885968 real context 0x0
12-10 17:58:41.907 873 1318 I Lyric : per_camera_barrier_impl.cc:47: Blocker for FrontEndBlockCam4ToStart acquired
12-10 17:58:41.907 873 1318 I Lyric : front_end_controller.cc:1202: dpm: skipping acquire for camera 4
12-10 17:58:41.907 873 1318 I Lyric : tuning_node.cc:728: The Tuning configuration deadline = {.config_deadline_frame_offset = -1, sof_to_config_deadline = -2.82ms}
12-10 17:58:41.917 873 1319 I Lyric : generic_actuator_controller.cc:449: AF LTC: act-rear-normal is enabled with firmware LTC
12-10 17:58:41.917 873 1319 I Lyric : auto_focus_node.cc:737: cam2_af dcc data type: Normal
12-10 17:58:41.917 873 1319 I Lyric : auto_focus_node.cc:737: cam2_af dcc data type: Macro
12-10 17:58:41.917 873 1319 I Lyric : auto_focus_node.cc:737: cam2_af dcc data type: Infinity
12-10 17:58:41.917 873 1319 I Lyric : auto_focus_node.cc:757: The isp_input_raw_image_size = {width: 4624, height: 3472}; camera_id = 2; camera_app_1p_enabled = 0; session id = 7003642105800657605
12-10 17:58:41.917 873 1319 I Lyric : external_auto_focus_controller_proxy.cc:422: ExternalAutoFocusControllerProxy [3A Coordinator]: Creating context for camera 2; long query warning threshold 250us; long set focus warning threshold 500us
12-10 17:58:41.917 873 1318 I Lyric : auto_focus_node.cc:737: cam4_af dcc data type: Normal
12-10 17:58:41.917 873 1318 I Lyric : auto_focus_node.cc:737: cam4_af dcc data type: Macro
12-10 17:58:41.917 873 1318 I Lyric : auto_focus_node.cc:737: cam4_af dcc data type: Infinity
12-10 17:58:41.917 873 1318 I Lyric : auto_focus_node.cc:757: The isp_input_raw_image_size = {width: 4624, height: 3472}; camera_id = 4; camera_app_1p_enabled = 0; session id = 7003642105800657605
12-10 17:58:41.917 873 1318 I Lyric : external_auto_focus_controller_proxy.cc:422: ExternalAutoFocusControllerProxy [3A Coordinator]: Creating context for camera 4; long query warning threshold 250us; long set focus warning threshold 500us
12-10 17:58:41.917 873 1319 I G3ACoordinator: af_engine.cc:259: [1, 2] AfEngine
12-10 17:58:41.917 873 1318 I G3ACoordinator: af_engine.cc:259: [1, 4] AfEngine
12-10 17:58:41.917 873 1319 E G3ACoordinator: af_session_config_parser_lyric.cc:83: static_camera_model has no value unexpectedly.
12-10 17:58:41.917 873 1319 I G3ACoordinator: af_engine.cc:289: InitializeAlgorithm
12-10 17:58:41.917 873 1319 I G3ACoordinator: af_engine.cc:297: [1, 2] AfEngine_1_2 initialized
12-10 17:58:41.917 873 1318 E G3ACoordinator: af_session_config_parser_lyric.cc:83: static_camera_model has no value unexpectedly.
12-10 17:58:41.917 873 1318 I G3ACoordinator: af_engine.cc:289: InitializeAlgorithm
12-10 17:58:41.917 873 1318 I G3ACoordinator: af_engine.cc:297: [1, 4] AfEngine_1_4 initialized
12-10 17:58:41.917 873 1318 W G3ACoordinator: data_manager.cc:160: [1, 5, 4] failed to read
12-10 17:58:41.917 873 1319 E G3ACoordinator: tuning_manager.h:53: Node type not found: 4
12-10 17:58:41.917 873 1319 E G3ACoordinator: tuning_manager.h:53: Node type not found: 4
12-10 17:58:41.917 873 1318 E G3ACoordinator: tuning_manager.h:53: Node type not found: 4
12-10 17:58:41.917 873 1319 E G3ACoordinator: tuning_manager.h:53: Node type not found: 4
12-10 17:58:41.917 873 1318 E G3ACoordinator: tuning_manager.h:53: Node type not found: 4
12-10 17:58:41.917 873 1318 E G3ACoordinator: tuning_manager.h:53: Node type not found: 4
12-10 17:58:41.917 873 9485 I Lyric : PhoneUpdate.cc:1627: LC898129dp update SSC parameters
12-10 17:58:41.917 873 1318 I G3ACoordinator: awb_session_config_parser_lyric.cc:245: sensor_mode ptr [0xb4000073f1867398], sobek_enabled [false], post_process [2]
12-10 17:58:41.917 873 1318 I G3ACoordinator: awb_session_config_parser_lyric.cc:285: Map sensor mode property: sobek_enabled [false], hdr_mode [0]
12-10 17:58:41.917 873 1318 I G3ACoordinator: awb_session_config_parser_lyric.cc:210: Map sensor name [OKSOKORM] binning_factor [1 1] mode_index [0] to GCam sensor ID [11]
12-10 17:58:41.917 873 1318 I G3ACoordinator: awb_session_config_parser_lyric.cc:138: Load flash calibration(size: 1) decision [0.5965 0.5125] for camera [rear normal]
12-10 17:58:41.917 873 1318 I G3ACoordinator: awb_session_config_parser_lyric.cc:138: Load flash calibration(size: 1) decision [0.5965 0.5125] for camera [rear normal]
12-10 17:58:41.917 873 1318 I G3ACoordinator: awb_engine.cc:416: Load lut file /apex/com.google.pixel.camera.hal/etc/camera/ghawb_para_lut_rear_virtual.binarypb
12-10 17:58:41.917 873 1318 I G3ACoordinator: awb_engine.cc:469: Camera 4 Initial decision [2.07457 1 1.78238] CCT [5000] CCM [1.46208 -0.40016 -0.06192, -0.14466 1.34698 -0.20232, 0.04367 -0.7023 1.65863, 0 0 0, 1->1]
12-10 17:58:41.919 873 1318 W G3ACoordinator: awb_engine.cc:513: Failed to register data types in data manager.
12-10 17:58:41.919 873 1318 I G3ACoordinator: awb_engine.cc:516: [2, 4] AwbEngine_2_4 initialized
12-10 17:58:41.919 873 1318 I G3ACoordinator: ae_session_config_parser_lyric.cc:175: ispfe_raw_input_resolution [width:4624, height:3472]
12-10 17:58:41.919 873 1318 I G3ACoordinator: ae_session_config_parser_lyric.cc:228: Map sensor mode property: sobek_enabled = false, g3a_session_info.hdr_mode = 0, sensor_mode_property 1
12-10 17:58:41.919 873 1318 I G3ACoordinator: ae_session_config_parser_lyric.cc:240: Map sensor name [OKSOKORM], binning_factor [1, 1] and mode_index [0] to GCam sensor ID [11]
12-10 17:58:41.919 873 1318 I G3ACoordinator: rls_manager.cc:443: RlsManager::PollAls(): Als is not supported
12-10 17:58:41.919 873 1318 I G3ACoordinator: ae_engine.cc:258: session_type 0
12-10 17:58:41.919 873 1318 I G3ACoordinator: ae_engine.cc:2418: GABC fatp_enable_ = 0
12-10 17:58:41.919 873 1318 I G3ACoordinator: ae_engine.cc:332: [0, 4] AeEngine_0_4 initialized
12-10 17:58:41.920 873 1318 I Lyric : face_detection_engine_face_ssd.cc:238: Face Detection: FaceDetectionEngineFaceSsd::Initialize::CreateDetector takes 13.387us
12-10 17:58:41.920 873 1320 I Lyric : raw_to_yuv_node.cc:756: Starting node cam4_raw_to_yuv with Pipeline (ID: (instance_id: 15378), IPs: [ RawToYuv ], Max Outputs: 1, IPConnections: [ ) on camera 4
12-10 17:58:41.920 873 1318 I Lyric : stream_interface_controller.cc:522: Compression(Lossy SBWC High Compression) enabled for ITSC -> TNR for camera RearVirtual with instance id 0
12-10 17:58:41.920 873 1320 I Lyric : stream_interface_controller.cc:522: Compression(Lossy SBWC High Compression) enabled for TNR -> GDC0 for camera RearVirtual with instance id 0
12-10 17:58:41.920 873 1320 I Lyric : mesh_warp_node.cc:352: Starting node cam4_preview_mesh_warp with Pipeline (ID: (instance_id: 15381), IPs: [ MeshWarp ], Max Outputs: 1, IPConnections: [ ) on camera 4
12-10 17:58:41.920 873 1318 I Lyric : tnr_merge_node.cc:411: Starting node cam4_tnr_merge with Pipeline (ID: (instance_id: 15380), IPs: [ TnrMerge ], Max Outputs: 1, IPConnections: [ ) on camera 4
12-10 17:58:41.920 873 1320 I Lyric : stream_interface_controller.cc:522: Compression(Lossy SBWC High Compression) enabled for GDC0 -> SCSC for camera RearVirtual with instance id 0
12-10 17:58:41.920 873 1320 I Lyric : common_scaler_driver.cc:240: whi-scsc: 4 outputs, 3184x1792, fps 30, input medium DMA
12-10 17:58:41.920 873 1319 I G3ACoordinator: auto_scene_detection_engine.cc:477: [9, 4] AutoSceneDetectionEngine_9_4 initialized
12-10 17:58:41.920 873 1320 I Lyric : whi_scaler_controller.cc:253: OUT_OF_RANGE: Requested 4 outputs, but whi-scsc only supports up to 2 outputs.
12-10 17:58:41.920 873 1320 I Lyric : broker_scaler_controller.cc:86: Note: failed to acquire context for RearVirtual from whi-scsc because OUT_OF_RANGE: Requested 4 outputs, but whi-scsc only supports up to 2 outputs.
12-10 17:58:41.920 873 1320 W Lyric : stream_interface_controller.cc:460: Note: processing_context->consumer is being re-assigned from 13 to 8
12-10 17:58:41.920 873 9416 I Lyric : camera_device_session_manager_base.cc:868: Successfully started graph:top_graph_for_camera_RearMultiFov
12-10 17:58:41.920 873 1320 I Lyric : stream_interface_controller.cc:522: Compression(Lossy SBWC High Compression) enabled for GDC0 -> MCSC for camera RearVirtual with instance id 0
12-10 17:58:41.920 873 1320 I Lyric : common_scaler_driver.cc:240: whi-mcsc: 4 outputs, 3184x1792, fps 30, input medium DMA
12-10 17:58:41.920 873 1320 I Lyric : scaler_node.cc:328: Starting node cam4_preview_scaler with Pipeline (ID: (instance_id: 15386), IPs: [ Scaler ], Max Outputs: 4, IPConnections: [ ) on camera 4
12-10 17:58:41.920 873 1667 I Lyric : lyric_basic_capture_session.cc:98: LyricBasicCaptureSession created
12-10 17:58:41.922 873 9485 I Lyric : ois_driver.cc:874: ois-rear-normal OIS operation mode changed to: Still timestamp: 112369447507061
12-10 17:58:41.923 873 9507 I Lyric : ois_driver.cc:428: ois-rear-normal Event thread is enabled
12-10 17:58:41.923 873 9485 I Lyric : ois_driver.cc:1279: ois-rear-normal The device uses system IMU
12-10 17:58:41.923 873 9508 I Lyric : ois_driver.cc:1555: ois-rear-normal Monitor aoc status is enabled
12-10 17:58:41.937 873 1667 I Lyric : camera_powerhal.cc:172: SetPowerBoost Trigger CAMERA_LAUNCH_EXTENDED for 2000ms
12-10 17:58:41.937 873 1667 I Lyric : multicam_node.cc:1289: ********************dpm: put camera: 2 on NORMAL, frame number: 0, zoom ratio: 1.00 ********************
12-10 17:58:41.937 873 1667 I Lyric : multicam_node.cc:1467: ******************** new lead: camera: 2(Wide), frame number: 0, zoom ratio: 1.00 *******************
12-10 17:58:41.937 873 1667 I Lyric : multicam_node.cc:2319: ====== Multicam status update ======
12-10 17:58:41.937 873 1667 I Lyric : multicam_node.cc:2320: Frame number: 0, Lead cam: 2, Zoom ratio: 1.00, APP requested streams: (0 -> 32768, 2) (65552 -> 32774, 2)
12-10 17:58:41.937 873 1667 I Lyric : multicam_node.cc:2327: cam: 2, dpm_mode: Normal, activation_flags: None
12-10 17:58:41.937 873 1667 I Lyric : retiming_node.cc:1308: ******** dpm: cam2_retiming change DPM mode from -1 to 0, is virtual transition: 0, framework request id 0, frame number: 0
12-10 17:58:41.937 873 9444 I Lyric : generic_power_throttle_controller.cc:768: camera thermal status: global frame rate at 30fps for camera 2 at frame 0
12-10 17:58:41.937 873 9444 I Lyric : generic_power_throttle_controller.cc:768: camera thermal status: 3A at 30fps for camera 2 at frame 0
12-10 17:58:41.938 873 8275 I Lyric : multicam_node.cc:2319: ====== Multicam status update ======
12-10 17:58:41.938 873 8275 I Lyric : multicam_node.cc:2320: Frame number: 1, Lead cam: 2, Zoom ratio: 1.00, APP requested streams: (65552 -> 32774, 2) (0 -> 32768, 2)
12-10 17:58:41.938 873 8275 I Lyric : multicam_node.cc:2327: cam: 2, dpm_mode: Undefined, activation_flags: None
12-10 17:58:41.938 873 9446 W Lyric : generic_power_throttle_controller.cc:764: 1454 calls in 1129 sec(s): Unsupported thermal policy: RoiTracker
12-10 17:58:41.938 873 9446 I Lyric : generic_power_throttle_controller.cc:768: camera thermal status: RoiTracker NoOp for camera 2 at frame 0
12-10 17:58:41.938 873 9446 I Lyric : generic_power_throttle_controller.cc:768: camera thermal status: LDAF NoOp for camera 2 at frame 0
12-10 17:58:41.939 873 9446 I Lyric : generic_power_throttle_controller.cc:768: camera thermal status: PhaseDetection NoOp for camera 2 at frame 0
12-10 17:58:41.939 873 9446 W Lyric : external_auto_focus_controller_proxy.cc:724: 3 calls in 1139 sec(s): ExternalAutoFocusControllerProxy: camera_id = 2; The total number of frames missing CDAF, HW PDAF, SW PDAF and Sparse PDAF statistics is 1
12-10 17:58:41.939 873 9446 W Lyric : external_auto_focus_controller_proxy.cc:1186: 3 calls in 1139 sec(s): Not able to get shutter notification timestamp
12-10 17:58:41.939 873 9446 E Lyric : external_auto_focus_controller_proxy.cc:1406: 3 calls in 1139 sec(s): Not able to get shutter notification timestamp. No actuator data is collected.
12-10 17:58:41.939 873 9447 I Lyric : actuator_driver.cc:258: act-rear-normal Actuator operation mode changed to: Active
12-10 17:58:41.939 873 9463 I Lyric : conditional_dpm_node.cc:66: cam2_conditional_dpm turn to dpm mode: Normal, framte number: 0
12-10 17:58:41.939 873 9446 W G3ACoordinator: data_manager.cc:154: [5, 27, 9001] can't be found
12-10 17:58:41.939 873 9446 I G3ACoordinator: af_engine.cc:718: Cam[2], AF tuning filename: gaf_rear_normal_preview
12-10 17:58:41.939 873 9446 I G3ACoordinator: af_engine.cc:1136: Starter Frames
12-10 17:58:41.939 873 9446 W G3ACoordinator: af_engine.cc:542: camera_name=RearNormal: Retain last focus states. Overwriting af_mode Auto->Auto af_state Inactive->Inactive
12-10 17:58:41.939 873 9446 I G3ACoordinator: af_engine.cc:604: Starter Frames
12-10 17:58:41.939 873 9446 I G3ACoordinator: af_state_machine.cc:256: camera_name=RearNormal: af_mode=ContinuousPicture, event=ScanStart, af_state=Inactive->PassiveScan
12-10 17:58:41.940 873 9450 I Lyric : generic_power_throttle_controller.cc:768: camera thermal status: AE Flicker Detection NoOp for camera 2 at frame 0
12-10 17:58:41.940 873 9450 I Lyric : generic_power_throttle_controller.cc:768: camera thermal status: AE Topshot Motion Calculation NoOp for camera 2 at frame 0
12-10 17:58:41.940 873 9450 I Lyric : generic_power_throttle_controller.cc:768: camera thermal status: AE Debug Data NoOp for camera 2 at frame 0
12-10 17:58:41.940 873 9450 I Lyric : generic_power_throttle_controller.cc:768: camera thermal status: AE Flash LED NoOp for camera 2 at frame 0
12-10 17:58:41.940 873 9450 I Lyric : generic_power_throttle_controller.cc:768: camera thermal status: AE True Light NoOp for camera 2 at frame 0
12-10 17:58:41.940 873 9450 I G3ACoordinator: ae_input_parser_lyric.cc:1871: Starter frame: rel_frame_num [-3]
12-10 17:58:41.940 873 9450 I G3ACoordinator: ae_engine.cc:409: Starter Frames
12-10 17:58:41.941 873 9448 I Lyric : front_end_controller.cc:1949: dpm: frontend context 2 updating power mode to normal mode
12-10 17:58:41.941 873 9421 I Lyric : multisensor_controller.cc:729: Rear StartStreaming, waiting on barrier
12-10 17:58:41.941 873 9448 I Lyric : front_end_controller.cc:150: Acquiring PDP with requirement: votf_enable:0, bayer_size:{width: 4624, height: 3472}, pd_size:{width: 4624, height: 868}, enable_bayer_output_to_ipp:1, enable_bayer_output_to_g3aa:1, enable_pd_output_to_g3aa:1, enable_pdstats_output_to_wdma:0, input_type:0, bayer_scaler_type:0, lic_configuration:lic_input_context_mode:3, lic_input_bit_mode:0, yext_hdr_mode:0, pdp_channel:1, secure_operation_mode:NonSecure
12-10 17:58:41.941 873 9421 I Lyric : sensor_generic_driver.cc:5724: OKSOKO Load virtual transition settings, transit_to_virtual 0
12-10 17:58:41.941 873 9448 I Lyric : pdp_driver.cc:997: PDP: about to SetHwEventsEnable to 1 for context 1
12-10 17:58:41.942 873 9421 I Lyric : multisensor_controller.cc:781: camera Rear start prepare spend : 90.617us
12-10 17:58:41.942 873 9448 I Lyric : pdp_driver.cc:268: PDP: acquired votf_enable:0, bayer_size:{width: 4624, height: 3472}, pd_size:{width: 4624, height: 868}, enable_bayer_output_to_ipp:1, enable_bayer_output_to_g3aa:1, enable_pd_output_to_g3aa:1, enable_pdstats_output_to_wdma:0, input_type:0, bayer_scaler_type:0, lic_configuration:lic_input_context_mode:3, lic_input_bit_mode:0, yext_hdr_mode:0, pdp_channel:1, secure_operation_mode:NonSecure address 0xb4000073a1c5f950 as context 1
12-10 17:58:41.942 873 9448 I Lyric : csi_driver.cc:798: CSI: created new context 0xb400007291775300 for binding 2
12-10 17:58:41.942 873 9448 I Lyric : csi_driver.cc:1000: Trying to initialize context with these resource assignments: Camera ID:N/A, CSIS LINK:-1, CSIS EBUF:-1, WDMA INPUT:-1, CSIS WDMA:-1, PDP WDMA:-1, ZSL WDMA:-1, EBUF CH:-1, PDP CH:1, USAGE:0x40, sensor image: 0x0, sensor pd: has value:false: 0x0
12-10 17:58:41.942 873 9448 I Lyric : csi_driver.cc:1230: CSI-1: Acquire processing context done.
12-10 17:58:41.942 873 9448 I Lyric : g3aa_driver.cc:905: ------------------------------------------------------
12-10 17:58:41.942 873 9448 I Lyric : g3aa_driver.cc:906: Acquiring context 1. Requirements: Context 1, Bayer Enabled-OTF at 4624x3472, PDAF Enabled-OTF at 4624x868. Sensor OKSOKO, max-fps 30, batch size 1, camera_id=2
12-10 17:58:41.942 873 9448 I Lyric : g3aa_driver.cc:908: ------------------------------------------------------
12-10 17:58:41.942 873 9448 I Lyric : g3aa_pipeline.cc:314: [PDAF1] Acquiring pipeline
12-10 17:58:41.942 873 9448 I Lyric : g3aa_pdaf_pipeline.cc:339: [PDAF1] G3AA can NOT gracefully drop the first frame. Last HW programming changed Disabled;[0x0] --> Enabled;[4624x868]
12-10 17:58:41.942 873 9448 I Lyric : g3aa_pipeline.cc:1222: [PDAF1] Submitting repeating SOF-Sync transaction
12-10 17:58:41.942 873 9448 I Lyric : g3aa_pipeline.cc:669: [PDAF1] Acquired pipeline. last_hw_frame_num=-1, last_sw_sof_event_count=-1, next_frame_number=1, next_trigger_count=0, next_shadow_set=0, session_first_frame_number=1, batch_size=1
12-10 17:58:41.942 873 9448 I Lyric : g3aa_pipeline.cc:815: [PDAF1] Enabling pipeline. Next frame number will be 1
12-10 17:58:41.942 873 9448 I Lyric : per_camera_barrier_impl.cc:47: Blocker for G3aaPDAF1BlockCam2ToStart acquired
12-10 17:58:41.942 873 9448 I Lyric : g3aa_pipeline.cc:314: [Bayer1] Acquiring pipeline
12-10 17:58:41.942 873 9448 I Lyric : g3aa_bayer_pipeline.cc:1219: [Bayer1] G3AA can NOT gracefully drop the first frame. Last HW programming changed Disabled;[0x0] --> Enabled;[4624x3472]
12-10 17:58:41.942 873 9448 I Lyric : g3aa_pipeline.cc:1222: [Bayer1] Submitting repeating SOF-Sync transaction
12-10 17:58:41.942 873 9448 I Lyric : g3aa_pipeline.cc:669: [Bayer1] Acquired pipeline. last_hw_frame_num=-1, last_sw_sof_event_count=-1, next_frame_number=1, next_trigger_count=0, next_shadow_set=0, session_first_frame_number=1, batch_size=1
12-10 17:58:41.942 873 9448 I Lyric : g3aa_pipeline.cc:815: [Bayer1] Enabling pipeline. Next frame number will be 1
12-10 17:58:41.942 873 9448 I Lyric : per_camera_barrier_impl.cc:47: Blocker for G3aaBayer1BlockCam2ToStart acquired
12-10 17:58:41.942 873 9448 I Lyric : g3aa_driver.cc:2008: Number of active HW contexts: 1, power-up-only contexts: 1. Details:
12-10 17:58:41.942 873 9448 I Lyric : g3aa_driver.cc:2019: Context 1, Bayer1 pipeline. Acquired: true. Enabled: true
12-10 17:58:41.942 873 9448 I Lyric : g3aa_driver.cc:2019: Context 1, PDAF1 pipeline. Acquired: true. Enabled: true
12-10 17:58:41.942 873 9448 I Lyric : per_camera_barrier_impl.cc:47: Blocker for IppBlockCam2ToStart acquired
12-10 17:58:41.942 873 9448 I Lyric : stream_interface_controller.cc:522: Compression(SBWC) enabled for CSIS -> DNS for camera Rear with instance id 0
12-10 17:58:41.942 873 9448 I Lyric : csi_driver.cc:773: CSI: using the existing context 0xb400007291775300 for binding 2
12-10 17:58:41.942 873 9448 I Lyric : csi_driver.cc:1000: Trying to initialize context with these resource assignments: Camera ID:N/A, CSIS LINK:-1, CSIS EBUF:-1, WDMA INPUT:-1, CSIS WDMA:-1, PDP WDMA:-1, ZSL WDMA:1, EBUF CH:-1, PDP CH:1, USAGE:0x41, sensor image: 0x0, sensor pd: has value:false: 0x0
12-10 17:58:41.942 873 9448 I Lyric : csi_context.cc:2166: [CSI BW] Camera ID(0) wdma: CsisZsl1, wdma_data_per_line 9248 bandwidth_peak 1019934720 width: 0 pixel rate 0 pixel sample rate 0 active line time 0 required bandwidth 1019934720
12-10 17:58:41.942 873 9448 I Lyric : csi_driver.cc:1490: [CSI BW] CSIS_D0 BW: 1019934720 wdmas: 1,
12-10 17:58:41.942 873 9448 I Lyric : csi_driver.cc:1492: [CSI BW] CSIS_D1 BW: 0 wdmas:
12-10 17:58:41.942 873 9448 I Lyric : csi_driver.cc:1494: [CSI BW] Update Required BW: 1019934720, Required Clock: 0, Required peak BW: 1019934720
12-10 17:58:41.942 873 9448 I Lyric : dpm_bandwidth_controller_v1.cc:175: dpm: updating bandwidth for device csi bandwidth_read: 0 bandwidth_write: 996030 bandwidth_peak: 996030 bandwidth_rt: 996030
12-10 17:58:41.943 873 9448 I Lyric : csi_driver.cc:1230: CSI-1: Acquire processing context done.
12-10 17:58:41.943 873 9448 I Lyric : csi_driver.cc:773: CSI: using the existing context 0xb400007291775300 for binding 2
12-10 17:58:41.943 873 9448 I Lyric : csi_context.cc:187: Context's CAMERA ID #2
12-10 17:58:41.943 873 9448 I Lyric : csi_driver.cc:1000: Trying to initialize context with these resource assignments: Camera ID:2, CSIS LINK:1, CSIS EBUF:0, WDMA INPUT:0, CSIS WDMA:6, PDP WDMA:-1, ZSL WDMA:1, EBUF CH:0, PDP CH:1, USAGE:0x65, sensor image: 4624x3472, sensor pd: has value:true: 4624x868
12-10 17:58:41.943 873 9448 I Lyric : csi_driver.cc:1581: Successfully configured EBUF for 3 cameras!
12-10 17:58:41.943 873 9448 I Lyric : csi_context.cc:2166: [CSI BW] Camera ID(2) wdma: CsisZsl1, wdma_data_per_line 9248 bandwidth_peak 1314383172 width: 4624 pixel rate 947930000 pixel sample rate 1359870000 active line time 7.036e-06 required bandwidth 1170445920
12-10 17:58:41.943 873 9448 I Lyric : csi_context.cc:2166: [CSI BW] Camera ID(2) wdma: CsisDma0, wdma_data_per_line 5780 bandwidth_peak 821489482 width: 4624 pixel rate 947930000 pixel sample rate 1359870000 active line time 7.036e-06 required bandwidth 1170445920
12-10 17:58:41.943 873 9448 I Lyric : csi_context.cc:2139: dpm: sensor width 4624 h: 3472 fps: 30 pixel rate 947930000 headroom: 0
12-10 17:58:41.943 873 9448 I Lyric : csi_driver.cc:1490: [CSI BW] CSIS_D0 BW: 1314383172 wdmas: 1,
12-10 17:58:41.943 873 9448 I Lyric : csi_driver.cc:1492: [CSI BW] CSIS_D1 BW: 821489482 wdmas: 6,
12-10 17:58:41.943 873 9448 I Lyric : csi_driver.cc:1494: [CSI BW] Update Required BW: 1170445920, Required Clock: 236982500, Required peak BW: 1314383172
12-10 17:58:41.943 873 9448 I Lyric : dpm_bandwidth_controller_v1.cc:175: dpm: updating bandwidth for device csi bandwidth_read: 0 bandwidth_write: 1143013 bandwidth_peak: 1283577 bandwidth_rt: 2085813
12-10 17:58:41.943 873 9448 I Lyric : csi_driver.cc:1230: CSI1: Acquire processing context done.
12-10 17:58:41.943 873 9448 I Lyric : per_camera_barrier_impl.cc:47: Blocker for CsiBlockCam2ToStop acquired
12-10 17:58:41.943 873 9448 I Lyric : csi_context.cc:2166: [CSI BW] Camera ID(2) wdma: CsisZsl1, wdma_data_per_line 9248 bandwidth_peak 1314383172 width: 4624 pixel rate 947930000 pixel sample rate 1359870000 active line time 7.036e-06 required bandwidth 1170445920
12-10 17:58:41.943 873 9448 I Lyric : csi_context.cc:2166: [CSI BW] Camera ID(2) wdma: CsisDma0, wdma_data_per_line 5780 bandwidth_peak 821489482 width: 4624 pixel rate 947930000 pixel sample rate 1359870000 active line time 7.036e-06 required bandwidth 1170445920
12-10 17:58:41.943 873 9448 I Lyric : csi_context.cc:2139: dpm: sensor width 4624 h: 3472 fps: 30 pixel rate 947930000 headroom: 0
12-10 17:58:41.943 873 9448 I Lyric : g3aa_driver.cc:1683: ------------------------------------------------------
12-10 17:58:41.943 873 9448 I Lyric : g3aa_driver.cc:1684: G3AA power mode for context 1 changing from Normal(Normal) -> Normal(Normal)
12-10 17:58:41.943 873 9448 I Lyric : g3aa_driver.cc:1689: ------------------------------------------------------
12-10 17:58:41.943 873 9448 I Lyric : front_end_controller.cc:2001: dpm: frontend context 2 power mode changed to normal mode
12-10 17:58:41.943 873 9448 I Lyric : per_camera_barrier_impl.cc:58: Blocker for FrontEndBlockCam2ToStart released with status: OK without lwis fence.
12-10 17:58:41.945 873 9511 I Lyric : actuator_driver.cc:944: act-rear-normal Event thread is enabled
12-10 17:58:41.945 873 9450 I G3ACoordinator: awb_input_parser_lyric.cc:1020: Starter frame: rel_frame_num [-3]
12-10 17:58:41.945 873 9450 W G3ACoordinator: tuning_manager.h:71: Node type 2, Tuning key not found: Usecase: 13 Sensor mode: -1 Camera position: 1 Camera lens_type: 0 Camera spectrum: -1 Partial Usecases: {} load default tuning Usecase: 0 Sensor mode: -1 Camera position: 1 Camera lens_type: 0 Camera spectrum: -1 Partial Usecases: {}
12-10 17:58:41.945 873 9450 I G3ACoordinator: awb_engine.cc:1778: Load tuning with previous: Usecase: 1 Sensor mode: -1 Camera position: 1 Camera lens_type: 0 Camera spectrum: -1 Partial Usecases: {} current: Usecase: 13 Sensor mode: -1 Camera position: 1 Camera lens_type: 0 Camera spectrum: -1 Partial Usecases: {}
12-10 17:58:41.945 873 9447 I G3ACoordinator: af_engine.cc:1136: Starter Frames
12-10 17:58:41.945 873 9447 I G3ACoordinator: af_engine.cc:604: Starter Frames
12-10 17:58:41.947 873 9452 I G3ACoordinator: ae_input_parser_lyric.cc:1871: Starter frame: rel_frame_num [-2]
12-10 17:58:41.947 873 9452 I G3ACoordinator: ae_engine.cc:409: Starter Frames
12-10 17:58:41.947 873 9447 I Lyric : generic_power_throttle_controller.cc:768: camera thermal status: dysco at 30fps for camera 2 at frame 0
12-10 17:58:41.947 873 9447 W Lyric : dysco_node.cc:177: LscStats payload is missing in frame 0 due to frame drop!
12-10 17:58:41.947 873 9447 I Lyric : dysco_controller_impl.cc:621: No fresh Dysco controller state found in cache for camera Rear
12-10 17:58:41.947 873 9447 I Lyric : front_end_controller.cc:1755: dpm: node type 0 frontend context 2 was already in activate mode
12-10 17:58:41.947 873 9447 I Lyric : common_fe.cc:1013: LocalToneMappingDataV1 payload is dropped.
12-10 17:58:41.948 873 9444 I Lyric : front_end_controller.cc:1755: dpm: node type 1 frontend context 2 was already in activate mode
12-10 17:58:41.948 873 9444 I Lyric : raw_preprocessor_node.cc:427: HalPixelFormat for RawPreprocessorNode RAW16_BAYER_SBWC
12-10 17:58:41.948 873 9450 I G3ACoordinator: awb_input_parser_lyric.cc:1020: Starter frame: rel_frame_num [-2]
12-10 17:58:41.949 873 9447 I Lyric : dpm_bandwidth_controller_v1.cc:175: dpm: updating bandwidth for device ipp bandwidth_read: 0 bandwidth_write: 14188 bandwidth_peak: 14188 bandwidth_rt: 14188
