12-10 15:51:40.566 0 0 I trusty : [GF_TA][E][gf_algo_utils][gf_is_gain_decreased_retry0] gain ratio: 100
12-10 15:51:40.566 0 0 I trusty : [GF_TA][E][gf_algo_utils][gf_is_gain_decreased_retry0] gain ratio: 100
12-10 15:51:40.566 0 0 I trusty : [GF_TA][I][gf_cali][cali_process] authenticate, sNum = 1
12-10 15:51:40.566 0 0 I trusty : [GF_TA][I][gf_cali][cali_process] stRawdata.psData=0x***, stRawdata.psDarkImage=0, stRawdata.sNum=1
12-10 15:51:40.566 0 0 I trusty : [GF_TA][I][gf_cali][cali_process] nSegThre=-1
12-10 15:51:40.566 0 0 I trusty : [GF_TA][I][gf_cali][cali_process] nCaliMode=2, support_moire_filter=1
12-10 15:51:40.566 0 0 I trusty : [GF_TA][I][gf_cali][cali_process] nRetryFlag=0
12-10 15:51:40.566 0 0 I trusty : [GF_TA][I][gf_cali][cali_process] gain_ratio=100
12-10 15:51:40.566 0 0 I trusty : [GF_TA][I][gf_cali][cali_process] nBrokenEnable=1
12-10 15:51:40.566 0 0 I trusty : [GF_TA][I][gf_cali][cali_process] before fp_preprocess(): nCaliMode=2, nDarkPixelFlag=0, nSubBaseCaliFlag=1
12-10 15:51:40.566 0 0 I trusty : [GF_TA][I][gf_cali][cali_process] before fp_preprocess(): nAdj2FixFlag=0, nMaxITODepth=***, uchFlagScanMode=0
12-10 15:51:40.566 0 0 I trusty : [GF_TA][I][gf_cali][cali_process] before fp_preprocess(): uchCompensationOff=0, nFlagDeblurOff=1, uchAdj2FixOff=0
12-10 15:51:40.566 0 0 I trusty : [GF_TA][I][gf_cali][cali_process] authenticate, sNum = 1
12-10 15:51:40.566 0 0 I trusty : [GF_TA][I][gf_cali][cali_process] stRawdata.psData=0x***, stRawdata.psDarkImage=0, stRawdata.sNum=1
12-10 15:51:40.566 0 0 I trusty : [GF_TA][I][gf_cali][cali_process] nSegThre=-1
12-10 15:51:40.566 0 0 I trusty : [GF_TA][I][gf_cali][cali_process] nCaliMode=2, support_moire_filter=1
12-10 15:51:40.566 0 0 I trusty : [GF_TA][I][gf_cali][cali_process] nRetryFlag=0
12-10 15:51:40.566 0 0 I trusty : [GF_TA][I][gf_cali][cali_process] gain_ratio=100
12-10 15:51:40.566 0 0 I trusty : [GF_TA][I][gf_cali][cali_process] nBrokenEnable=1
12-10 15:51:40.566 0 0 I trusty : [GF_TA][I][gf_cali][cali_process] before fp_preprocess(): nCaliMode=2, nDarkPixelFlag=0, nSubBaseCaliFlag=1
12-10 15:51:40.566 0 0 I trusty : [GF_TA][I][gf_cali][cali_process] before fp_preprocess(): nAdj2FixFlag=0, nMaxITODepth=***, uchFlagScanMode=0
12-10 15:51:40.566 0 0 I trusty : [GF_TA][I][gf_cali][cali_process] before fp_preprocess(): uchCompensationOff=0, nFlagDeblurOff=1, uchAdj2FixOff=0
12-10 15:51:40.566 0 0 I trusty : [GF_TA][I][gf_cali][cali_process] authenticate, sNum = 1
12-10 15:51:40.566 0 0 I trusty : [GF_TA][I][gf_cali][cali_process] stRawdata.psData=0x***, stRawdata.psDarkImage=0, stRawdata.sNum=1
12-10 15:51:40.566 0 0 I trusty : [GF_TA][I][gf_cali][cali_process] nSegThre=-1
12-10 15:51:40.566 0 0 I trusty : [GF_TA][I][gf_cali][cali_process] nCaliMode=2, support_moire_filter=1
12-10 15:51:40.566 0 0 I trusty : [GF_TA][I][gf_cali][cali_process] nRetryFlag=0
12-10 15:51:40.566 0 0 I trusty : [GF_TA][I][gf_cali][cali_process] gain_ratio=100
12-10 15:51:40.566 0 0 I trusty : [GF_TA][I][gf_cali][cali_process] nBrokenEnable=1
12-10 15:51:40.566 0 0 I trusty : [GF_TA][I][gf_cali][cali_process] before fp_preprocess(): nCaliMode=2, nDarkPixelFlag=0, nSubBaseCaliFlag=1
12-10 15:51:40.566 0 0 I trusty : [GF_TA][I][gf_cali][cali_process] before fp_preprocess(): nAdj2FixFlag=0, nMaxITODepth=***, uchFlagScanMode=0
12-10 15:51:40.566 0 0 I trusty : [GF_TA][I][gf_cali][cali_process] before fp_preprocess(): uchCompensationOff=0, nFlagDeblurOff=1, uchAdj2FixOff=0
12-10 15:51:40.566 0 0 I trusty : [GF_TA][I][gf_cali][cali_process] authenticate, sNum = 1
12-10 15:51:40.566 0 0 I trusty : [GF_TA][I][gf_cali][cali_process] stRawdata.psData=0x***, stRawdata.psDarkImage=0, stRawdata.sNum=1
12-10 15:51:40.566 0 0 I trusty : [GF_TA][I][gf_cali][cali_process] nSegThre=-1
12-10 15:51:40.566 0 0 I trusty : [GF_TA][I][gf_cali][cali_process] nCaliMode=2, support_moire_filter=1
12-10 15:51:40.566 0 0 I trusty : [GF_TA][I][gf_cali][cali_process] nRetryFlag=0
12-10 15:51:40.566 0 0 I trusty : [GF_TA][I][gf_cali][cali_process] gain_ratio=100
12-10 15:51:40.566 0 0 I trusty : [GF_TA][I][gf_cali][cali_process] nBrokenEnable=1
12-10 15:51:40.566 0 0 I trusty : [GF_TA][I][gf_cali][cali_process] before fp_preprocess(): nCaliMode=2, nDarkPixelFlag=0, nSubBaseCaliFlag=1
12-10 15:51:40.566 0 0 I trusty : [GF_TA][I][gf_cali][cali_process] before fp_preprocess(): nAdj2FixFlag=0, nMaxITODepth=***, uchFlagScanMode=0
12-10 15:51:40.566 0 0 I trusty : [GF_TA][I][gf_cali][cali_process] before fp_preprocess(): uchCompensationOff=0, nFlagDeblurOff=1, uchAdj2FixOff=0
12-10 15:51:40.570 0 0 I trusty : [GF_TA][I][gf_cali][cali_process] after fp_preprocess(): nCaliMode=2, nDarkPixelFlag=0, nSubBaseCaliFlag=1
12-10 15:51:40.570 0 0 I trusty : [GF_TA][I][gf_cali][cali_process] after fp_preprocess(): nAdj2FixFlag=0, nMaxITODepth=***, uchFlagScanMode=0
12-10 15:51:40.570 0 0 I trusty : [GF_TA][I][gf_cali][cali_process] after fp_preprocess(): uchCompensationOff=0, nFlagDeblurOff=1, uchAdj2FixOff=0
12-10 15:51:40.570 0 0 I trusty : [GF_TA][I][gf_cali][cali_process] after fp_preprocess(): nCaliMode=2, nDarkPixelFlag=0, nSubBaseCaliFlag=1
12-10 15:51:40.570 0 0 I trusty : [GF_TA][I][gf_cali][cali_process] after fp_preprocess(): nAdj2FixFlag=0, nMaxITODepth=***, uchFlagScanMode=0
12-10 15:51:40.570 0 0 I trusty : [GF_TA][I][gf_cali][cali_process] after fp_preprocess(): uchCompensationOff=0, nFlagDeblurOff=1, uchAdj2FixOff=0
12-10 15:51:40.570 0 0 I trusty : [GF_TA][I][gf_cali][cali_process] after fp_preprocess(): nCaliMode=2, nDarkPixelFlag=0, nSubBaseCaliFlag=1
12-10 15:51:40.570 0 0 I trusty : [GF_TA][I][gf_cali][cali_process] after fp_preprocess(): nAdj2FixFlag=0, nMaxITODepth=***, uchFlagScanMode=0
12-10 15:51:40.570 0 0 I trusty : [GF_TA][I][gf_cali][cali_process] after fp_preprocess(): uchCompensationOff=0, nFlagDeblurOff=1, uchAdj2FixOff=0
12-10 15:51:40.570 0 0 I trusty : [GF_TA][I][gf_cali][cali_process] after fp_preprocess(): nCaliMode=2, nDarkPixelFlag=0, nSubBaseCaliFlag=1
12-10 15:51:40.570 0 0 I trusty : [GF_TA][I][gf_cali][cali_process] after fp_preprocess(): nAdj2FixFlag=0, nMaxITODepth=***, uchFlagScanMode=0
12-10 15:51:40.570 0 0 I trusty : [GF_TA][I][gf_cali][cali_process] after fp_preprocess(): uchCompensationOff=0, nFlagDeblurOff=1, uchAdj2FixOff=0
12-10 15:51:40.575 0 0 I trusty : [GF_TA][E][gf_algo_utils][gf_is_gain_decreased_retry0] gain ratio: 100
12-10 15:51:40.576 0 0 I trusty : [GF_TA][I][gf_cali][cali_process_img2mats] do fp_AntiPeepG5 flag:0
12-10 15:51:40.576 0 0 I trusty : [GF_TA][E][gf_algo_utils][gf_is_gain_decreased_retry0] gain ratio: 100
12-10 15:51:40.576 0 0 I trusty : [GF_TA][I][gf_delmar_sensor][determine_expo_mode] operation: 2, retry: 1, need_dec_gain_due_to_als: 0, expo mode:3
12-10 15:51:40.576 0 0 I trusty : [GF_TA][I][gf_delmar_cs_dc][delmar_capture_image] capture sub image mode=0x0902
12-10 15:51:40.576 0 0 I trusty : [GF_TA][I][gf_delmar_cs_dc][delmar_capture_image] retry1_valid_sg_mask=0x0009
12-10 15:51:40.576 0 0 I trusty : [GF_TA][I][gf_delmar_cs_dc][delmar_capture_image] g_current_expo_mode=3
12-10 15:51:40.576 0 0 I trusty : [GF_TA][I][gf_delmar_cs_dc][delmar_capture_image] g_is_dec_expo_set_to_chip=0
12-10 15:51:40.576 0 0 I trusty : [GF_TA][I][gf_delmar_cs_dc][delmar_capture_image] valid_sg_mask=0x0009
12-10 15:51:40.577 0 0 I trusty : [GF_TA][I][gf_delmar_cs_dc][delmar_capture_image] lb_mode=0, expo_mode=3, expo_time=66.763565, gain=0x41
12-10 15:51:40.577 0 0 I trusty : [GF_TA][E][gf_hw_dc][hw_set_current_operation] cali_flesh_max_frame_index = 0
12-10 15:51:40.590 0 0 I trusty : [GF_TA][E][gf_fake_detect_param][gf_get_fake_detect_param] use default fake params for G7
12-10 15:51:40.590 0 0 I trusty : [GF_TA][I][gf_hw][hw_get_real_expo] real_expo = 55.637977
12-10 15:51:40.590 0 0 I trusty : [GF_TA][I][gf_hw][hw_get_real_gain] real_gain = 1.480000
12-10 15:51:40.598 0 0 I trusty : [GF_TA][I][gf_algo_adapter][gf_adt_OP7_fake_detect] fake algo check point, nFakeParamV1Arr[1] :1
12-10 15:51:40.598 0 0 I trusty : [GF_TA][I][gf_algo_adapter][gf_adt_OP7_fake_detect] fake algo check point, nFakeParamV2Arr[37] :***
12-10 15:51:40.598 0 0 I trusty : [GF_TA][I][gf_algo_adapter][gf_adt_OP7_fake_detect] fake algo check point, nFakeParamV2Arr[38] :***
12-10 15:51:40.598 0 0 I trusty : [GF_TA][I][gf_algo_adapter][gf_adt_OP7_fake_detect] fake algo check point, nFakeParamV2Arr[39] :***
12-10 15:51:40.598 0 0 I trusty : [GF_TA][I][gf_algo_adapter][gf_adt_OP7_fake_detect] pay_test_log1: 1
12-10 15:51:40.598 0 0 I trusty : [GF_TA][I][gf_algo_adapter][gf_adt_OP7_fake_detect] pay_test_log2: ***
12-10 15:51:40.598 0 0 I trusty : [GF_TA][I][gf_algo_adapter][gf_adt_OP7_fake_detect] pay_test_log3: 619
12-10 15:51:40.598 0 0 I trusty : [GF_TA][I][gf_algo_adapter][gf_adt_OP7_fake_detect] pay_test_log4: 116
12-10 15:51:40.598 0 0 I trusty : [GF_TA][I][gf_algo_adapter][gf_adt_OP7_fake_detect] No film has been detected
12-10 15:51:40.598 0 0 I trusty : [GF_TA][I][gf_algo_adapter][gf_adt_OP7_fake_detect] XY-shift value: 13
12-10 15:51:40.598 0 0 I trusty : [GF_TA][I][gf_algo_adapter][gf_adt_get_fake_version] af for g7 opt7.X
12-10 15:51:40.598 0 0 I trusty : [GF_TA][I][gf_big_data][gf_get_auth_big_data_info] retry 0 sg:0 rawdata_mean_value:1684
12-10 15:51:40.598 0 0 I trusty : [GF_TA][I][gf_big_data][gf_get_auth_big_data_info] retry 0 sg:1 rawdata_mean_value:1637
12-10 15:51:40.598 0 0 I trusty : [GF_TA][I][gf_big_data][gf_get_auth_big_data_info] retry 0 sg:2 rawdata_mean_value:1580
12-10 15:51:40.598 0 0 I trusty : [GF_TA][I][gf_big_data][gf_get_auth_big_data_info] retry 0 sg:3 rawdata_mean_value:1659
12-10 15:51:40.598 0 0 I trusty : [GF_TA][I][gf_fpcore_common][handle_event] timestamp:***.
12-10 15:51:40.845 0 0 I trusty : [GF_TA][I][gf_big_data][gf_get_study_time_big_data_info] study step = 1 time = 131ms
12-10 15:51:40.846 0 0 I trusty : [GF_TA][I][gf_algo_adapter][gf_adt_InitFlocculeDetectionTemplate] floc_base_update=0 frame_num=32
12-10 15:51:40.911 0 0 I trusty : [GF_TA][I][gf_algo_adapter][gf_adt_UpdataCaliInfoForFusion] update_base_flag=0xf
12-10 15:51:40.911 0 0 I trusty : [GF_TA][I][gf_big_data][gf_get_study_time_big_data_info] study step = 2 time = 65ms
12-10 15:51:40.911 0 0 I trusty : [GF_TA][I][gf_cali][cali_handle_event] auth_save_autocali_count=11 post_auth_save_flag=0.
12-10 15:51:40.911 0 0 I trusty : [GF_TA][I][gf_cali][cali_handle_event] auth_save_extra_feature_count=1 save_extra_feature_flag=0.
12-10 15:51:40.911 0 0 I trusty : [GF_TA][I][gf_big_data][gf_get_study_time_big_data_info] study step = 3 time = 0ms
12-10 15:51:40.912 0 0 I trusty : [GF_TA][E][gf_algo_auth][gf_algo_do_post_authenticate] skip stage=4
12-10 15:51:40.912 0 0 I trusty : [GF_TA][I][gf_big_data][gf_get_study_time_big_data_info] study step = 4 time = 0ms
12-10 15:51:40.913 0 0 I trusty : [GF_TA][I][gf_delmar_algo][algo_on_authenticate_end] auth stop time = 0ms
12-10 15:51:40.913 0 0 I trusty : [GF_TA][I][gf_delmar_algo][algo_on_authenticate_end] auth stop time + total study time = 196ms
12-10 15:51:40.919 0 0 I trusty : [GF_TA][I][gf_algo_usr_portrait][gf_portrait_detect_finger_status] rty:0, pemResult:4 finger status: 1
12-10 15:51:40.924 0 0 I trusty : [GF_TA][E][gf_algo_customized][gf_customized_algo_cmd_entry]GF_DUMP_BIG_DATA_CMD, bd_cmd->big_data_type=1
12-10 15:51:40.924 0 0 I trusty : [GF_TA][I][gf_algo_customized][fill_auth_big_data] continuous_update_flag:0x0f
12-10 15:51:41.536 0 0 I trusty : logging.cc: 75: ***: :214: Command Received: TzResetLockout
12-10 15:51:41.536 0 0 I trusty : logging.cc: 75: ***"faceauth": :185: Session finished, current heap footprint: 32768, maximum footprint: 32768
12-10 16:59:39.131 0 0 I trusty : sac-ssmt: 111: TPU: Setup TZ SSMT 0
12-10 16:59:39.199 0 0 I trusty : sac-ssmt: 111: TPU: Setup TZ SSMT 0
12-10 17:37:56.156 0 0 I trusty : [GF_TA][I][gf_delmar_sensor][determine_expo_mode] operation: 2, retry: 0, need_dec_gain_due_to_als: 0, expo mode:0
12-10 17:37:56.156 0 0 I trusty : [GF_TA][I][gf_delmar_cs_dc][delmar_capture_image] g_current_expo_mode=0
12-10 17:37:56.156 0 0 I trusty : [GF_TA][I][gf_delmar_cs_dc][delmar_capture_image] g_is_dec_expo_set_to_chip=1
12-10 17:37:56.156 0 0 I trusty : [GF_TA][I][gf_delmar_cs_dc][delmar_capture_image] valid_sg_mask=0x00ff
12-10 17:37:56.156 0 0 I trusty : [GF_TA][I][gf_delmar_cs_dc][delmar_capture_image] lb_mode=0, expo_mode=0, expo_time=55.637977, gain=0x50
12-10 17:37:56.156 0 0 I trusty : [GF_TA][E][gf_hw_dc][hw_set_current_operation] cali_flesh_max_frame_index = 0
12-10 17:37:56.158 0 0 I trusty : [GF_TA][I][gf_delmar_sensor][sensor_calculate_mask] cal sensor mask cost=0
12-10 17:37:56.158 0 0 I trusty : [GF_TA][I][gf_delmar_cs_dc][delmar_read_image_hr_mode_poll_data] pre_dummy_time*100=1000, time_cost=0, expo=55, want delay = 45
12-10 17:37:56.245 0 0 I trusty : [GF_TA][I][gf_delmar_cs_dc][delmar_read_image_hr_mode] pre_dummy_count = ***, tail=***, valid=***, expected=***
12-10 17:37:56.245 0 0 I trusty : [GF_TA][I][gf_delmar_cs_dc][delmar_read_image_hr_mode] read image end, err=0
12-10 17:37:56.245 0 0 I trusty : [GF_TA][E][gf_algo_utils][gf_is_gain_decreased_retry0] gain ratio: 100
12-10 17:37:56.245 0 0 I trusty : [GF_TA][E][gf_algo_utils][gf_is_gain_decreased_retry0] gain ratio: 100
12-10 17:37:56.245 0 0 I trusty : [GF_TA][I][gf_cali][cali_process] authenticate, sNum = 1
12-10 17:37:56.245 0 0 I trusty : [GF_TA][I][gf_cali][cali_process] stRawdata.psData=0x***, stRawdata.psDarkImage=0, stRawdata.sNum=1
12-10 17:37:56.245 0 0 I trusty : [GF_TA][I][gf_cali][cali_process] nSegThre=-1
12-10 17:37:56.245 0 0 I trusty : [GF_TA][I][gf_cali][cali_process] nCaliMode=2, support_moire_filter=1
12-10 17:37:56.245 0 0 I trusty : [GF_TA][I][gf_cali][cali_process] nRetryFlag=0
12-10 17:37:56.245 0 0 I trusty : [GF_TA][I][gf_cali][cali_process] gain_ratio=100
12-10 17:37:56.245 0 0 I trusty : [GF_TA][I][gf_cali][cali_process] nBrokenEnable=1
12-10 17:37:56.245 0 0 I trusty : [GF_TA][I][gf_cali][cali_process] before fp_preprocess(): nCaliMode=2, nDarkPixelFlag=0, nSubBaseCaliFlag=1
12-10 17:37:56.245 0 0 I trusty : [GF_TA][I][gf_cali][cali_process] before fp_preprocess(): nAdj2FixFlag=0, nMaxITODepth=***, uchFlagScanMode=0
12-10 17:37:56.245 0 0 I trusty : [GF_TA][I][gf_cali][cali_process] before fp_preprocess(): uchCompensationOff=0, nFlagDeblurOff=1, uchAdj2FixOff=0
12-10 17:37:56.245 0 0 I trusty : [GF_TA][I][gf_cali][cali_process] authenticate, sNum = 1
12-10 17:37:56.245 0 0 I trusty : [GF_TA][I][gf_cali][cali_process] stRawdata.psData=0x***, stRawdata.psDarkImage=0, stRawdata.sNum=1
12-10 17:37:56.245 0 0 I trusty : [GF_TA][I][gf_cali][cali_process] nSegThre=-1
12-10 17:37:56.245 0 0 I trusty : [GF_TA][I][gf_cali][cali_process] nCaliMode=2, support_moire_filter=1
12-10 17:37:56.245 0 0 I trusty : [GF_TA][I][gf_cali][cali_process] nRetryFlag=0
12-10 17:37:56.245 0 0 I trusty : [GF_TA][I][gf_cali][cali_process] gain_ratio=100
12-10 17:37:56.245 0 0 I trusty : [GF_TA][I][gf_cali][cali_process] nBrokenEnable=1
12-10 17:37:56.245 0 0 I trusty : [GF_TA][I][gf_cali][cali_process] before fp_preprocess(): nCaliMode=2, nDarkPixelFlag=0, nSubBaseCaliFlag=1
12-10 17:37:56.245 0 0 I trusty : [GF_TA][I][gf_cali][cali_process] before fp_preprocess(): nAdj2FixFlag=0, nMaxITODepth=***, uchFlagScanMode=0
12-10 17:37:56.245 0 0 I trusty : [GF_TA][I][gf_cali][cali_process] before fp_preprocess(): uchCompensationOff=0, nFlagDeblurOff=1, uchAdj2FixOff=0
12-10 17:37:56.245 0 0 I trusty : [GF_TA][I][gf_cali][cali_process] authenticate, sNum = 1
12-10 17:37:56.245 0 0 I trusty : [GF_TA][I][gf_cali][cali_process] stRawdata.psData=0x***, stRawdata.psDarkImage=0, stRawdata.sNum=1
12-10 17:37:56.245 0 0 I trusty : [GF_TA][I][gf_cali][cali_process] nSegThre=-1
12-10 17:37:56.245 0 0 I trusty : [GF_TA][I][gf_cali][cali_process] nCaliMode=2, support_moire_filter=1
12-10 17:37:56.245 0 0 I trusty : [GF_TA][I][gf_cali][cali_process] nRetryFlag=0
12-10 17:37:56.245 0 0 I trusty : [GF_TA][I][gf_cali][cali_process] gain_ratio=100
12-10 17:37:56.245 0 0 I trusty : [GF_TA][I][gf_cali][cali_process] nBrokenEnable=1
12-10 17:37:56.245 0 0 I trusty : [GF_TA][I][gf_cali][cali_process] before fp_preprocess(): nCaliMode=2, nDarkPixelFlag=0, nSubBaseCaliFlag=1
12-10 17:37:56.245 0 0 I trusty : [GF_TA][I][gf_cali][cali_process] before fp_preprocess(): nAdj2FixFlag=0, nMaxITODepth=***, uchFlagScanMode=0
12-10 17:37:56.245 0 0 I trusty : [GF_TA][I][gf_cali][cali_process] before fp_preprocess(): uchCompensationOff=0, nFlagDeblurOff=1, uchAdj2FixOff=0
12-10 17:37:56.245 0 0 I trusty : [GF_TA][I][gf_cali][cali_process] authenticate, sNum = 1
12-10 17:37:56.245 0 0 I trusty : [GF_TA][I][gf_cali][cali_process] stRawdata.psData=0x***, stRawdata.psDarkImage=0, stRawdata.sNum=1
12-10 17:37:56.245 0 0 I trusty : [GF_TA][I][gf_cali][cali_process] nSegThre=-1
12-10 17:37:56.245 0 0 I trusty : [GF_TA][I][gf_cali][cali_process] nCaliMode=2, support_moire_filter=1
12-10 17:37:56.245 0 0 I trusty : [GF_TA][I][gf_cali][cali_process] nRetryFlag=0
12-10 17:37:56.245 0 0 I trusty : [GF_TA][I][gf_cali][cali_process] gain_ratio=100
12-10 17:37:56.245 0 0 I trusty : [GF_TA][I][gf_cali][cali_process] nBrokenEnable=1
12-10 17:37:56.245 0 0 I trusty : [GF_TA][I][gf_cali][cali_process] before fp_preprocess(): nCaliMode=2, nDarkPixelFlag=0, nSubBaseCaliFlag=1
12-10 17:37:56.245 0 0 I trusty : [GF_TA][I][gf_cali][cali_process] before fp_preprocess(): nAdj2FixFlag=0, nMaxITODepth=***, uchFlagScanMode=0
12-10 17:37:56.245 0 0 I trusty : [GF_TA][I][gf_cali][cali_process] before fp_preprocess(): uchCompensationOff=0, nFlagDeblurOff=1, uchAdj2FixOff=0
12-10 17:37:56.251 0 0 I trusty : [GF_TA][I][gf_cali][cali_process] after fp_preprocess(): nCaliMode=2, nDarkPixelFlag=0, nSubBaseCaliFlag=1
12-10 17:37:56.251 0 0 I trusty : [GF_TA][I][gf_cali][cali_process] after fp_preprocess(): nAdj2FixFlag=0, nMaxITODepth=***, uchFlagScanMode=0
12-10 17:37:56.251 0 0 I trusty : [GF_TA][I][gf_cali][cali_process] after fp_preprocess(): uchCompensationOff=0, nFlagDeblurOff=1, uchAdj2FixOff=0
12-10 17:37:56.251 0 0 I trusty : [GF_TA][I][gf_cali][cali_process] after fp_preprocess(): nCaliMode=2, nDarkPixelFlag=0, nSubBaseCaliFlag=1
12-10 17:37:56.251 0 0 I trusty : [GF_TA][I][gf_cali][cali_process] after fp_preprocess(): nAdj2FixFlag=0, nMaxITODepth=***, uchFlagScanMode=0
12-10 17:37:56.251 0 0 I trusty : [GF_TA][I][gf_cali][cali_process] after fp_preprocess(): uchCompensationOff=0, nFlagDeblurOff=1, uchAdj2FixOff=0
12-10 17:37:56.251 0 0 I trusty : [GF_TA][I][gf_cali][cali_process] after fp_preprocess(): nCaliMode=2, nDarkPixelFlag=0, nSubBaseCaliFlag=1
12-10 17:37:56.251 0 0 I trusty : [GF_TA][I][gf_cali][cali_process] after fp_preprocess(): nAdj2FixFlag=0, nMaxITODepth=***, uchFlagScanMode=0
12-10 17:37:56.251 0 0 I trusty : [GF_TA][I][gf_cali][cali_process] after fp_preprocess(): uchCompensationOff=0, nFlagDeblurOff=1, uchAdj2FixOff=0
12-10 17:37:56.251 0 0 I trusty : [GF_TA][I][gf_cali][cali_process] after fp_preprocess(): nCaliMode=2, nDarkPixelFlag=0, nSubBaseCaliFlag=1
12-10 17:37:56.251 0 0 I trusty : [GF_TA][I][gf_cali][cali_process] after fp_preprocess(): nAdj2FixFlag=0, nMaxITODepth=***, uchFlagScanMode=0
12-10 17:37:56.251 0 0 I trusty : [GF_TA][I][gf_cali][cali_process] after fp_preprocess(): uchCompensationOff=0, nFlagDeblurOff=1, uchAdj2FixOff=0
12-10 17:37:56.251 0 0 I trusty : [GF_TA][E][gf_algo_utils][gf_is_gain_decreased_retry0] gain ratio: 100
12-10 17:37:56.255 0 0 I trusty : [GF_TA][I][gf_cali][cali_process_img2mats] do fp_AntiPeepG5 flag:0
12-10 17:37:56.255 0 0 I trusty : [GF_TA][E][gf_algo_utils][gf_is_gain_decreased_retry0] gain ratio: 100
12-10 17:37:56.255 0 0 I trusty : [GF_TA][I][gf_delmar_sensor][determine_expo_mode] operation: 2, retry: 1, need_dec_gain_due_to_als: 0, expo mode:3
12-10 17:37:56.255 0 0 I trusty : [GF_TA][I][gf_delmar_cs_dc][delmar_capture_image] capture sub image mode=0x0302
12-10 17:37:56.255 0 0 I trusty : [GF_TA][I][gf_delmar_cs_dc][delmar_capture_image] retry1_valid_sg_mask=0x0005
12-10 17:37:56.255 0 0 I trusty : [GF_TA][I][gf_delmar_cs_dc][delmar_capture_image] g_current_expo_mode=3
12-10 17:37:56.255 0 0 I trusty : [GF_TA][I][gf_delmar_cs_dc][delmar_capture_image] g_is_dec_expo_set_to_chip=0
12-10 17:37:56.255 0 0 I trusty : [GF_TA][I][gf_delmar_cs_dc][delmar_capture_image] valid_sg_mask=0x0005
12-10 17:37:56.259 0 0 I trusty : [GF_TA][I][gf_delmar_cs_dc][delmar_capture_image] lb_mode=0, expo_mode=3, expo_time=66.763565, gain=0x41
12-10 17:37:56.259 0 0 I trusty : [GF_TA][E][gf_hw_dc][hw_set_current_operation] cali_flesh_max_frame_index = 0
12-10 17:37:56.271 0 0 I trusty : [GF_TA][E][gf_fake_detect_param][gf_get_fake_detect_param] use default fake params for G7
12-10 17:37:56.271 0 0 I trusty : [GF_TA][I][gf_hw][hw_get_real_expo] real_expo = 55.637977
12-10 17:37:56.271 0 0 I trusty : [GF_TA][I][gf_hw][hw_get_real_gain] real_gain = 1.480000
12-10 17:37:56.278 0 0 I trusty : [GF_TA][I][gf_algo_adapter][gf_adt_OP7_fake_detect] fake algo check point, nFakeParamV1Arr[1] :1
12-10 17:37:56.278 0 0 I trusty : [GF_TA][I][gf_algo_adapter][gf_adt_OP7_fake_detect] fake algo check point, nFakeParamV2Arr[37] :***
12-10 17:37:56.278 0 0 I trusty : [GF_TA][I][gf_algo_adapter][gf_adt_OP7_fake_detect] fake algo check point, nFakeParamV2Arr[38] :***
12-10 17:37:56.278 0 0 I trusty : [GF_TA][I][gf_algo_adapter][gf_adt_OP7_fake_detect] fake algo check point, nFakeParamV2Arr[39] :***
12-10 17:37:56.279 0 0 I trusty : [GF_TA][I][gf_algo_adapter][gf_adt_OP7_fake_detect] pay_test_log1: 1
12-10 17:37:56.279 0 0 I trusty : [GF_TA][I][gf_algo_adapter][gf_adt_OP7_fake_detect] pay_test_log2: ***
12-10 17:37:56.279 0 0 I trusty : [GF_TA][I][gf_algo_adapter][gf_adt_OP7_fake_detect] pay_test_log3: 800
12-10 17:37:56.279 0 0 I trusty : [GF_TA][I][gf_algo_adapter][gf_adt_OP7_fake_detect] pay_test_log4: 192
12-10 17:37:56.279 0 0 I trusty : [GF_TA][I][gf_algo_adapter][gf_adt_OP7_fake_detect] No film has been detected
12-10 17:37:56.279 0 0 I trusty : [GF_TA][I][gf_algo_adapter][gf_adt_OP7_fake_detect] XY-shift value: 13
12-10 17:37:56.279 0 0 I trusty : [GF_TA][I][gf_algo_adapter][gf_adt_get_fake_version] af for g7 opt7.X
12-10 17:37:56.279 0 0 I trusty : [GF_TA][I][gf_big_data][gf_get_auth_big_data_info] retry 0 sg:0 rawdata_mean_value:1638
12-10 17:37:56.279 0 0 I trusty : [GF_TA][I][gf_big_data][gf_get_auth_big_data_info] retry 0 sg:1 rawdata_mean_value:1581
12-10 17:37:56.279 0 0 I trusty : [GF_TA][I][gf_big_data][gf_get_auth_big_data_info] retry 0 sg:2 rawdata_mean_value:1534
12-10 17:37:56.279 0 0 I trusty : [GF_TA][I][gf_big_data][gf_get_auth_big_data_info] retry 0 sg:3 rawdata_mean_value:1590
12-10 17:37:56.279 0 0 I trusty : [GF_TA][I][gf_fpcore_common][handle_event] timestamp:***.
12-10 17:37:56.314 0 0 I trusty : logging.cc: 75: ***: :214: Command Received: TzResetLockout
12-10 17:37:56.315 0 0 I trusty : logging.cc: 75: ***"faceauth": :185: Session finished, current heap footprint: 36864, maximum footprint: 36864
12-10 17:37:56.462 0 0 I trusty : [GF_TA][I][gf_big_data][gf_get_study_time_big_data_info] study step = 1 time = 50ms
12-10 17:37:56.463 0 0 I trusty : [GF_TA][I][gf_algo_adapter][gf_adt_InitFlocculeDetectionTemplate] floc_base_update=0 frame_num=33
12-10 17:37:56.530 0 0 I trusty : [GF_TA][I][gf_algo_adapter][gf_adt_UpdataCaliInfoForFusion] update_base_flag=0x7
12-10 17:37:56.530 0 0 I trusty : [GF_TA][I][gf_big_data][gf_get_study_time_big_data_info] study step = 2 time = 67ms
12-10 17:37:56.531 0 0 I trusty : [GF_TA][I][gf_cali][cali_handle_event] auth_save_autocali_count=12 post_auth_save_flag=0.
12-10 17:37:56.531 0 0 I trusty : [GF_TA][I][gf_cali][cali_handle_event] auth_save_extra_feature_count=2 save_extra_feature_flag=0.
12-10 17:37:56.531 0 0 I trusty : [GF_TA][I][gf_big_data][gf_get_study_time_big_data_info] study step = 3 time = 0ms
12-10 17:37:56.534 0 0 I trusty : [GF_TA][E][gf_algo_auth][gf_algo_do_post_authenticate] skip stage=4
12-10 17:37:56.534 0 0 I trusty : [GF_TA][I][gf_big_data][gf_get_study_time_big_data_info] study step = 4 time = 0ms
12-10 17:37:56.534 0 0 I trusty : [GF_TA][I][gf_fpcore_common][gf_fpcore_save_template]Template size = ***
12-10 17:37:56.539 0 0 I trusty : [GF_TA][E][gf_algo_utils][gf_algo_encode_finger_template] encode cost:6 get size cost:0
12-10 17:37:56.539 0 0 I trusty : [GF_TA][I][gf_finger_list][gf_fingerlist_get_finger_pdu] encode template cost:6 ms
12-10 17:37:56.543 0 0 I trusty : [GF_TA][I][gf_tee_storage][trusty_file_open] 0 LHBM_finger_0_0.so 0
12-10 17:37:57.368 0 0 I trusty : [GF_TA][I][gf_tee_storage][trusty_file_open] 0 LHBM_finger_0_0_bak.so 0
12-10 17:37:58.299 0 0 I trusty : [GF_TA][I][gf_fpcore_common][gf_fpcore_save_template] success to save finger(***)'s so(finger_0_0_bak.so)
12-10 17:37:58.299 0 0 I trusty : [GF_TA][I][gf_tee_storage][trusty_file_open] 0 LHBM_finger_extra_info_0_0.so 0
12-10 17:37:58.305 0 0 I trusty : [GF_TA][I][gf_tee_storage][trusty_file_open] 0 LHBM_finger_extra_info_0_0_bak.so 0
12-10 17:37:58.312 0 0 I trusty : [GF_TA][I][gf_delmar_algo][algo_on_authenticate_end] auth stop time = 0ms
12-10 17:37:58.312 0 0 I trusty : [GF_TA][I][gf_delmar_algo][algo_on_authenticate_end] auth stop time + total study time = 117ms
12-10 17:37:58.316 0 0 I trusty : [GF_TA][I][gf_algo_usr_portrait][gf_portrait_detect_finger_status] rty:0, pemResult:4 finger status: 1
12-10 17:37:58.322 0 0 I trusty : [GF_TA][E][gf_algo_customized][gf_customized_algo_cmd_entry]GF_DUMP_BIG_DATA_CMD, bd_cmd->big_data_type=1
12-10 17:37:58.322 0 0 I trusty : [GF_TA][I][gf_algo_customized][fill_auth_big_data] continuous_update_flag:0x07
12-10 17:38:04.251 0 0 I trusty : [GF_TA][I][gf_delmar_sensor][determine_expo_mode] operation: 2, retry: 0, need_dec_gain_due_to_als: 0, expo mode:0
12-10 17:38:04.251 0 0 I trusty : [GF_TA][I][gf_delmar_cs_dc][delmar_capture_image] g_current_expo_mode=0
12-10 17:38:04.251 0 0 I trusty : [GF_TA][I][gf_delmar_cs_dc][delmar_capture_image] g_is_dec_expo_set_to_chip=1
12-10 17:38:04.251 0 0 I trusty : [GF_TA][I][gf_delmar_cs_dc][delmar_capture_image] valid_sg_mask=0x00ff
12-10 17:38:04.251 0 0 I trusty : [GF_TA][I][gf_delmar_cs_dc][delmar_capture_image] lb_mode=0, expo_mode=0, expo_time=55.637977, gain=0x50
12-10 17:38:04.251 0 0 I trusty : [GF_TA][E][gf_hw_dc][hw_set_current_operation] cali_flesh_max_frame_index = 0
12-10 17:38:04.252 0 0 I trusty : [GF_TA][I][gf_delmar_sensor][sensor_calculate_mask] cal sensor mask cost=0
12-10 17:38:04.252 0 0 I trusty : [GF_TA][I][gf_delmar_cs_dc][delmar_read_image_hr_mode_poll_data] pre_dummy_time*100=1000, time_cost=0, expo=55, want delay = 45
12-10 17:38:04.335 0 0 I trusty : [GF_TA][I][gf_delmar_cs_dc][delmar_read_image_hr_mode] pre_dummy_count = ***, tail=***, valid=***, expected=***
12-10 17:38:04.335 0 0 I trusty : [GF_TA][I][gf_delmar_cs_dc][delmar_read_image_hr_mode] read image end, err=0
12-10 17:38:04.340 0 0 I trusty : [GF_TA][E][gf_algo_utils][gf_is_gain_decreased_retry0] gain ratio: 100
12-10 17:38:04.340 0 0 I trusty : [GF_TA][E][gf_algo_utils][gf_is_gain_decreased_retry0] gain ratio: 100
12-10 17:38:04.340 0 0 I trusty : [GF_TA][I][gf_cali][cali_process] authenticate, sNum = 1
12-10 17:38:04.340 0 0 I trusty : [GF_TA][I][gf_cali][cali_process] stRawdata.psData=0x***, stRawdata.psDarkImage=0, stRawdata.sNum=1
12-10 17:38:04.340 0 0 I trusty : [GF_TA][I][gf_cali][cali_process] nSegThre=-1
12-10 17:38:04.340 0 0 I trusty : [GF_TA][I][gf_cali][cali_process] nCaliMode=2, support_moire_filter=1
12-10 17:38:04.340 0 0 I trusty : [GF_TA][I][gf_cali][cali_process] nRetryFlag=0
12-10 17:38:04.340 0 0 I trusty : [GF_TA][I][gf_cali][cali_process] gain_ratio=100
12-10 17:38:04.340 0 0 I trusty : [GF_TA][I][gf_cali][cali_process] nBrokenEnable=1
12-10 17:38:04.340 0 0 I trusty : [GF_TA][I][gf_cali][cali_process] before fp_preprocess(): nCaliMode=2, nDarkPixelFlag=0, nSubBaseCaliFlag=1
12-10 17:38:04.340 0 0 I trusty : [GF_TA][I][gf_cali][cali_process] before fp_preprocess(): nAdj2FixFlag=0, nMaxITODepth=***, uchFlagScanMode=0
12-10 17:38:04.340 0 0 I trusty : [GF_TA][I][gf_cali][cali_process] before fp_preprocess(): uchCompensationOff=0, nFlagDeblurOff=1, uchAdj2FixOff=0
12-10 17:38:04.340 0 0 I trusty : [GF_TA][I][gf_cali][cali_process] authenticate, sNum = 1
12-10 17:38:04.340 0 0 I trusty : [GF_TA][I][gf_cali][cali_process] stRawdata.psData=0x***, stRawdata.psDarkImage=0, stRawdata.sNum=1
12-10 17:38:04.340 0 0 I trusty : [GF_TA][I][gf_cali][cali_process] nSegThre=-1
12-10 17:38:04.340 0 0 I trusty : [GF_TA][I][gf_cali][cali_process] nCaliMode=2, support_moire_filter=1
12-10 17:38:04.340 0 0 I trusty : [GF_TA][I][gf_cali][cali_process] nRetryFlag=0
12-10 17:38:04.340 0 0 I trusty : [GF_TA][I][gf_cali][cali_process] gain_ratio=100
12-10 17:38:04.340 0 0 I trusty : [GF_TA][I][gf_cali][cali_process] nBrokenEnable=1
12-10 17:38:04.340 0 0 I trusty : [GF_TA][I][gf_cali][cali_process] before fp_preprocess(): nCaliMode=2, nDarkPixelFlag=0, nSubBaseCaliFlag=1
12-10 17:38:04.340 0 0 I trusty : [GF_TA][I][gf_cali][cali_process] before fp_preprocess(): nAdj2FixFlag=0, nMaxITODepth=***, uchFlagScanMode=0
12-10 17:38:04.340 0 0 I trusty : [GF_TA][I][gf_cali][cali_process] before fp_preprocess(): uchCompensationOff=0, nFlagDeblurOff=1, uchAdj2FixOff=0
12-10 17:38:04.340 0 0 I trusty : [GF_TA][I][gf_cali][cali_process] authenticate, sNum = 1
12-10 17:38:04.340 0 0 I trusty : [GF_TA][I][gf_cali][cali_process] stRawdata.psData=0x***, stRawdata.psDarkImage=0, stRawdata.sNum=1
12-10 17:38:04.340 0 0 I trusty : [GF_TA][I][gf_cali][cali_process] nSegThre=-1
12-10 17:38:04.340 0 0 I trusty : [GF_TA][I][gf_cali][cali_process] nCaliMode=2, support_moire_filter=1
12-10 17:38:04.340 0 0 I trusty : [GF_TA][I][gf_cali][cali_process] nRetryFlag=0
12-10 17:38:04.340 0 0 I trusty : [GF_TA][I][gf_cali][cali_process] gain_ratio=100
12-10 17:38:04.340 0 0 I trusty : [GF_TA][I][gf_cali][cali_process] nBrokenEnable=1
12-10 17:38:04.340 0 0 I trusty : [GF_TA][I][gf_cali][cali_process] before fp_preprocess(): nCaliMode=2, nDarkPixelFlag=0, nSubBaseCaliFlag=1
12-10 17:38:04.340 0 0 I trusty : [GF_TA][I][gf_cali][cali_process] before fp_preprocess(): nAdj2FixFlag=0, nMaxITODepth=***, uchFlagScanMode=0
12-10 17:38:04.340 0 0 I trusty : [GF_TA][I][gf_cali][cali_process] before fp_preprocess(): uchCompensationOff=0, nFlagDeblurOff=1, uchAdj2FixOff=0
12-10 17:38:04.340 0 0 I trusty : [GF_TA][I][gf_cali][cali_process] authenticate, sNum = 1
12-10 17:38:04.340 0 0 I trusty : [GF_TA][I][gf_cali][cali_process] stRawdata.psData=0x***, stRawdata.psDarkImage=0, stRawdata.sNum=1
12-10 17:38:04.340 0 0 I trusty : [GF_TA][I][gf_cali][cali_process] nSegThre=-1
12-10 17:38:04.340 0 0 I trusty : [GF_TA][I][gf_cali][cali_process] nCaliMode=2, support_moire_filter=1
12-10 17:38:04.340 0 0 I trusty : [GF_TA][I][gf_cali][cali_process] nRetryFlag=0
12-10 17:38:04.340 0 0 I trusty : [GF_TA][I][gf_cali][cali_process] gain_ratio=100
12-10 17:38:04.340 0 0 I trusty : [GF_TA][I][gf_cali][cali_process] nBrokenEnable=1
12-10 17:38:04.340 0 0 I trusty : [GF_TA][I][gf_cali][cali_process] before fp_preprocess(): nCaliMode=2, nDarkPixelFlag=0, nSubBaseCaliFlag=1
12-10 17:38:04.340 0 0 I trusty : [GF_TA][I][gf_cali][cali_process] before fp_preprocess(): nAdj2FixFlag=0, nMaxITODepth=***, uchFlagScanMode=0
12-10 17:38:04.340 0 0 I trusty : [GF_TA][I][gf_cali][cali_process] before fp_preprocess(): uchCompensationOff=0, nFlagDeblurOff=1, uchAdj2FixOff=0
12-10 17:38:04.347 0 0 I trusty : [GF_TA][I][gf_cali][cali_process] after fp_preprocess(): nCaliMode=2, nDarkPixelFlag=0, nSubBaseCaliFlag=1
12-10 17:38:04.347 0 0 I trusty : [GF_TA][I][gf_cali][cali_process] after fp_preprocess(): nAdj2FixFlag=0, nMaxITODepth=***, uchFlagScanMode=0
12-10 17:38:04.347 0 0 I trusty : [GF_TA][I][gf_cali][cali_process] after fp_preprocess(): uchCompensationOff=0, nFlagDeblurOff=1, uchAdj2FixOff=0
12-10 17:38:04.347 0 0 I trusty : [GF_TA][I][gf_cali][cali_process] after fp_preprocess(): nCaliMode=2, nDarkPixelFlag=0, nSubBaseCaliFlag=1
12-10 17:38:04.347 0 0 I trusty : [GF_TA][I][gf_cali][cali_process] after fp_preprocess(): nAdj2FixFlag=0, nMaxITODepth=***, uchFlagScanMode=0
12-10 17:38:04.347 0 0 I trusty : [GF_TA][I][gf_cali][cali_process] after fp_preprocess(): uchCompensationOff=0, nFlagDeblurOff=1, uchAdj2FixOff=0
12-10 17:38:04.347 0 0 I trusty : [GF_TA][I][gf_cali][cali_process] after fp_preprocess(): nCaliMode=2, nDarkPixelFlag=0, nSubBaseCaliFlag=1
12-10 17:38:04.347 0 0 I trusty : [GF_TA][I][gf_cali][cali_process] after fp_preprocess(): nAdj2FixFlag=0, nMaxITODepth=***, uchFlagScanMode=0
12-10 17:38:04.347 0 0 I trusty : [GF_TA][I][gf_cali][cali_process] after fp_preprocess(): uchCompensationOff=0, nFlagDeblurOff=1, uchAdj2FixOff=0
12-10 17:38:04.347 0 0 I trusty : [GF_TA][I][gf_cali][cali_process] after fp_preprocess(): nCaliMode=2, nDarkPixelFlag=0, nSubBaseCaliFlag=1
12-10 17:38:04.347 0 0 I trusty : [GF_TA][I][gf_cali][cali_process] after fp_preprocess(): nAdj2FixFlag=0, nMaxITODepth=***, uchFlagScanMode=0
12-10 17:38:04.347 0 0 I trusty : [GF_TA][I][gf_cali][cali_process] after fp_preprocess(): uchCompensationOff=0, nFlagDeblurOff=1, uchAdj2FixOff=0
12-10 17:38:04.347 0 0 I trusty : [GF_TA][E][gf_algo_utils][gf_is_gain_decreased_retry0] gain ratio: 100
12-10 17:38:04.351 0 0 I trusty : [GF_TA][I][gf_cali][cali_process_img2mats] do fp_AntiPeepG5 flag:0
12-10 17:38:04.351 0 0 I trusty : [GF_TA][E][gf_algo_utils][gf_is_gain_decreased_retry0] gain ratio: 100
12-10 17:38:04.351 0 0 I trusty : [GF_TA][I][gf_delmar_sensor][determine_expo_mode] operation: 2, retry: 1, need_dec_gain_due_to_als: 0, expo mode:3
12-10 17:38:04.351 0 0 I trusty : [GF_TA][I][gf_delmar_cs_dc][delmar_capture_image] capture sub image mode=0x0902
12-10 17:38:04.351 0 0 I trusty : [GF_TA][I][gf_delmar_cs_dc][delmar_capture_image] retry1_valid_sg_mask=0x0009
12-10 17:38:04.351 0 0 I trusty : [GF_TA][I][gf_delmar_cs_dc][delmar_capture_image] g_current_expo_mode=3
12-10 17:38:04.351 0 0 I trusty : [GF_TA][I][gf_delmar_cs_dc][delmar_capture_image] g_is_dec_expo_set_to_chip=0
12-10 17:38:04.351 0 0 I trusty : [GF_TA][I][gf_delmar_cs_dc][delmar_capture_image] valid_sg_mask=0x0009
12-10 17:38:04.351 0 0 I trusty : [GF_TA][I][gf_delmar_cs_dc][delmar_capture_image] lb_mode=0, expo_mode=3, expo_time=66.763565, gain=0x41
12-10 17:38:04.351 0 0 I trusty : [GF_TA][E][gf_hw_dc][hw_set_current_operation] cali_flesh_max_frame_index = 0
12-10 17:38:04.367 0 0 I trusty : [GF_TA][E][gf_fake_detect_param][gf_get_fake_detect_param] use default fake params for G7
12-10 17:38:04.367 0 0 I trusty : [GF_TA][I][gf_hw][hw_get_real_expo] real_expo = 55.637977
12-10 17:38:04.367 0 0 I trusty : [GF_TA][I][gf_hw][hw_get_real_gain] real_gain = 1.480000
12-10 17:38:04.372 0 0 I trusty : [GF_TA][I][gf_algo_adapter][gf_adt_OP7_fake_detect] fake algo check point, nFakeParamV1Arr[1] :1
12-10 17:38:04.372 0 0 I trusty : [GF_TA][I][gf_algo_adapter][gf_adt_OP7_fake_detect] fake algo check point, nFakeParamV2Arr[37] :***
12-10 17:38:04.372 0 0 I trusty : [GF_TA][I][gf_algo_adapter][gf_adt_OP7_fake_detect] fake algo check point, nFakeParamV2Arr[38] :***
12-10 17:38:04.372 0 0 I trusty : [GF_TA][I][gf_algo_adapter][gf_adt_OP7_fake_detect] fake algo check point, nFakeParamV2Arr[39] :***
12-10 17:38:04.372 0 0 I trusty : [GF_TA][I][gf_algo_adapter][gf_adt_OP7_fake_detect] pay_test_log1: 1
12-10 17:38:04.372 0 0 I trusty : [GF_TA][I][gf_algo_adapter][gf_adt_OP7_fake_detect] pay_test_log2: ***
12-10 17:38:04.372 0 0 I trusty : [GF_TA][I][gf_algo_adapter][gf_adt_OP7_fake_detect] pay_test_log3: 501
12-10 17:38:04.372 0 0 I trusty : [GF_TA][I][gf_algo_adapter][gf_adt_OP7_fake_detect] pay_test_log4: 111
12-10 17:38:04.372 0 0 I trusty : [GF_TA][I][gf_algo_adapter][gf_adt_OP7_fake_detect] No film has been detected
12-10 17:38:04.372 0 0 I trusty : [GF_TA][I][gf_algo_adapter][gf_adt_OP7_fake_detect] XY-shift value: 14
12-10 17:38:04.372 0 0 I trusty : [GF_TA][I][gf_algo_adapter][gf_adt_get_fake_version] af for g7 opt7.X
12-10 17:38:04.372 0 0 I trusty : [GF_TA][I][gf_big_data][gf_get_auth_big_data_info] retry 0 sg:0 rawdata_mean_value:1638
12-10 17:38:04.372 0 0 I trusty : [GF_TA][I][gf_big_data][gf_get_auth_big_data_info] retry 0 sg:1 rawdata_mean_value:1584
12-10 17:38:04.372 0 0 I trusty : [GF_TA][I][gf_big_data][gf_get_auth_big_data_info] retry 0 sg:2 rawdata_mean_value:1529
12-10 17:38:04.372 0 0 I trusty : [GF_TA][I][gf_big_data][gf_get_auth_big_data_info] retry 0 sg:3 rawdata_mean_value:1604
12-10 17:38:04.372 0 0 I trusty : [GF_TA][I][gf_fpcore_common][handle_event] timestamp:***.
12-10 17:38:04.655 0 0 I trusty : [GF_TA][I][gf_big_data][gf_get_study_time_big_data_info] study step = 1 time = 136ms
12-10 17:38:04.657 0 0 I trusty : [GF_TA][I][gf_algo_adapter][gf_adt_InitFlocculeDetectionTemplate] floc_base_update=0 frame_num=34
12-10 17:38:04.723 0 0 I trusty : [GF_TA][I][gf_algo_adapter][gf_adt_UpdataCaliInfoForFusion] update_base_flag=0xf
12-10 17:38:04.723 0 0 I trusty : [GF_TA][I][gf_big_data][gf_get_study_time_big_data_info] study step = 2 time = 67ms
12-10 17:38:04.723 0 0 I trusty : [GF_TA][I][gf_cali][cali_handle_event] auth_save_autocali_count=13 post_auth_save_flag=0.
12-10 17:38:04.723 0 0 I trusty : [GF_TA][I][gf_cali][cali_handle_event] auth_save_extra_feature_count=3 save_extra_feature_flag=0.
12-10 17:38:04.723 0 0 I trusty : [GF_TA][I][gf_big_data][gf_get_study_time_big_data_info] study step = 3 time = 0ms
12-10 17:38:04.724 0 0 I trusty : [GF_TA][E][gf_algo_auth][gf_algo_do_post_authenticate] skip stage=4
12-10 17:38:04.724 0 0 I trusty : [GF_TA][I][gf_big_data][gf_get_study_time_big_data_info] study step = 4 time = 0ms
12-10 17:38:04.726 0 0 I trusty : [GF_TA][I][gf_delmar_algo][algo_on_authenticate_end] auth stop time = 2ms
12-10 17:38:04.726 0 0 I trusty : [GF_TA][I][gf_delmar_algo][algo_on_authenticate_end] auth stop time + total study time = 205ms
12-10 17:38:04.731 0 0 I trusty : [GF_TA][I][gf_algo_usr_portrait][gf_portrait_detect_finger_status] rty:0, pemResult:4 finger status: 1
12-10 17:38:04.736 0 0 I trusty : [GF_TA][E][gf_algo_customized][gf_customized_algo_cmd_entry]GF_DUMP_BIG_DATA_CMD, bd_cmd->big_data_type=1
12-10 17:38:04.736 0 0 I trusty : [GF_TA][I][gf_algo_customized][fill_auth_big_data] continuous_update_flag:0x0f
12-10 17:38:05.295 0 0 I trusty : logging.cc: 75: ***: :214: Command Received: TzResetLockout
12-10 17:38:05.295 0 0 I trusty : logging.cc: 75: ***"faceauth": :185: Session finished, current heap footprint: 36864, maximum footprint: 36864 --------- beginning of system
12-10 17:38:56.635 1383 2164 W UserManagerService: Requested status bar icon for non-badged user 0
12-10 17:38:56.636 2025 2045 V WindowManagerShell: animated by com.android.wm.shell.transition.RemoteTransitionHandler@dc35f66
12-10 17:38:56.639 1383 1640 V WindowManager: Sent Transition (#298) createdAt=12-10 17:38:56.593 via request=TransitionRequestInfo { type = OPEN, triggerTask = TaskInfo{userId=0 taskId=232 displayId=0 isRunning=true baseIntent=Intent { act=android.intent.action.MAIN cat=[android.intent.category.HOME] flg=0x10000100 cmp=com.google.android.apps.nexuslauncher/.NexusLauncherActivity } baseActivity=ComponentInfo{com.google.android.apps.nexuslauncher/com.google.android.apps.nexuslauncher.NexusLauncherActivity} topActivity=ComponentInfo{com.google.android.apps.nexuslauncher/com.google.android.apps.nexuslauncher.NexusLauncherActivity} origActivity=null realActivity=ComponentInfo{com.google.android.apps.nexuslauncher/com.google.android.apps.nexuslauncher.NexusLauncherActivity} numActivities=1 lastActiveTime=111184127 supportsMultiWindow=true resizeMode=2 isResizeable=true minWidth=-1 minHeight=-1 defaultMinSize=220 token=WCT{RemoteToken{d1aa235 Task{303cc90 #232 type=home I=com.google.android.apps.nexuslauncher/.NexusLauncherActivity}}} topActivityType=2 pictureInPictureParams=null shouldDockBigOverlays=false launchIntoPipHostTaskId=-1 lastParentTaskIdBeforePip=-1 displayCutoutSafeInsets=null topActivityInfo=ActivityInfo{9783352 com.google.android.apps.nexuslauncher.NexusLauncherActivity} launchCookies=[] positionInParent=Point(0, 0) parentTaskId=-1 isFocused=true isVisible=false isVisibleRequested=true isSleeping=false locusId=LocusId[17_chars] displayAreaFeatureId=1 isTopActivityTransparent=false appCompatTaskInfo=AppCompatTaskInfo { topActivityInSizeCompat=false topActivityEligibleForLetterboxEducation= falseisLetterboxEducationEnabled= false isLetterboxDoubleTapEnabled= false topActivityEligibleForUserAspectRatioButton= false topActivityBoundsLetterboxed= false isFromLetterboxDoubleTap= false topActivityLetterboxVerticalPosition= -1 topActivityLetterboxHorizontalPosition= -1 topActivityLetterboxWidth=1080 topActivityLetterboxHeight=2400 isUserFullscreenOverrideEnabled=false isSystemFullscreenOverrideEnabled=false cameraCompatTaskInfo=CameraCompatTaskInfo { cameraCompatControlState=hidden freeformCameraCompatMode=inactive}}}, pipTask = null, remoteTransition = null, displayChange = null, flags = 0, debugId = 298 }
12-10 17:38:56.639 1383 1640 V WindowManager: startWCT=WindowContainerTransaction { changes = {} hops = [] errorCallbackToken=null taskFragmentOrganizer=null }
12-10 17:38:56.639 1383 1640 V WindowManager: info={id=298 t=OPEN f=0x0 trk=0 r=[0@Point(0, 0)] c=[
12-10 17:38:56.639 1383 1640 V WindowManager: {WCT{RemoteToken{f35cda Task{cabc84d #1 type=home}}} m=TO_FRONT f=SHOW_WALLPAPER|MOVE_TO_TOP leash=Surface(name=Task=1)/@0x4ed8623 sb=Rect(0, 0 - 1080, 2400) eb=Rect(0, 0 - 1080, 2400) d=0 taskParent=-1},
12-10 17:38:56.639 1383 1640 V WindowManager: {WCT{RemoteToken{e7e52e4 Task{1954008 #261 type=standard A=10357:im.status.ethereum}}} m=TO_BACK f=NONE leash=Surface(name=Task=261)/@0x21cbb38 sb=Rect(0, 0 - 1080, 2400) eb=Rect(0, 0 - 1080, 2400) d=0 taskParent=-1},
12-10 17:38:56.639 1383 1640 V WindowManager: {null m=TO_FRONT f=IS_WALLPAPER leash=Surface(name=WallpaperWindowToken{f26e75a token=android.os.Binder@93a8b05})/@0x35eabdd sb=Rect(0, 0 - 1080, 2400) eb=Rect(0, 0 - 1080, 2400) d=0}
12-10 17:38:56.639 1383 1640 V WindowManager: ]}
12-10 17:38:56.676 1383 7204 W PackageConfigPersister: App-specific configuration not found for packageName: com.google.android.apps.nexuslauncher and userId: 0
12-10 17:38:56.878 1383 1671 D ActivityManager: sync unfroze 26561 com.google.android.flipendo for 3
12-10 17:38:57.257 2025 2045 V WindowManagerShell: Transition animation finished (aborted=false), notifying core (#298) android.os.BinderProxy@f61df59@0
12-10 17:38:57.261 1383 1640 V WindowManager: Finish Transition (#298): created at
12-10 17:38:56.593 collect-started=0.083ms request-sent=10.321ms started=13.183ms ready=33.176ms sent=34.975ms finished=666.63ms
12-10 17:38:57.266 2025 2045 V WindowManagerShell: Track 0 became idle
12-10 17:38:57.266 2025 2045 V WindowManagerShell: All active transition animations finished
12-10 17:38:57.268 1383 9736 W UserManagerService: Requested status bar icon for non-badged user 0
12-10 17:38:57.269 1383 9736 W UserManagerService: Requested status bar icon for non-badged user 0
12-10 17:38:57.273 1383 1640 D HintManagerService: Sent cleanup message for uid 10357
12-10 17:38:57.819 1383 3506 D CoreBackPreview: Window{5a1f79c u0 NotificationShade}: Setting back callback OnBackInvokedCallbackInfo{mCallback=android.window.IOnBackInvokedCallback$Stub$Proxy@cecbeef, mPriority=0, mIsAnimationCallback=false}
12-10 17:38:57.857 1383 9736 D SystemServerTiming: getUserSwitchability-0
12-10 17:38:57.857 1383 9736 D SystemServerTiming: TM.isInCall
12-10 17:38:57.857 1383 3506 D SystemServerTiming: getUserSwitchability-0
12-10 17:38:57.857 1383 3506 D SystemServerTiming: TM.isInCall
12-10 17:38:57.858 1383 9736 D SystemServerTiming: hasUserRestriction-DISALLOW_USER_SWITCH
12-10 17:38:57.858 1383 9736 D SystemServerTiming: getInt-ALLOW_USER_SWITCHING_WHEN_SYSTEM_USER_LOCKED
12-10 17:38:57.858 1383 3506 D SystemServerTiming: hasUserRestriction-DISALLOW_USER_SWITCH
12-10 17:38:57.858 1383 9736 D SystemServerTiming: isUserUnlocked-USER_SYSTEM
12-10 17:38:57.858 1383 3506 D SystemServerTiming: getInt-ALLOW_USER_SWITCHING_WHEN_SYSTEM_USER_LOCKED
12-10 17:38:57.858 1383 3506 D SystemServerTiming: isUserUnlocked-USER_SYSTEM
12-10 17:38:57.907 1383 2287 D ActivityManager: sync unfroze 29146 com.google.android.gms for 6
12-10 17:38:57.908 1383 2287 W ProcessStats: Tracking association SourceState{41e1478 com.google.android.gms.persistent/10181 BTop #77091} whose proc state 2 is better than process ProcessState{93ffd3a com.google.android.gms/10181 pkg=com.google.android.gms} proc state 14 (30 skipped)
12-10 17:38:58.278 1383 1874 D HintManagerService: Starts cleaning for 10357
12-10 17:38:59.658 1383 3506 D ActivityManager: sync unfroze 22649 com.android.systemui:screenshot for 10
12-10 17:39:01.059 1383 3506 V VirtualDisplayAdapter: Release VirtualDisplay Recording Display
12-10 17:39:01.059 1383 3506 D DisplayManagerService: Virtual Display: Display Device released
12-10 17:39:01.059 1383 3506 I DisplayDeviceRepository: Display device removed: DisplayDeviceInfo{"Recording Display": uniqueId="virtual:com.android.systemui,10249,Recording Display,9", 1080 x 2400, modeId 12, renderFrameRate 60.0, defaultModeId 12, userPreferredModeId -1, supportedModes [{id=12, width=1080, height=2400, fps=60.0, vsync=60.0, synthetic=false, alternativeRefreshRates=[], supportedHdrTypes=[]}], colorMode 0, supportedColorModes [0], hdrCapabilities null, allmSupported false, gameContentTypeSupported false, density 420, 420.0 x 420.0 dpi, appVsyncOff 0, presDeadline 16666666, touch NONE, rotation 0, type VIRTUAL, deviceProductInfo null, state ON, committedState UNKNOWN, owner com.android.systemui (uid 10249), frameRateOverride , brightnessMinimum 0.0, brightnessMaximum 0.0, brightnessDefault 0.0, hdrSdrRatio NaN, FLAG_PRIVATE, FLAG_PRESENTATION, installOrientation 0, displayShape DisplayShape{ spec=-1893857183 displayWidth=1080 displayHeight=2400 physicalPixelDisplaySizeRatio=1.0 rotation=0 offsetX=0 offsetY=0 scale=1.0}}
12-10 17:39:01.065 1383 1641 V WindowManager: Content Recording: Pause the recording session on display 11
12-10 17:39:01.065 1383 9736 D MediaProjectionManagerService: Content Recording: handling stopping this projection token createTime= 57179232 countStarts= 1
12-10 17:39:01.066 1383 9736 D MediaProjectionManagerService: Content Recording: Stopped active MediaProjection and dispatching stop to callbacks
12-10 17:39:01.069 2025 3419 V MediaProjection: Dispatch stop to 1 callbacks.
12-10 17:39:01.073 2025 2045 V ShellDragAndDrop: Display removed: 11
12-10 17:39:01.074 1383 2287 W ForegroundServiceTypeLoggerModule: FGS stop call for: 10249 has no types!
12-10 17:39:01.597 1383 1383 W NotificationService: Removed summary didn't match old notification: old=0|com.android.systemui|4273|RecordingService|10249, removed=0|com.android.systemui|4273|RecordingService|10249
12-10 17:39:03.120 1383 9736 D CoreBackPreview: Window{5a1f79c u0 NotificationShade}: Setting back callback null
12-10 17:39:03.156 1383 3442 W PackageConfigPersister: App-specific configuration not found for packageName: com.google.android.apps.nexuslauncher and userId: 0
12-10 17:39:03.834 1383 3506 W OptProp : Cannot read opt property android.window.PROPERTY_COMPAT_ALLOW_ORIENTATION_OVERRIDE
12-10 17:39:03.841 1383 3506 W OptProp : Cannot read opt property android.window.PROPERTY_COMPAT_ALLOW_RESIZEABLE_ACTIVITY_OVERRIDES
12-10 17:39:03.841 1383 3506 W OptProp : Cannot read opt property android.window.PROPERTY_COMPAT_ALLOW_MIN_ASPECT_RATIO_OVERRIDE
12-10 17:39:03.852 1383 3506 I ActivityTaskManager: START u0 {act=android.intent.action.MAIN cat=[android.intent.category.LAUNCHER] flg=0x10200000 pkg=org.telegram.messenger cmp=org.telegram.messenger/.DefaultIcon bnds=[67,213][272,486]} with LAUNCH_SINGLE_TASK from uid 10227 (BAL_ALLOW_VISIBLE_WINDOW) result code=0
