12-10 17:59:30.068 1383 3631 D ShortcutService: Getting shortcuts for launcher= com.google.android.asuser=0 pkg=org.telegram.messenger
12-10 17:59:30.072 1383 3631 D ShortcutService: Getting shortcuts for launcher= com.google.android.asuser=0 pkg=org.telegram.messenger
12-10 17:59:30.495 18720 18720 W Thread-15: type=1400 audit(0.0:83433): avc: denied { bind } for scontext=u:r:untrusted_app:s0:c101,c257,c512,c768 tcontext=u:r:untrusted_app:s0:c101,c257,c512,c768 tclass=netlink_route_socket permissive=0 bug=b/155595000 app=im.status.ethereum
12-10 17:59:30.961 2168 2913 D HbmSvManager: Ambient sensor : TMD3719 Ambient Light update Lux : 32.349957
12-10 17:59:31.040 2168 2913 D HbmSvManager: Ambient sensor : TMD3719 Ambient Light update Lux : 32.827667
12-10 17:59:31.078 1383 1937 D ConnectivityService: NetReassign [no changes] [c 1] [a 0] [i 4]
12-10 17:59:31.521 15685 15688 I egram.messenger: Method exceeds compiler instruction limit: 17656 in void org.telegram.ui.ChatActivity.didReceivedNotification(int, int, java.lang.Object[])
12-10 17:59:32.040 2168 2913 D HbmSvManager: Ambient sensor : TMD3719 Ambient Light update Lux : 38.854336
12-10 17:59:32.378 2168 2913 D HbmSvManager: Ambient sensor : TMD3719 Ambient Light update Lux : 39.951847
12-10 17:59:32.499 18720 18720 W Thread-12: type=1400 audit(0.0:83434): avc: denied { bind } for scontext=u:r:untrusted_app:s0:c101,c257,c512,c768 tcontext=u:r:untrusted_app:s0:c101,c257,c512,c768 tclass=netlink_route_socket permissive=0 bug=b/155595000 app=im.status.ethereum
12-10 17:59:32.539 2168 2913 D HbmSvManager: Ambient sensor : TMD3719 Ambient Light update Lux : 40.16782
12-10 17:59:32.622 15685 15688 I egram.messenger: Method exceeds compiler instruction limit: 17656 in void org.telegram.ui.ChatActivity.didReceivedNotification(int, int, java.lang.Object[])
12-10 17:59:32.637 15685 15688 I egram.messenger: Method exceeds compiler instruction limit: 28561 in void org.telegram.ui.Cells.ChatMessageCell.setMessageContent(org.telegram.messenger.MessageObject, org.telegram.messenger.MessageObject$GroupedMessages, boolean, boolean)
12-10 17:59:32.637 15685 15688 I egram.messenger: Method exceeds compiler instruction limit: 28561 in void org.telegram.ui.Cells.ChatMessageCell.setMessageContent(org.telegram.messenger.MessageObject, org.telegram.messenger.MessageObject$GroupedMessages, boolean, boolean)
12-10 17:59:32.638 15685 15688 I egram.messenger: Method exceeds compiler instruction limit: 28561 in void org.telegram.ui.Cells.ChatMessageCell.setMessageContent(org.telegram.messenger.MessageObject, org.telegram.messenger.MessageObject$GroupedMessages, boolean, boolean)
12-10 17:59:32.644 15685 15688 I egram.messenger: Method exceeds compiler instruction limit: 17656 in void org.telegram.ui.ChatActivity.didReceivedNotification(int, int, java.lang.Object[])
12-10 17:59:32.654 15685 15688 I egram.messenger: Method exceeds compiler instruction limit: 28561 in void org.telegram.ui.Cells.ChatMessageCell.setMessageContent(org.telegram.messenger.MessageObject, org.telegram.messenger.MessageObject$GroupedMessages, boolean, boolean)
12-10 17:59:32.654 15685 15688 I egram.messenger: Method exceeds compiler instruction limit: 28561 in void org.telegram.ui.Cells.ChatMessageCell.setMessageContent(org.telegram.messenger.MessageObject, org.telegram.messenger.MessageObject$GroupedMessages, boolean, boolean)
12-10 17:59:32.943 15685 15688 I egram.messenger: Method exceeds compiler instruction limit: 17656 in void org.telegram.ui.ChatActivity.didReceivedNotification(int, int, java.lang.Object[])
12-10 17:59:32.960 15685 15688 I egram.messenger: Method exceeds compiler instruction limit: 28561 in void org.telegram.ui.Cells.ChatMessageCell.setMessageContent(org.telegram.messenger.MessageObject, org.telegram.messenger.MessageObject$GroupedMessages, boolean, boolean)
12-10 17:59:33.168 29182 9350 I AlarmManager: setExactAndAllowWhileIdle [name: GCM_HB_ALARM type: 2 triggerAtMillis: 114150693]
12-10 17:59:33.184 29182 9820 I AlarmManager: setExactAndAllowWhileIdle [name: FcmRetry type: 2 triggerAtMillis: 112540708]
12-10 17:59:33.195 29182 9350 I AlarmManager: setExactAndAllowWhileIdle [name: GCM_HB_ALARM type: 2 triggerAtMillis: 114150720]
12-10 17:59:33.204 29182 9820 I AlarmManager: setExactAndAllowWhileIdle [name: FcmRetry type: 2 triggerAtMillis: 112540708]
12-10 17:59:33.207 29182 9350 I AlarmManager: setExactAndAllowWhileIdle [name: GCM_HB_ALARM type: 2 triggerAtMillis: 114150732]
12-10 17:59:33.224 29182 29228 I AlarmManager: setExactAndAllowWhileIdle [name: FcmRetry type: 2 triggerAtMillis: 112540726]
12-10 17:59:33.242 1285 9843 D Vibrator: waitForComplete: Vibrator is already off
12-10 17:59:33.242 1383 3631 W JobInfo : Job 'org.telegram.messenger/.KeepAliveJob#1000' has a deadline with functional constraints and an extremely short time window of 0 ms (delay=0, deadline=0). The functional constraints are not likely to be satisfied when the job runs.
12-10 17:59:33.243 1383 3631 W JobInfo : Job 'org.telegram.messenger/.KeepAliveJob#1000' has a deadline with functional constraints and an extremely short time window of 0 ms (delay=0, deadline=0). The functional constraints are not likely to be satisfied when the job runs.
12-10 17:59:33.245 15685 15688 I egram.messenger: Method exceeds compiler instruction limit: 17656 in void org.telegram.ui.ChatActivity.didReceivedNotification(int, int, java.lang.Object[])
12-10 17:59:33.253 15685 15688 I egram.messenger: Method exceeds compiler instruction limit: 28561 in void org.telegram.ui.Cells.ChatMessageCell.setMessageContent(org.telegram.messenger.MessageObject, org.telegram.messenger.MessageObject$GroupedMessages, boolean, boolean)
12-10 17:59:33.254 15685 15688 I egram.messenger: Method exceeds compiler instruction limit: 28561 in void org.telegram.ui.Cells.ChatMessageCell.setMessageContent(org.telegram.messenger.MessageObject, org.telegram.messenger.MessageObject$GroupedMessages, boolean, boolean)
12-10 17:59:33.539 2168 2913 D HbmSvManager: Ambient sensor : TMD3719 Ambient Light update Lux : 41.411
12-10 17:59:33.543 15685 15688 I egram.messenger: Method exceeds compiler instruction limit: 17656 in void org.telegram.ui.ChatActivity.didReceivedNotification(int, int, java.lang.Object[])
12-10 17:59:33.855 18720 18720 W Thread-10: type=1400 audit(0.0:83435): avc: denied { bind } for scontext=u:r:untrusted_app:s0:c101,c257,c512,c768 tcontext=u:r:untrusted_app:s0:c101,c257,c512,c768 tclass=netlink_route_socket permissive=0 bug=b/155595000 app=im.status.ethereum
12-10 17:59:33.855 18720 18720 W Thread-10: type=1400 audit(0.0:83436): avc: denied { bind } for scontext=u:r:untrusted_app:s0:c101,c257,c512,c768 tcontext=u:r:untrusted_app:s0:c101,c257,c512,c768 tclass=netlink_route_socket permissive=0 bug=b/155595000 app=im.status.ethereum
12-10 17:59:33.859 18720 18720 W Thread-10: type=1400 audit(0.0:83437): avc: denied { bind } for scontext=u:r:untrusted_app:s0:c101,c257,c512,c768 tcontext=u:r:untrusted_app:s0:c101,c257,c512,c768 tclass=netlink_route_socket permissive=0 bug=b/155595000 app=im.status.ethereum
12-10 17:59:33.883 18720 18816 D ReactNativeJS: 2024-12-10T15:59:33.876Z DEBUG [status-im.common.signals.events:33] - Signal received {:type "wakuv2.peerstats"}
12-10 17:59:33.886 18720 18816 D ReactNativeJS: 2024-12-10T15:59:33.884Z DEBUG [status-im.common.signals.events:107] - Event wakuv2.peerstats not handled
12-10 17:59:34.096 2461 2568 D IwlanDataService: onCapabilitiesChanged: 101 [ Transports: WIFI Capabilities: NOT_METERED&INTERNET&NOT_RESTRICTED&TRUSTED&NOT_VPN&VALIDATED&NOT_ROAMING&FOREGROUND&NOT_CONGESTED&NOT_SUSPENDED&NOT_VCN_MANAGED&NOT_BANDWIDTH_CONSTRAINED LinkUpBandwidth>=31181Kbps LinkDnBandwidth>=41598Kbps TransportInfo: , Provider friendly name: , Requesting package name: "DarkSide"wpa2-pskMLO Information: , Is TID-To-Link negotiation supported by the AP: false, AP MLD Address: , AP MLO Link Id: , AP MLO Affiliated links: , Vendor Data: > SignalStrength: -56 OwnerUid: 1000 AdminUids: [1000] SSID: "DarkSide" UnderlyingNetworks: Null]
12-10 17:59:34.097 2461 2568 D IwlanDataService: Network 101 connected using transport WIFI
12-10 17:59:34.097 2461 2609 D IwlanNetworkService: onCapabilitiesChanged: 101
12-10 17:59:34.097 2526 2628 D IwlanNetworkStatusTracker: onCapabilitiesChanged: 101
12-10 17:59:34.097 2526 2628 D IwlanNetworkStatusTracker: OnCapability : Wifi Available already true and validation status unchanged
12-10 17:59:34.098 2945 3012 D DeviceStateHelper: Wifi freq: 5240
12-10 17:59:34.100 3279 3952 I BugleRcsEngine: handleMessage processing message:[NOTIFY_UPTIME_IGNORE_STATE_CHANGED] with [non-null]:RcsEngineImpl reference [CONTEXT log_prefix="RcsEngineImpl[DUAL_REG]:[6169b3b5-03f0]>Handler" thread_id=64 ]
12-10 17:59:34.100 3279 3835 I BugleRcsEngine: Connected state: [1], networkType: [WIFI] [CONTEXT thread_id=58 ]
12-10 17:59:34.101 19186 19277 D WM-NetworkStateTracker: Network capabilities changed: [ Transports: WIFI Capabilities: NOT_METERED&INTERNET&NOT_RESTRICTED&TRUSTED&NOT_VPN&VALIDATED&NOT_ROAMING&FOREGROUND&NOT_CONGESTED&NOT_SUSPENDED&NOT_VCN_MANAGED&NOT_BANDWIDTH_CONSTRAINED LinkUpBandwidth>=31181Kbps LinkDnBandwidth>=41598Kbps TransportInfo: , BSSID: 02:00:00:00:00:00, MAC: 02:00:00:00:00:00, IP: /192.168.0.86, Security type: 2, Supplicant state: COMPLETED, Wi-Fi standard: 11ax, RSSI: -56, Link speed: 432Mbps, Tx Link speed: 432Mbps, Max Supported Tx Link speed: 1200Mbps, Rx Link speed: 720Mbps, Max Supported Rx Link speed: 1200Mbps, Frequency: 5240MHz, Net ID: -1, Metered hint: false, score: 60, isUsable: true, CarrierMerged: false, SubscriptionId: -1, IsPrimary: -1, Trusted: true, Restricted: false, Ephemeral: false, OEM paid: false, OEM private: false, OSU AP: false, FQDN: , Provider friendly name: , Requesting package name: MLO Information: , Is TID-To-Link negotiation supported by the AP: false, AP MLD Address: , AP MLO Link Id: , AP MLO Affiliated links: , Vendor Data: > SignalStrength: -56 UnderlyingNetworks: Null]
12-10 17:59:34.101 2300 2650 E PhoneInterfaceManager: getCarrierPrivilegeStatusForUid: Invalid subId
12-10 17:59:34.105 1383 1937 D ConnectivityService: NetReassign [no changes] [c 0] [a 1] [i 3]
12-10 17:59:34.105 15685 15685 W JobServiceEngine: onNetworkChanged() not implemented. Must override in a subclass.
12-10 17:59:34.106 29182 29192 I ChimeraSrvcProxy: NullBinder for android.net.action.RECOMMEND_NETWORKS triggering remote TransactionTooLargeException due to Service without Chimera impl
12-10 17:59:34.106 29182 29192 W .gms.persistent: Large reply transaction of 1056768 bytes, interface descriptor , code 1
12-10 17:59:34.108 16312 16312 I Wildlife_WildlifeVpnReceiver: ACTION_WIFI_STATE_CHANGED
12-10 17:59:34.108 16312 16312 I Wildlife_UptimeTracker: stop() startTime is null.
12-10 17:59:34.110 3279 3952 I BugleRcsEngine: No RCS Configuration was found in Bugle for simID: redacted-pii:sim_id[chars:0,last3:] [CONTEXT log_prefix="ProvisioningEngineDataRetriever" thread_id=64 ]
12-10 17:59:34.113 16312 16312 I Wildlife_WildlifeVpnManagerImpl: toggleVpnByFeaturePreferences, -1, 1, -1, 1
12-10 17:59:34.113 16312 16312 I Wildlife_WildlifeVpnManagerImpl: handleFirstTimePromptNotification() Same network. Ignored.
12-10 17:59:34.113 16312 16312 I Wildlife_WildlifeVpnManagerImpl: restoreSettingsFromBackupIfNecessary() false, false, false
12-10 17:59:34.289 2168 2913 D HbmSvManager: Ambient sensor : TMD3719 Ambient Light update Lux : 43.240494
12-10 17:59:34.459 18720 18720 W Thread-12: type=1400 audit(0.0:83438): avc: denied { bind } for scontext=u:r:untrusted_app:s0:c101,c257,c512,c768 tcontext=u:r:untrusted_app:s0:c101,c257,c512,c768 tclass=netlink_route_socket permissive=0 bug=b/155595000 app=im.status.ethereum
12-10 17:59:34.511 18720 18720 W Thread-15: type=1400 audit(0.0:83439): avc: denied { bind } for scontext=u:r:untrusted_app:s0:c101,c257,c512,c768 tcontext=u:r:untrusted_app:s0:c101,c257,c512,c768 tclass=netlink_route_socket permissive=0 bug=b/155595000 app=im.status.ethereum
12-10 17:59:34.699 18720 18720 W Thread-12: type=1400 audit(0.0:83440): avc: denied { bind } for scontext=u:r:untrusted_app:s0:c101,c257,c512,c768 tcontext=u:r:untrusted_app:s0:c101,c257,c512,c768 tclass=netlink_route_socket permissive=0 bug=b/155595000 app=im.status.ethereum
12-10 17:59:35.007 18720 18720 W Thread-12: type=1400 audit(0.0:83441): avc: denied { bind } for scontext=u:r:untrusted_app:s0:c101,c257,c512,c768 tcontext=u:r:untrusted_app:s0:c101,c257,c512,c768 tclass=netlink_route_socket permissive=0 bug=b/155595000 app=im.status.ethereum
12-10 17:59:35.426 1779 1785 I pixel-thermal: VIRTUAL-SKIN-CHARGE-WLC:29.8191 raw data: VIRTUAL-SKIN-CHARGE-WLC:29819.1 disp_therm:28122 skin_therm2:31461 usb_pwr_therm2:28099
12-10 17:59:35.442 1779 1785 I pixel-thermal: VIRTUAL-SKIN-CPU:28.1346 raw data: VIRTUAL-NEU-QUT-SKIN1-SKIN2-USB-USB2-GNSS-1:28112.6 VIRTUAL-NEU-QUT-SKIN1-SKIN2-USB-USB2-GNSS-4:27751.4 VIRTUAL-QUT-SKIN2-USB-GNSS-3:28134.6 VIRTUAL-QUT-SKIN2-USB-USB2-2:27643.4 VIRTUAL-SKIN:28134.6 VIRTUAL-SKIN-CPU:28134.6 gnss_tcxo_therm:30637 neutral_therm:30392 quiet_therm:28277 skin_therm1:29657 skin_therm2:31461 usb_pwr_therm:28188 usb_pwr_therm2:28099
12-10 17:59:35.443 1779 1785 I pixel-thermal: skin_therm1:29.657 raw data: skin_therm1:29657
12-10 17:59:35.443 1779 1785 I pixel-thermal: VIRTUAL-SKIN:28.1346 raw data: VIRTUAL-SKIN:28134.6
12-10 17:59:35.443 1779 1785 I pixel-thermal: VIRTUAL-SKIN-HINT:28.1346 raw data: VIRTUAL-SKIN:28134.6 VIRTUAL-SKIN-HINT:28134.6
12-10 17:59:35.443 1779 1785 I pixel-thermal: VIRTUAL-SKIN-CHARGE:28.1346 raw data: VIRTUAL-SKIN:28134.6 VIRTUAL-SKIN-CHARGE:28134.6
12-10 17:59:35.443 1779 1785 I pixel-thermal: cellular-emergency:28.1346 raw data: VIRTUAL-SKIN:28134.6 cellular-emergency:28134.6
12-10 17:59:35.443 1779 1785 I pixel-thermal: VIRTUAL-SKIN-CPU-GPU:28.1346 raw data: VIRTUAL-SKIN:28134.6 VIRTUAL-SKIN-CPU-GPU:28134.6
12-10 17:59:35.814 2139 2294 D ImpulseConnection: timeout didn't happen: com.google.android.apps.turbo
12-10 17:59:35.822 2139 2245 D TemperatureStateSource: sequence=6004 actualDelay=10001
12-10 17:59:35.822 2139 2245 D TemperatureStateSource: Reading temperature: sequence=6005
12-10 17:59:35.824 1779 1779 I pixel-thermal: VIRTUAL-SKIN:28.1346 raw data: VIRTUAL-SKIN:28134.6
12-10 17:59:35.824 2139 2245 D TemperatureStateSource: getDeviceTemperatures: sequence=6005 deviceTemperatureType=3 temperatureSource=0 temperatures=[28.134607]
12-10 17:59:35.825 2139 2245 D TemperatureStateSource: sequence=6005 waitTime=10000
12-10 17:59:35.825 2139 2228 D BusinessScope: Start running the #12094 block
12-10 17:59:35.826 1779 1779 I pixel-thermal: VIRTUAL-SKIN:28.1346 raw data: VIRTUAL-SKIN:28134.6
12-10 17:59:35.826 2139 2228 I TemperatureStateSource: temperature was set
12-10 17:59:35.826 2139 2228 D ImpulseStateSource: Notify clients: 6045
12-10 17:59:35.827 2139 2228 D BusinessScope: Finish running the #12094 block
12-10 17:59:35.827 2139 2228 D BusinessScope: Start running the #12095 block
12-10 17:59:35.827 2139 2228 D BusinessScope: Finish running the #12095 block
12-10 17:59:36.462 2168 2913 D HbmSvManager: Ambient sensor : TMD3719 Ambient Light update Lux : 45.032936
12-10 17:59:36.527 18720 18720 W Thread-10: type=1400 audit(0.0:83442): avc: denied { bind } for scontext=u:r:untrusted_app:s0:c101,c257,c512,c768 tcontext=u:r:untrusted_app:s0:c101,c257,c512,c768 tclass=netlink_route_socket permissive=0 bug=b/155595000 app=im.status.ethereum
12-10 17:59:37.140 1383 1937 D ConnectivityService: NetReassign [no changes] [c 1] [a 0] [i 1]
12-10 17:59:37.290 2168 2913 D HbmSvManager: Ambient sensor : TMD3719 Ambient Light update Lux : 51.12178
12-10 17:59:37.541 2168 2913 D HbmSvManager: Ambient sensor : TMD3719 Ambient Light update Lux : 52.14453
12-10 17:59:37.758 15685 15688 I egram.messenger: Method exceeds compiler instruction limit: 17656 in void org.telegram.ui.ChatActivity.didReceivedNotification(int, int, java.lang.Object[])
12-10 17:59:38.539 18720 18720 W Thread-15: type=1400 audit(0.0:83443): avc: denied { bind } for scontext=u:r:untrusted_app:s0:c101,c257,c512,c768 tcontext=u:r:untrusted_app:s0:c101,c257,c512,c768 tclass=netlink_route_socket permissive=0 bug=b/155595000 app=im.status.ethereum
12-10 17:59:38.855 18720 18720 W Thread-5: type=1400 audit(0.0:83444): avc: denied { bind } for scontext=u:r:untrusted_app:s0:c101,c257,c512,c768 tcontext=u:r:untrusted_app:s0:c101,c257,c512,c768 tclass=netlink_route_socket permissive=0 bug=b/155595000 app=im.status.ethereum
12-10 17:59:38.855 18720 18720 W Thread-5: type=1400 audit(0.0:83445): avc: denied { bind } for scontext=u:r:untrusted_app:s0:c101,c257,c512,c768 tcontext=u:r:untrusted_app:s0:c101,c257,c512,c768 tclass=netlink_route_socket permissive=0 bug=b/155595000 app=im.status.ethereum
12-10 17:59:38.859 18720 18720 W Thread-5: type=1400 audit(0.0:83446): avc: denied { bind } for scontext=u:r:untrusted_app:s0:c101,c257,c512,c768 tcontext=u:r:untrusted_app:s0:c101,c257,c512,c768 tclass=netlink_route_socket permissive=0 bug=b/155595000 app=im.status.ethereum
12-10 17:59:38.895 18720 18816 D ReactNativeJS: 2024-12-10T15:59:38.884Z DEBUG [status-im.common.signals.events:33] - Signal received {:type "wakuv2.peerstats"}
12-10 17:59:38.901 18720 18816 D ReactNativeJS: 2024-12-10T15:59:38.896Z DEBUG [status-im.common.signals.events:107] - Event wakuv2.peerstats not handled
12-10 17:59:39.132 1383 1937 D InetDiagMessage: Destroyed 0 sockets, proto=IPPROTO_TCP, family=AF_INET, states=14
12-10 17:59:39.137 1383 1937 D InetDiagMessage: Destroyed 0 sockets, proto=IPPROTO_TCP, family=AF_INET6, states=14
12-10 17:59:39.137 1383 1937 D InetDiagMessage: Destroyed live tcp sockets for uids={10167} in 11ms
12-10 17:59:39.141 1383 1937 D InetDiagMessage: Destroyed 0 sockets, proto=IPPROTO_TCP, family=AF_INET, states=14
12-10 17:59:39.144 1383 1937 D InetDiagMessage: Destroyed 0 sockets, proto=IPPROTO_TCP, family=AF_INET6, states=14
12-10 17:59:39.145 1383 1937 D InetDiagMessage: Destroyed live tcp sockets for uids={20167} in 8ms
12-10 17:59:39.323 902 1637 D usf_sensor_hal: accelerometer: Enter Batch. period = 200000000, latency = 2000000000.
12-10 17:59:39.326 902 1637 D usf_sensor_hal: IMU temperature: Enter Batch. period = 533334000, latency = 2000000000.
12-10 17:59:39.525 15685 15688 I egram.messenger: Method exceeds compiler instruction limit: 17656 in void org.telegram.ui.ChatActivity.didReceivedNotification(int, int, java.lang.Object[])
12-10 17:59:39.537 15685 15688 I egram.messenger: Method exceeds compiler instruction limit: 28561 in void org.telegram.ui.Cells.ChatMessageCell.setMessageContent(org.telegram.messenger.MessageObject, org.telegram.messenger.MessageObject$GroupedMessages, boolean, boolean)
12-10 17:59:39.537 15685 15688 I egram.messenger: Method exceeds compiler instruction limit: 28561 in void org.telegram.ui.Cells.ChatMessageCell.setMessageContent(org.telegram.messenger.MessageObject, org.telegram.messenger.MessageObject$GroupedMessages, boolean, boolean)
12-10 17:59:39.537 15685 15688 I egram.messenger: Method exceeds compiler instruction limit: 28561 in void org.telegram.ui.Cells.ChatMessageCell.setMessageContent(org.telegram.messenger.MessageObject, org.telegram.messenger.MessageObject$GroupedMessages, boolean, boolean)
12-10 17:59:39.537 15685 15688 I egram.messenger: Method exceeds compiler instruction limit: 28561 in void org.telegram.ui.Cells.ChatMessageCell.setMessageContent(org.telegram.messenger.MessageObject, org.telegram.messenger.MessageObject$GroupedMessages, boolean, boolean)
12-10 17:59:39.538 15685 15688 I egram.messenger: Method exceeds compiler instruction limit: 28561 in void org.telegram.ui.Cells.ChatMessageCell.setMessageContent(org.telegram.messenger.MessageObject, org.telegram.messenger.MessageObject$GroupedMessages, boolean, boolean)
12-10 17:59:39.538 15685 15688 I egram.messenger: Method exceeds compiler instruction limit: 28561 in void org.telegram.ui.Cells.ChatMessageCell.setMessageContent(org.telegram.messenger.MessageObject, org.telegram.messenger.MessageObject$GroupedMessages, boolean, boolean)
12-10 17:59:39.538 15685 15688 I egram.messenger: Method exceeds compiler instruction limit: 28561 in void org.telegram.ui.Cells.ChatMessageCell.setMessageContent(org.telegram.messenger.MessageObject, org.telegram.messenger.MessageObject$GroupedMessages, boolean, boolean)
12-10 17:59:39.538 15685 15688 I egram.messenger: Method exceeds compiler instruction limit: 28561 in void org.telegram.ui.Cells.ChatMessageCell.setMessageContent(org.telegram.messenger.MessageObject, org.telegram.messenger.MessageObject$GroupedMessages, boolean, boolean)
12-10 17:59:39.539 15685 15688 I egram.messenger: Method exceeds compiler instruction limit: 28561 in void org.telegram.ui.Cells.ChatMessageCell.setMessageContent(org.telegram.messenger.MessageObject, org.telegram.messenger.MessageObject$GroupedMessages, boolean, boolean)
12-10 17:59:39.594 29182 9740 I AlarmManager: setExactAndAllowWhileIdle [name: GCM_HB_ALARM type: 2 triggerAtMillis: 114157119]
12-10 17:59:39.608 29182 9820 I AlarmManager: setExactAndAllowWhileIdle [name: FcmRetry type: 2 triggerAtMillis: 112547130]
12-10 17:59:39.613 1383 1671 W ProcessStats: Tracking association SourceState{a2b2631 org.telegram.messenger/10284 BTop #79832} whose proc state 2 is better than process ProcessState{e46a0b com.google.android.webview:sandboxed_process0:org.chromium.content.app.SandboxedProcessService0:0/10284 pkg=org.telegram.messenger} proc state 13 (42 skipped)
12-10 17:59:39.656 1383 3631 W JobInfo : Job 'org.telegram.messenger/.KeepAliveJob#1000' has a deadline with functional constraints and an extremely short time window of 0 ms (delay=0, deadline=0). The functional constraints are not likely to be satisfied when the job runs.
12-10 17:59:39.657 1383 3631 W JobInfo : Job 'org.telegram.messenger/.KeepAliveJob#1000' has a deadline with functional constraints and an extremely short time window of 0 ms (delay=0, deadline=0). The functional constraints are not likely to be satisfied when the job runs.
12-10 17:59:39.707 18720 18720 W Thread-5: type=1400 audit(0.0:83447): avc: denied { bind } for scontext=u:r:untrusted_app:s0:c101,c257,c512,c768 tcontext=u:r:untrusted_app:s0:c101,c257,c512,c768 tclass=netlink_route_socket permissive=0 bug=b/155595000 app=im.status.ethereum
12-10 17:59:39.749 14541 14591 I AiAiTextClassifier: GenerateLinks did not find valid links, returning empty result
12-10 17:59:39.783 1383 3424 D ShortcutService: rescanPackageIfNeeded 0@org.telegram.messenger, forceRescan=false , isNewApp=false
12-10 17:59:39.788 14541 14591 I AiAiTextClassifier: GenerateLinks did not find valid links, returning empty result
12-10 17:59:39.790 14541 14644 D androidtc: Initializing SystemTextClassifier, type = System
12-10 17:59:39.790 14541 14541 I AiAiTextClassifier: (REDACTED) onDestroyTextClassificationSession = %s
12-10 17:59:39.790 2168 2913 D HbmSvManager: Ambient sensor : TMD3719 Ambient Light update Lux : 52.7911
12-10 17:59:39.793 14541 14541 I AiAiTextClassifier: (REDACTED) onCreateTextClassificationSession = %s
12-10 17:59:39.796 14541 14541 I AiAiTextClassifier: AiaiTextClassifierService.onSuggestConversationActions
12-10 17:59:39.804 1383 3424 D ShortcutService: rescanPackageIfNeeded 0@org.telegram.messenger, forceRescan=false , isNewApp=false
12-10 17:59:39.806 15685 15730 W Notification: Bubbles work best with icons of TYPE_URI or TYPE_URI_ADAPTIVE_BITMAP. In the future, using an icon of this type will be required.
12-10 17:59:39.819 14541 14591 W LocaleConfig: The resource file pointed to by the given resource ID isn't found.
12-10 17:59:39.830 14541 14644 D androidtc: Initializing SystemTextClassifier, type = System
12-10 17:59:39.832 14541 14541 I AiAiTextClassifier: (REDACTED) onCreateTextClassificationSession = %s
12-10 17:59:39.835 14541 14541 I AiAiTextClassifier: AiaiTextClassifierService.onSuggestConversationActions
12-10 17:59:39.840 1383 7203 D ShortcutService: Getting shortcuts for launcher= androiduser=0 pkg=org.telegram.messenger
12-10 17:59:39.842 1383 7203 D ShortcutService: rescanPackageIfNeeded 0@org.telegram.messenger, forceRescan=false , isNewApp=false
12-10 17:59:39.845 14541 14541 I AiAiTextClassifier: (REDACTED) onDestroyTextClassificationSession = %s
12-10 17:59:39.854 14541 14644 D androidtc: Initializing SystemTextClassifier, type = System
12-10 17:59:39.857 14541 14541 I AiAiTextClassifier: (REDACTED) onCreateTextClassificationSession = %s
12-10 17:59:39.859 14541 14541 I AiAiTextClassifier: AiaiTextClassifierService.onSuggestConversationActions
12-10 17:59:39.861 14541 14611 I AiAiEcho: SmartspaceNotificationPredictor no parser can handle this notification or notification is invalid
12-10 17:59:39.866 14541 14541 I AiAiTextClassifier: (REDACTED) onDestroyTextClassificationSession = %s
12-10 17:59:39.876 2168 2913 D HbmSvManager: Ambient sensor : TMD3719 Ambient Light update Lux : 50.9108
12-10 17:59:39.876 14541 14644 D androidtc: Initializing SystemTextClassifier, type = System
12-10 17:59:39.880 14541 14541 I AiAiTextClassifier: (REDACTED) onCreateTextClassificationSession = %s
12-10 17:59:39.882 14541 14541 I AiAiTextClassifier: AiaiTextClassifierService.onSuggestConversationActions
12-10 17:59:39.898 14541 14611 I AiAiEcho: SmartspaceNotificationPredictor no parser can handle this notification or notification is invalid
12-10 17:59:39.909 14541 14591 W LocaleConfig: The resource file pointed to by the given resource ID isn't found.
12-10 17:59:39.914 14541 14591 W LocaleConfig: The resource file pointed to by the given resource ID isn't found.
12-10 17:59:39.918 14541 14591 W LocaleConfig: The resource file pointed to by the given resource ID isn't found.
12-10 17:59:39.922 14541 14541 I AiAiTextClassifier: (REDACTED) onDestroyTextClassificationSession = %s
12-10 17:59:39.927 14541 14644 D androidtc: Initializing SystemTextClassifier, type = System
12-10 17:59:39.930 14541 14541 I AiAiTextClassifier: (REDACTED) onCreateTextClassificationSession = %s
12-10 17:59:39.931 14541 14541 I AiAiTextClassifier: AiaiTextClassifierService.onSuggestConversationActions
12-10 17:59:39.944 14541 14541 I AiAiTextClassifier: (REDACTED) onDestroyTextClassificationSession = %s
12-10 17:59:39.944 1383 1990 D ShortcutService: Saving package item org.telegram.messenger to /data/system_ce/0/shortcut_service/packages/org.telegram.messenger.xml
12-10 17:59:39.945 1383 1670 D ShortcutService: Getting shortcuts for launcher= com.google.android.asuser=0 pkg=org.telegram.messenger
12-10 17:59:39.951 1383 1670 D ShortcutService: Getting shortcuts for launcher= com.google.android.apps.nexuslauncheruser=0 pkg=org.telegram.messenger
12-10 17:59:39.951 1383 1670 D ShortcutService: Getting shortcuts for launcher= com.android.systemuiuser=0 pkg=org.telegram.messenger
12-10 17:59:39.962 2168 2913 D HbmSvManager: Ambient sensor : TMD3719 Ambient Light update Lux : 49.232803
12-10 17:59:39.972 14541 14611 I AiAiEcho: SmartspaceNotificationPredictor no parser can handle this notification or notification is invalid
12-10 17:59:39.982 14541 14611 I AiAiEcho: SmartspaceNotificationPredictor no parser can handle this notification or notification is invalid
12-10 17:59:39.983 14541 14591 I AiAiTextClassifier: GenerateLinks did not find valid links, returning empty result
12-10 17:59:40.007 18720 18720 W Thread-5: type=1400 audit(0.0:83448): avc: denied { bind } for scontext=u:r:untrusted_app:s0:c101,c257,c512,c768 tcontext=u:r:untrusted_app:s0:c101,c257,c512,c768 tclass=netlink_route_socket permissive=0 bug=b/155595000 app=im.status.ethereum
12-10 17:59:40.020 14541 14591 I AiAiTextClassifier: GenerateLinks did not find valid links, returning empty result
12-10 17:59:40.039 2168 2913 D HbmSvManager: Ambient sensor : TMD3719 Ambient Light update Lux : 47.74525
12-10 17:59:40.050 14541 14611 I AiAiEcho: SmartspaceNotificationPredictor no parser can handle this notification or notification is invalid
12-10 17:59:40.052 2025 2067 D PeopleSpaceWidgetMgr: No app widget ids returned
12-10 17:59:40.059 14541 14591 I AiAiTextClassifier: GenerateLinks did not find valid links, returning empty result
12-10 17:59:40.062 14541 14644 D androidtc: Initializing SystemTextClassifier, type = System
12-10 17:59:40.065 14541 14541 I AiAiTextClassifier: (REDACTED) onCreateTextClassificationSession = %s
12-10 17:59:40.070 14541 14541 I AiAiTextClassifier: AiaiTextClassifierService.onSuggestConversationActions
12-10 17:59:40.075 14541 14611 I AiAiEcho: SmartspaceNotificationPredictor no parser can handle this notification or notification is invalid
12-10 17:59:40.093 14541 14541 I AiAiTextClassifier: (REDACTED) onDestroyTextClassificationSession = %s
12-10 17:59:40.094 1383 3442 E NotificationService: Package enqueue rate is 6.6561313. Shedding 0|org.telegram.messenger|-1739974105|null|10284. package=org.telegram.messenger
12-10 17:59:40.098 14541 14611 I AiAiEcho: SmartspaceNotificationPredictor no parser can handle this notification or notification is invalid
12-10 17:59:40.103 1383 7203 D ShortcutService: rescanPackageIfNeeded 0@org.telegram.messenger, forceRescan=false , isNewApp=false
12-10 17:59:40.113 1383 7203 D ShortcutService: rescanPackageIfNeeded 0@org.telegram.messenger, forceRescan=false , isNewApp=false
12-10 17:59:40.114 15685 15730 W Notification: Bubbles work best with icons of TYPE_URI or TYPE_URI_ADAPTIVE_BITMAP. In the future, using an icon of this type will be required.
12-10 17:59:40.125 1383 7203 D ShortcutService: Getting shortcuts for launcher= androiduser=0 pkg=org.telegram.messenger
12-10 17:59:40.126 2168 2913 D HbmSvManager: Ambient sensor : TMD3719 Ambient Light update Lux : 46.287304
12-10 17:59:40.126 1383 7203 D ShortcutService: rescanPackageIfNeeded 0@org.telegram.messenger, forceRescan=false , isNewApp=false
12-10 17:59:40.158 15685 15685 W JobServiceEngine: onNetworkChanged() not implemented. Must override in a subclass.
12-10 17:59:40.161 2461 2609 D IwlanNetworkService: onCapabilitiesChanged: 101
12-10 17:59:40.162 2461 2568 D IwlanDataService: onCapabilitiesChanged: 101 [ Transports: WIFI Capabilities: NOT_METERED&INTERNET&NOT_RESTRICTED&TRUSTED&NOT_VPN&VALIDATED&NOT_ROAMING&FOREGROUND&NOT_CONGESTED&NOT_SUSPENDED&NOT_VCN_MANAGED&NOT_BANDWIDTH_CONSTRAINED LinkUpBandwidth>=31181Kbps LinkDnBandwidth>=41598Kbps TransportInfo: , Provider friendly name: , Requesting package name: "DarkSide"wpa2-pskMLO Information: , Is TID-To-Link negotiation supported by the AP: false, AP MLD Address: , AP MLO Link Id: , AP MLO Affiliated links: , Vendor Data: > SignalStrength: -64 OwnerUid: 1000 AdminUids: [1000] SSID: "DarkSide" UnderlyingNetworks: Null]
12-10 17:59:40.162 2461 2568 D IwlanDataService: Network 101 connected using transport WIFI
12-10 17:59:40.162 2526 2628 D IwlanNetworkStatusTracker: onCapabilitiesChanged: 101
12-10 17:59:40.162 2526 2628 D IwlanNetworkStatusTracker: OnCapability : Wifi Available already true and validation status unchanged
12-10 17:59:40.164 2945 3012 D DeviceStateHelper: Wifi freq: 5240
12-10 17:59:40.166 3279 3952 I BugleRcsEngine: handleMessage processing message:[NOTIFY_UPTIME_IGNORE_STATE_CHANGED] with [non-null]:RcsEngineImpl reference [CONTEXT log_prefix="RcsEngineImpl[DUAL_REG]:[6169b3b5-03f0]>Handler" thread_id=64 ]
12-10 17:59:40.166 2300 2586 E PhoneInterfaceManager: getCarrierPrivilegeStatusForUid: Invalid subId
12-10 17:59:40.166 14541 14611 I AiAiEcho: SmartspaceNotificationPredictor no parser can handle this notification or notification is invalid
12-10 17:59:40.167 3279 3835 I BugleRcsEngine: Connected state: [1], networkType: [WIFI] [CONTEXT thread_id=58 ]
12-10 17:59:40.173 19186 19277 D WM-NetworkStateTracker: Network capabilities changed: [ Transports: WIFI Capabilities: NOT_METERED&INTERNET&NOT_RESTRICTED&TRUSTED&NOT_VPN&VALIDATED&NOT_ROAMING&FOREGROUND&NOT_CONGESTED&NOT_SUSPENDED&NOT_VCN_MANAGED&NOT_BANDWIDTH_CONSTRAINED LinkUpBandwidth>=31181Kbps LinkDnBandwidth>=41598Kbps TransportInfo: , BSSID: 02:00:00:00:00:00, MAC: 02:00:00:00:00:00, IP: /192.168.0.86, Security type: 2, Supplicant state: COMPLETED, Wi-Fi standard: 11ax, RSSI: -64, Link speed: 576Mbps, Tx Link speed: 576Mbps, Max Supported Tx Link speed: 1200Mbps, Rx Link speed: 576Mbps, Max Supported Rx Link speed: 1200Mbps, Frequency: 5240MHz, Net ID: -1, Metered hint: false, score: 60, isUsable: true, CarrierMerged: false, SubscriptionId: -1, IsPrimary: -1, Trusted: true, Restricted: false, Ephemeral: false, OEM paid: false, OEM private: false, OSU AP: false, FQDN: , Provider friendly name: , Requesting package name: MLO Information: , Is TID-To-Link negotiation supported by the AP: false, AP MLD Address: , AP MLO Link Id: , AP MLO Affiliated links: , Vendor Data: > SignalStrength: -64 UnderlyingNetworks: Null]
12-10 17:59:40.175 1383 1937 D ConnectivityService: NetReassign [no changes] [c 0] [a 0] [i 3]
12-10 17:59:40.176 14541 14644 D androidtc: Initializing SystemTextClassifier, type = System
12-10 17:59:40.179 14541 14541 I AiAiTextClassifier: (REDACTED) onCreateTextClassificationSession = %s
12-10 17:59:40.181 14541 14541 I AiAiTextClassifier: AiaiTextClassifierService.onSuggestConversationActions
12-10 17:59:40.181 16312 16312 I Wildlife_WildlifeVpnReceiver: ACTION_WIFI_STATE_CHANGED
12-10 17:59:40.182 3279 3952 I BugleRcsEngine: No RCS Configuration was found in Bugle for simID: redacted-pii:sim_id[chars:0,last3:] [CONTEXT log_prefix="ProvisioningEngineDataRetriever" thread_id=64 ]
12-10 17:59:40.186 29182 29192 I ChimeraSrvcProxy: NullBinder for android.net.action.RECOMMEND_NETWORKS triggering remote TransactionTooLargeException due to Service without Chimera impl
12-10 17:59:40.186 29182 29192 W .gms.persistent: Large reply transaction of 1056768 bytes, interface descriptor , code 1
12-10 17:59:40.187 16312 16312 I Wildlife_WildlifeVpnManagerImpl: toggleVpnByFeaturePreferences, -1, 1, -1, 1
12-10 17:59:40.187 16312 16312 I Wildlife_WildlifeVpnManagerImpl: handleFirstTimePromptNotification() Same network. Ignored.
12-10 17:59:40.187 16312 16312 I Wildlife_WildlifeVpnManagerImpl: restoreSettingsFromBackupIfNecessary() false, false, false
12-10 17:59:40.191 14541 14591 W LocaleConfig: The resource file pointed to by the given resource ID isn't found.
12-10 17:59:40.194 14541 14591 W LocaleConfig: The resource file pointed to by the given resource ID isn't found.
12-10 17:59:40.197 14541 14591 W LocaleConfig: The resource file pointed to by the given resource ID isn't found.
12-10 17:59:40.199 14541 14541 I AiAiTextClassifier: (REDACTED) onDestroyTextClassificationSession = %s
12-10 17:59:40.207 1383 7203 W ParceledListSlice: Element #4 is 18308 bytes.
12-10 17:59:40.207 1383 7203 W ParceledListSlice: Element #6 is 22572 bytes.
12-10 17:59:40.207 1383 7203 W ParceledListSlice: Element #7 is 28644 bytes.
12-10 17:59:40.211 2168 2913 D HbmSvManager: Ambient sensor : TMD3719 Ambient Light update Lux : 45.091362
12-10 17:59:40.227 1383 1990 D ShortcutService: Saving package item org.telegram.messenger to /data/system_ce/0/shortcut_service/packages/org.telegram.messenger.xml
12-10 17:59:40.227 1383 1670 D ShortcutService: Getting shortcuts for launcher= com.google.android.asuser=0 pkg=org.telegram.messenger
12-10 17:59:40.234 14541 14591 I AiAiTextClassifier: GenerateLinks did not find valid links, returning empty result
12-10 17:59:40.237 1383 1670 D ShortcutService: Getting shortcuts for launcher= com.google.android.apps.nexuslauncheruser=0 pkg=org.telegram.messenger
12-10 17:59:40.238 1383 1670 D ShortcutService: Getting shortcuts for launcher= com.android.systemuiuser=0 pkg=org.telegram.messenger
12-10 17:59:40.249 14541 14591 I AiAiTextClassifier: GenerateLinks did not find valid links, returning empty result
12-10 17:59:40.250 14541 14644 D androidtc: Initializing SystemTextClassifier, type = System
12-10 17:59:40.250 14541 14541 I AiAiTextClassifier: (REDACTED) onDestroyTextClassificationSession = %s
12-10 17:59:40.252 14541 14541 I AiAiTextClassifier: (REDACTED) onCreateTextClassificationSession = %s
12-10 17:59:40.254 14541 14541 I AiAiTextClassifier: AiaiTextClassifierService.onSuggestConversationActions
12-10 17:59:40.261 14541 14611 I AiAiEcho: SmartspaceNotificationPredictor no parser can handle this notification or notification is invalid
12-10 17:59:40.263 14541 14591 W LocaleConfig: The resource file pointed to by the given resource ID isn't found.
12-10 17:59:40.283 14541 14611 I AiAiEcho: SmartspaceNotificationPredictor no parser can handle this notification or notification is invalid
12-10 17:59:40.376 2168 2913 D HbmSvManager: Ambient sensor : TMD3719 Ambient Light update Lux : 43.211266
12-10 17:59:40.463 2168 2913 D HbmSvManager: Ambient sensor : TMD3719 Ambient Light update Lux : 42.745296
12-10 17:59:40.547 18720 18720 W Thread-17: type=1400 audit(0.0:83449): avc: denied { bind } for scontext=u:r:untrusted_app:s0:c101,c257,c512,c768 tcontext=u:r:untrusted_app:s0:c101,c257,c512,c768 tclass=netlink_route_socket permissive=0 bug=b/155595000 app=im.status.ethereum
12-10 17:59:40.626 2168 2913 D HbmSvManager: Ambient sensor : TMD3719 Ambient Light update Lux : 42.338436
12-10 17:59:41.593 29146 29146 D BoundBrokerSvc: onUnbind: Intent { act=com.google.firebase.dynamiclinks.service.START pkg=com.google.android.gms }
12-10 17:59:42.038 15685 15688 I egram.messenger: Method exceeds compiler instruction limit: 17656 in void org.telegram.ui.ChatActivity.didReceivedNotification(int, int, java.lang.Object[])
12-10 17:59:42.453 1779 1785 I pixel-thermal: VIRTUAL-SKIN-CHARGE-WLC:29.7563 raw data: VIRTUAL-SKIN-CHARGE-WLC:29756.3 disp_therm:28122 skin_therm2:31305 usb_pwr_therm2:28166
12-10 17:59:42.463 1779 1785 I pixel-thermal: VIRTUAL-SKIN-CPU:28.0919 raw data: VIRTUAL-NEU-QUT-SKIN1-SKIN2-USB-USB2-GNSS-1:28091.8 VIRTUAL-NEU-QUT-SKIN1-SKIN2-USB-USB2-GNSS-4:27684.2 VIRTUAL-QUT-SKIN2-USB-GNSS-3:28084.4 VIRTUAL-QUT-SKIN2-USB-USB2-2:27676.9 VIRTUAL-SKIN:28091.8 VIRTUAL-SKIN-CPU:28091.8 gnss_tcxo_therm:30637 neutral_therm:30548 quiet_therm:28455 skin_therm1:29613 skin_therm2:31305 usb_pwr_therm:28144 usb_pwr_therm2:28166
12-10 17:59:42.463 1779 1785 I pixel-thermal: skin_therm1:29.613 raw data: skin_therm1:29613
12-10 17:59:42.463 1779 1785 I pixel-thermal: VIRTUAL-SKIN:28.0919 raw data: VIRTUAL-SKIN:28091.8
12-10 17:59:42.464 1779 1785 I pixel-thermal: VIRTUAL-SKIN-HINT:28.0919 raw data: VIRTUAL-SKIN:28091.8 VIRTUAL-SKIN-HINT:28091.8
12-10 17:59:42.464 1779 1785 I pixel-thermal: VIRTUAL-SKIN-CHARGE:28.0919 raw data: VIRTUAL-SKIN:28091.8 VIRTUAL-SKIN-CHARGE:28091.8
12-10 17:59:42.464 1779 1785 I pixel-thermal: cellular-emergency:28.0919 raw data: VIRTUAL-SKIN:28091.8 cellular-emergency:28091.8
12-10 17:59:42.464 1779 1785 I pixel-thermal: VIRTUAL-SKIN-CPU-GPU:28.0919 raw data: VIRTUAL-SKIN:28091.8 VIRTUAL-SKIN-CPU-GPU:28091.8
12-10 17:59:42.563 18720 18720 W Thread-15: type=1400 audit(0.0:83450): avc: denied { bind } for scontext=u:r:untrusted_app:s0:c101,c257,c512,c768 tcontext=u:r:untrusted_app:s0:c101,c257,c512,c768 tclass=netlink_route_socket permissive=0 bug=b/155595000 app=im.status.ethereum
12-10 17:59:42.956 1383 3424 D ShortcutService: Getting shortcuts for launcher= com.google.android.asuser=0 pkg=org.telegram.messenger
12-10 17:59:42.963 1383 3424 D ShortcutService: Getting shortcuts for launcher= com.google.android.asuser=0 pkg=org.telegram.messenger
12-10 17:59:43.255 2461 2568 D IwlanDataService: onCapabilitiesChanged: 101 [ Transports: WIFI Capabilities: NOT_METERED&INTERNET&NOT_RESTRICTED&TRUSTED&NOT_VPN&VALIDATED&NOT_ROAMING&FOREGROUND&NOT_CONGESTED&NOT_SUSPENDED&NOT_VCN_MANAGED&NOT_BANDWIDTH_CONSTRAINED LinkUpBandwidth>=31181Kbps LinkDnBandwidth>=41598Kbps TransportInfo: , Provider friendly name: , Requesting package name: "DarkSide"wpa2-pskMLO Information: , Is TID-To-Link negotiation supported by the AP: false, AP MLD Address: , AP MLO Link Id: , AP MLO Affiliated links: , Vendor Data: > SignalStrength: -65 OwnerUid: 1000 AdminUids: [1000] SSID: "DarkSide" UnderlyingNetworks: Null]
12-10 17:59:43.255 2461 2568 D IwlanDataService: Network 101 connected using transport WIFI
12-10 17:59:43.255 2461 2609 D IwlanNetworkService: onCapabilitiesChanged: 101
12-10 17:59:43.258 2526 2628 D IwlanNetworkStatusTracker: onCapabilitiesChanged: 101
12-10 17:59:43.258 2526 2628 D IwlanNetworkStatusTracker: OnCapability : Wifi Available already true and validation status unchanged
12-10 17:59:43.260 2945 3012 D DeviceStateHelper: Wifi freq: 5240
12-10 17:59:43.262 29182 29192 I ChimeraSrvcProxy: NullBinder for android.net.action.RECOMMEND_NETWORKS triggering remote TransactionTooLargeException due to Service without Chimera impl
12-10 17:59:43.262 29182 29192 W .gms.persistent: Large reply transaction of 1056768 bytes, interface descriptor , code 1
12-10 17:59:43.263 3279 3835 I BugleRcsEngine: Connected state: [1], networkType: [WIFI] [CONTEXT thread_id=58 ]
12-10 17:59:43.268 3279 3952 I BugleRcsEngine: handleMessage processing message:[NOTIFY_UPTIME_IGNORE_STATE_CHANGED] with [non-null]:RcsEngineImpl reference [CONTEXT log_prefix="RcsEngineImpl[DUAL_REG]:[6169b3b5-03f0]>Handler" thread_id=64 ]
12-10 17:59:43.270 19186 19277 D WM-NetworkStateTracker: Network capabilities changed: [ Transports: WIFI Capabilities: NOT_METERED&INTERNET&NOT_RESTRICTED&TRUSTED&NOT_VPN&VALIDATED&NOT_ROAMING&FOREGROUND&NOT_CONGESTED&NOT_SUSPENDED&NOT_VCN_MANAGED&NOT_BANDWIDTH_CONSTRAINED LinkUpBandwidth>=31181Kbps LinkDnBandwidth>=41598Kbps TransportInfo: , BSSID: 02:00:00:00:00:00, MAC: 02:00:00:00:00:00, IP: /192.168.0.86, Security type: 2, Supplicant state: COMPLETED, Wi-Fi standard: 11ax, RSSI: -65, Link speed: 432Mbps, Tx Link speed: 432Mbps, Max Supported Tx Link speed: 1200Mbps, Rx Link speed: 626Mbps, Max Supported Rx Link speed: 1200Mbps, Frequency: 5240MHz, Net ID: -1, Metered hint: false, score: 60, isUsable: true, CarrierMerged: false, SubscriptionId: -1, IsPrimary: -1, Trusted: true, Restricted: false, Ephemeral: false, OEM paid: false, OEM private: false, OSU AP: false, FQDN: , Provider friendly name: , Requesting package name: MLO Information: , Is TID-To-Link negotiation supported by the AP: false, AP MLD Address: , AP MLO Link Id: , AP MLO Affiliated links: , Vendor Data: > SignalStrength: -65 UnderlyingNetworks: Null]
12-10 17:59:43.270 2300 2586 E PhoneInterfaceManager: getCarrierPrivilegeStatusForUid: Invalid subId
12-10 17:59:43.280 3279 3952 I BugleRcsEngine: No RCS Configuration was found in Bugle for simID: redacted-pii:sim_id[chars:0,last3:] [CONTEXT log_prefix="ProvisioningEngineDataRetriever" thread_id=64 ]
12-10 17:59:43.280 16312 16312 I Wildlife_WildlifeVpnReceiver: ACTION_WIFI_STATE_CHANGED
12-10 17:59:43.282 1383 1937 D ConnectivityService: NetReassign [no changes] [c 2] [a 0] [i 8]
12-10 17:59:43.294 16312 16312 I Wildlife_WildlifeVpnManagerImpl: toggleVpnByFeaturePreferences, -1, 1, -1, 1
12-10 17:59:43.294 16312 16312 I Wildlife_WildlifeVpnManagerImpl: handleFirstTimePromptNotification() Same network. Ignored.
12-10 17:59:43.295 16312 16312 I Wildlife_WildlifeVpnManagerImpl: restoreSettingsFromBackupIfNecessary() false, false, false
12-10 17:59:43.389 15685 15688 I egram.messenger: Method exceeds compiler instruction limit: 17656 in void org.telegram.ui.ChatActivity.didReceivedNotification(int, int, java.lang.Object[])
12-10 17:59:43.715 2168 2913 D HbmSvManager: Ambient sensor : TMD3719 Ambient Light update Lux : 49.686577
12-10 17:59:43.791 2168 2913 D HbmSvManager: Ambient sensor : TMD3719 Ambient Light update Lux : 49.70763
12-10 17:59:43.855 18720 18720 W Thread-15: type=1400 audit(0.0:83451): avc: denied { bind } for scontext=u:r:untrusted_app:s0:c101,c257,c512,c768 tcontext=u:r:untrusted_app:s0:c101,c257,c512,c768 tclass=netlink_route_socket permissive=0 bug=b/155595000 app=im.status.ethereum
12-10 17:59:43.859 18720 18720 W Thread-15: type=1400 audit(0.0:83452): avc: denied { bind } for scontext=u:r:untrusted_app:s0:c101,c257,c512,c768 tcontext=u:r:untrusted_app:s0:c101,c257,c512,c768 tclass=netlink_route_socket permissive=0 bug=b/155595000 app=im.status.ethereum
12-10 17:59:43.859 18720 18720 W Thread-15: type=1400 audit(0.0:83453): avc: denied { bind } for scontext=u:r:untrusted_app:s0:c101,c257,c512,c768 tcontext=u:r:untrusted_app:s0:c101,c257,c512,c768 tclass=netlink_route_socket permissive=0 bug=b/155595000 app=im.status.ethereum
12-10 17:59:43.879 18720 18720 W Thread-15: type=1400 audit(0.0:83454): avc: denied { bind } for scontext=u:r:untrusted_app:s0:c101,c257,c512,c768 tcontext=u:r:untrusted_app:s0:c101,c257,c512,c768 tclass=netlink_route_socket permissive=0 bug=b/155595000 app=im.status.ethereum
12-10 17:59:43.899 18720 18816 D ReactNativeJS: 2024-12-10T15:59:43.881Z DEBUG [status-im.common.signals.events:33] - Signal received {:type "wakuv2.peerstats"}
12-10 17:59:43.907 18720 18816 D ReactNativeJS: 2024-12-10T15:59:43.900Z DEBUG [status-im.common.signals.events:107] - Event wakuv2.peerstats not handled
12-10 17:59:44.967 18720 18720 W Thread-12: type=1400 audit(0.0:83455): avc: denied { bind } for scontext=u:r:untrusted_app:s0:c101,c257,c512,c768 tcontext=u:r:untrusted_app:s0:c101,c257,c512,c768 tclass=netlink_route_socket permissive=0 bug=b/155595000 app=im.status.ethereum
12-10 17:59:45.007 18720 18720 W Thread-15: type=1400 audit(0.0:83456): avc: denied { bind } for scontext=u:r:untrusted_app:s0:c101,c257,c512,c768 tcontext=u:r:untrusted_app:s0:c101,c257,c512,c768 tclass=netlink_route_socket permissive=0 bug=b/155595000 app=im.status.ethereum
12-10 17:59:45.821 2139 2293 D ImpulseConnection: timeout didn't happen: com.google.android.apps.turbo
12-10 17:59:45.825 2139 2294 D TemperatureStateSource: sequence=6005 actualDelay=10000
12-10 17:59:45.826 2139 2294 D TemperatureStateSource: Reading temperature: sequence=6006
12-10 17:59:45.837 1779 1779 I pixel-thermal: VIRTUAL-SKIN:27.9939 raw data: VIRTUAL-NEU-QUT-SKIN1-SKIN2-USB-USB2-GNSS-1:27993.9 VIRTUAL-NEU-QUT-SKIN1-SKIN2-USB-USB2-GNSS-4:27604.1 VIRTUAL-QUT-SKIN2-USB-GNSS-3:27978.2 VIRTUAL-QUT-SKIN2-USB-USB2-2:27668.2 VIRTUAL-SKIN:27993.9 gnss_tcxo_therm:30481 neutral_therm:30169 quiet_therm:28366 skin_therm1:29524 skin_therm2:31149 usb_pwr_therm:28166 usb_pwr_therm2:28211
12-10 17:59:45.837 2139 2294 D TemperatureStateSource: getDeviceTemperatures: sequence=6006 deviceTemperatureType=3 temperatureSource=0 temperatures=[27.993902]
12-10 17:59:45.838 2139 2294 D TemperatureStateSource: sequence=6006 waitTime=10000
12-10 17:59:45.838 2139 2245 D BusinessScope: Start running the #12096 block
12-10 17:59:45.841 1779 1779 I pixel-thermal: VIRTUAL-SKIN:27.9939 raw data: VIRTUAL-SKIN:27993.9
12-10 17:59:45.842 2139 2245 I TemperatureStateSource: temperature was set
12-10 17:59:45.843 2139 2245 D ImpulseStateSource: Notify clients: 6046
12-10 17:59:45.843 2139 2245 D BusinessScope: Finish running the #12096 block
12-10 17:59:45.844 2139 2245 D BusinessScope: Start running the #12097 block
12-10 17:59:45.847 2139 2294 D BusinessScope: Finish running the #12097 block
12-10 17:59:46.351 2461 2568 D IwlanDataService: onCapabilitiesChanged: 101 [ Transports: WIFI Capabilities: NOT_METERED&INTERNET&NOT_RESTRICTED&TRUSTED&NOT_VPN&VALIDATED&NOT_ROAMING&FOREGROUND&NOT_CONGESTED&NOT_SUSPENDED&NOT_VCN_MANAGED&NOT_BANDWIDTH_CONSTRAINED LinkUpBandwidth>=31181Kbps LinkDnBandwidth>=41598Kbps TransportInfo: , Provider friendly name: , Requesting package name: "DarkSide"wpa2-pskMLO Information: , Is TID-To-Link negotiation supported by the AP: false, AP MLD Address: , AP MLO Link Id: , AP MLO Affiliated links: , Vendor Data: > SignalStrength: -64 OwnerUid: 1000 AdminUids: [1000] SSID: "DarkSide" UnderlyingNetworks: Null]
12-10 17:59:46.351 2461 2568 D IwlanDataService: Network 101 connected using transport WIFI
12-10 17:59:46.351 2461 2609 D IwlanNetworkService: onCapabilitiesChanged: 101
12-10 17:59:46.354 2526 2628 D IwlanNetworkStatusTracker: onCapabilitiesChanged: 101
12-10 17:59:46.354 2526 2628 D IwlanNetworkStatusTracker: OnCapability : Wifi Available already true and validation status unchanged
12-10 17:59:46.356 2945 3012 D DeviceStateHelper: Wifi freq: 5240
12-10 17:59:46.356 29182 29192 I ChimeraSrvcProxy: NullBinder for android.net.action.RECOMMEND_NETWORKS triggering remote TransactionTooLargeException due to Service without Chimera impl
12-10 17:59:46.356 29182 29192 W .gms.persistent: Large reply transaction of 1056768 bytes, interface descriptor , code 1
12-10 17:59:46.359 3279 3835 I BugleRcsEngine: Connected state: [1], networkType: [WIFI] [CONTEXT thread_id=58 ]
12-10 17:59:46.359 3279 3952 I BugleRcsEngine: handleMessage processing message:[NOTIFY_UPTIME_IGNORE_STATE_CHANGED] with [non-null]:RcsEngineImpl reference [CONTEXT log_prefix="RcsEngineImpl[DUAL_REG]:[6169b3b5-03f0]>Handler" thread_id=64 ]
12-10 17:59:46.360 2300 2586 E PhoneInterfaceManager: getCarrierPrivilegeStatusForUid: Invalid subId
