12-10 17:59:46.361 19186 19277 D WM-NetworkStateTracker: Network capabilities changed: [ Transports: WIFI Capabilities: NOT_METERED&INTERNET&NOT_RESTRICTED&TRUSTED&NOT_VPN&VALIDATED&NOT_ROAMING&FOREGROUND&NOT_CONGESTED&NOT_SUSPENDED&NOT_VCN_MANAGED&NOT_BANDWIDTH_CONSTRAINED LinkUpBandwidth>=31181Kbps LinkDnBandwidth>=41598Kbps TransportInfo: , BSSID: 02:00:00:00:00:00, MAC: 02:00:00:00:00:00, IP: /192.168.0.86, Security type: 2, Supplicant state: COMPLETED, Wi-Fi standard: 11ax, RSSI: -64, Link speed: 432Mbps, Tx Link speed: 432Mbps, Max Supported Tx Link speed: 1200Mbps, Rx Link speed: 576Mbps, Max Supported Rx Link speed: 1200Mbps, Frequency: 5240MHz, Net ID: -1, Metered hint: false, score: 60, isUsable: true, CarrierMerged: false, SubscriptionId: -1, IsPrimary: -1, Trusted: true, Restricted: false, Ephemeral: false, OEM paid: false, OEM private: false, OSU AP: false, FQDN: , Provider friendly name: , Requesting package name: MLO Information: , Is TID-To-Link negotiation supported by the AP: false, AP MLD Address: , AP MLO Link Id: , AP MLO Affiliated links: , Vendor Data: > SignalStrength: -64 UnderlyingNetworks: Null]
12-10 17:59:46.362 16312 16312 I Wildlife_WildlifeVpnReceiver: ACTION_WIFI_STATE_CHANGED
12-10 17:59:46.367 3279 3952 I BugleRcsEngine: No RCS Configuration was found in Bugle for simID: redacted-pii:sim_id[chars:0,last3:] [CONTEXT log_prefix="ProvisioningEngineDataRetriever" thread_id=64 ]
12-10 17:59:46.371 1383 1937 D ConnectivityService: NetReassign [no changes] [c 0] [a 1] [i 5]
12-10 17:59:46.375 16312 16312 I Wildlife_WildlifeVpnManagerImpl: toggleVpnByFeaturePreferences, -1, 1, -1, 1
12-10 17:59:46.375 16312 16312 I Wildlife_WildlifeVpnManagerImpl: handleFirstTimePromptNotification() Same network. Ignored.
12-10 17:59:46.375 16312 16312 I Wildlife_WildlifeVpnManagerImpl: restoreSettingsFromBackupIfNecessary() false, false, false
12-10 17:59:46.637 29182 29197 I ActiveUnlock: (REDACTED) StorageMediator database state changed from %s to %s
12-10 17:59:46.639 29182 29197 I ActiveUnlock: (REDACTED) StorageMediator database state changed from %s to %s
12-10 17:59:47.201 2168 2913 D HbmSvManager: Ambient sensor : TMD3719 Ambient Light update Lux : 51.824154
12-10 17:59:47.964 15685 15688 I egram.messenger: Method exceeds compiler instruction limit: 17656 in void org.telegram.ui.ChatActivity.didReceivedNotification(int, int, java.lang.Object[])
12-10 17:59:48.213 883 946 I CHRE : @ 112437.636: [ip] Peak detected: magnitude = 1.041272 hpa, duration = 601.000010 ms
12-10 17:59:48.215 902 1637 I suez-nanoapp-clients: Barometric peak detected: magnitude = 1.041273 hPa (bucket: 19), duration = 601.000000 ms (bucket: 46).
12-10 17:59:48.219 902 1637 I suez-nanoapp-clients: Vendor atom [id = 100047] reported.
12-10 17:59:48.220 902 1637 I suez-nanoapp-clients: Barometric peak detected: magnitude = 0.140520 hPa (bucket: 3), duration = 401.000000 ms (bucket: 33).
12-10 17:59:48.222 902 1637 I suez-nanoapp-clients: Vendor atom [id = 100047] reported.
12-10 17:59:48.223 883 946 I CHRE : @ 112437.637: [ip] Peak detected: magnitude = 0.140519 hpa, duration = 400.999993 ms
12-10 17:59:48.223 902 1637 I suez-nanoapp-clients: Barometric peak detected: magnitude = 0.105358 hPa (bucket: 2), duration = 80.000000 ms (bucket: 7).
12-10 17:59:48.225 902 1637 I suez-nanoapp-clients: Vendor atom [id = 100047] reported.
12-10 17:59:48.226 883 946 I CHRE : @ 112437.638: [ip] Peak detected: magnitude = 0.105357 hpa, duration = 80.000001 ms
12-10 17:59:48.798 883 946 I CHRE : @ 112438.222: [AR] walking: 76.862746
12-10 17:59:48.855 18720 18720 W Thread-5: type=1400 audit(0.0:83457): avc: denied { bind } for scontext=u:r:untrusted_app:s0:c101,c257,c512,c768 tcontext=u:r:untrusted_app:s0:c101,c257,c512,c768 tclass=netlink_route_socket permissive=0 bug=b/155595000 app=im.status.ethereum
12-10 17:59:48.855 18720 18720 W Thread-5: type=1400 audit(0.0:83458): avc: denied { bind } for scontext=u:r:untrusted_app:s0:c101,c257,c512,c768 tcontext=u:r:untrusted_app:s0:c101,c257,c512,c768 tclass=netlink_route_socket permissive=0 bug=b/155595000 app=im.status.ethereum
12-10 17:59:48.859 18720 18720 W Thread-5: type=1400 audit(0.0:83459): avc: denied { bind } for scontext=u:r:untrusted_app:s0:c101,c257,c512,c768 tcontext=u:r:untrusted_app:s0:c101,c257,c512,c768 tclass=netlink_route_socket permissive=0 bug=b/155595000 app=im.status.ethereum
12-10 17:59:48.901 18720 18816 D ReactNativeJS: 2024-12-10T15:59:48.884Z DEBUG [status-im.common.signals.events:33] - Signal received {:type "wakuv2.peerstats"}
12-10 17:59:48.906 18720 18816 D ReactNativeJS: 2024-12-10T15:59:48.901Z DEBUG [status-im.common.signals.events:107] - Event wakuv2.peerstats not handled
12-10 17:59:49.401 2461 2568 D IwlanDataService: onCapabilitiesChanged: 101 [ Transports: WIFI Capabilities: NOT_METERED&INTERNET&NOT_RESTRICTED&TRUSTED&NOT_VPN&VALIDATED&NOT_ROAMING&FOREGROUND&NOT_CONGESTED&NOT_SUSPENDED&NOT_VCN_MANAGED&NOT_BANDWIDTH_CONSTRAINED LinkUpBandwidth>=31181Kbps LinkDnBandwidth>=41598Kbps TransportInfo: , Provider friendly name: , Requesting package name: "DarkSide"wpa2-pskMLO Information: , Is TID-To-Link negotiation supported by the AP: false, AP MLD Address: , AP MLO Link Id: , AP MLO Affiliated links: , Vendor Data: > SignalStrength: -64 OwnerUid: 1000 AdminUids: [1000] SSID: "DarkSide" UnderlyingNetworks: Null]
12-10 17:59:49.401 2461 2568 D IwlanDataService: Network 101 connected using transport WIFI
12-10 17:59:49.405 29182 29192 I ChimeraSrvcProxy: NullBinder for android.net.action.RECOMMEND_NETWORKS triggering remote TransactionTooLargeException due to Service without Chimera impl
12-10 17:59:49.405 29182 29192 W .gms.persistent: Large reply transaction of 1056768 bytes, interface descriptor , code 1
12-10 17:59:49.407 2461 2609 D IwlanNetworkService: onCapabilitiesChanged: 101
12-10 17:59:49.410 2526 2628 D IwlanNetworkStatusTracker: onCapabilitiesChanged: 101
12-10 17:59:49.410 2526 2628 D IwlanNetworkStatusTracker: OnCapability : Wifi Available already true and validation status unchanged
12-10 17:59:49.416 2945 3012 D DeviceStateHelper: Wifi freq: 5240
12-10 17:59:49.420 16312 16312 I Wildlife_WildlifeVpnReceiver: ACTION_WIFI_STATE_CHANGED
12-10 17:59:49.421 3279 3952 I BugleRcsEngine: handleMessage processing message:[NOTIFY_UPTIME_IGNORE_STATE_CHANGED] with [non-null]:RcsEngineImpl reference [CONTEXT log_prefix="RcsEngineImpl[DUAL_REG]:[6169b3b5-03f0]>Handler" thread_id=64 ]
12-10 17:59:49.422 3279 3835 I BugleRcsEngine: Connected state: [1], networkType: [WIFI] [CONTEXT thread_id=58 ]
12-10 17:59:49.425 2300 2586 E PhoneInterfaceManager: getCarrierPrivilegeStatusForUid: Invalid subId
12-10 17:59:49.427 19186 19277 D WM-NetworkStateTracker: Network capabilities changed: [ Transports: WIFI Capabilities: NOT_METERED&INTERNET&NOT_RESTRICTED&TRUSTED&NOT_VPN&VALIDATED&NOT_ROAMING&FOREGROUND&NOT_CONGESTED&NOT_SUSPENDED&NOT_VCN_MANAGED&NOT_BANDWIDTH_CONSTRAINED LinkUpBandwidth>=31181Kbps LinkDnBandwidth>=41598Kbps TransportInfo: , BSSID: 02:00:00:00:00:00, MAC: 02:00:00:00:00:00, IP: /192.168.0.86, Security type: 2, Supplicant state: COMPLETED, Wi-Fi standard: 11ax, RSSI: -64, Link speed: 576Mbps, Tx Link speed: 576Mbps, Max Supported Tx Link speed: 1200Mbps, Rx Link speed: 576Mbps, Max Supported Rx Link speed: 1200Mbps, Frequency: 5240MHz, Net ID: -1, Metered hint: false, score: 60, isUsable: true, CarrierMerged: false, SubscriptionId: -1, IsPrimary: -1, Trusted: true, Restricted: false, Ephemeral: false, OEM paid: false, OEM private: false, OSU AP: false, FQDN: , Provider friendly name: , Requesting package name: MLO Information: , Is TID-To-Link negotiation supported by the AP: false, AP MLD Address: , AP MLO Link Id: , AP MLO Affiliated links: , Vendor Data: > SignalStrength: -64 UnderlyingNetworks: Null]
12-10 17:59:49.429 1383 1937 D ConnectivityService: NetReassign [no changes] [c 0] [a 0] [i 1]
12-10 17:59:49.431 3279 3952 I BugleRcsEngine: No RCS Configuration was found in Bugle for simID: redacted-pii:sim_id[chars:0,last3:] [CONTEXT log_prefix="ProvisioningEngineDataRetriever" thread_id=64 ]
12-10 17:59:49.432 16312 16312 I Wildlife_WildlifeVpnManagerImpl: toggleVpnByFeaturePreferences, -1, 1, -1, 1
12-10 17:59:49.433 16312 16312 I Wildlife_WildlifeVpnManagerImpl: handleFirstTimePromptNotification() Same network. Ignored.
12-10 17:59:49.433 16312 16312 I Wildlife_WildlifeVpnManagerImpl: restoreSettingsFromBackupIfNecessary() false, false, false
12-10 17:59:49.437 15685 15688 I egram.messenger: Method exceeds compiler instruction limit: 17656 in void org.telegram.ui.ChatActivity.didReceivedNotification(int, int, java.lang.Object[])
12-10 17:59:49.472 1779 1785 I pixel-thermal: VIRTUAL-SKIN-CHARGE-WLC:29.688 raw data: VIRTUAL-SKIN-CHARGE-WLC:29688 disp_therm:28122 skin_therm2:31149 usb_pwr_therm2:28211
12-10 17:59:49.493 1779 1785 I pixel-thermal: VIRTUAL-SKIN-CPU:27.9939 raw data: VIRTUAL-NEU-QUT-SKIN1-SKIN2-USB-USB2-GNSS-1:27993.9 VIRTUAL-NEU-QUT-SKIN1-SKIN2-USB-USB2-GNSS-4:27604.1 VIRTUAL-QUT-SKIN2-USB-GNSS-3:27978.2 VIRTUAL-QUT-SKIN2-USB-USB2-2:27668.2 VIRTUAL-SKIN:27993.9 VIRTUAL-SKIN-CPU:27993.9 gnss_tcxo_therm:30481 neutral_therm:30169 quiet_therm:28366 skin_therm1:29524 skin_therm2:31149 usb_pwr_therm:28166 usb_pwr_therm2:28211
12-10 17:59:49.493 1779 1785 I pixel-thermal: skin_therm1:29.524 raw data: skin_therm1:29524
12-10 17:59:49.493 1779 1785 I pixel-thermal: VIRTUAL-SKIN:27.9939 raw data: VIRTUAL-SKIN:27993.9
12-10 17:59:49.493 1779 1785 I pixel-thermal: VIRTUAL-SKIN-HINT:27.9939 raw data: VIRTUAL-SKIN:27993.9 VIRTUAL-SKIN-HINT:27993.9
12-10 17:59:49.493 1779 1785 I pixel-thermal: VIRTUAL-SKIN-CHARGE:27.9939 raw data: VIRTUAL-SKIN:27993.9 VIRTUAL-SKIN-CHARGE:27993.9
12-10 17:59:49.494 1779 1785 I pixel-thermal: cellular-emergency:27.9939 raw data: VIRTUAL-SKIN:27993.9 cellular-emergency:27993.9
12-10 17:59:49.494 1779 1785 I pixel-thermal: VIRTUAL-SKIN-CPU-GPU:27.9939 raw data: VIRTUAL-SKIN:27993.9 VIRTUAL-SKIN-CPU-GPU:27993.9
12-10 17:59:49.583 18720 18720 W Thread-5: type=1400 audit(0.0:83460): avc: denied { bind } for scontext=u:r:untrusted_app:s0:c101,c257,c512,c768 tcontext=u:r:untrusted_app:s0:c101,c257,c512,c768 tclass=netlink_route_socket permissive=0 bug=b/155595000 app=im.status.ethereum
12-10 17:59:49.719 18720 18720 W Thread-15: type=1400 audit(0.0:83461): avc: denied { bind } for scontext=u:r:untrusted_app:s0:c101,c257,c512,c768 tcontext=u:r:untrusted_app:s0:c101,c257,c512,c768 tclass=netlink_route_socket permissive=0 bug=b/155595000 app=im.status.ethereum
12-10 17:59:49.985 1779 1785 I pixel-thermal: BCL_TPU_LOW_TEMP:-266000 raw data: BCL_TPU_LOW_TEMP:-266000 battery:26600 ocp_tpu:0
12-10 17:59:50.006 1779 1785 I pixel-thermal: ocp_tpu:0 raw data: ocp_tpu:0
12-10 17:59:50.007 18720 18720 W Thread-16: type=1400 audit(0.0:83462): avc: denied { bind } for scontext=u:r:untrusted_app:s0:c101,c257,c512,c768 tcontext=u:r:untrusted_app:s0:c101,c257,c512,c768 tclass=netlink_route_socket permissive=0 bug=b/155595000 app=im.status.ethereum
12-10 17:59:50.031 18720 18720 W Thread-8: type=1400 audit(0.0:83463): avc: denied { bind } for scontext=u:r:untrusted_app:s0:c101,c257,c512,c768 tcontext=u:r:untrusted_app:s0:c101,c257,c512,c768 tclass=netlink_route_socket permissive=0 bug=b/155595000 app=im.status.ethereum
12-10 17:59:50.711 2025 2025 D DLObserver: onReceive(); android.intent.action.BATTERY_CHANGED
12-10 17:59:50.712 2025 2025 D DLObserver: plugged=0
12-10 17:59:50.713 2025 2025 D SystemEventDataSource: onReceive: intentAction
12-10 17:59:50.715 2025 2025 D PowerNotificationWarningsGoogleImpl: onReceive: android.intent.action.BATTERY_CHANGED
12-10 17:59:50.715 2025 2025 D IncompatibleChargerNotification: dispatchIntent: android.intent.action.BATTERY_CHANGED
12-10 17:59:50.716 2025 2097 D GoogleBatteryDataSource: fetchDwellDefendStatus: DISCONNECTED
12-10 17:59:50.716 2025 2097 D GoogleBatteryDataSource: fetchTempDefendStatus: t_sum=0, time_sum=0 t_avg=0 lst_v=0 lst_t=0 lst_u=0, dt=49615, t=0 e=1
12-10 17:59:50.716 2025 2097 D SystemEventDataSource: updatedEventData: SystemEventData(intentAction=android.intent.action.BATTERY_CHANGED, plugged=EventData(value=0), batteryScale=EventData(value=100), batteryLevel=EventData(value=83), chargingStatus=EventData(value=1), maxChargingCurrent=EventData(value=0), maxChargingVoltage=EventData(value=0), batteryStatus=EventData(value=3), halEventData=HalEventData(dockDefendStatus=EventData(value=-3), tempDefendEventData=EventData(value=false), dwellDefendEventData=EventData(value=false)), settingsEventData=SettingsEventData(dockDefenderBypass=EventData(value=0), chargingLimitSettings=EventData(value=0)), frameworkApiEventData=FrameworkApiEventData(batterySaverState=EventData(value=false), extremeBatterySaverState=EventData(value=false)))
12-10 17:59:50.716 2025 2097 D SystemEventDataSource: extra doesn't changed, no need to onEventSourceUpdate
12-10 17:59:51.047 903 1969 I android.hardware.usb.aidl-service: port0
12-10 17:59:51.048 903 1969 I android.hardware.usb.aidl-service: 0:port0 connected:0 canChangeMode:1 canChagedata:0 canChangePower:0 usbDataEnabled:1
12-10 17:59:51.049 903 1969 I android.hardware.usb.aidl-service: ContaminantDetectionStatus:2 ContaminantProtectionStatus:0
12-10 17:59:51.049 903 1969 I android.hardware.usb.aidl-service: powerTransferLimited:0
12-10 17:59:51.064 1383 7204 I UsbPortManager: AIDL UsbDataStatus:1
12-10 17:59:51.065 1383 7204 I UsbPortManager: ClientCallback AIDL V1: port0
12-10 17:59:51.078 2025 2025 D DLObserver: onReceive(); android.intent.action.BATTERY_CHANGED
12-10 17:59:51.078 2025 2025 D DLObserver: plugged=0
12-10 17:59:51.078 2025 2025 D SystemEventDataSource: onReceive: intentAction
12-10 17:59:51.082 2025 2025 D PowerNotificationWarningsGoogleImpl: onReceive: android.intent.action.BATTERY_CHANGED
12-10 17:59:51.082 2025 2025 D IncompatibleChargerNotification: dispatchIntent: android.intent.action.BATTERY_CHANGED
12-10 17:59:51.086 2025 2098 D GoogleBatteryDataSource: fetchDwellDefendStatus: DISCONNECTED
12-10 17:59:51.087 2025 2098 D GoogleBatteryDataSource: fetchTempDefendStatus: t_sum=0, time_sum=0 t_avg=0 lst_v=0 lst_t=0 lst_u=0, dt=49615, t=0 e=1
12-10 17:59:51.087 2025 2098 D SystemEventDataSource: updatedEventData: SystemEventData(intentAction=android.intent.action.BATTERY_CHANGED, plugged=EventData(value=0), batteryScale=EventData(value=100), batteryLevel=EventData(value=83), chargingStatus=EventData(value=1), maxChargingCurrent=EventData(value=0), maxChargingVoltage=EventData(value=0), batteryStatus=EventData(value=3), halEventData=HalEventData(dockDefendStatus=EventData(value=-3), tempDefendEventData=EventData(value=false), dwellDefendEventData=EventData(value=false)), settingsEventData=SettingsEventData(dockDefenderBypass=EventData(value=0), chargingLimitSettings=EventData(value=0)), frameworkApiEventData=FrameworkApiEventData(batterySaverState=EventData(value=false), extremeBatterySaverState=EventData(value=false)))
12-10 17:59:51.087 2025 2098 D SystemEventDataSource: extra doesn't changed, no need to onEventSourceUpdate
12-10 17:59:51.112 903 1969 I android.hardware.usb.aidl-service: port0
12-10 17:59:51.112 903 1969 I android.hardware.usb.aidl-service: 0:port0 connected:0 canChangeMode:1 canChagedata:0 canChangePower:0 usbDataEnabled:1
12-10 17:59:51.112 903 1969 I android.hardware.usb.aidl-service: ContaminantDetectionStatus:2 ContaminantProtectionStatus:0
12-10 17:59:51.113 903 1969 I android.hardware.usb.aidl-service: powerTransferLimited:0
12-10 17:59:51.113 1383 7204 I UsbPortManager: AIDL UsbDataStatus:1
12-10 17:59:51.113 1383 7204 I UsbPortManager: ClientCallback AIDL V1: port0
12-10 17:59:51.117 903 928 I android.hardware.usb.aidl-service.UsbDataSessionMonitor: Update USB data role device
12-10 17:59:51.125 903 1969 I android.hardware.usb.aidl-service: port0
12-10 17:59:51.126 903 1969 I android.hardware.usb.aidl-service: 0:port0 connected:0 canChangeMode:1 canChagedata:0 canChangePower:0 usbDataEnabled:1
12-10 17:59:51.126 903 1969 I android.hardware.usb.aidl-service: ContaminantDetectionStatus:2 ContaminantProtectionStatus:0
12-10 17:59:51.126 903 1969 I android.hardware.usb.aidl-service: powerTransferLimited:0
12-10 17:59:51.127 1383 7204 I UsbPortManager: AIDL UsbDataStatus:1
12-10 17:59:51.127 1383 7204 I UsbPortManager: ClientCallback AIDL V1: port0
12-10 17:59:51.138 903 1969 I android.hardware.usb.aidl-service: port0
12-10 17:59:51.138 903 1969 I android.hardware.usb.aidl-service: 0:port0 connected:0 canChangeMode:1 canChagedata:0 canChangePower:0 usbDataEnabled:1
12-10 17:59:51.138 903 1969 I android.hardware.usb.aidl-service: ContaminantDetectionStatus:2 ContaminantProtectionStatus:0
12-10 17:59:51.138 903 1969 I android.hardware.usb.aidl-service: powerTransferLimited:0
12-10 17:59:51.139 1383 7204 I UsbPortManager: AIDL UsbDataStatus:1
12-10 17:59:51.139 1383 7204 I UsbPortManager: ClientCallback AIDL V1: port0
12-10 17:59:51.162 1383 7204 W BatteryExternalStatsWorker: error reading Bluetooth stats: 11
12-10 17:59:51.162 2025 2025 D PowerNotificationWarningsGoogleImpl: onReceive: android.intent.action.ACTION_POWER_CONNECTED
12-10 17:59:51.162 2025 2025 D IncompatibleChargerNotification: dispatchIntent: android.intent.action.ACTION_POWER_CONNECTED
12-10 17:59:51.163 1383 1671 W ProcessStats: Tracking association SourceState{a2b2631 org.telegram.messenger/10284 BTop #79862} whose proc state 2 is better than process ProcessState{e46a0b com.google.android.webview:sandboxed_process0:org.chromium.content.app.SandboxedProcessService0:0/10284 pkg=org.telegram.messenger} proc state 13 (18 skipped)
12-10 17:59:51.165 2025 2025 D DLObserver: onReceive(); android.intent.action.BATTERY_CHANGED
12-10 17:59:51.165 2025 2025 D DLObserver: plugged=2
12-10 17:59:51.165 2025 2025 D SystemEventDataSource: onReceive: intentAction
12-10 17:59:51.169 1383 1642 I EntropyMixer: Updated seed file
12-10 17:59:51.173 2025 2082 D GoogleBatteryDataSource: fetchDwellDefendStatus: DISCONNECTED
12-10 17:59:51.179 1383 7204 E ActivityManager: Sending non-protected broadcast com.android.settings.battery.action.ACTION_BATTERY_PLUGGING from system 2025:com.android.systemui/u0a249 pkg com.android.systemui
12-10 17:59:51.179 1383 7204 E ActivityManager: java.lang.Throwable
12-10 17:59:51.179 1383 7204 E ActivityManager: at com.android.server.am.ActivityManagerService.checkBroadcastFromSystem(ActivityManagerService.java:15248)
12-10 17:59:51.179 1383 7204 E ActivityManager: at com.android.server.am.ActivityManagerService.broadcastIntentLockedTraced(ActivityManagerService.java:16118)
12-10 17:59:51.179 1383 7204 E ActivityManager: at com.android.server.am.ActivityManagerService.broadcastIntentLocked(ActivityManagerService.java:15314)
12-10 17:59:51.179 1383 7204 E ActivityManager: at com.android.server.am.ActivityManagerService.broadcastIntentWithFeature(ActivityManagerService.java:16328)
12-10 17:59:51.179 1383 7204 E ActivityManager: at android.app.IActivityManager$Stub.onTransact(IActivityManager.java:2840)
12-10 17:59:51.179 1383 7204 E ActivityManager: at com.android.server.am.ActivityManagerService.onTransact(ActivityManagerService.java:2812)
12-10 17:59:51.179 1383 7204 E ActivityManager: at android.os.Binder.execTransactInternal(Binder.java:1505)
12-10 17:59:51.179 1383 7204 E ActivityManager: at android.os.Binder.execTransact(Binder.java:1444)
12-10 17:59:51.182 1383 1671 D ActivityManager: sync unfroze 14920 com.google.android.settings.intelligence for 3
12-10 17:59:51.186 1383 1671 D ActivityManager: sync unfroze 7888 com.android.settings for 3
12-10 17:59:51.188 2025 2025 D PowerNotificationWarningsGoogleImpl: onReceive: android.intent.action.BATTERY_CHANGED
12-10 17:59:51.189 2025 2025 D IncompatibleChargerNotification: dispatchIntent: android.intent.action.BATTERY_CHANGED
12-10 17:59:51.191 7888 7888 D BatteryUsageBroadcastReceiver: onReceive:com.android.settings.battery.action.ACTION_BATTERY_PLUGGING
12-10 17:59:51.192 2025 2082 D GoogleBatteryDataSource: fetchTempDefendStatus: t_sum=0, time_sum=0 t_avg=0 lst_v=0 lst_t=0 lst_u=0, dt=0, t=0 e=1
12-10 17:59:51.192 2025 2082 D SystemEventDataSource: updatedEventData: SystemEventData(intentAction=android.intent.action.BATTERY_CHANGED, plugged=EventData(value=2), batteryScale=EventData(value=100), batteryLevel=EventData(value=83), chargingStatus=EventData(value=1), maxChargingCurrent=EventData(value=500000), maxChargingVoltage=EventData(value=5000000), batteryStatus=EventData(value=3), halEventData=HalEventData(dockDefendStatus=EventData(value=-3), tempDefendEventData=EventData(value=false), dwellDefendEventData=EventData(value=false)), settingsEventData=SettingsEventData(dockDefenderBypass=EventData(value=0), chargingLimitSettings=EventData(value=0)), frameworkApiEventData=FrameworkApiEventData(batterySaverState=EventData(value=false), extremeBatterySaverState=EventData(value=false)))
12-10 17:59:51.192 2025 2082 D SystemEventDataSource: notifyModules count: 13
12-10 17:59:51.192 2025 2082 D ChargingLimitEventModule: validate()=false, chargingStatus=1
12-10 17:59:51.192 2025 2082 D DwellDefendBatteryModule: validate: false -> false
12-10 17:59:51.192 2025 2082 D DockDefendBatteryModule: not DockDefend -> plugged: 2
12-10 17:59:51.192 2025 2082 D TempDefendBatteryModule: validate: false -> false
12-10 17:59:51.192 2025 2079 D BatteryEventService: collect BatteryEvents: BatteryEvents(eventTypes=[SLOW_CHARGING], batteryLevel=83, pluggedType=2)
12-10 17:59:51.192 2025 2079 D BatteryEventService: notifyForBatteryEventsUpdate: BatteryEvents(eventTypes=[SLOW_CHARGING], batteryLevel=83, pluggedType=2)
12-10 17:59:51.193 2025 2079 D BatteryEventService: AIDL callback listeners count: 1
12-10 17:59:51.193 2025 2079 D BatteryEventClient: [PowerNotificationWarningsGoogleImpl] onBatteryEventChanged: [], batteryLevel: 83
12-10 17:59:51.193 2025 2079 D PowerNotificationWarningsGoogleImpl: [onBatteryEventUpdate] []
12-10 17:59:51.193 2025 2079 D BatteryDefenderNotification: onNonDefenderEvent: charged: false
12-10 17:59:51.193 2025 2079 D BatteryEventService: notify AIDL callback to null, cost: 0 ms
12-10 17:59:51.193 2025 2079 I BatteryEventService: notify all AIDL callbacks, cost: 0 ms
12-10 17:59:51.193 2025 7765 D PowerUI : can't show warning due to - plugged: true status unknown: false
12-10 17:59:51.193 2025 2079 D BatteryEventService: BatteryEventsListener (broadcast) count: 0
12-10 17:59:51.193 2025 2079 I BatteryEventService: notify all broadcast intent, cost: 0 ms
12-10 17:59:51.198 544 8274 W gralloc4: Unable to set buffer name VRI[Wired Charging Animation]#225(BLAST Consumer)225: File name too long
12-10 17:59:51.201 544 8274 W gralloc4: Unable to set buffer name VRI[Wired Charging Animation]#225(BLAST Consumer)225: File name too long
12-10 17:59:51.203 2025 2025 D PowerNotificationWarningsGoogleImpl: onReceive: android.os.action.POWER_SAVE_MODE_CHANGED
12-10 17:59:51.203 2025 2025 D IncompatibleChargerNotification: dispatchIntent: android.os.action.POWER_SAVE_MODE_CHANGED
12-10 17:59:51.208 3344 3344 D PowerManagerListenOnlyEvaluator: 5G Power Manager In Listen Only Mode: Due To Battery Charging
12-10 17:59:51.209 544 8274 W gralloc4: Unable to set buffer name VRI[Wired Charging Animation]#225(BLAST Consumer)225: File name too long
12-10 17:59:51.211 544 8274 W gralloc4: Unable to set buffer name VRI[Wired Charging Animation]#225(BLAST Consumer)225: File name too long
12-10 17:59:51.214 949 957 D wlcproto: get fan level: 3
12-10 17:59:51.215 2779 2791 E pixelstats-uevent: ChargeStatsReporter: Unable to read /sys/class/power_supply/battery/charge_stats - No data available
12-10 17:59:51.215 2025 21197 I Dreamliner-WLC_HAL: fan level changed: 0 > 3
12-10 17:59:51.215 2025 21197 D DLObserver: notify l=3, isDocked=false
12-10 17:59:51.215 1383 1671 D ActivityManager: sync unfroze 26561 com.google.android.flipendo for 3
12-10 17:59:51.220 1383 1864 D ActivityManager: sync unfroze 3530 com.google.android.apps.turbo:aab for 6
12-10 17:59:51.224 1383 2589 D TelephonyManager: requestModemActivityInfo: Sending result to app: ModemActivityInfo{ mTimestamp=112438748 mSleepTimeMs=109780632 mIdleTimeMs=1025039 mActivityStatsTechSpecificInfo=[{mRat=GERAN,mFrequencyRange=UNKNOWN,mTxTimeMs[]=[0, 0, 0, 0, 0],mRxTimeMs=250}, {mRat=UTRAN,mFrequencyRange=UNKNOWN,mTxTimeMs[]=[0, 0, 0, 0, 0],mRxTimeMs=35872443}, {mRat=EUTRAN,mFrequencyRange=UNKNOWN,mTxTimeMs[]=[0, 0, 0, 0, 0],mRxTimeMs=0}, {mRat=NGRAN,mFrequencyRange=HIGH,mTxTimeMs[]=[0, 0, 0, 0, 0],mRxTimeMs=0}, {mRat=NGRAN,mFrequencyRange=MMWAVE,mTxTimeMs[]=[0, 0, 0, 0, 0],mRxTimeMs=0}, {mRat=UNKNOWN,mFrequencyRange=UNKNOWN,mTxTimeMs[]=[0, 0, 0, 0, 0],mRxTimeMs=0}]}
12-10 17:59:51.228 26561 26561 V PowerSaveModeChangedBR: Received: Intent { act=android.os.action.POWER_SAVE_MODE_CHANGED flg=0x11000010 pkg=com.google.android.flipendo cmp=com.google.android.flipendo/.receiver.PowerSaveModeChangedBroadcastReceiver }
12-10 17:59:51.228 26561 26561 V SettingsInjector: Feature flag is set to true
12-10 17:59:51.229 26561 26561 V SettingsInjector: Component {com.google.android.flipendo/com.google.android.flipendo.settings.ExtremeBatterySaverSettingsFragmentActivity}: is explicitly enabled = false, has default state = true
12-10 17:59:51.229 26561 26561 V SettingsInjector: Settings injection is up to date
12-10 17:59:51.229 26561 26561 I WorkProfileManager: isWorkProfile: false
12-10 17:59:51.229 26561 26561 V PowerSaveModeChangedBR: Device is in direct boot mode: false
12-10 17:59:51.229 26561 26561 V BatterySaverManager: updateState() from PowerSaveModeChangedBR forceEnableFlipendo:false forceUpdate:false
12-10 17:59:51.229 26561 26561 I WorkProfileManager: isWorkProfile: false
12-10 17:59:51.230 26561 31607 V SettingsInjector: Component {com.google.android.flipendo/com.google.android.flipendo.settings.ExtremeBatterySaverSettingsFragmentActivity}: is explicitly enabled = false, has default state = true
12-10 17:59:51.230 26561 31607 V BatterySaverManager: Power save mode enabled = false
12-10 17:59:51.230 26561 31607 V BatterySaverManager: Settings mode = MILD
12-10 17:59:51.230 26561 31607 V BatterySaverManager: Disable called from PowerSaveModeChangedBR
12-10 17:59:51.231 26561 31607 D BatterySaverPolicyManager: restoreBatterySaverPolicy
12-10 17:59:51.231 26561 31607 D BatterySaverPolicyManager: setWallpaperDimEnabled: false
12-10 17:59:51.233 26561 31607 V BatterySaverPolicyManager: sound trigger mode is already reset by others!
12-10 17:59:51.233 26561 31607 V BatterySaverManager: Flipendo is disabled no action needed
12-10 17:59:51.233 26561 31607 D ReceiverDelegate: Future succeeded in receiver
12-10 17:59:51.234 2025 2025 D DLObserver: onReceive(); android.intent.action.BATTERY_CHANGED
12-10 17:59:51.234 2025 2025 D DLObserver: plugged=2
12-10 17:59:51.234 2025 2025 D SystemEventDataSource: onReceive: intentAction
12-10 17:59:51.235 2025 2025 D PowerNotificationWarningsGoogleImpl: onReceive: android.intent.action.BATTERY_CHANGED
12-10 17:59:51.235 2025 3091 D PowerUI : can't show warning due to - plugged: true status unknown: false
12-10 17:59:51.235 2025 2025 D IncompatibleChargerNotification: dispatchIntent: android.intent.action.BATTERY_CHANGED
12-10 17:59:51.236 2025 2099 D GoogleBatteryDataSource: fetchDwellDefendStatus: DISCONNECTED
12-10 17:59:51.237 2025 2099 D GoogleBatteryDataSource: fetchTempDefendStatus: t_sum=0, time_sum=0 t_avg=0 lst_v=0 lst_t=0 lst_u=0, dt=0, t=0 e=1
12-10 17:59:51.237 2025 2099 D SystemEventDataSource: updatedEventData: SystemEventData(intentAction=android.intent.action.BATTERY_CHANGED, plugged=EventData(value=2), batteryScale=EventData(value=100), batteryLevel=EventData(value=83), chargingStatus=EventData(value=1), maxChargingCurrent=EventData(value=500000), maxChargingVoltage=EventData(value=5000000), batteryStatus=EventData(value=2), halEventData=HalEventData(dockDefendStatus=EventData(value=-3), tempDefendEventData=EventData(value=false), dwellDefendEventData=EventData(value=false)), settingsEventData=SettingsEventData(dockDefenderBypass=EventData(value=0), chargingLimitSettings=EventData(value=0)), frameworkApiEventData=FrameworkApiEventData(batterySaverState=EventData(value=false), extremeBatterySaverState=EventData(value=false)))
12-10 17:59:51.237 2025 2099 D SystemEventDataSource: notifyModules count: 13
12-10 17:59:51.237 2025 2099 D ChargingLimitEventModule: validate()=false, chargingStatus=1
12-10 17:59:51.237 2025 2099 D DwellDefendBatteryModule: validate: false -> false
12-10 17:59:51.237 2025 2099 D TempDefendBatteryModule: validate: false -> false
12-10 17:59:51.243 2025 2025 D DLObserver: onReceive(); android.intent.action.BATTERY_CHANGED
12-10 17:59:51.243 2025 2025 D DLObserver: plugged=2
12-10 17:59:51.243 2025 2025 D SystemEventDataSource: onReceive: intentAction
12-10 17:59:51.244 2025 2025 D PowerNotificationWarningsGoogleImpl: onReceive: android.intent.action.BATTERY_CHANGED
12-10 17:59:51.244 2025 2025 D IncompatibleChargerNotification: dispatchIntent: android.intent.action.BATTERY_CHANGED
12-10 17:59:51.244 2025 3100 D PowerUI : can't show warning due to - plugged: true status unknown: false
12-10 17:59:51.244 7888 9886 D DatabaseUtils: insert() battery event data into database: # com.android.settings.fuelgauge.batteryusage.BatteryEvent@eaec1e4d
12-10 17:59:51.244 7888 9886 D DatabaseUtils: battery_level: 83
12-10 17:59:51.244 7888 9886 D DatabaseUtils: timestamp: 1733846391197
12-10 17:59:51.244 7888 9886 D DatabaseUtils: type: POWER_CONNECTED
12-10 17:59:51.245 2025 2094 D GoogleBatteryDataSource: fetchDwellDefendStatus: DISCONNECTED
12-10 17:59:51.245 7888 9886 D DatabaseUtils: sendBatteryEventData() in 30/ms
12-10 17:59:51.245 2025 2094 D GoogleBatteryDataSource: fetchTempDefendStatus: t_sum=0, time_sum=0 t_avg=0 lst_v=0 lst_t=0 lst_u=0, dt=0, t=0 e=1
12-10 17:59:51.245 2025 2094 D SystemEventDataSource: updatedEventData: SystemEventData(intentAction=android.intent.action.BATTERY_CHANGED, plugged=EventData(value=2), batteryScale=EventData(value=100), batteryLevel=EventData(value=83), chargingStatus=EventData(value=1), maxChargingCurrent=EventData(value=500000), maxChargingVoltage=EventData(value=5000000), batteryStatus=EventData(value=2), halEventData=HalEventData(dockDefendStatus=EventData(value=-3), tempDefendEventData=EventData(value=false), dwellDefendEventData=EventData(value=false)), settingsEventData=SettingsEventData(dockDefenderBypass=EventData(value=0), chargingLimitSettings=EventData(value=0)), frameworkApiEventData=FrameworkApiEventData(batterySaverState=EventData(value=false), extremeBatterySaverState=EventData(value=false)))
12-10 17:59:51.245 2025 2094 D SystemEventDataSource: extra doesn't changed, no need to onEventSourceUpdate
12-10 17:59:51.249 1383 1864 D ActivityManager: sync unfroze 4213 com.google.android.partnersetup for 6
12-10 17:59:51.256 1383 1864 D ActivityManager: sync unfroze 21365 com.google.android.calendar for 6
12-10 17:59:51.273 29182 29197 I ActiveUnlock: (REDACTED) StorageMediator database state changed from %s to %s
12-10 17:59:51.274 29182 29197 I ActiveUnlock: (REDACTED) StorageMediator database state changed from %s to %s
12-10 17:59:51.275 3530 3759 W Turbo.InferAppBucketsJob: Models given by config: 1
12-10 17:59:51.291 4213 9889 W JobInfo : Job 'com.google.android.partnersetup/.InstalledAppJobService#4096' has a deadline with no functional constraints. The deadline won't improve job execution latency. Consider removing the deadline.
12-10 17:59:51.292 1383 2589 W JobInfo : Job 'com.google.android.partnersetup/.InstalledAppJobService#4096' has a deadline with no functional constraints. The deadline won't improve job execution latency. Consider removing the deadline.
12-10 17:59:51.294 4213 4213 W JobInfo : Job 'com.google.android.partnersetup/.InstalledAppJobService#4096' has a deadline with no functional constraints. The deadline won't improve job execution latency. Consider removing the deadline.
12-10 17:59:51.294 1383 2589 W JobInfo : Job 'com.google.android.partnersetup/.InstalledAppJobService#4096' has a deadline with no functional constraints. The deadline won't improve job execution latency. Consider removing the deadline.
12-10 17:59:51.300 1383 2589 W JobScheduler: Job didn't exist in JobStore: 8c84f55 #u0a154/4096 com.google.android.partnersetup/.InstalledAppJobService
12-10 17:59:51.311 1383 9890 I StorageManagerService: Storage lifetime: 3
12-10 17:59:51.312 1383 9890 I StorageManagerService: Set smart idle maintenance: latest write amount: 497, average write amount: 382, min segment threshold: 512, dirty reclaim rate: 0.5, segment reclaim weight: 2.0, period(min): 60, min gc sleep time(ms): 5000, target dirty ratio: 80
12-10 17:59:51.312 498 498 I vold : Enough free segments: 46142
12-10 17:59:51.312 1383 9890 I SmartStorageMaintIdler: Got smart storage maintenance service completion callback
12-10 17:59:51.316 3530 3759 W Turbo.ModelFactory: current model: 12
12-10 17:59:51.327 1383 3278 W AppSearchIcing: icing-search-engine.cc:328: Error: 5, Message: Failed to delete Document. namespace: VS#Pkg$VS#AndroidVDb/androidVOverlay, uri: com.google.android.calendar$Jam_com.google.android.calendar/CalendarEvent;Failed to find DocumentId by key: VS#Pkg$VS#AndroidVDb/androidVOverlay, com.google.android.calendar$Jam_com.google.android.calendar/CalendarEvent;Key not found VS#Pkg$VS#AndroidVDb/androidVOverlay in DynamicTrieKeyMapper /data/system_ce/0/appsearch/icing/document_dir/namespace_mapper/key_mapper_dir/key_mapper.
12-10 17:59:51.328 1383 3278 W AppSearchIcing: icing-search-engine.cc:328: Error: 5, Message: Failed to delete Document. namespace: VS#Pkg$VS#AndroidVDb/androidVOverlay, uri: com.google.android.calendar$Jam_com.google.android.calendar/builtin:AttributionInfo;Failed to find DocumentId by key: VS#Pkg$VS#AndroidVDb/androidVOverlay, com.google.android.calendar$Jam_com.google.android.calendar/builtin:AttributionInfo;Key not found VS#Pkg$VS#AndroidVDb/androidVOverlay in DynamicTrieKeyMapper /data/system_ce/0/appsearch/icing/document_dir/namespace_mapper/key_mapper_dir/key_mapper.
12-10 17:59:51.332 1383 3278 W AppSearchIcing: icing-search-engine.cc:328: Error: 5, Message: Failed to delete Document. namespace: VS#Pkg$VS#AndroidVDb/androidVOverlay, uri: com.google.android.calendar$Jam_com.google.android.calendar/CalendarEvent;Failed to find DocumentId by key: VS#Pkg$VS#AndroidVDb/androidVOverlay, com.google.android.calendar$Jam_com.google.android.calendar/CalendarEvent;Key not found VS#Pkg$VS#AndroidVDb/androidVOverlay in DynamicTrieKeyMapper /data/system_ce/0/appsearch/icing/document_dir/namespace_mapper/key_mapper_dir/key_mapper.
12-10 17:59:51.332 1383 3278 W AppSearchIcing: icing-search-engine.cc:328: Error: 5, Message: Failed to delete Document. namespace: VS#Pkg$VS#AndroidVDb/androidVOverlay, uri: com.google.android.calendar$Jam_com.google.android.calendar/builtin:AttributionInfo;Failed to find DocumentId by key: VS#Pkg$VS#AndroidVDb/androidVOverlay, com.google.android.calendar$Jam_com.google.android.calendar/builtin:AttributionInfo;Key not found VS#Pkg$VS#AndroidVDb/androidVOverlay in DynamicTrieKeyMapper /data/system_ce/0/appsearch/icing/document_dir/namespace_mapper/key_mapper_dir/key_mapper.
12-10 17:59:51.347 19186 19236 I cehu : (REDACTED) Updating user context. Event: %s
12-10 17:59:51.359 7888 13468 D CommandContentProvider: method: set_datasaver_denylist
12-10 17:59:51.360 7888 13468 D CommandContentProvider: callerPackage: com.google.android.apps.turbo
12-10 17:59:51.362 7888 9892 D DataSaverUtils: a11yPackageNames:{}
12-10 17:59:51.369 29146 29146 D BoundBrokerSvc: onBind: Intent { act=com.google.android.gms.wallet.service.BIND pkg=com.google.android.gms }
12-10 17:59:51.369 29146 29146 D BoundBrokerSvc: Loading bound service for intent: Intent { act=com.google.android.gms.wallet.service.BIND pkg=com.google.android.gms }
12-10 17:59:51.372 7888 9892 E SmsApplication: com.google.android.apps.messaging lost android:read_cell_broadcasts: (fixing)
12-10 17:59:51.372 1383 9730 W AppOpService: Ignored setUidMode call for runtime permission app op: uid = 10133, code = READ_CELL_BROADCASTS, mode = allow, callingUid = 1000, oldMode = allow
12-10 17:59:51.373 3530 3759 W Turbo.AppStandbyBucketManager: Successfully pushed app buckets to the platform using model 12
12-10 17:59:51.375 1383 3424 W AppOpService: Ignored setUidMode call for runtime permission app op: uid = 1001, code = READ_SMS, mode = allow, callingUid = 1000, oldMode = allow
12-10 17:59:51.375 1383 3424 W AppOpService: Ignored setUidMode call for runtime permission app op: uid = 1001, code = RECEIVE_SMS, mode = allow, callingUid = 1000, oldMode = allow
12-10 17:59:51.376 1383 3424 W AppOpService: Ignored setUidMode call for runtime permission app op: uid = 1001, code = RECEIVE_WAP_PUSH, mode = allow, callingUid = 1000, oldMode = allow
12-10 17:59:51.376 1383 3424 W AppOpService: Ignored setUidMode call for runtime permission app op: uid = 1001, code = SEND_SMS, mode = allow, callingUid = 1000, oldMode = allow
12-10 17:59:51.376 1383 3424 W AppOpService: Ignored setUidMode call for runtime permission app op: uid = 1001, code = READ_CELL_BROADCASTS, mode = allow, callingUid = 1000, oldMode = allow
12-10 17:59:51.378 29182 29182 D BoundBrokerSvc: onRebind: Intent { act=com.google.android.gms.auth.aang.events.services.START dat=chimera-action:/... cmp=com.google.android.gms/.chimera.PersistentApiService }
12-10 17:59:51.381 7888 9892 E SmsApplication: com.google.android.apps.messaging lost android:read_cell_broadcasts: (fixing)
12-10 17:59:51.382 1383 3424 W AppOpService: Ignored setUidMode call for runtime permission app op: uid = 10133, code = READ_CELL_BROADCASTS, mode = allow, callingUid = 1000, oldMode = allow
12-10 17:59:51.384 1383 3424 W AppOpService: Ignored setUidMode call for runtime permission app op: uid = 1001, code = READ_SMS, mode = allow, callingUid = 1000, oldMode = allow
12-10 17:59:51.384 1383 3424 W AppOpService: Ignored setUidMode call for runtime permission app op: uid = 1001, code = RECEIVE_SMS, mode = allow, callingUid = 1000, oldMode = allow
12-10 17:59:51.384 1383 3424 W AppOpService: Ignored setUidMode call for runtime permission app op: uid = 1001, code = RECEIVE_WAP_PUSH, mode = allow, callingUid = 1000, oldMode = allow
12-10 17:59:51.385 1383 3424 W AppOpService: Ignored setUidMode call for runtime permission app op: uid = 1001, code = SEND_SMS, mode = allow, callingUid = 1000, oldMode = allow
12-10 17:59:51.385 1383 3424 W AppOpService: Ignored setUidMode call for runtime permission app op: uid = 1001, code = READ_CELL_BROADCASTS, mode = allow, callingUid = 1000, oldMode = allow
12-10 17:59:51.386 7888 9892 D BatteryOptimizeUtils: refresh im.status.ethereum.pr state, allowlisted = false, mode = 0
12-10 17:59:51.386 7888 9892 W DataSaverUtils: setDataSaverDenylist() in 24/ms from 1 to 1
12-10 17:59:51.386 7888 9892 D DataSaverUtils: setDataSaverDenylist: [im.status.ethereum.pr]
12-10 17:59:51.400 903 1969 I android.hardware.usb.aidl-service: port0
12-10 17:59:51.400 903 1969 I android.hardware.usb.aidl-service: 0:port0 connected:0 canChangeMode:1 canChagedata:0 canChangePower:0 usbDataEnabled:1
12-10 17:59:51.400 903 1969 I android.hardware.usb.aidl-service: ContaminantDetectionStatus:2 ContaminantProtectionStatus:0
12-10 17:59:51.400 903 1969 I android.hardware.usb.aidl-service: powerTransferLimited:0
12-10 17:59:51.400 1383 3424 I UsbPortManager: AIDL UsbDataStatus:1
12-10 17:59:51.400 1383 3424 I UsbPortManager: ClientCallback AIDL V1: port0
12-10 17:59:51.415 19186 19237 I SS3PSurfacesSuggestAggr: Neither TNG Smartspace widget nor OEM is enabled.
12-10 17:59:51.416 19186 19237 I BcSsSuggestionAgg: #handlePcpDataUpdate
12-10 17:59:51.418 19186 19237 I dlbm : (REDACTED) #entry Fetching proactive suggestions for [%s]
12-10 17:59:51.425 19186 19237 I ayzc : (REDACTED) %s getProactiveContent: %s
12-10 17:59:51.426 19186 20822 I CrossProfileSender: tryMakeAsyncCalls
12-10 17:59:51.426 19186 20822 I CrossProfileSender: Attempting to bind
12-10 17:59:51.426 19186 19237 W ceet : Triggering event does not contain a headphone connection.
12-10 17:59:51.427 19186 20822 I CrossProfileSender: Binding attempt failed: Permission not granted
12-10 17:59:51.428 19186 19238 I azaj : (REDACTED) #getLastReturnedProactiveData for client type %s and proactive data type %s
12-10 17:59:51.428 19186 19238 I azay : (REDACTED) #getLastReturnedProactiveData for client type %s and proactive data type %s
12-10 17:59:51.428 19186 19238 I azaj : (REDACTED) #getLastReturnedProactiveData for client type %s and proactive data type %s
12-10 17:59:51.428 19186 19238 I azay : (REDACTED) #getLastReturnedProactiveData for client type %s and proactive data type %s
12-10 17:59:51.428 19186 19238 I azay : (REDACTED) #getLastReturnedProactiveData for client type %s and proactive data type %s
12-10 17:59:51.432 1383 3424 D TelephonyManager: requestModemActivityInfo: Sending result to app: ModemActivityInfo{ mTimestamp=112438957 mSleepTimeMs=109780677 mIdleTimeMs=1025203 mActivityStatsTechSpecificInfo=[{mRat=GERAN,mFrequencyRange=UNKNOWN,mTxTimeMs[]=[0, 0, 0, 0, 0],mRxTimeMs=250}, {mRat=UTRAN,mFrequencyRange=UNKNOWN,mTxTimeMs[]=[0, 0, 0, 0, 0],mRxTimeMs=35872443}, {mRat=EUTRAN,mFrequencyRange=UNKNOWN,mTxTimeMs[]=[0, 0, 0, 0, 0],mRxTimeMs=0}, {mRat=NGRAN,mFrequencyRange=HIGH,mTxTimeMs[]=[0, 0, 0, 0, 0],mRxTimeMs=0}, {mRat=NGRAN,mFrequencyRange=MMWAVE,mTxTimeMs[]=[0, 0, 0, 0, 0],mRxTimeMs=0}, {mRat=UNKNOWN,mFrequencyRange=UNKNOWN,mTxTimeMs[]=[0, 0, 0, 0, 0],mRxTimeMs=0}]}
12-10 17:59:51.440 19186 19230 W cfba : (REDACTED) Failed to find key '%s' in Settings.secure
12-10 17:59:51.440 19186 19230 W cfba : android.provider.Settings$SettingNotFoundException: smartspace_pref_alert_key
12-10 17:59:51.440 19186 19230 W cfba : at android.provider.Settings.parseIntSetting(Settings.java:3968)
12-10 17:59:51.440 19186 19230 W cfba : at android.provider.Settings.-$$Nest$smparseIntSetting(Unknown Source:0)
12-10 17:59:51.440 19186 19230 W cfba : at android.provider.Settings$Secure.getIntForUser(Settings.java:7182)
12-10 17:59:51.440 19186 19230 W cfba : at android.provider.Settings$Secure.getInt(Settings.java:7175)
12-10 17:59:51.440 19186 19230 W cfba : at cfba.g(PG:8)
12-10 17:59:51.440 19186 19230 W cfba : at cfba.i(PG:117)
12-10 17:59:51.440 19186 19230 W cfba : at cfau.test(PG:62)
12-10 17:59:51.440 19186 19230 W cfba : at j$.util.stream.w.accept(SourceFile:84)
12-10 17:59:51.440 19186 19230 W cfba : at j$.util.Iterator$-EL.forEachRemaining(SourceFile:24)
12-10 17:59:51.440 19186 19230 W cfba : at j$.util.v0.forEachRemaining(SourceFile:24)
12-10 17:59:51.440 19186 19230 W cfba : at j$.util.stream.b.n(SourceFile:21)
12-10 17:59:51.440 19186 19230 W cfba : at j$.util.stream.I0.a(SourceFile:9)
12-10 17:59:51.440 19186 19230 W cfba : at j$.util.stream.b.u(SourceFile:35)
12-10 17:59:51.440 19186 19230 W cfba : at j$.util.stream.x2.collect(SourceFile:17)
12-10 17:59:51.440 19186 19230 W cfba : at cgcv.b(PG:77)
12-10 17:59:51.440 19186 19230 W cfba : at cgdf.b(PG:63)
12-10 17:59:51.440 19186 19230 W cfba : at gilp.u(PG:12)
12-10 17:59:51.440 19186 19230 W cfba : at giuq.run(PG:110)
12-10 17:59:51.440 19186 19230 W cfba : at fgca.run(PG:3)
12-10 17:59:51.440 19186 19230 W cfba : at dnso.run(PG:3)
12-10 17:59:51.440 19186 19230 W cfba : at fqke.run(PG:50)
12-10 17:59:51.440 19186 19230 W cfba : at dnsg.run(PG:14)
12-10 17:59:51.440 19186 19230 W cfba : at java.lang.Thread.run(Thread.java:1012)
12-10 17:59:51.440 19186 19230 W cfba : at dntt.run(PG:74)
12-10 17:59:51.441 19186 19230 W cfba : (REDACTED) This card is not supported Settings.Secure and is disabled by default, cardType: %s
12-10 17:59:51.441 19186 19230 W cfba : (REDACTED) This card is not supported Settings.Secure and is disabled by default, cardType: %s
12-10 17:59:51.441 19186 19230 W cfba : (REDACTED) This card is not supported Settings.Secure and is disabled by default, cardType: %s
12-10 17:59:51.441 19186 19230 W cfba : (REDACTED) This card is not supported Settings.Secure and is disabled by default, cardType: %s
12-10 17:59:51.441 19186 19230 W cfba : (REDACTED) This card is not supported Settings.Secure and is disabled by default, cardType: %s
12-10 17:59:51.442 19186 19230 W cfba : (REDACTED) This card is not supported Settings.Secure and is disabled by default, cardType: %s
12-10 17:59:51.442 19186 19230 W cfba : (REDACTED) This card is not supported Settings.Secure and is disabled by default, cardType: %s
12-10 17:59:51.442 19186 19230 W cfba : (REDACTED) This card is not supported Settings.Secure and is disabled by default, cardType: %s
12-10 17:59:51.442 19186 19230 W cfba : (REDACTED) This card is not supported Settings.Secure and is disabled by default, cardType: %s
12-10 17:59:51.442 19186 19230 W cfba : (REDACTED) This card is not supported Settings.Secure and is disabled by default, cardType: %s
12-10 17:59:51.442 19186 19230 W cfba : (REDACTED) This card is not supported Settings.Secure and is disabled by default, cardType: %s
12-10 17:59:51.443 19186 19214 I aznq : #updateLastReturnedDatabase
12-10 17:59:51.444 19186 19217 I azaj : #putNewReturnedDataQuery
12-10 17:59:51.444 19186 19217 I azay : #putNewReturnedDataQuery
12-10 17:59:51.444 19186 19214 I azaj : #putNewReturnedDataQuery
12-10 17:59:51.444 19186 19238 I cfwg : OEM Device doesn't enable Smartspace Integration.
12-10 17:59:51.444 19186 19214 I azay : #putNewReturnedDataQuery
12-10 17:59:51.444 19186 19217 I azbb : #putNewReturnedDataQuery
12-10 17:59:51.444 19186 19230 W cfba : (REDACTED) This card is not supported Settings.Secure and is disabled by default, cardType: %s
12-10 17:59:51.444 19186 19217 I azay : #putNewReturnedDataQuery
12-10 17:59:51.444 19186 19230 W cfba : (REDACTED) This card is not supported Settings.Secure and is disabled by default, cardType: %s
12-10 17:59:51.444 19186 19238 I A : Air Quality is disabled in TNG.
12-10 17:59:51.445 19186 19230 W cfba : (REDACTED) This card is not supported Settings.Secure and is disabled by default, cardType: %s
12-10 17:59:51.445 19186 19238 I cfto : Hotel feature is disabled.
12-10 17:59:51.445 19186 19238 I cftv : Hotel feature is disabled.
12-10 17:59:51.446 19186 19238 I cfzl : Time to leave feature is disabled via ProactiveDataList producer.
12-10 17:59:51.446 19186 19238 I A : Weather Alert is disabled in TNG via ProactiveDataList producer.
12-10 17:59:51.446 19186 19238 I A : Weather is disabled in TNG via ProactiveDataList producer.
12-10 17:59:51.447 19186 19235 I dlyi : (REDACTED) getUpcomingEvents(%s, %s)
12-10 17:59:51.453 1383 2589 D ActivityManager: sync unfroze 27105 com.android.providers.calendar for 7
12-10 17:59:51.457 19186 19235 I azmt : (REDACTED) filterInvalidEvents pre-filter size=%s
12-10 17:59:51.457 19186 19235 I azmt : (REDACTED) post-filter events size=%s
12-10 17:59:51.461 19186 9894 I azmt : (REDACTED) filterInvalidEvents pre-filter size=%s
12-10 17:59:51.461 19186 9894 I azmt : (REDACTED) post-filter events size=%s
12-10 17:59:51.469 19186 19235 I cfej : (REDACTED) Create TNG wrapped click intent for cardType: %s
12-10 17:59:51.469 19186 19236 I cfej : (REDACTED) Create TNG wrapped click intent for cardType: %s
12-10 17:59:51.469 19186 19235 I cfml : #createWrappedClickIntent: Put account
12-10 17:59:51.469 19186 19236 I cfml : #createWrappedClickIntent: Put account
12-10 17:59:51.469 19186 19235 I cfej : Create card explanation intent
12-10 17:59:51.469 19186 19235 I cfml : #createWrappedClickIntent: Account is missing
12-10 17:59:51.469 19186 19236 I cfej : Create card explanation intent
12-10 17:59:51.470 19186 19236 I cfml : #createWrappedClickIntent: Account is missing
12-10 17:59:51.470 19186 19238 I dllx : The provided dataElements list contains duplicated and/or ill-formed elements. Keeping newer and well-formed elements.
12-10 17:59:51.489 19186 19237 I : Cross Device Alarm is disabled via ProactiveSuggestions producer.
12-10 17:59:51.489 19186 19237 I A : Air quality is disabled in TNG via ProactiveSuggestions producer.
12-10 17:59:51.489 19186 19237 I cfry : Commute time feature is disabled via ProactiveSuggestions producer.
12-10 17:59:51.490 19186 19237 I cfzl : Time to leave feature is disabled via ProactiveSuggestions producer.
12-10 17:59:51.492 19186 19237 I A : #Generate weather data.
12-10 17:59:51.493 19186 19237 I cfej : Create Pixel Weather wrapped click intent with location.
12-10 17:59:51.493 19186 19237 I cfej : Create TNG weather or weather daily forecast or weather timely reminder wrapped click intent.
12-10 17:59:51.494 19186 19237 I cfml : #createWrappedClickIntent: Put account
12-10 17:59:51.494 19186 19237 W A : (REDACTED) Failed to parse precipitation=%s
12-10 17:59:51.495 19186 19235 I dkkc : (REDACTED) remove request for trigger key: %s, isClientInitiated: %s
12-10 17:59:51.495 19186 19237 I cfej : Create card explanation intent
12-10 17:59:51.495 19186 19237 I cfml : #createWrappedClickIntent: Account is missing
12-10 17:59:51.495 19186 19237 I A : (REDACTED) #TNG createSmartspaceCard enable_reminder: %b, enable_forecast: %b, showTimelyReminderForPrecipitationType presents: %b
12-10 17:59:51.495 19186 19237 I A : (REDACTED) #TNG high temperature: %s, low temperature: %s, show weather daily forecast: %b
12-10 17:59:51.495 19186 19237 I cfej : Create card explanation intent
12-10 17:59:51.496 19186 19237 I cfml : #createWrappedClickIntent: Account is missing
12-10 17:59:51.496 19186 19237 I A : (REDACTED) #TNG createSmartspaceCard enable_reminder: %b, enable_forecast: %b, showTimelyReminderForPrecipitationType presents: %b
12-10 17:59:51.496 19186 19237 I A : (REDACTED) #TNG high temperature: %s, low temperature: %s, show weather daily forecast: %b
12-10 17:59:51.496 19186 19237 I cfej : Create card explanation intent
12-10 17:59:51.496 19186 19237 I cfml : #createWrappedClickIntent: Account is missing
