12-10 17:59:25.150 1285 9811 D Vibrator: waitForComplete: Vibrator is already off
12-10 17:59:25.157 2121 2134 I deeptouch: I0000 00:00:1733846365.157827 2134 tf_lite_classifier.cc:413] Event stream classified as kNone
12-10 17:59:25.352 1285 9812 D Vibrator: waitForComplete: Vibrator is already off
12-10 17:59:25.377 2121 2134 I deeptouch: I0000 00:00:1733846365.377375 2134 tf_lite_classifier.cc:413] Event stream classified as kNone
12-10 17:59:25.471 1383 1872 D ActivityManager: freezing 29146 com.google.android.gms
12-10 17:59:25.529 2121 2134 I deeptouch: I0000 00:00:1733846365.529218 2134 tf_lite_classifier.cc:413] Event stream classified as kNone
12-10 17:59:25.532 1285 9813 D Vibrator: waitForComplete: Vibrator is already off
12-10 17:59:25.705 2121 2134 I deeptouch: I0000 00:00:1733846365.704975 2134 tf_lite_classifier.cc:413] Event stream classified as kNone
12-10 17:59:25.705 1285 9815 D Vibrator: waitForComplete: Vibrator is already off
12-10 17:59:25.805 2139 2294 D ImpulseConnection: timeout didn't happen: com.google.android.apps.turbo
12-10 17:59:25.815 2139 2245 D TemperatureStateSource: sequence=6003 actualDelay=10000
12-10 17:59:25.816 2139 2245 D TemperatureStateSource: Reading temperature: sequence=6004
12-10 17:59:25.821 1779 1779 I pixel-thermal: VIRTUAL-SKIN:28.4983 raw data: VIRTUAL-NEU-QUT-SKIN1-SKIN2-USB-USB2-GNSS-1:28365.5 VIRTUAL-NEU-QUT-SKIN1-SKIN2-USB-USB2-GNSS-4:27944.5 VIRTUAL-QUT-SKIN2-USB-GNSS-3:28498.3 VIRTUAL-QUT-SKIN2-USB-USB2-2:27982.9 VIRTUAL-SKIN:28498.3 gnss_tcxo_therm:31060 neutral_therm:30770 quiet_therm:28411 skin_therm1:29880 skin_therm2:32084 usb_pwr_therm:28144 usb_pwr_therm2:28522
12-10 17:59:25.821 2139 2245 D TemperatureStateSource: getDeviceTemperatures: sequence=6004 deviceTemperatureType=3 temperatureSource=0 temperatures=[28.498295]
12-10 17:59:25.821 2139 2245 D TemperatureStateSource: sequence=6004 waitTime=10000
12-10 17:59:25.822 2139 2245 D BusinessScope: Start running the #12092 block
12-10 17:59:25.823 1779 1779 I pixel-thermal: VIRTUAL-SKIN:28.4983 raw data: VIRTUAL-SKIN:28498.3
12-10 17:59:25.824 2139 2245 I TemperatureStateSource: temperature was set
12-10 17:59:25.824 2139 2245 D ImpulseStateSource: Notify clients: 6044
12-10 17:59:25.825 2139 2245 D BusinessScope: Finish running the #12092 block
12-10 17:59:25.826 2139 2245 D BusinessScope: Start running the #12093 block
12-10 17:59:25.827 2139 2245 D BusinessScope: Finish running the #12093 block
12-10 17:59:25.923 1285 9816 D Vibrator: waitForComplete: Vibrator is already off
12-10 17:59:25.934 2121 2134 I deeptouch: I0000 00:00:1733846365.934555 2134 tf_lite_classifier.cc:413] Event stream classified as kNone
12-10 17:59:26.097 1285 9817 D Vibrator: waitForComplete: Vibrator is already off
12-10 17:59:26.126 2121 2134 I deeptouch: I0000 00:00:1733846366.126203 2134 tf_lite_classifier.cc:413] Event stream classified as kNone
12-10 17:59:26.171 15512 15512 W TextView: onProvideContentCaptureStructure(): calling assumeLayout()
12-10 17:59:26.255 17464 17538 I bcpx : (REDACTED) getHotwordActive::active query: %s, watch: %s, devices connected: %s
12-10 17:59:26.377 2121 2134 I deeptouch: I0000 00:00:1733846366.377842 2134 tf_lite_classifier.cc:413] Event stream classified as kNone
12-10 17:59:26.402 15685 15688 I egram.messenger: Method exceeds compiler instruction limit: 28561 in void org.telegram.ui.Cells.ChatMessageCell.setMessageContent(org.telegram.messenger.MessageObject, org.telegram.messenger.MessageObject$GroupedMessages, boolean, boolean)
12-10 17:59:26.409 15685 15688 I egram.messenger: Method exceeds compiler instruction limit: 28561 in void org.telegram.ui.Cells.ChatMessageCell.setMessageContent(org.telegram.messenger.MessageObject, org.telegram.messenger.MessageObject$GroupedMessages, boolean, boolean)
12-10 17:59:26.418 15685 15688 I egram.messenger: Method exceeds compiler instruction limit: 17656 in void org.telegram.ui.ChatActivity.didReceivedNotification(int, int, java.lang.Object[])
12-10 17:59:26.442 15512 15512 I GoogleInputMethodService: GoogleInputMethodService.onStartInput():1911 onStartInput(EditorInfo{EditorInfo{packageName=org.telegram.messenger, inputType=24001, inputTypeString=Normal[MultiLine|CapSentences], enableLearning=true, autoCorrection=true, autoComplete=true, imeOptions=50000006, privateImeOptions=null, actionName=DONE, actionLabel=null, initialSelStart=0, initialSelEnd=0, initialCapsMode=3000, label=null, fieldId=-1, fieldName=null, extras=Bundle[mParcelledData.dataSize=168], hintText=null, hintLocales=[]}}, true)
12-10 17:59:26.443 15512 15512 I GoogleInputMethodService: GoogleInputMethodService.updateDeviceLockedStatus():2167 repeatCheckTimes = 1, locked = false
12-10 17:59:26.443 15512 15512 W SessionManager: SessionManager.beginSession():53 Try to begin an already begun session [INPUT_SESSION], end it first
12-10 17:59:26.443 15512 15512 W SessionManager: SessionManager.endSession():96 Child session [INPUT_VIEW_SESSION] is not ended while ending session [{INPUT_VIEW_SESSION=1733846340376, IME_SESSION=1733846340377, INPUT_SESSION=1733846340374, TRAINING_CACHE_SESSION=1733846340377}], ending it now.
12-10 17:59:26.443 15512 15512 W SessionManager: SessionManager.endSession():96 Child session [IME_SESSION] is not ended while ending session [{INPUT_VIEW_SESSION=1733846340376, IME_SESSION=1733846340377, INPUT_SESSION=1733846340374, TRAINING_CACHE_SESSION=1733846340377}], ending it now.
12-10 17:59:26.455 15512 15512 I AndroidIME: InputBundleManager.loadActiveInputBundleId():450 loadActiveInputBundleId: ru, ime_russian
12-10 17:59:26.457 1383 3424 W PackageConfigPersister: App-specific configuration not found for packageName: org.telegram.messenger and userId: 0
12-10 17:59:26.457 15512 15512 I GoogleInputMethodService: GoogleInputMethodService.onStartInputView():2021 onStartInputView(EditorInfo{EditorInfo{packageName=org.telegram.messenger, inputType=24001, inputTypeString=Normal[MultiLine|CapSentences], enableLearning=true, autoCorrection=true, autoComplete=true, imeOptions=50000006, privateImeOptions=null, actionName=DONE, actionLabel=null, initialSelStart=0, initialSelEnd=0, initialCapsMode=3000, label=null, fieldId=-1, fieldName=null, extras=Bundle[{androidx.core.view.inputmethod.EditorInfoCompat.STYLUS_HANDWRITING_ENABLED=true}], hintText=null, hintLocales=[]}}, true)
12-10 17:59:26.458 15512 15512 I InputBundle: InputBundle.consumeEvent():911 Skip consuming an event as keyboard status is 0
12-10 17:59:26.461 15512 15512 I AndroidIME: AbstractIme.onDeactivate():203 LatinIme.onDeactivate()
12-10 17:59:26.461 15512 15512 W SessionManager: SessionManager.endSession():88 Try to end a not begun session [IME_SESSION].
12-10 17:59:26.462 15512 15512 I GoogleInputMethodService: GoogleInputMethodService.updateDeviceLockedStatus():2167 repeatCheckTimes = 1, locked = false
12-10 17:59:26.473 15512 15512 I KeyboardHeightUtil: KeyboardHeightUtil.getOemKeyboardHeightRatio():175 systemKeyboardHeightRatio:1.000000.
12-10 17:59:26.473 15512 15512 I AndroidIME: AbstractIme.onActivate():90 LatinIme.onActivate() : EditorInfo = EditorInfo{packageName=org.telegram.messenger, inputType=24001, inputTypeString=Normal[MultiLine|CapSentences], enableLearning=true, autoCorrection=true, autoComplete=true, imeOptions=50000006, privateImeOptions=null, actionName=DONE, actionLabel=null, initialSelStart=0, initialSelEnd=0, initialCapsMode=3000, label=null, fieldId=-1, fieldName=null, extras=Bundle[{androidx.core.view.inputmethod.EditorInfoCompat.STYLUS_HANDWRITING_ENABLED=true}], hintText=null, hintLocales=[]}, IncognitoMode = false, DeviceLocked = false
12-10 17:59:26.474 15512 15512 I Delight5Facilitator: Delight5Facilitator.initializeForIme():726 initializeForIme() : Locale = [ru], layout = russian
12-10 17:59:26.474 15512 15512 I LatinIme: LatinIme.updateEnableInlineSuggestionsOnDecoderSideFlags():1196 inline flag updated to:false
12-10 17:59:26.476 15512 15512 I LatinIme: LatinIme.updateEnableInlineSuggestionsOnDecoderSideFlags():1196 inline flag updated to:false
12-10 17:59:26.481 15512 15512 I InputBundle: InputBundle.consumeEvent():911 Skip consuming an event as keyboard status is 0
12-10 17:59:26.482 15512 15512 I KeyboardWrapper: KeyboardWrapper.activateKeyboard():587 activateKeyboard(): type=prime, status=0, imeDef=koo{stringId=ime_russian, language=ru, languageTag=ru, processedConditions={enable_number_row=false, device=phone}, className=com.google.android.apps.inputmethod.libs.latin5.LatinIme, label=0, keyEventInterpreter=null, inlineComposing=true, autoCapital=true, announceAutoSelectedCandidate=true, statusIcon=0, primeKeyboardType=SOFT, indicatorIcon=0, indicatorLabel=РУ, displayAppCompletions=true, extraValues=kog{}, processors=kqg@be19793, unacceptableMetaKeys=4098, languageSpecificSettings=0, asciiCapable=false, alwaysShowSuggestions=false, useAsciiPasswordKeyboard=false, secondaryIme=null, keyboardGroupDef=kpo@23b6d26, phenotypeFlagId=0, localizationLanguageTag=null, supportsInlineSuggestion=true}
12-10 17:59:26.482 15512 15512 I KeyboardManager: KeyboardManager.requestKeyboard():234 Creating keyboard prime, imeId=ime_russian, cacheKey=theme_border_keyboard_mode_screen_size_5_5_keyboard_mode_screen_width_middle_stylesheet_noshadow_reordertheme_pgsans_silkpopup_dark_phone_bottom4dp
12-10 17:59:26.482 15512 15512 I KeyboardWrapper: KeyboardWrapper.onKeyboardReady():250 onKeyboardReady(): type=prime(prime), kb=com.google.android.apps.inputmethod.latin.keyboard.LatinPrimeKeyboard@34ce668
12-10 17:59:26.482 15512 15512 I KeyboardWrapper: KeyboardWrapper.doActivateKeyboard():618 doActivateKeyboard(): prime
12-10 17:59:26.484 15512 15512 I KeyboardHeightUtil: KeyboardHeightUtil.calculateMaxKeyboardBodyHeight():45 leave 281 height for app when ime window height:2156, header height:116 and isFullscreenMode:false, so the max keyboard body height is:1759
12-10 17:59:26.484 15512 15512 W TooltipLifecycleManager: TooltipLifecycleManager.dismissTooltips():154 Tooltip with id undo_access_point_promotion_banner not found in tooltipManager.
12-10 17:59:26.484 15512 15512 W Keyboard: Keyboard.getKeyboardViewHelper():598 null helper is returned: keyboardDef=kpj{processedConditions={enable_more_candidates_view_for_multilingual=false, enable_secondary_symbols=false, variant=russian, language=ru-RU, deprecate_long_press_space_for_ime_picker=false, expressions=normal, device=phone, keyboard_mode=normal, show_secondary_digits=true, enable_preemptive_decode=true, rtl_layout=false}, globalConditions={global_theme_key=theme_border_keyboard_mode_screen_size_5_5_keyboard_mode_screen_width_middle_stylesheet_noshadow_reordertheme_pgsans_silkpopup_dark_phone_bottom4dp, global_locale=ru_RU, global_density_dpi=420, global_orientation=1}, className=.latin.keyboard.LatinPrimeKeyboard, resourceIds=[#0x7f170989], initialStates=0, keyboardViewDefs=[kpw{direction=null, id=#0x7f0b015e, isScalable=false, layoutId=#0x7f0e01d0, type=FLOATING_CANDIDATES, touchable=false, defaultShow=false}, kpw{direction=LOCALE, id=#0x7f0b015e, isScalable=false, layoutId=#0x7f0e04da, type=HEADER, touchable=true, defaultShow=true}, kpw{direction=null, id=#0x7f0b015e, isScalable=true, layoutId=#0x7f0e03b6, type=BODY, touchable=true, defaultShow=true}], persistentStates=0, persistentStatesPrefKey=null, popupBubbleLayoutId=#0x7f0e05d6, recentKeyLayoutId=0, recentKeyPopupLayoutId=0, recentKeyType=null, rememberRecentKey=NONE, sessionStates=17592186044419}, type=WIDGET, helpersCreated=[kby@bca948c, kby@ecc17d5, kby@fe73bea, null], context.getResources().getConfiguration(): {1.0 ?mcc0mnc [ru_RU] ldltr sw411dp w411dp h914dp 420dpi nrml long hdr widecg port night finger -keyb/v/h -nav/h winConfig={ mBounds=Rect(0, 0 - 1080, 2400) mAppBounds=Rect(0, 0 - 1080, 2400) mMaxBounds=Rect(0, 0 - 1080, 2400) mDisplayRotation=ROTATION_0 mWindowingMode=fullscreen mActivityType=undefined mAlwaysOnTop=undefined mRotation=ROTATION_0} s.8 fontWeightAdjustment=0}
12-10 17:59:26.485 15512 15512 I KeyboardHeightUtil: KeyboardHeightUtil.calculateMaxKeyboardBodyHeight():45 leave 281 height for app when ime window height:2156, header height:116 and isFullscreenMode:false, so the max keyboard body height is:1759
12-10 17:59:26.485 15512 15512 E KeyboardViewController: KeyboardViewController.setSubViewControllerInternal():400 More than one sub view controller is declared to keyboardType: null, viewType: HEADER, viewId: 2131431996(#0x7f0b123c), controller: dat@f317390, original controller: dat@f317390
12-10 17:59:26.487 15512 15512 I GoogleInputMethodService: GoogleInputMethodService.startInputIfInputViewStarted():3618 startInputIfInputViewStarted(): default prime
12-10 17:59:26.487 15512 15512 I NgaExtension: NgaExtension.onDeactivate():566 NgaExtension#onDeactivate [SDG]
12-10 17:59:26.487 15512 15512 W NotificationCenter: NotificationCenter.unregisterListener():469 Listener fgk@eedb642 was not registered for notification class jvn
12-10 17:59:26.487 15512 9036 I NgaDataShareClient: NgaDataShareClient.sendCorrectionsAndEndSession():377 endDataPushSession() [SDG]
12-10 17:59:26.487 15512 9036 I NgaDataShareClient: NgaDataShareClient.sendCorrectionsList():385 sendCorrectionsList() [SDG]
12-10 17:59:26.488 15512 9036 W NgaDataShareClient: NgaDataShareClient.getClientInfo():478 null TriggerApplicationId provided. [SDG]
12-10 17:59:26.488 15512 9036 W NotificationCenter: NotificationCenter.unregisterListener():469 Listener fhg@4353ca8 was not registered for notification class jzx
12-10 17:59:26.488 15512 9036 W NotificationCenter: NotificationCenter.unregisterListener():469 Listener fhf@51633c1 was not registered for notification class jvn
12-10 17:59:26.489 19186 19230 I bezf : (REDACTED) Handling KeyboardVisibilityEvent: %s [SD]
12-10 17:59:26.490 19186 19235 I faef : shareCorrections()
12-10 17:59:26.505 15512 15512 I NgaVoiceInputHandler: NgaVoiceInputHandler.onDeactivateIme():259 VoiceInputHandler:deactivating [SDG]
12-10 17:59:26.505 15512 15512 W NotificationCenter: NotificationCenter.unregisterListener():469 Listener kuc@bd2891d was not registered for notification class kud
12-10 17:59:26.510 15512 15512 I NgaExtension: NgaExtension.onActivate():527 NgaExtension#onActivate [SDG]
12-10 17:59:26.510 15512 15512 I NgaVoiceInputHandlerSwitcher: NgaVoiceInputHandlerSwitcher.restorePrimary():233 not switching to primary. fallback is null [SDG]
12-10 17:59:26.510 15512 15512 I NgaVoiceInputHandler: NgaVoiceInputHandler.maybeCreateInputManager():205 VoiceInputHandler:activating [SDG]
12-10 17:59:26.510 15512 15512 I NgaExtension: NgaExtension.onActivate():551 NgaExtension: interaction type=4 [SDG]
12-10 17:59:26.512 19186 19235 I bezf : (REDACTED) Handling KeyboardVisibilityEvent: %s [SD]
12-10 17:59:26.513 19186 19236 I behb : (REDACTED) Using %s API. [SD]
12-10 17:59:26.513 19186 19236 I befi : (REDACTED) Starting AiAi status check using Android T API. tag=%s [SD]
12-10 17:59:26.516 1383 3424 I SpeechRecognitionManagerServiceImpl: Client 10165 has opened 15 sessions
12-10 17:59:26.517 14541 14541 I AiAi : AiAiSpeechRecognitionService#onCheckRecognitionSupport#AndroidU
12-10 17:59:26.517 14541 14541 I AiAiSpeechRecognition: #onCheckRecognitionSupport
12-10 17:59:26.518 14541 14541 I RecognitionServiceInten: (REDACTED) Trigger application overridden to %s
12-10 17:59:26.518 14541 14541 I IntentParsingUtil: (REDACTED) enableLocaleValidation: %s
12-10 17:59:26.518 14541 14541 I IntentParsingUtil: (REDACTED) Using Locale.getDefault() for recognition: %s
12-10 17:59:26.518 14541 14541 I RecognitionServiceInten: #enableFirstPartyAppFeatures
12-10 17:59:26.518 14541 14541 I IntentParsingUtil: No additional languages specified in RecognizerIntent
12-10 17:59:26.518 14541 14541 I AiAiSpeechRecognition: (REDACTED) onStartCheckRecognitionSupport(): callingPackageName: %s
12-10 17:59:26.518 14541 14541 I ModelManagerImpl: #onCheckRecognitionSupport
12-10 17:59:26.518 14541 14541 I DefaultLPManager: #getAvailablePackages
12-10 17:59:26.519 14541 14541 I tkr : #getDownloadableLanguagePacks
12-10 17:59:26.519 14541 14541 I LanguagePackConfigImpl: (REDACTED) Loaded languagepack (LP) flag value from latest config %s: %s
12-10 17:59:26.519 14541 14541 W SystemLPSourceImpl: #getAvailablePackages: Note there is not reason to call this method, as getInstalledPackages() returns the same LanguagePacks for this impl.
12-10 17:59:26.519 14541 14541 I DefaultLPManager: #getRequestedPackages
12-10 17:59:26.519 14541 14541 I ZipLPPopulator: #addNewFileGroups
12-10 17:59:26.519 14541 14541 I tkr : #getDownloadableLanguagePacks
12-10 17:59:26.519 14541 14541 I LanguagePackConfigImpl: (REDACTED) Loaded languagepack (LP) flag value from latest config %s: %s
12-10 17:59:26.519 14541 14541 W SystemLPSourceImpl: #getRequestedPackages: There is not reason to call this method, as the result is always empty.
12-10 17:59:26.519 14541 14541 I DefaultLPManager: #getAvailablePackages
12-10 17:59:26.520 14541 14541 I tkr : #getDownloadableLanguagePacks
12-10 17:59:26.520 14541 14541 I LanguagePackConfigImpl: (REDACTED) Loaded languagepack (LP) flag value from latest config %s: %s
12-10 17:59:26.520 14541 14541 W SystemLPSourceImpl: #getAvailablePackages: Note there is not reason to call this method, as getInstalledPackages() returns the same LanguagePacks for this impl.
12-10 17:59:26.520 14541 14541 I DefaultLPManager: #getInstalledPackages
12-10 17:59:26.520 14541 14541 I tkr : #getInstalledPackages from MDD
12-10 17:59:26.520 14541 14541 I tkr : #GetLanguagePackList
12-10 17:59:26.520 14541 14541 I tkr : MDD.getFileGroupsByFilter(langpack-domain_xx-XX_ver_zipfile)
12-10 17:59:26.520 14541 14586 E VoiceSearchConfigProtoU: (REDACTED) Unrecognized recognizer for [%s, %d]: %d. Ignoring it and its associated features.
12-10 17:59:26.521 14541 14586 E VoiceSearchConfigProtoU: (REDACTED) Unrecognized recognizer for [%s, %d]: %d. Ignoring it and its associated features.
12-10 17:59:26.521 14541 14586 E VoiceSearchConfigProtoU: (REDACTED) Unrecognized recognizer for [%s, %d]: %d. Ignoring it and its associated features.
12-10 17:59:26.521 14541 14586 E VoiceSearchConfigProtoU: (REDACTED) Unrecognized recognizer for [%s, %d]: %d. Ignoring it and its associated features.
12-10 17:59:26.521 15512 15512 I AccessoryInputModeManager: AccessoryInputModeManager.onModeStarted():320 Accessory input mode started: null
12-10 17:59:26.521 14541 14586 E VoiceSearchConfigProtoU: (REDACTED) Unrecognized recognizer for [%s, %d]: %d. Ignoring it and its associated features.
12-10 17:59:26.521 15512 15512 W SupplementaryKeyboardsWrapper: SupplementaryKeyboardsWrapper.deactivateKeyboard():159 keyboard accessory_candidates_consumer is not activated before!
12-10 17:59:26.522 15512 15512 I KeyboardModeManager: KeyboardModeManager.setSupportedKeyboardModes():1154 supportsSplitMode=true supportsOneHandedMode=true, needUpdateKeyboardMode=false
12-10 17:59:26.522 15512 15512 I KeyboardModeUtils: KeyboardModeUtils.getKeyboardBottomOffset():419 inch: 0.000000 ydpi: 409.127014 adjustKeyboardBottomByDisplaySize: false currentDensityDpi: 420 defaultDensityDpi: 420 keyboardBottomToScreenPx: 0 keyboardBottomToNavBarPx: -126 navBarHeight: 126
12-10 17:59:26.522 15512 15512 I ResizableKeyboardModeController: ResizableKeyboardModeController.getKeyboardBottomOffset():228 currentPrimeKeyboardType:SOFT keyboardBottomOffset:0 navBarHeight:126 isInLandscape:false
12-10 17:59:26.522 14541 14619 I SystemLPSourceImpl: (REDACTED) Parsed system partition LanguagePack metadata file: %s
12-10 17:59:26.523 15512 15512 I VoiceImeExtension: VoiceImeExtension.shouldStartVoiceInputAutomaticallyInCurrentInputBox():402 No private IME option set to start voice input.
12-10 17:59:26.524 15512 15512 I WindowMetricsNotification: WindowMetricsNotification.notifyWithWindow():175
12-10 17:59:26.524 15512 15512 I WindowMetricsNotification: WindowMetricsNotification.notify():168 WindowMetricsNotification{bounds=Rect(0, 118 - 1080, 2400), insets=Rect(0, 0 - 0, 126), densityDpi=420, smallestScreenWidthDp=411, displayWidth=1080, displayHeight=2400, xdpi=391.885, ydpi=409.127, isTrustable=true, displayId=0}; DisplayMetrics{density=2.625, width=1080, height=2400, scaledDensity=2.625, xdpi=391.885, ydpi=409.127}
12-10 17:59:26.525 14541 14586 E VoiceSearchConfigProtoU: (REDACTED) Unrecognized recognizer for [%s, %d]: %d. Ignoring it and its associated features.
12-10 17:59:26.525 14541 14586 E VoiceSearchConfigProtoU: (REDACTED) Unrecognized recognizer for [%s, %d]: %d. Ignoring it and its associated features.
12-10 17:59:26.525 14541 14586 E VoiceSearchConfigProtoU: (REDACTED) Unrecognized recognizer for [%s, %d]: %d. Ignoring it and its associated features.
12-10 17:59:26.525 14541 14586 E VoiceSearchConfigProtoU: (REDACTED) Unrecognized recognizer for [%s, %d]: %d. Ignoring it and its associated features.
12-10 17:59:26.526 14541 14586 E VoiceSearchConfigProtoU: (REDACTED) Unrecognized recognizer for [%s, %d]: %d. Ignoring it and its associated features.
12-10 17:59:26.526 15512 15512 I SharingNoticeModule: SharingNoticeModule.shouldPostNotice():194 Sharing notice not show, [max display: 0, actual display: 0].
12-10 17:59:26.527 1383 3424 D ActivityManager: sync unfroze 29146 com.google.android.gms for 6
12-10 17:59:26.527 15512 15512 I GoogleInputMethodService: GoogleInputMethodService$1.onKeyboardViewShown():468 onKeyboardViewShown: keyboardType=prime, keyboardViewType=HEADER keyboardView=com.google.android.libraries.inputmethod.widgets.SoftKeyboardView{7ecadc V.E...... ........ 0,0-1080,116 aid=8119}
12-10 17:59:26.527 15512 15512 I GoogleInputMethodService: GoogleInputMethodService$1.onKeyboardViewShown():468 onKeyboardViewShown: keyboardType=prime, keyboardViewType=BODY keyboardView=com.google.android.libraries.inputmethod.widgets.SoftKeyboardView{98fd346 V.E...... ........ 0,0-1080,641 aid=8221}
12-10 17:59:26.527 15512 15512 I NewLanguagePromptExtension: NewLanguagePromptExtension$1.onKeyboardViewShown():96 Not show new language banner: no change in enabled input method entries
12-10 17:59:26.527 15512 15512 I WindowMetricsNotification: WindowMetricsNotification.notifyWithWindow():175
12-10 17:59:26.527 15512 15512 I WindowMetricsNotification: WindowMetricsNotification.notify():168 WindowMetricsNotification{bounds=Rect(0, 118 - 1080, 2400), insets=Rect(0, 0 - 0, 126), densityDpi=420, smallestScreenWidthDp=411, displayWidth=1080, displayHeight=2400, xdpi=391.885, ydpi=409.127, isTrustable=true, displayId=0}; DisplayMetrics{density=2.625, width=1080, height=2400, scaledDensity=2.625, xdpi=391.885, ydpi=409.127}
12-10 17:59:26.527 15512 15512 I WindowMetricsNotification: WindowMetricsNotification.notifyWithWindow():175
12-10 17:59:26.527 15512 15512 I WindowMetricsNotification: WindowMetricsNotification.notify():168 WindowMetricsNotification{bounds=Rect(0, 118 - 1080, 2400), insets=Rect(0, 0 - 0, 126), densityDpi=420, smallestScreenWidthDp=411, displayWidth=1080, displayHeight=2400, xdpi=391.885, ydpi=409.127, isTrustable=true, displayId=0}; DisplayMetrics{density=2.625, width=1080, height=2400, scaledDensity=2.625, xdpi=391.885, ydpi=409.127}
12-10 17:59:26.528 15512 15512 I WindowMetricsNotification: WindowMetricsNotification.notifyWithWindow():175
12-10 17:59:26.528 15512 15512 I WindowMetricsNotification: WindowMetricsNotification.notify():168 WindowMetricsNotification{bounds=Rect(0, 118 - 1080, 2400), insets=Rect(0, 0 - 0, 126), densityDpi=420, smallestScreenWidthDp=411, displayWidth=1080, displayHeight=2400, xdpi=391.885, ydpi=409.127, isTrustable=true, displayId=0}; DisplayMetrics{density=2.625, width=1080, height=2400, scaledDensity=2.625, xdpi=391.885, ydpi=409.127}
12-10 17:59:26.528 15512 15592 I Delight5Decoder: Delight5DecoderWrapper.setKeyboardLayout():514 setKeyboardLayout()
12-10 17:59:26.528 14541 14586 E VoiceSearchConfigProtoU: (REDACTED) Unrecognized recognizer for [%s, %d]: %d. Ignoring it and its associated features.
12-10 17:59:26.528 14541 14586 E VoiceSearchConfigProtoU: (REDACTED) Unrecognized recognizer for [%s, %d]: %d. Ignoring it and its associated features.
12-10 17:59:26.529 14541 14586 E VoiceSearchConfigProtoU: (REDACTED) Unrecognized recognizer for [%s, %d]: %d. Ignoring it and its associated features.
12-10 17:59:26.529 14541 14586 E VoiceSearchConfigProtoU: (REDACTED) Unrecognized recognizer for [%s, %d]: %d. Ignoring it and its associated features.
12-10 17:59:26.529 14541 14586 E VoiceSearchConfigProtoU: (REDACTED) Unrecognized recognizer for [%s, %d]: %d. Ignoring it and its associated features.
12-10 17:59:26.530 14541 14586 I LPRequestState: (REDACTED) [%s] #resolveDesiredLanguagePacks
12-10 17:59:26.530 14541 14586 I LPRequestState: (REDACTED) Assigning language pack %s for request %s
12-10 17:59:26.530 14541 14586 I LPDownloadSettingsState: (REDACTED) Defaulting LP download condition to %s as user has not edited settings.
12-10 17:59:26.530 14541 14586 I ZipLPPopulator: (REDACTED) MDD.addFileGroup: %s
12-10 17:59:26.532 14541 14619 I SystemLPSourceImpl: (REDACTED) Parsed system partition LanguagePack metadata file: %s
12-10 17:59:26.532 14541 14586 I ZipLPPopulator: (REDACTED) Updated file group for group '%s' from location: %s
12-10 17:59:26.532 14541 14586 I ZipLPPopulator: #addNewFileGroups complete
12-10 17:59:26.532 14541 14619 I SystemLPSourceImpl: (REDACTED) Parsed system partition LanguagePack metadata file: %s
12-10 17:59:26.533 14541 14586 I tkr : #getPendingPackages from MDD
12-10 17:59:26.533 14541 14586 I tkr : #GetLanguagePackList
12-10 17:59:26.533 14541 14586 I tkr : MDD.getFileGroupsByFilter(langpack-domain_xx-XX_ver_zipfile)
12-10 17:59:26.534 29146 29146 D BoundBrokerSvc: onBind: Intent { act=com.google.firebase.dynamiclinks.service.START pkg=com.google.android.gms }
12-10 17:59:26.534 29146 29146 D BoundBrokerSvc: Loading bound service for intent: Intent { act=com.google.firebase.dynamiclinks.service.START pkg=com.google.android.gms }
12-10 17:59:26.535 14541 14586 I ModelManagerImpl: (REDACTED) ModelManager has support for: [%s]
12-10 17:59:26.535 14541 14586 I ModelManagerImpl: (REDACTED) ModelManager pending download for: [%s]
12-10 17:59:26.535 14541 14586 I ModelManagerImpl: (REDACTED) ModelManager has installed: [%s]
12-10 17:59:26.535 14541 14586 I AiAiSpeechRecognition: (REDACTED) onEndCheckRecognitionSupport success: %s
12-10 17:59:26.536 19186 19236 I befi : (REDACTED) RecognitionSupportCallback.onSupportResult tag=%s [SD]
12-10 17:59:26.536 19186 19236 I befi : (REDACTED) AiAi installed languages: %s tag=%s [SD]
12-10 17:59:26.536 19186 19236 I befi : (REDACTED) AiAi pending languages: %s tag=%s [SD]
12-10 17:59:26.536 19186 19236 I befi : (REDACTED) AiAi supported languages: %s tag=%s [SD]
12-10 17:59:26.537 19186 19236 I bfdq : (REDACTED) Current package suspended=%s [SD]
12-10 17:59:26.538 19186 19236 I bekj : (REDACTED) GellerException: (%s) for accountId: %s. Skipping account. [SD]
12-10 17:59:26.540 19186 19235 I bekj : (REDACTED) SAA bit for setting %s, account %s: %s. [SD]
12-10 17:59:26.541 19186 19235 I bekj : (REDACTED) SAA bit for setting %s, account %s: %s. [SD]
12-10 17:59:26.541 19186 19235 I bekj : (REDACTED) SAA bit for setting %s, account %s: %s. [SD]
12-10 17:59:26.541 19186 19235 I bekj : (REDACTED) SAA bit for setting %s, account %s: %s. [SD]
12-10 17:59:26.541 19186 19235 I bfda : (REDACTED) Dictation is not enabled for unsupported keyboard locale: %s; supported locales: %s. workprofile=%s [SD]
12-10 17:59:26.542 19186 19237 I bfkk : Manual switching disabled because flag is disabled [SD]
12-10 17:59:26.542 19186 19237 I bfkk : Manual switching disabled because flag is disabled [SD]
12-10 17:59:26.542 19186 19237 I bfkk : Automatic switching disabled because flag is disabled [SD]
12-10 17:59:26.542 19186 19237 I bfkk : Manual switching disabled because flag is disabled [SD]
12-10 17:59:26.542 19186 19237 I bfkk : Automatic switching disabled because manual switching is disabled [SD]
12-10 17:59:26.542 19186 19237 I bfkk : Automatic switching disabled because AiAi is not compatible [SD]
12-10 17:59:26.542 19186 19237 I bfkk : Automatic switching disabled because lang-id is not available [SD]
12-10 17:59:26.542 19186 19237 I bfkk : Automatic switching disabled because Gboard setting is not shown [SD]
12-10 17:59:26.543 19186 19237 I bfkk : Automatic switching disabled because there aren't enough supported keyboard languages [SD]
12-10 17:59:26.544 19186 19237 I beyp : (REDACTED) Keyboard notified that eligibility=%s [SD]
12-10 17:59:26.544 19186 19237 I bffa : #onKeyboardShownAgain scheduled [SD]
12-10 17:59:26.544 19186 19236 I bffa : #onKeyboardShownAgain [SD]
12-10 17:59:26.545 15512 15512 I NgaStateManager: NgaStateManager.setAssistantDictationEligibility():182 AssistantDictationEligibility = 28 [SDG]
12-10 17:59:26.545 15512 15512 I NgaStateManager: NgaStateManager.setAssistantDictationEligibility():194 AssistantDictationEligibility(config, ru-RU) = 28 [SDG]
12-10 17:59:26.545 15512 15512 I NgaStateManager: NgaStateManager.setAssistantDictationEligibility():201 AssistantDictationEligibility(inputField) = 1 [SDG]
12-10 17:59:26.682 15512 15512 W TooltipLifecycleManager: TooltipLifecycleManager.dismissTooltips():154 Tooltip with id spell_check_add_to_dictionary not found in tooltipManager.
12-10 17:59:26.687 15685 15688 I egram.messenger: Method exceeds compiler instruction limit: 28561 in void org.telegram.ui.Cells.ChatMessageCell.setMessageContent(org.telegram.messenger.MessageObject, org.telegram.messenger.MessageObject$GroupedMessages, boolean, boolean)
12-10 17:59:26.688 15685 15688 I egram.messenger: Method exceeds compiler instruction limit: 28561 in void org.telegram.ui.Cells.ChatMessageCell.setMessageContent(org.telegram.messenger.MessageObject, org.telegram.messenger.MessageObject$GroupedMessages, boolean, boolean)
12-10 17:59:26.688 15685 15688 I egram.messenger: Method exceeds compiler instruction limit: 28561 in void org.telegram.ui.Cells.ChatMessageCell.setMessageContent(org.telegram.messenger.MessageObject, org.telegram.messenger.MessageObject$GroupedMessages, boolean, boolean)
12-10 17:59:26.693 15685 15688 I egram.messenger: Method exceeds compiler instruction limit: 17656 in void org.telegram.ui.ChatActivity.didReceivedNotification(int, int, java.lang.Object[])
12-10 17:59:26.694 15685 15688 I egram.messenger: Method exceeds compiler instruction limit: 17656 in void org.telegram.ui.ChatActivity.didReceivedNotification(int, int, java.lang.Object[])
12-10 17:59:26.702 15685 15688 I egram.messenger: Method exceeds compiler instruction limit: 28561 in void org.telegram.ui.Cells.ChatMessageCell.setMessageContent(org.telegram.messenger.MessageObject, org.telegram.messenger.MessageObject$GroupedMessages, boolean, boolean)
12-10 17:59:26.702 15685 15688 I egram.messenger: Method exceeds compiler instruction limit: 28561 in void org.telegram.ui.Cells.ChatMessageCell.setMessageContent(org.telegram.messenger.MessageObject, org.telegram.messenger.MessageObject$GroupedMessages, boolean, boolean)
12-10 17:59:26.702 15685 15688 I egram.messenger: Method exceeds compiler instruction limit: 28561 in void org.telegram.ui.Cells.ChatMessageCell.setMessageContent(org.telegram.messenger.MessageObject, org.telegram.messenger.MessageObject$GroupedMessages, boolean, boolean)
12-10 17:59:26.703 15685 15688 I egram.messenger: Method exceeds compiler instruction limit: 28561 in void org.telegram.ui.Cells.ChatMessageCell.setMessageContent(org.telegram.messenger.MessageObject, org.telegram.messenger.MessageObject$GroupedMessages, boolean, boolean)
12-10 17:59:26.704 15685 15688 I egram.messenger: Method exceeds compiler instruction limit: 28561 in void org.telegram.ui.Cells.ChatMessageCell.setMessageContent(org.telegram.messenger.MessageObject, org.telegram.messenger.MessageObject$GroupedMessages, boolean, boolean)
12-10 17:59:26.713 15685 15688 I egram.messenger: Method exceeds compiler instruction limit: 17656 in void org.telegram.ui.ChatActivity.didReceivedNotification(int, int, java.lang.Object[])
12-10 17:59:26.719 29182 9649 I AlarmManager: setExactAndAllowWhileIdle [name: GCM_HB_ALARM type: 2 triggerAtMillis: 114144244]
12-10 17:59:26.730 29182 9712 I AlarmManager: setExactAndAllowWhileIdle [name: FcmRetry type: 2 triggerAtMillis: 112534253]
12-10 17:59:26.731 29182 9649 I AlarmManager: setExactAndAllowWhileIdle [name: GCM_HB_ALARM type: 2 triggerAtMillis: 114144256]
12-10 17:59:26.753 15685 15688 I egram.messenger: Method exceeds compiler instruction limit: 17656 in void org.telegram.ui.ChatActivity.didReceivedNotification(int, int, java.lang.Object[])
12-10 17:59:26.770 1383 7203 W JobInfo : Job 'org.telegram.messenger/.KeepAliveJob#1000' has a deadline with functional constraints and an extremely short time window of 0 ms (delay=0, deadline=0). The functional constraints are not likely to be satisfied when the job runs.
12-10 17:59:26.771 1383 7203 W JobInfo : Job 'org.telegram.messenger/.KeepAliveJob#1000' has a deadline with functional constraints and an extremely short time window of 0 ms (delay=0, deadline=0). The functional constraints are not likely to be satisfied when the job runs.
12-10 17:59:26.772 1383 3424 W ProcessStats: Tracking association SourceState{a2b2631 org.telegram.messenger/10284 BTop #79802} whose proc state 2 is better than process ProcessState{e46a0b com.google.android.webview:sandboxed_process0:org.chromium.content.app.SandboxedProcessService0:0/10284 pkg=org.telegram.messenger} proc state 13 (29 skipped)
12-10 17:59:26.863 14541 14591 I AiAiTextClassifier: GenerateLinks did not find valid links, returning empty result
12-10 17:59:26.885 14541 14591 I AiAiTextClassifier: GenerateLinks did not find valid links, returning empty result
12-10 17:59:26.887 14541 14644 D androidtc: Initializing SystemTextClassifier, type = System
12-10 17:59:26.887 14541 14541 I AiAiTextClassifier: (REDACTED) onDestroyTextClassificationSession = %s
12-10 17:59:26.888 14541 14541 I AiAiTextClassifier: (REDACTED) onCreateTextClassificationSession = %s
12-10 17:59:26.890 14541 14541 I AiAiTextClassifier: AiaiTextClassifierService.onSuggestConversationActions
12-10 17:59:26.901 14541 14591 W LocaleConfig: The resource file pointed to by the given resource ID isn't found.
12-10 17:59:26.920 1383 3631 D ShortcutService: rescanPackageIfNeeded 0@org.telegram.messenger, forceRescan=false , isNewApp=false
12-10 17:59:26.930 1383 3631 D ShortcutService: rescanPackageIfNeeded 0@org.telegram.messenger, forceRescan=false , isNewApp=false
12-10 17:59:26.930 14541 14644 D androidtc: Initializing SystemTextClassifier, type = System
12-10 17:59:26.931 15685 15730 W Notification: Bubbles work best with icons of TYPE_URI or TYPE_URI_ADAPTIVE_BITMAP. In the future, using an icon of this type will be required.
12-10 17:59:26.932 14541 14541 I AiAiTextClassifier: (REDACTED) onCreateTextClassificationSession = %s
12-10 17:59:26.934 14541 14541 I AiAiTextClassifier: AiaiTextClassifierService.onSuggestConversationActions
12-10 17:59:26.941 14541 14541 I AiAiTextClassifier: (REDACTED) onDestroyTextClassificationSession = %s
12-10 17:59:26.947 14541 14644 D androidtc: Initializing SystemTextClassifier, type = System
12-10 17:59:26.949 14541 14541 I AiAiTextClassifier: (REDACTED) onCreateTextClassificationSession = %s
12-10 17:59:26.951 14541 14541 I AiAiTextClassifier: AiaiTextClassifierService.onSuggestConversationActions
12-10 17:59:26.951 1383 3631 D ShortcutService: Getting shortcuts for launcher= androiduser=0 pkg=org.telegram.messenger
12-10 17:59:26.951 1383 3631 D ShortcutService: rescanPackageIfNeeded 0@org.telegram.messenger, forceRescan=false , isNewApp=false
12-10 17:59:26.955 14541 14541 I AiAiTextClassifier: (REDACTED) onDestroyTextClassificationSession = %s
12-10 17:59:26.975 14541 14644 D androidtc: Initializing SystemTextClassifier, type = System
12-10 17:59:26.978 14541 14541 I AiAiTextClassifier: (REDACTED) onCreateTextClassificationSession = %s
12-10 17:59:26.980 14541 14541 I AiAiTextClassifier: AiaiTextClassifierService.onSuggestConversationActions
12-10 17:59:26.995 15685 15688 I egram.messenger: Method exceeds compiler instruction limit: 17656 in void org.telegram.ui.ChatActivity.didReceivedNotification(int, int, java.lang.Object[])
12-10 17:59:27.001 14541 14591 W LocaleConfig: The resource file pointed to by the given resource ID isn't found.
12-10 17:59:27.005 14541 14591 W LocaleConfig: The resource file pointed to by the given resource ID isn't found.
12-10 17:59:27.010 14541 14591 W LocaleConfig: The resource file pointed to by the given resource ID isn't found.
12-10 17:59:27.012 14541 14541 I AiAiTextClassifier: (REDACTED) onDestroyTextClassificationSession = %s
12-10 17:59:27.014 14541 14611 I AiAiEcho: SmartspaceNotificationPredictor no parser can handle this notification or notification is invalid
12-10 17:59:27.016 14541 14644 D androidtc: Initializing SystemTextClassifier, type = System
12-10 17:59:27.018 14541 14541 I AiAiTextClassifier: (REDACTED) onCreateTextClassificationSession = %s
12-10 17:59:27.019 14541 14541 I AiAiTextClassifier: AiaiTextClassifierService.onSuggestConversationActions
12-10 17:59:27.027 14541 14541 I AiAiTextClassifier: (REDACTED) onDestroyTextClassificationSession = %s
12-10 17:59:27.049 14541 14611 I AiAiEcho: SmartspaceNotificationPredictor no parser can handle this notification or notification is invalid
12-10 17:59:27.055 1383 1990 D ShortcutService: Saving package item org.telegram.messenger to /data/system_ce/0/shortcut_service/packages/org.telegram.messenger.xml
12-10 17:59:27.055 1383 1670 D ShortcutService: Getting shortcuts for launcher= com.google.android.asuser=0 pkg=org.telegram.messenger
12-10 17:59:27.062 1383 1670 D ShortcutService: Getting shortcuts for launcher= com.google.android.apps.nexuslauncheruser=0 pkg=org.telegram.messenger
12-10 17:59:27.062 1383 1670 D ShortcutService: Getting shortcuts for launcher= com.android.systemuiuser=0 pkg=org.telegram.messenger
12-10 17:59:27.063 14541 14591 I AiAiTextClassifier: GenerateLinks did not find valid links, returning empty result
12-10 17:59:27.086 14541 14591 I AiAiTextClassifier: GenerateLinks did not find valid links, returning empty result
12-10 17:59:27.108 14541 14591 I AiAiTextClassifier: GenerateLinks did not find valid links, returning empty result
12-10 17:59:27.118 14541 14644 D androidtc: Initializing SystemTextClassifier, type = System
12-10 17:59:27.119 14541 14611 I AiAiEcho: SmartspaceNotificationPredictor no parser can handle this notification or notification is invalid
12-10 17:59:27.121 14541 14541 I AiAiTextClassifier: (REDACTED) onCreateTextClassificationSession = %s
12-10 17:59:27.123 14541 14541 I AiAiTextClassifier: AiaiTextClassifierService.onSuggestConversationActions
12-10 17:59:27.127 14541 14611 I AiAiEcho: SmartspaceNotificationPredictor no parser can handle this notification or notification is invalid
12-10 17:59:27.142 14541 14541 I AiAiTextClassifier: (REDACTED) onDestroyTextClassificationSession = %s
12-10 17:59:27.159 14541 14611 I AiAiEcho: SmartspaceNotificationPredictor no parser can handle this notification or notification is invalid
12-10 17:59:27.159 2025 2067 D PeopleSpaceWidgetMgr: No app widget ids returned
12-10 17:59:27.177 14541 14611 I AiAiEcho: SmartspaceNotificationPredictor no parser can handle this notification or notification is invalid
12-10 17:59:27.197 1383 7203 D ShortcutService: rescanPackageIfNeeded 0@org.telegram.messenger, forceRescan=false , isNewApp=false
12-10 17:59:27.197 14541 14611 I AiAiEcho: SmartspaceNotificationPredictor no parser can handle this notification or notification is invalid
12-10 17:59:27.206 1383 3424 D ShortcutService: rescanPackageIfNeeded 0@org.telegram.messenger, forceRescan=false , isNewApp=false
12-10 17:59:27.208 15685 15730 W Notification: Bubbles work best with icons of TYPE_URI or TYPE_URI_ADAPTIVE_BITMAP. In the future, using an icon of this type will be required.
12-10 17:59:27.221 1383 3424 D ShortcutService: Getting shortcuts for launcher= androiduser=0 pkg=org.telegram.messenger
12-10 17:59:27.223 1383 3424 D ShortcutService: rescanPackageIfNeeded 0@org.telegram.messenger, forceRescan=false , isNewApp=false
12-10 17:59:27.240 14541 14644 D androidtc: Initializing SystemTextClassifier, type = System
12-10 17:59:27.242 14541 14541 I AiAiTextClassifier: (REDACTED) onCreateTextClassificationSession = %s
12-10 17:59:27.244 14541 14541 I AiAiTextClassifier: AiaiTextClassifierService.onSuggestConversationActions
12-10 17:59:27.246 1383 7204 E NotificationService: Package enqueue rate is 5.50509. Shedding 0|org.telegram.messenger|-2094546118|null|10284. package=org.telegram.messenger
12-10 17:59:27.258 14541 14611 I AiAiEcho: SmartspaceNotificationPredictor no parser can handle this notification or notification is invalid
12-10 17:59:27.258 14541 14591 W LocaleConfig: The resource file pointed to by the given resource ID isn't found.
12-10 17:59:27.264 14541 14591 W LocaleConfig: The resource file pointed to by the given resource ID isn't found.
12-10 17:59:27.269 14541 14591 W LocaleConfig: The resource file pointed to by the given resource ID isn't found.
12-10 17:59:27.275 14541 14541 I AiAiTextClassifier: (REDACTED) onDestroyTextClassificationSession = %s
12-10 17:59:27.284 1383 3424 W ParceledListSlice: Element #4 is 18308 bytes.
12-10 17:59:27.284 1383 3424 W ParceledListSlice: Element #6 is 22572 bytes.
12-10 17:59:27.284 1383 3424 W ParceledListSlice: Element #7 is 28644 bytes.
12-10 17:59:27.303 14541 14591 I AiAiTextClassifier: GenerateLinks did not find valid links, returning empty result
12-10 17:59:27.321 14541 14591 I AiAiTextClassifier: GenerateLinks did not find valid links, returning empty result
12-10 17:59:27.322 14541 14644 D androidtc: Initializing SystemTextClassifier, type = System
12-10 17:59:27.323 14541 14541 I AiAiTextClassifier: (REDACTED) onDestroyTextClassificationSession = %s
12-10 17:59:27.324 14541 14541 I AiAiTextClassifier: (REDACTED) onCreateTextClassificationSession = %s
12-10 17:59:27.327 1383 1990 D ShortcutService: Saving package item org.telegram.messenger to /data/system_ce/0/shortcut_service/packages/org.telegram.messenger.xml
12-10 17:59:27.328 1383 1670 D ShortcutService: Getting shortcuts for launcher= com.google.android.asuser=0 pkg=org.telegram.messenger
12-10 17:59:27.328 14541 14541 I AiAiTextClassifier: AiaiTextClassifierService.onSuggestConversationActions
12-10 17:59:27.338 14541 14611 I AiAiEcho: SmartspaceNotificationPredictor no parser can handle this notification or notification is invalid
12-10 17:59:27.342 1383 1670 D ShortcutService: Getting shortcuts for launcher= com.google.android.apps.nexuslauncheruser=0 pkg=org.telegram.messenger
12-10 17:59:27.343 1383 1670 D ShortcutService: Getting shortcuts for launcher= com.android.systemuiuser=0 pkg=org.telegram.messenger
12-10 17:59:27.346 14541 14591 W LocaleConfig: The resource file pointed to by the given resource ID isn't found.
12-10 17:59:27.359 14541 14644 D androidtc: Initializing SystemTextClassifier, type = System
12-10 17:59:27.365 14541 14611 I AiAiEcho: SmartspaceNotificationPredictor no parser can handle this notification or notification is invalid
12-10 17:59:27.369 14541 14541 I AiAiTextClassifier: (REDACTED) onCreateTextClassificationSession = %s
12-10 17:59:27.373 14541 14541 I AiAiTextClassifier: AiaiTextClassifierService.onSuggestConversationActions
12-10 17:59:27.376 14541 14541 I AiAiTextClassifier: (REDACTED) onDestroyTextClassificationSession = %s
12-10 17:59:27.379 14541 14644 D androidtc: Initializing SystemTextClassifier, type = System
12-10 17:59:27.380 14541 14541 I AiAiTextClassifier: (REDACTED) onCreateTextClassificationSession = %s
12-10 17:59:27.381 14541 14541 I AiAiTextClassifier: AiaiTextClassifierService.onSuggestConversationActions
12-10 17:59:27.387 14541 14541 I AiAiTextClassifier: (REDACTED) onDestroyTextClassificationSession = %s
12-10 17:59:27.392 14541 14644 D androidtc: Initializing SystemTextClassifier, type = System
12-10 17:59:27.394 14541 14541 I AiAiTextClassifier: (REDACTED) onCreateTextClassificationSession = %s
12-10 17:59:27.396 14541 14611 I AiAiEcho: SmartspaceNotificationPredictor no parser can handle this notification or notification is invalid
12-10 17:59:27.397 14541 14541 I AiAiTextClassifier: AiaiTextClassifierService.onSuggestConversationActions
12-10 17:59:27.403 14541 14611 I AiAiEcho: SmartspaceNotificationPredictor no parser can handle this notification or notification is invalid
12-10 17:59:27.411 14541 14591 W LocaleConfig: The resource file pointed to by the given resource ID isn't found.
12-10 17:59:27.415 14541 14591 W LocaleConfig: The resource file pointed to by the given resource ID isn't found.
12-10 17:59:27.418 14541 14591 W LocaleConfig: The resource file pointed to by the given resource ID isn't found.
12-10 17:59:27.421 14541 14541 I AiAiTextClassifier: (REDACTED) onDestroyTextClassificationSession = %s
12-10 17:59:27.425 14541 14644 D androidtc: Initializing SystemTextClassifier, type = System
12-10 17:59:27.428 14541 14541 I AiAiTextClassifier: (REDACTED) onCreateTextClassificationSession = %s
12-10 17:59:27.429 14541 14611 I AiAiEcho: SmartspaceNotificationPredictor no parser can handle this notification or notification is invalid
12-10 17:59:27.429 14541 14541 I AiAiTextClassifier: AiaiTextClassifierService.onSuggestConversationActions
12-10 17:59:27.442 14541 14611 I AiAiEcho: SmartspaceNotificationPredictor no parser can handle this notification or notification is invalid
12-10 17:59:27.442 14541 14541 I AiAiTextClassifier: (REDACTED) onDestroyTextClassificationSession = %s
12-10 17:59:27.469 2025 2067 D PeopleSpaceWidgetMgr: No app widget ids returned
12-10 17:59:27.933 1383 1937 D ConnectivityService: NetReassign [no changes] [c 1] [a 1] [i 8]
12-10 17:59:28.115 1147 1147 W TracingMuxer: type=1400 audit(0.0:83427): avc: denied { write } for name="traced_producer" dev="tmpfs" ino=1227 scontext=u:r:gxp_logging:s0 tcontext=u:object_r:traced_producer_socket:s0 tclass=sock_file permissive=0
12-10 17:59:28.396 1779 1785 I pixel-thermal: VIRTUAL-SKIN-CHARGE-WLC:30.1642 raw data: VIRTUAL-SKIN-CHARGE-WLC:30164.2 disp_therm:28010 skin_therm2:31950 usb_pwr_therm2:28589
12-10 17:59:28.415 1779 1785 I pixel-thermal: VIRTUAL-SKIN-CPU:28.4027 raw data: VIRTUAL-NEU-QUT-SKIN1-SKIN2-USB-USB2-GNSS-1:28244.7 VIRTUAL-NEU-QUT-SKIN1-SKIN2-USB-USB2-GNSS-4:27799.3 VIRTUAL-QUT-SKIN2-USB-GNSS-3:28402.7 VIRTUAL-QUT-SKIN2-USB-USB2-2:28013.1 VIRTUAL-SKIN:28402.7 VIRTUAL-SKIN-CPU:28402.7 gnss_tcxo_therm:30726 neutral_therm:30526 quiet_therm:28389 skin_therm1:29747 skin_therm2:31950 usb_pwr_therm:28255 usb_pwr_therm2:28589
12-10 17:59:28.416 1779 1785 I pixel-thermal: skin_therm1:29.747 raw data: skin_therm1:29747
12-10 17:59:28.416 1779 1785 I pixel-thermal: VIRTUAL-SKIN:28.4027 raw data: VIRTUAL-SKIN:28402.7
12-10 17:59:28.416 1779 1785 I pixel-thermal: VIRTUAL-SKIN-HINT:28.4027 raw data: VIRTUAL-SKIN:28402.7 VIRTUAL-SKIN-HINT:28402.7
12-10 17:59:28.416 1779 1785 I pixel-thermal: VIRTUAL-SKIN-CHARGE:28.4027 raw data: VIRTUAL-SKIN:28402.7 VIRTUAL-SKIN-CHARGE:28402.7
12-10 17:59:28.416 1779 1785 I pixel-thermal: cellular-emergency:28.4027 raw data: VIRTUAL-SKIN:28402.7 cellular-emergency:28402.7
12-10 17:59:28.416 1779 1785 I pixel-thermal: VIRTUAL-SKIN-CPU-GPU:28.4027 raw data: VIRTUAL-SKIN:28402.7 VIRTUAL-SKIN-CPU-GPU:28402.7
12-10 17:59:28.859 18720 18720 W Thread-15: type=1400 audit(0.0:83428): avc: denied { bind } for scontext=u:r:untrusted_app:s0:c101,c257,c512,c768 tcontext=u:r:untrusted_app:s0:c101,c257,c512,c768 tclass=netlink_route_socket permissive=0 bug=b/155595000 app=im.status.ethereum
12-10 17:59:28.859 18720 18720 W Thread-15: type=1400 audit(0.0:83429): avc: denied { bind } for scontext=u:r:untrusted_app:s0:c101,c257,c512,c768 tcontext=u:r:untrusted_app:s0:c101,c257,c512,c768 tclass=netlink_route_socket permissive=0 bug=b/155595000 app=im.status.ethereum
12-10 17:59:28.859 18720 18720 W Thread-15: type=1400 audit(0.0:83430): avc: denied { bind } for scontext=u:r:untrusted_app:s0:c101,c257,c512,c768 tcontext=u:r:untrusted_app:s0:c101,c257,c512,c768 tclass=netlink_route_socket permissive=0 bug=b/155595000 app=im.status.ethereum
12-10 17:59:28.906 18720 18816 D ReactNativeJS: 2024-12-10T15:59:28.885Z DEBUG [status-im.common.signals.events:33] - Signal received {:type "wakuv2.peerstats"}
12-10 17:59:28.912 18720 18816 D ReactNativeJS: 2024-12-10T15:59:28.907Z DEBUG [status-im.common.signals.events:107] - Event wakuv2.peerstats not handled
12-10 17:59:29.455 18720 18720 W Thread-12: type=1400 audit(0.0:83431): avc: denied { bind } for scontext=u:r:untrusted_app:s0:c101,c257,c512,c768 tcontext=u:r:untrusted_app:s0:c101,c257,c512,c768 tclass=netlink_route_socket permissive=0 bug=b/155595000 app=im.status.ethereum
12-10 17:59:29.828 1383 1937 D InetDiagMessage: Destroyed 0 sockets, proto=IPPROTO_TCP, family=AF_INET, states=14
12-10 17:59:29.831 1383 1937 D InetDiagMessage: Destroyed 0 sockets, proto=IPPROTO_TCP, family=AF_INET6, states=14
12-10 17:59:29.831 1383 1937 D InetDiagMessage: Destroyed live tcp sockets for uids={10167} in 11ms
12-10 17:59:29.842 1383 1937 D InetDiagMessage: Destroyed 0 sockets, proto=IPPROTO_TCP, family=AF_INET, states=14
12-10 17:59:29.846 1383 1937 D InetDiagMessage: Destroyed 0 sockets, proto=IPPROTO_TCP, family=AF_INET6, states=14
12-10 17:59:29.846 1383 1937 D InetDiagMessage: Destroyed live tcp sockets for uids={20167} in 7ms
12-10 17:59:29.989 2139 2228 D ImpulseConnection: timeout didn't happen: com.google.android.apps.turbo
12-10 17:59:30.003 18720 18720 W Thread-10: type=1400 audit(0.0:83432): avc: denied { bind } for scontext=u:r:untrusted_app:s0:c101,c257,c512,c768 tcontext=u:r:untrusted_app:s0:c101,c257,c512,c768 tclass=netlink_route_socket permissive=0 bug=b/155595000 app=im.status.ethereum
