12-10 17:55:20.053 1383 1937 W ActivityManager: pid 1383 system sent binder code 1 with flags 1 to frozen apps and got error -2147483646
12-10 17:55:20.053 1383 1937 D ActivityManager: Too many transaction errors, throttling freezer binder callback.
12-10 17:55:20.055 1383 1937 W ActivityManager: pid 1383 system sent binder code 1 with flags 1 to frozen apps and got error -2147483646
12-10 17:55:20.055 1383 1937 D ActivityManager: Too many transaction errors, throttling freezer binder callback.
12-10 17:55:20.055 1383 1937 W ActivityManager: pid 1383 system sent binder code 1 with flags 1 to frozen apps and got error -2147483646
12-10 17:55:20.055 1383 1937 D ActivityManager: Too many transaction errors, throttling freezer binder callback.
12-10 17:55:20.056 1383 1937 W ActivityManager: pid 1383 system sent binder code 1 with flags 1 to frozen apps and got error -2147483646
12-10 17:55:20.056 1383 1937 D ActivityManager: Too many transaction errors, throttling freezer binder callback.
12-10 17:55:29.394 1383 1937 W ActivityManager: pid 1383 system sent binder code 1 with flags 1 to frozen apps and got error -2147483646
12-10 17:55:29.394 1383 1937 W ActivityManager: pid 1383 system sent binder code 1 with flags 1 to frozen apps and got error -2147483646
12-10 17:55:29.394 1383 1937 D ActivityManager: Too many transaction errors, throttling freezer binder callback.
12-10 17:55:29.395 1383 1937 W ActivityManager: pid 1383 system sent binder code 1 with flags 1 to frozen apps and got error -2147483646
12-10 17:55:29.395 1383 1937 D ActivityManager: Too many transaction errors, throttling freezer binder callback.
12-10 17:55:29.395 1383 1937 W ActivityManager: pid 1383 system sent binder code 1 with flags 1 to frozen apps and got error -2147483646
12-10 17:55:29.395 1383 1937 D ActivityManager: Too many transaction errors, throttling freezer binder callback.
12-10 17:55:32.143 1383 1872 D ActivityManager: freezing 12102 com.android.vending
12-10 17:55:32.452 1383 1937 W ActivityManager: pid 1383 system sent binder code 1 with flags 1 to frozen apps and got error -2147483646
12-10 17:55:32.452 1383 1937 D ActivityManager: Too many transaction errors, throttling freezer binder callback.
12-10 17:55:32.453 1383 1937 W ActivityManager: pid 1383 system sent binder code 1 with flags 1 to frozen apps and got error -2147483646
12-10 17:55:32.453 1383 1937 D ActivityManager: Too many transaction errors, throttling freezer binder callback.
12-10 17:55:32.454 1383 1937 W ActivityManager: pid 1383 system sent binder code 1 with flags 1 to frozen apps and got error -2147483646
12-10 17:55:32.454 1383 1937 D ActivityManager: Too many transaction errors, throttling freezer binder callback.
12-10 17:55:32.454 1383 1937 W ActivityManager: pid 1383 system sent binder code 1 with flags 1 to frozen apps and got error -2147483646
12-10 17:55:32.455 1383 1937 D ActivityManager: Too many transaction errors, throttling freezer binder callback.
12-10 17:55:35.458 1383 1937 W ActivityManager: pid 1383 system sent binder code 1 with flags 1 to frozen apps and got error -2147483646
12-10 17:55:35.458 1383 1937 D ActivityManager: Too many transaction errors, throttling freezer binder callback.
12-10 17:55:35.459 1383 1937 W ActivityManager: pid 1383 system sent binder code 1 with flags 1 to frozen apps and got error -2147483646
12-10 17:55:35.459 1383 1937 D ActivityManager: Too many transaction errors, throttling freezer binder callback.
12-10 17:55:35.459 1383 1937 W ActivityManager: pid 1383 system sent binder code 1 with flags 1 to frozen apps and got error -2147483646
12-10 17:55:35.459 1383 1937 D ActivityManager: Too many transaction errors, throttling freezer binder callback.
12-10 17:55:35.459 1383 1937 W ActivityManager: pid 1383 system sent binder code 1 with flags 1 to frozen apps and got error -2147483646
12-10 17:55:35.459 1383 1937 D ActivityManager: Too many transaction errors, throttling freezer binder callback.
12-10 17:55:38.519 1383 1937 W ActivityManager: pid 1383 system sent binder code 1 with flags 1 to frozen apps and got error -2147483646
12-10 17:55:38.519 1383 1937 D ActivityManager: Too many transaction errors, throttling freezer binder callback.
12-10 17:55:38.520 1383 1937 W ActivityManager: pid 1383 system sent binder code 1 with flags 1 to frozen apps and got error -2147483646
12-10 17:55:38.520 1383 1937 D ActivityManager: Too many transaction errors, throttling freezer binder callback.
12-10 17:55:38.521 1383 1937 W ActivityManager: pid 1383 system sent binder code 1 with flags 1 to frozen apps and got error -2147483646
12-10 17:55:38.521 1383 1937 D ActivityManager: Too many transaction errors, throttling freezer binder callback.
12-10 17:55:38.528 1383 1937 W ActivityManager: pid 1383 system sent binder code 1 with flags 1 to frozen apps and got error -2147483646
12-10 17:55:38.528 1383 1937 D ActivityManager: Too many transaction errors, throttling freezer binder callback.
12-10 17:55:44.743 1383 1937 W ActivityManager: pid 1383 system sent binder code 1 with flags 1 to frozen apps and got error -2147483646
12-10 17:55:44.744 1383 1937 W ActivityManager: pid 1383 system sent binder code 1 with flags 1 to frozen apps and got error -2147483646
12-10 17:55:44.744 1383 1937 D ActivityManager: Too many transaction errors, throttling freezer binder callback.
12-10 17:55:44.745 1383 1937 W ActivityManager: pid 1383 system sent binder code 1 with flags 1 to frozen apps and got error -2147483646
12-10 17:55:44.746 1383 1937 D ActivityManager: Too many transaction errors, throttling freezer binder callback.
12-10 17:55:44.746 1383 1937 W ActivityManager: pid 1383 system sent binder code 1 with flags 1 to frozen apps and got error -2147483646
12-10 17:55:44.746 1383 1937 D ActivityManager: Too many transaction errors, throttling freezer binder callback.
12-10 17:55:47.867 1383 1937 W ActivityManager: pid 1383 system sent binder code 1 with flags 1 to frozen apps and got error -2147483646
12-10 17:55:47.868 1383 1937 D ActivityManager: Too many transaction errors, throttling freezer binder callback.
12-10 17:55:47.868 1383 1937 W ActivityManager: pid 1383 system sent binder code 1 with flags 1 to frozen apps and got error -2147483646
12-10 17:55:47.868 1383 1937 D ActivityManager: Too many transaction errors, throttling freezer binder callback.
12-10 17:55:47.869 1383 1937 W ActivityManager: pid 1383 system sent binder code 1 with flags 1 to frozen apps and got error -2147483646
12-10 17:55:47.869 1383 1937 D ActivityManager: Too many transaction errors, throttling freezer binder callback.
12-10 17:55:47.869 1383 1937 W ActivityManager: pid 1383 system sent binder code 1 with flags 1 to frozen apps and got error -2147483646
12-10 17:55:47.869 1383 1937 D ActivityManager: Too many transaction errors, throttling freezer binder callback.
12-10 17:55:49.913 1383 1671 D ActivityManager: sync unfroze 12102 com.android.vending for 10
12-10 17:55:49.916 1383 1671 W ProcessStats: Tracking association SourceState{e673c7 org.telegram.messenger/10284 Receivr #79004} whose proc state 10 is better than process ProcessState{2fc7f0d com.android.vending/10180 pkg=com.android.vending} proc state 13 (0 skipped)
12-10 17:55:50.285 1383 3417 D ShortcutService: rescanPackageIfNeeded 0@org.telegram.messenger, forceRescan=false , isNewApp=false
12-10 17:55:50.307 1383 3417 D ShortcutService: rescanPackageIfNeeded 0@org.telegram.messenger, forceRescan=false , isNewApp=false
12-10 17:55:50.330 1383 1788 D ShortcutService: Getting shortcuts for launcher= androiduser=0 pkg=org.telegram.messenger
12-10 17:55:50.332 1383 1788 D ShortcutService: rescanPackageIfNeeded 0@org.telegram.messenger, forceRescan=false , isNewApp=false
12-10 17:55:50.434 1383 1990 D ShortcutService: Saving package item org.telegram.messenger to /data/system_ce/0/shortcut_service/packages/org.telegram.messenger.xml
12-10 17:55:50.436 1383 1670 D ShortcutService: Getting shortcuts for launcher= com.google.android.asuser=0 pkg=org.telegram.messenger
12-10 17:55:50.490 1383 1670 D ShortcutService: Getting shortcuts for launcher= com.google.android.apps.nexuslauncheruser=0 pkg=org.telegram.messenger
12-10 17:55:50.491 1383 1670 D ShortcutService: Getting shortcuts for launcher= com.android.systemuiuser=0 pkg=org.telegram.messenger
12-10 17:55:50.492 14541 14591 W LocaleConfig: The resource file pointed to by the given resource ID isn't found.
12-10 17:55:50.498 14541 14591 W LocaleConfig: The resource file pointed to by the given resource ID isn't found.
12-10 17:55:50.503 14541 14591 W LocaleConfig: The resource file pointed to by the given resource ID isn't found.
12-10 17:55:50.632 1383 1383 W NotificationHistory: Attempted to add notif for locked/gone/disabled user 0
12-10 17:55:50.664 1383 3417 D ShortcutService: rescanPackageIfNeeded 0@org.telegram.messenger, forceRescan=false , isNewApp=false
12-10 17:55:50.694 1383 3417 D ShortcutService: rescanPackageIfNeeded 0@org.telegram.messenger, forceRescan=false , isNewApp=false
12-10 17:55:50.721 1383 3417 D ShortcutService: Getting shortcuts for launcher= androiduser=0 pkg=org.telegram.messenger
12-10 17:55:50.724 1383 3417 D ShortcutService: rescanPackageIfNeeded 0@org.telegram.messenger, forceRescan=false , isNewApp=false
12-10 17:55:50.738 1383 3417 E NotificationService: Package enqueue rate is 5.373913. Shedding 0|org.telegram.messenger|-1729804084|null|10284. package=org.telegram.messenger
12-10 17:55:50.827 1383 1670 D ShortcutService: Getting shortcuts for launcher= com.google.android.asuser=0 pkg=org.telegram.messenger
12-10 17:55:50.827 1383 1990 D ShortcutService: Saving package item org.telegram.messenger to /data/system_ce/0/shortcut_service/packages/org.telegram.messenger.xml
12-10 17:55:50.833 14541 14591 W LocaleConfig: The resource file pointed to by the given resource ID isn't found.
12-10 17:55:50.843 14541 14591 W LocaleConfig: The resource file pointed to by the given resource ID isn't found.
12-10 17:55:50.847 14541 14591 W LocaleConfig: The resource file pointed to by the given resource ID isn't found.
12-10 17:55:50.856 1383 1937 W ActivityManager: pid 1383 system sent binder code 1 with flags 1 to frozen apps and got error -2147483646
12-10 17:55:50.856 1383 1937 D ActivityManager: Too many transaction errors, throttling freezer binder callback.
12-10 17:55:50.856 1383 1937 W ActivityManager: pid 1383 system sent binder code 1 with flags 1 to frozen apps and got error -2147483646
12-10 17:55:50.856 1383 1937 D ActivityManager: Too many transaction errors, throttling freezer binder callback.
12-10 17:55:50.856 1383 1937 W ActivityManager: pid 1383 system sent binder code 1 with flags 1 to frozen apps and got error -2147483646
12-10 17:55:50.856 1383 1937 D ActivityManager: Too many transaction errors, throttling freezer binder callback.
12-10 17:55:50.856 1383 1937 W ActivityManager: pid 1383 system sent binder code 1 with flags 1 to frozen apps and got error -2147483646
12-10 17:55:50.857 1383 1937 D ActivityManager: Too many transaction errors, throttling freezer binder callback.
12-10 17:55:50.875 1383 1670 D ShortcutService: Getting shortcuts for launcher= com.google.android.apps.nexuslauncheruser=0 pkg=org.telegram.messenger
12-10 17:55:50.875 1383 1670 D ShortcutService: Getting shortcuts for launcher= com.android.systemuiuser=0 pkg=org.telegram.messenger
12-10 17:55:50.985 14541 14591 W LocaleConfig: The resource file pointed to by the given resource ID isn't found.
12-10 17:55:50.991 14541 14591 W LocaleConfig: The resource file pointed to by the given resource ID isn't found.
12-10 17:55:50.996 14541 14591 W LocaleConfig: The resource file pointed to by the given resource ID isn't found.
12-10 17:55:51.086 14541 14591 W LocaleConfig: The resource file pointed to by the given resource ID isn't found.
12-10 17:55:51.091 14541 14591 W LocaleConfig: The resource file pointed to by the given resource ID isn't found.
12-10 17:55:51.095 14541 14591 W LocaleConfig: The resource file pointed to by the given resource ID isn't found.
12-10 17:55:51.646 1383 1863 I UsageStatsService: User[0] Flushing usage stats to disk
12-10 17:55:53.501 1383 3506 D ShortcutService: Getting shortcuts for launcher= com.google.android.asuser=0 pkg=org.telegram.messenger
12-10 17:55:53.505 1383 3506 D ShortcutService: Getting shortcuts for launcher= com.google.android.asuser=0 pkg=org.telegram.messenger
12-10 17:55:54.246 1383 3417 D ShortcutService: rescanPackageIfNeeded 0@org.telegram.messenger, forceRescan=false , isNewApp=false
12-10 17:55:54.257 1383 9718 D ShortcutService: rescanPackageIfNeeded 0@org.telegram.messenger, forceRescan=false , isNewApp=false
12-10 17:55:54.277 1383 3417 D ShortcutService: Getting shortcuts for launcher= androiduser=0 pkg=org.telegram.messenger
12-10 17:55:54.279 1383 3181 D ShortcutService: rescanPackageIfNeeded 0@org.telegram.messenger, forceRescan=false , isNewApp=false
12-10 17:55:54.347 14541 14591 W LocaleConfig: The resource file pointed to by the given resource ID isn't found.
12-10 17:55:54.350 14541 14591 W LocaleConfig: The resource file pointed to by the given resource ID isn't found.
12-10 17:55:54.353 14541 14591 W LocaleConfig: The resource file pointed to by the given resource ID isn't found.
12-10 17:55:54.383 1383 1670 D ShortcutService: Getting shortcuts for launcher= com.google.android.asuser=0 pkg=org.telegram.messenger
12-10 17:55:54.383 1383 1990 D ShortcutService: Saving package item org.telegram.messenger to /data/system_ce/0/shortcut_service/packages/org.telegram.messenger.xml
12-10 17:55:54.384 1383 1670 D ShortcutService: Getting shortcuts for launcher= com.google.android.apps.nexuslauncheruser=0 pkg=org.telegram.messenger
12-10 17:55:54.414 1383 1670 D ShortcutService: Getting shortcuts for launcher= com.android.systemuiuser=0 pkg=org.telegram.messenger
12-10 17:55:57.011 1383 1937 W ActivityManager: pid 1383 system sent binder code 1 with flags 1 to frozen apps and got error -2147483646
12-10 17:55:57.018 1383 1937 W ActivityManager: pid 1383 system sent binder code 1 with flags 1 to frozen apps and got error -2147483646
12-10 17:55:57.018 1383 1937 D ActivityManager: Too many transaction errors, throttling freezer binder callback.
12-10 17:55:57.018 1383 1937 W ActivityManager: pid 1383 system sent binder code 1 with flags 1 to frozen apps and got error -2147483646
12-10 17:55:57.018 1383 1937 D ActivityManager: Too many transaction errors, throttling freezer binder callback.
12-10 17:55:57.019 1383 1937 W ActivityManager: pid 1383 system sent binder code 1 with flags 1 to frozen apps and got error -2147483646
12-10 17:55:57.019 1383 1937 D ActivityManager: Too many transaction errors, throttling freezer binder callback.
12-10 17:55:57.395 1383 3506 D ShortcutService: Getting shortcuts for launcher= com.google.android.asuser=0 pkg=org.telegram.messenger
12-10 17:55:57.401 1383 3506 D ShortcutService: Getting shortcuts for launcher= com.google.android.asuser=0 pkg=org.telegram.messenger
12-10 17:55:57.823 1383 1640 D HintManagerService: Sent cleanup message for uid 10284
12-10 17:55:58.668 1383 1788 D ShortcutService: rescanPackageIfNeeded 0@org.telegram.messenger, forceRescan=false , isNewApp=false
12-10 17:55:58.704 1383 1788 D ShortcutService: rescanPackageIfNeeded 0@org.telegram.messenger, forceRescan=false , isNewApp=false
12-10 17:55:58.710 14541 14591 W LocaleConfig: The resource file pointed to by the given resource ID isn't found.
12-10 17:55:58.738 1383 3417 D ShortcutService: Getting shortcuts for launcher= androiduser=0 pkg=org.telegram.messenger
12-10 17:55:58.739 1383 3417 D ShortcutService: rescanPackageIfNeeded 0@org.telegram.messenger, forceRescan=false , isNewApp=false
12-10 17:55:58.813 14541 14591 W LocaleConfig: The resource file pointed to by the given resource ID isn't found.
12-10 17:55:58.821 14541 14591 W LocaleConfig: The resource file pointed to by the given resource ID isn't found.
12-10 17:55:58.826 14541 14591 W LocaleConfig: The resource file pointed to by the given resource ID isn't found.
12-10 17:55:58.827 1383 1874 D HintManagerService: Starts cleaning for 10284
12-10 17:55:58.840 1383 1990 D ShortcutService: Saving package item org.telegram.messenger to /data/system_ce/0/shortcut_service/packages/org.telegram.messenger.xml
12-10 17:55:58.840 1383 1670 D ShortcutService: Getting shortcuts for launcher= com.google.android.asuser=0 pkg=org.telegram.messenger
12-10 17:55:58.855 1383 9718 E NotificationService: Package enqueue rate is 6.256414. Shedding 0|org.telegram.messenger|-1146915410|null|10284. package=org.telegram.messenger
12-10 17:55:58.863 1383 1670 D ShortcutService: Getting shortcuts for launcher= com.google.android.apps.nexuslauncheruser=0 pkg=org.telegram.messenger
12-10 17:55:58.864 1383 1670 D ShortcutService: Getting shortcuts for launcher= com.android.systemuiuser=0 pkg=org.telegram.messenger
12-10 17:56:00.028 1383 3181 D ShortcutService: rescanPackageIfNeeded 0@org.telegram.messenger, forceRescan=false , isNewApp=false
12-10 17:56:00.055 1383 3181 D ShortcutService: rescanPackageIfNeeded 0@org.telegram.messenger, forceRescan=false , isNewApp=false
12-10 17:56:00.081 1383 1788 D ShortcutService: Getting shortcuts for launcher= androiduser=0 pkg=org.telegram.messenger
12-10 17:56:00.083 1383 1788 D ShortcutService: rescanPackageIfNeeded 0@org.telegram.messenger, forceRescan=false , isNewApp=false
12-10 17:56:00.085 14541 14591 W LocaleConfig: The resource file pointed to by the given resource ID isn't found.
12-10 17:56:00.156 14541 14591 W LocaleConfig: The resource file pointed to by the given resource ID isn't found.
12-10 17:56:00.161 14541 14591 W LocaleConfig: The resource file pointed to by the given resource ID isn't found.
12-10 17:56:00.165 14541 14591 W LocaleConfig: The resource file pointed to by the given resource ID isn't found.
12-10 17:56:00.184 1383 1670 D ShortcutService: Getting shortcuts for launcher= com.google.android.asuser=0 pkg=org.telegram.messenger
12-10 17:56:00.186 1383 1670 D ShortcutService: Getting shortcuts for launcher= com.google.android.apps.nexuslauncheruser=0 pkg=org.telegram.messenger
12-10 17:56:00.186 1383 1670 D ShortcutService: Getting shortcuts for launcher= com.android.systemuiuser=0 pkg=org.telegram.messenger
12-10 17:56:00.186 1383 1990 D ShortcutService: Saving package item org.telegram.messenger to /data/system_ce/0/shortcut_service/packages/org.telegram.messenger.xml
12-10 17:56:00.418 1383 1788 D ShortcutService: rescanPackageIfNeeded 0@org.telegram.messenger, forceRescan=false , isNewApp=false
12-10 17:56:00.453 1383 1788 D ShortcutService: rescanPackageIfNeeded 0@org.telegram.messenger, forceRescan=false , isNewApp=false
12-10 17:56:00.489 1383 9718 D ShortcutService: Getting shortcuts for launcher= androiduser=0 pkg=org.telegram.messenger
12-10 17:56:00.500 1383 9718 D ShortcutService: rescanPackageIfNeeded 0@org.telegram.messenger, forceRescan=false , isNewApp=false
12-10 17:56:00.602 1383 1670 D ShortcutService: Getting shortcuts for launcher= com.google.android.asuser=0 pkg=org.telegram.messenger
12-10 17:56:00.603 1383 1990 D ShortcutService: Saving package item org.telegram.messenger to /data/system_ce/0/shortcut_service/packages/org.telegram.messenger.xml
12-10 17:56:00.604 14541 14591 W LocaleConfig: The resource file pointed to by the given resource ID isn't found.
12-10 17:56:00.605 1383 1670 D ShortcutService: Getting shortcuts for launcher= com.google.android.apps.nexuslauncheruser=0 pkg=org.telegram.messenger
12-10 17:56:00.617 1383 1670 D ShortcutService: Getting shortcuts for launcher= com.android.systemuiuser=0 pkg=org.telegram.messenger
12-10 17:56:00.619 14541 14591 W LocaleConfig: The resource file pointed to by the given resource ID isn't found.
12-10 17:56:00.626 14541 14591 W LocaleConfig: The resource file pointed to by the given resource ID isn't found.
12-10 17:56:01.028 1383 1788 W AppOps : Noting op not finished: uid 10181 pkg com.google.android.gms code 113 startTime of in progress event=1733780781491
12-10 17:56:01.045 1383 1788 W AppOps : Noting op not finished: uid 10181 pkg com.google.android.gms code 79 startTime of in progress event=1733780781621
12-10 17:56:01.056 1383 1788 W AppOps : Noting op not finished: uid 10181 pkg com.google.android.gms code 113 startTime of in progress event=1733780781491
12-10 17:56:01.876 1383 9718 D ShortcutService: Getting shortcuts for launcher= com.google.android.asuser=0 pkg=org.telegram.messenger
12-10 17:56:01.878 1383 9730 D ShortcutService: Getting shortcuts for launcher= com.google.android.asuser=0 pkg=org.telegram.messenger
12-10 17:56:03.080 1383 1937 W ActivityManager: pid 1383 system sent binder code 1 with flags 1 to frozen apps and got error -2147483646
12-10 17:56:03.080 1383 1937 D ActivityManager: Too many transaction errors, throttling freezer binder callback.
12-10 17:56:03.081 1383 1937 W ActivityManager: pid 1383 system sent binder code 1 with flags 1 to frozen apps and got error -2147483646
12-10 17:56:03.081 1383 1937 D ActivityManager: Too many transaction errors, throttling freezer binder callback.
12-10 17:56:03.082 1383 1937 W ActivityManager: pid 1383 system sent binder code 1 with flags 1 to frozen apps and got error -2147483646
12-10 17:56:03.082 1383 1937 D ActivityManager: Too many transaction errors, throttling freezer binder callback.
12-10 17:56:03.082 1383 1937 W ActivityManager: pid 1383 system sent binder code 1 with flags 1 to frozen apps and got error -2147483646
12-10 17:56:03.082 1383 1937 D ActivityManager: Too many transaction errors, throttling freezer binder callback.
12-10 17:56:09.161 1383 1937 W ActivityManager: pid 1383 system sent binder code 1 with flags 1 to frozen apps and got error -2147483646
12-10 17:56:09.161 1383 1937 W ActivityManager: pid 1383 system sent binder code 1 with flags 1 to frozen apps and got error -2147483646
12-10 17:56:09.161 1383 1937 D ActivityManager: Too many transaction errors, throttling freezer binder callback.
12-10 17:56:09.162 1383 1937 W ActivityManager: pid 1383 system sent binder code 1 with flags 1 to frozen apps and got error -2147483646
12-10 17:56:09.162 1383 1937 D ActivityManager: Too many transaction errors, throttling freezer binder callback.
12-10 17:56:09.162 1383 1937 W ActivityManager: pid 1383 system sent binder code 1 with flags 1 to frozen apps and got error -2147483646
12-10 17:56:09.162 1383 1937 D ActivityManager: Too many transaction errors, throttling freezer binder callback.
12-10 17:56:12.249 1383 1937 W ActivityManager: pid 1383 system sent binder code 1 with flags 1 to frozen apps and got error -2147483646
12-10 17:56:12.249 1383 1937 D ActivityManager: Too many transaction errors, throttling freezer binder callback.
12-10 17:56:12.250 1383 1937 W ActivityManager: pid 1383 system sent binder code 1 with flags 1 to frozen apps and got error -2147483646
12-10 17:56:12.250 1383 1937 D ActivityManager: Too many transaction errors, throttling freezer binder callback.
12-10 17:56:12.250 1383 1937 W ActivityManager: pid 1383 system sent binder code 1 with flags 1 to frozen apps and got error -2147483646
12-10 17:56:12.250 1383 1937 D ActivityManager: Too many transaction errors, throttling freezer binder callback.
12-10 17:56:12.251 1383 1937 W ActivityManager: pid 1383 system sent binder code 1 with flags 1 to frozen apps and got error -2147483646
12-10 17:56:12.251 1383 1937 D ActivityManager: Too many transaction errors, throttling freezer binder callback.
12-10 17:56:15.302 1383 1937 W ActivityManager: pid 1383 system sent binder code 1 with flags 1 to frozen apps and got error -2147483646
12-10 17:56:15.302 1383 1937 D ActivityManager: Too many transaction errors, throttling freezer binder callback.
12-10 17:56:15.304 1383 1937 W ActivityManager: pid 1383 system sent binder code 1 with flags 1 to frozen apps and got error -2147483646
12-10 17:56:15.304 1383 1937 D ActivityManager: Too many transaction errors, throttling freezer binder callback.
12-10 17:56:15.304 1383 1937 W ActivityManager: pid 1383 system sent binder code 1 with flags 1 to frozen apps and got error -2147483646
12-10 17:56:15.304 1383 1937 D ActivityManager: Too many transaction errors, throttling freezer binder callback.
12-10 17:56:15.305 1383 1937 W ActivityManager: pid 1383 system sent binder code 1 with flags 1 to frozen apps and got error -2147483646
12-10 17:56:15.305 1383 1937 D ActivityManager: Too many transaction errors, throttling freezer binder callback.
12-10 17:56:18.367 1383 1937 W ActivityManager: pid 1383 system sent binder code 1 with flags 1 to frozen apps and got error -2147483646
12-10 17:56:18.367 1383 1937 D ActivityManager: Too many transaction errors, throttling freezer binder callback.
12-10 17:56:18.368 1383 1937 W ActivityManager: pid 1383 system sent binder code 1 with flags 1 to frozen apps and got error -2147483646
12-10 17:56:18.368 1383 1937 D ActivityManager: Too many transaction errors, throttling freezer binder callback.
12-10 17:56:18.369 1383 1937 W ActivityManager: pid 1383 system sent binder code 1 with flags 1 to frozen apps and got error -2147483646
12-10 17:56:18.369 1383 1937 D ActivityManager: Too many transaction errors, throttling freezer binder callback.
12-10 17:56:18.370 1383 1937 W ActivityManager: pid 1383 system sent binder code 1 with flags 1 to frozen apps and got error -2147483646
12-10 17:56:18.370 1383 1937 D ActivityManager: Too many transaction errors, throttling freezer binder callback.
12-10 17:56:21.420 1383 1937 W ActivityManager: pid 1383 system sent binder code 1 with flags 1 to frozen apps and got error -2147483646
12-10 17:56:21.421 1383 1937 W ActivityManager: pid 1383 system sent binder code 1 with flags 1 to frozen apps and got error -2147483646
12-10 17:56:21.421 1383 1937 D ActivityManager: Too many transaction errors, throttling freezer binder callback.
12-10 17:56:21.421 1383 1937 W ActivityManager: pid 1383 system sent binder code 1 with flags 1 to frozen apps and got error -2147483646
12-10 17:56:21.421 1383 1937 D ActivityManager: Too many transaction errors, throttling freezer binder callback.
12-10 17:56:21.422 1383 1937 W ActivityManager: pid 1383 system sent binder code 1 with flags 1 to frozen apps and got error -2147483646
12-10 17:56:21.422 1383 1937 D ActivityManager: Too many transaction errors, throttling freezer binder callback.
12-10 17:56:27.509 1383 3181 D ShortcutService: rescanPackageIfNeeded 0@org.telegram.messenger, forceRescan=false , isNewApp=false
12-10 17:56:27.515 1383 1937 W ActivityManager: pid 1383 system sent binder code 1 with flags 1 to frozen apps and got error -2147483646
12-10 17:56:27.515 1383 1937 D ActivityManager: Too many transaction errors, throttling freezer binder callback.
12-10 17:56:27.516 1383 1937 W ActivityManager: pid 1383 system sent binder code 1 with flags 1 to frozen apps and got error -2147483646
12-10 17:56:27.516 1383 1937 D ActivityManager: Too many transaction errors, throttling freezer binder callback.
12-10 17:56:27.516 1383 1937 W ActivityManager: pid 1383 system sent binder code 1 with flags 1 to frozen apps and got error -2147483646
12-10 17:56:27.516 1383 1937 D ActivityManager: Too many transaction errors, throttling freezer binder callback.
12-10 17:56:27.517 1383 1937 W ActivityManager: pid 1383 system sent binder code 1 with flags 1 to frozen apps and got error -2147483646
12-10 17:56:27.517 1383 1937 D ActivityManager: Too many transaction errors, throttling freezer binder callback.
12-10 17:56:27.566 1383 3181 D ShortcutService: rescanPackageIfNeeded 0@org.telegram.messenger, forceRescan=false , isNewApp=false
12-10 17:56:27.587 1383 2287 D ShortcutService: Getting shortcuts for launcher= androiduser=0 pkg=org.telegram.messenger
12-10 17:56:27.588 1383 2287 D ShortcutService: rescanPackageIfNeeded 0@org.telegram.messenger, forceRescan=false , isNewApp=false
12-10 17:56:27.691 1383 1990 D ShortcutService: Saving package item org.telegram.messenger to /data/system_ce/0/shortcut_service/packages/org.telegram.messenger.xml
12-10 17:56:27.691 1383 1670 D ShortcutService: Getting shortcuts for launcher= com.google.android.asuser=0 pkg=org.telegram.messenger
12-10 17:56:27.733 14541 14591 W LocaleConfig: The resource file pointed to by the given resource ID isn't found.
12-10 17:56:27.738 1383 3181 D ShortcutService: rescanPackageIfNeeded 0@org.telegram.messenger, forceRescan=false , isNewApp=false
12-10 17:56:27.739 1383 1670 D ShortcutService: Getting shortcuts for launcher= com.google.android.apps.nexuslauncheruser=0 pkg=org.telegram.messenger
12-10 17:56:27.755 1383 1670 D ShortcutService: Getting shortcuts for launcher= com.android.systemuiuser=0 pkg=org.telegram.messenger
12-10 17:56:27.755 1383 3181 D ShortcutService: rescanPackageIfNeeded 0@org.telegram.messenger, forceRescan=false , isNewApp=false
12-10 17:56:27.782 1383 3181 D ShortcutService: Getting shortcuts for launcher= androiduser=0 pkg=org.telegram.messenger
12-10 17:56:27.784 1383 3181 D ShortcutService: rescanPackageIfNeeded 0@org.telegram.messenger, forceRescan=false , isNewApp=false
12-10 17:56:27.795 1383 1383 W NotificationHistory: Attempted to add notif for locked/gone/disabled user 0
12-10 17:56:27.854 14541 14591 W LocaleConfig: The resource file pointed to by the given resource ID isn't found.
12-10 17:56:27.859 14541 14591 W LocaleConfig: The resource file pointed to by the given resource ID isn't found.
12-10 17:56:27.863 14541 14591 W LocaleConfig: The resource file pointed to by the given resource ID isn't found.
12-10 17:56:27.885 1383 1670 D ShortcutService: Getting shortcuts for launcher= com.google.android.asuser=0 pkg=org.telegram.messenger
12-10 17:56:27.886 1383 1990 D ShortcutService: Saving package item org.telegram.messenger to /data/system_ce/0/shortcut_service/packages/org.telegram.messenger.xml
12-10 17:56:27.915 1383 1670 D ShortcutService: Getting shortcuts for launcher= com.google.android.apps.nexuslauncheruser=0 pkg=org.telegram.messenger
12-10 17:56:27.915 1383 1670 D ShortcutService: Getting shortcuts for launcher= com.android.systemuiuser=0 pkg=org.telegram.messenger
12-10 17:56:28.077 1383 2287 D ShortcutService: rescanPackageIfNeeded 0@org.telegram.messenger, forceRescan=false , isNewApp=false
12-10 17:56:28.095 1383 2287 D ShortcutService: rescanPackageIfNeeded 0@org.telegram.messenger, forceRescan=false , isNewApp=false
12-10 17:56:28.115 1383 2287 D ShortcutService: Getting shortcuts for launcher= androiduser=0 pkg=org.telegram.messenger
12-10 17:56:28.115 1383 2287 E NotificationService: Package enqueue rate is 6.307866. Shedding 0|org.telegram.messenger|1049429585|null|10284. package=org.telegram.messenger
12-10 17:56:28.116 1383 9718 D ShortcutService: rescanPackageIfNeeded 0@org.telegram.messenger, forceRescan=false , isNewApp=false
12-10 17:56:28.175 14541 14591 W LocaleConfig: The resource file pointed to by the given resource ID isn't found.
12-10 17:56:28.227 1383 1990 D ShortcutService: Saving package item org.telegram.messenger to /data/system_ce/0/shortcut_service/packages/org.telegram.messenger.xml
12-10 17:56:28.227 1383 1670 D ShortcutService: Getting shortcuts for launcher= com.google.android.asuser=0 pkg=org.telegram.messenger
12-10 17:56:28.250 1383 1670 D ShortcutService: Getting shortcuts for launcher= com.google.android.apps.nexuslauncheruser=0 pkg=org.telegram.messenger
12-10 17:56:28.251 1383 1670 D ShortcutService: Getting shortcuts for launcher= com.android.systemuiuser=0 pkg=org.telegram.messenger
12-10 17:56:28.291 14541 14591 W LocaleConfig: The resource file pointed to by the given resource ID isn't found.
12-10 17:56:28.293 14541 14591 W LocaleConfig: The resource file pointed to by the given resource ID isn't found.
12-10 17:56:28.297 14541 14591 W LocaleConfig: The resource file pointed to by the given resource ID isn't found.
12-10 17:56:28.441 1383 1383 W NotificationHistory: Attempted to add notif for locked/gone/disabled user 0
12-10 17:56:30.572 1383 1937 W ActivityManager: pid 1383 system sent binder code 1 with flags 1 to frozen apps and got error -2147483646
12-10 17:56:30.572 1383 1937 D ActivityManager: Too many transaction errors, throttling freezer binder callback.
12-10 17:56:30.573 1383 1937 W ActivityManager: pid 1383 system sent binder code 1 with flags 1 to frozen apps and got error -2147483646
12-10 17:56:30.573 1383 1937 D ActivityManager: Too many transaction errors, throttling freezer binder callback.
12-10 17:56:30.574 1383 1937 W ActivityManager: pid 1383 system sent binder code 1 with flags 1 to frozen apps and got error -2147483646
12-10 17:56:30.574 1383 1937 D ActivityManager: Too many transaction errors, throttling freezer binder callback.
12-10 17:56:30.575 1383 1937 W ActivityManager: pid 1383 system sent binder code 1 with flags 1 to frozen apps and got error -2147483646
12-10 17:56:30.575 1383 1937 D ActivityManager: Too many transaction errors, throttling freezer binder callback.
12-10 17:56:30.765 1383 2287 D ShortcutService: Getting shortcuts for launcher= com.google.android.asuser=0 pkg=org.telegram.messenger
12-10 17:56:30.771 1383 2287 D ShortcutService: Getting shortcuts for launcher= com.google.android.asuser=0 pkg=org.telegram.messenger
12-10 17:56:33.680 1383 1937 W ActivityManager: pid 1383 system sent binder code 1 with flags 1 to frozen apps and got error -2147483646
12-10 17:56:33.681 1383 1937 W ActivityManager: pid 1383 system sent binder code 1 with flags 1 to frozen apps and got error -2147483646
12-10 17:56:33.681 1383 1937 D ActivityManager: Too many transaction errors, throttling freezer binder callback.
12-10 17:56:33.682 1383 1937 W ActivityManager: pid 1383 system sent binder code 1 with flags 1 to frozen apps and got error -2147483646
12-10 17:56:33.682 1383 1937 D ActivityManager: Too many transaction errors, throttling freezer binder callback.
12-10 17:56:33.682 1383 1937 W ActivityManager: pid 1383 system sent binder code 1 with flags 1 to frozen apps and got error -2147483646
12-10 17:56:33.682 1383 1937 D ActivityManager: Too many transaction errors, throttling freezer binder callback.
12-10 17:56:35.438 1383 1640 D HintManagerService: Sent cleanup message for uid 10284
12-10 17:56:36.445 1383 1874 D HintManagerService: Starts cleaning for 10284
12-10 17:56:38.064 1383 3417 D ShortcutService: rescanPackageIfNeeded 0@org.telegram.messenger, forceRescan=false , isNewApp=false
12-10 17:56:38.068 14541 14591 W LocaleConfig: The resource file pointed to by the given resource ID isn't found.
12-10 17:56:38.105 1383 3417 D ShortcutService: rescanPackageIfNeeded 0@org.telegram.messenger, forceRescan=false , isNewApp=false
12-10 17:56:38.137 1383 2287 D ShortcutService: Getting shortcuts for launcher= androiduser=0 pkg=org.telegram.messenger
12-10 17:56:38.139 1383 2287 D ShortcutService: rescanPackageIfNeeded 0@org.telegram.messenger, forceRescan=false , isNewApp=false
12-10 17:56:38.243 1383 1670 D ShortcutService: Getting shortcuts for launcher= com.google.android.asuser=0 pkg=org.telegram.messenger
12-10 17:56:38.244 1383 1990 D ShortcutService: Saving package item org.telegram.messenger to /data/system_ce/0/shortcut_service/packages/org.telegram.messenger.xml
12-10 17:56:38.246 1383 1670 D ShortcutService: Getting shortcuts for launcher= com.google.android.apps.nexuslauncheruser=0 pkg=org.telegram.messenger
12-10 17:56:38.270 1383 1670 D ShortcutService: Getting shortcuts for launcher= com.android.systemuiuser=0 pkg=org.telegram.messenger
12-10 17:56:38.274 14541 14591 W LocaleConfig: The resource file pointed to by the given resource ID isn't found.
12-10 17:56:38.284 14541 14591 W LocaleConfig: The resource file pointed to by the given resource ID isn't found.
12-10 17:56:38.290 14541 14591 W LocaleConfig: The resource file pointed to by the given resource ID isn't found.
12-10 17:56:38.781 14541 14591 W LocaleConfig: The resource file pointed to by the given resource ID isn't found.
12-10 17:56:38.785 14541 14591 W LocaleConfig: The resource file pointed to by the given resource ID isn't found.
12-10 17:56:38.789 14541 14591 W LocaleConfig: The resource file pointed to by the given resource ID isn't found.
12-10 17:56:41.261 1383 2287 D ShortcutService: Getting shortcuts for launcher= com.google.android.asuser=0 pkg=org.telegram.messenger
12-10 17:56:41.262 1383 9718 D ShortcutService: Getting shortcuts for launcher= com.google.android.asuser=0 pkg=org.telegram.messenger
12-10 17:56:43.752 1383 1872 D ActivityManager: freezing 16312 com.google.android.apps.privacy.wildlife
12-10 17:56:45.913 1383 1937 W ActivityManager: pid 1383 system sent binder code 1 with flags 1 to frozen apps and got error -2147483646
12-10 17:56:45.914 1383 1937 W ActivityManager: pid 1383 system sent binder code 1 with flags 1 to frozen apps and got error -2147483646
12-10 17:56:45.914 1383 1937 D ActivityManager: Too many transaction errors, throttling freezer binder callback.
12-10 17:56:45.914 1383 1937 W ActivityManager: pid 1383 system sent binder code 1 with flags 1 to frozen apps and got error -2147483646
12-10 17:56:45.914 1383 1937 D ActivityManager: Too many transaction errors, throttling freezer binder callback.
12-10 17:56:45.914 1383 1937 W ActivityManager: pid 1383 system sent binder code 1 with flags 1 to frozen apps and got error -2147483646
12-10 17:56:45.914 1383 1937 D ActivityManager: Too many transaction errors, throttling freezer binder callback.
12-10 17:56:45.943 1383 1671 D ActivityManager: sync unfroze 16312 com.google.android.apps.privacy.wildlife for 3
12-10 17:56:48.952 1383 1937 W ActivityManager: pid 1383 system sent binder code 1 with flags 1 to frozen apps and got error -2147483646
12-10 17:56:48.953 1383 1937 D ActivityManager: Too many transaction errors, throttling freezer binder callback.
12-10 17:56:48.953 1383 1937 W ActivityManager: pid 1383 system sent binder code 1 with flags 1 to frozen apps and got error -2147483646
12-10 17:56:48.953 1383 1937 D ActivityManager: Too many transaction errors, throttling freezer binder callback.
12-10 17:56:48.954 1383 1937 W ActivityManager: pid 1383 system sent binder code 1 with flags 1 to frozen apps and got error -2147483646
12-10 17:56:48.954 1383 1937 D ActivityManager: Too many transaction errors, throttling freezer binder callback.
12-10 17:56:48.955 1383 1937 W ActivityManager: pid 1383 system sent binder code 1 with flags 1 to frozen apps and got error -2147483646
12-10 17:56:48.955 1383 1937 D ActivityManager: Too many transaction errors, throttling freezer binder callback.
12-10 17:56:55.076 1383 1937 W ActivityManager: pid 1383 system sent binder code 1 with flags 1 to frozen apps and got error -2147483646
12-10 17:56:55.076 1383 1937 D ActivityManager: Too many transaction errors, throttling freezer binder callback.
12-10 17:56:55.077 1383 1937 W ActivityManager: pid 1383 system sent binder code 1 with flags 1 to frozen apps and got error -2147483646
12-10 17:56:55.077 1383 1937 D ActivityManager: Too many transaction errors, throttling freezer binder callback.
12-10 17:56:55.078 1383 1937 W ActivityManager: pid 1383 system sent binder code 1 with flags 1 to frozen apps and got error -2147483646
12-10 17:56:55.078 1383 1937 D ActivityManager: Too many transaction errors, throttling freezer binder callback.
12-10 17:56:55.078 1383 1937 W ActivityManager: pid 1383 system sent binder code 1 with flags 1 to frozen apps and got error -2147483646
12-10 17:56:55.078 1383 1937 D ActivityManager: Too many transaction errors, throttling freezer binder callback.
12-10 17:56:57.220 1383 3417 D ShortcutService: rescanPackageIfNeeded 0@org.telegram.messenger, forceRescan=false , isNewApp=false
12-10 17:56:57.263 1383 3417 D ShortcutService: rescanPackageIfNeeded 0@org.telegram.messenger, forceRescan=false , isNewApp=false
12-10 17:56:57.289 1383 3417 D ShortcutService: Getting shortcuts for launcher= androiduser=0 pkg=org.telegram.messenger
12-10 17:56:57.291 1383 3417 D ShortcutService: rescanPackageIfNeeded 0@org.telegram.messenger, forceRescan=false , isNewApp=false
12-10 17:56:57.395 1383 1990 D ShortcutService: Saving package item org.telegram.messenger to /data/system_ce/0/shortcut_service/packages/org.telegram.messenger.xml
12-10 17:56:57.398 1383 1670 D ShortcutService: Getting shortcuts for launcher= com.google.android.asuser=0 pkg=org.telegram.messenger
12-10 17:56:57.436 1383 9730 D ShortcutService: rescanPackageIfNeeded 0@org.telegram.messenger, forceRescan=false , isNewApp=false
12-10 17:56:57.436 1383 1670 D ShortcutService: Getting shortcuts for launcher= com.google.android.apps.nexuslauncheruser=0 pkg=org.telegram.messenger
12-10 17:56:57.442 14541 14591 W LocaleConfig: The resource file pointed to by the given resource ID isn't found.
12-10 17:56:57.462 1383 1670 D ShortcutService: Getting shortcuts for launcher= com.android.systemuiuser=0 pkg=org.telegram.messenger
12-10 17:56:57.463 1383 9730 D ShortcutService: rescanPackageIfNeeded 0@org.telegram.messenger, forceRescan=false , isNewApp=false
12-10 17:56:57.491 1383 9730 D ShortcutService: Getting shortcuts for launcher= androiduser=0 pkg=org.telegram.messenger
12-10 17:56:57.495 1383 9718 D ShortcutService: rescanPackageIfNeeded 0@org.telegram.messenger, forceRescan=false , isNewApp=false
12-10 17:56:57.497 1383 1383 W NotificationHistory: Attempted to add notif for locked/gone/disabled user 0
12-10 17:56:57.597 1383 1990 D ShortcutService: Saving package item org.telegram.messenger to /data/system_ce/0/shortcut_service/packages/org.telegram.messenger.xml
12-10 17:56:57.599 1383 1670 D ShortcutService: Getting shortcuts for launcher= com.google.android.asuser=0 pkg=org.telegram.messenger
12-10 17:56:57.605 1383 1670 D ShortcutService: Getting shortcuts for launcher= com.google.android.apps.nexuslauncheruser=0 pkg=org.telegram.messenger
12-10 17:56:57.606 1383 1670 D ShortcutService: Getting shortcuts for launcher= com.android.systemuiuser=0 pkg=org.telegram.messenger
12-10 17:56:57.613 14541 14591 W LocaleConfig: The resource file pointed to by the given resource ID isn't found.
12-10 17:56:57.626 14541 14591 W LocaleConfig: The resource file pointed to by the given resource ID isn't found.
12-10 17:56:57.637 14541 14591 W LocaleConfig: The resource file pointed to by the given resource ID isn't found.
12-10 17:56:57.791 1383 3181 E NotificationService: Package enqueue rate is 6.194089. Shedding 0|org.telegram.messenger|-2018062246|null|10284. package=org.telegram.messenger
12-10 17:56:57.796 1383 3417 D ShortcutService: rescanPackageIfNeeded 0@org.telegram.messenger, forceRescan=false , isNewApp=false
12-10 17:56:57.816 1383 3417 D ShortcutService: rescanPackageIfNeeded 0@org.telegram.messenger, forceRescan=false , isNewApp=false
12-10 17:56:57.834 1383 3417 D ShortcutService: Getting shortcuts for launcher= androiduser=0 pkg=org.telegram.messenger
12-10 17:56:57.837 1383 3181 D ShortcutService: rescanPackageIfNeeded 0@org.telegram.messenger, forceRescan=false , isNewApp=false
12-10 17:56:57.942 1383 1670 D ShortcutService: Getting shortcuts for launcher= com.google.android.asuser=0 pkg=org.telegram.messenger
12-10 17:56:57.943 1383 1990 D ShortcutService: Saving package item org.telegram.messenger to /data/system_ce/0/shortcut_service/packages/org.telegram.messenger.xml
12-10 17:56:57.969 1383 1670 D ShortcutService: Getting shortcuts for launcher= com.google.android.apps.nexuslauncheruser=0 pkg=org.telegram.messenger
12-10 17:56:57.971 1383 1670 D ShortcutService: Getting shortcuts for launcher= com.android.systemuiuser=0 pkg=org.telegram.messenger
12-10 17:56:57.987 14541 14591 W LocaleConfig: The resource file pointed to by the given resource ID isn't found.
12-10 17:56:58.073 1383 1937 W ActivityManager: pid 1383 system sent binder code 1 with flags 1 to frozen apps and got error -2147483646
12-10 17:56:58.077 1383 1937 W ActivityManager: pid 1383 system sent binder code 1 with flags 1 to frozen apps and got error -2147483646
12-10 17:56:58.077 1383 1937 D ActivityManager: Too many transaction errors, throttling freezer binder callback.
12-10 17:56:58.077 1383 1937 W ActivityManager: pid 1383 system sent binder code 1 with flags 1 to frozen apps and got error -2147483646
12-10 17:56:58.077 1383 1937 D ActivityManager: Too many transaction errors, throttling freezer binder callback.
12-10 17:56:58.077 1383 1937 W ActivityManager: pid 1383 system sent binder code 1 with flags 1 to frozen apps and got error -2147483646
12-10 17:56:58.077 1383 1937 D ActivityManager: Too many transaction errors, throttling freezer binder callback.
12-10 17:56:58.126 1383 1383 W NotificationHistory: Attempted to add notif for locked/gone/disabled user 0
12-10 17:56:58.134 14541 14591 W LocaleConfig: The resource file pointed to by the given resource ID isn't found.
12-10 17:56:58.138 14541 14591 W LocaleConfig: The resource file pointed to by the given resource ID isn't found.
12-10 17:56:58.141 14541 14591 W LocaleConfig: The resource file pointed to by the given resource ID isn't found.
12-10 17:57:00.450 1383 1788 D ShortcutService: Getting shortcuts for launcher= com.google.android.asuser=0 pkg=org.telegram.messenger
12-10 17:57:00.451 1383 3417 D ShortcutService: Getting shortcuts for launcher= com.google.android.asuser=0 pkg=org.telegram.messenger
12-10 17:57:01.132 1383 1937 W ActivityManager: pid 1383 system sent binder code 1 with flags 1 to frozen apps and got error -2147483646
12-10 17:57:01.132 1383 1937 D ActivityManager: Too many transaction errors, throttling freezer binder callback.
12-10 17:57:01.134 1383 1937 W ActivityManager: pid 1383 system sent binder code 1 with flags 1 to frozen apps and got error -2147483646
12-10 17:57:01.134 1383 1937 D ActivityManager: Too many transaction errors, throttling freezer binder callback.
12-10 17:57:01.135 1383 1937 W ActivityManager: pid 1383 system sent binder code 1 with flags 1 to frozen apps and got error -2147483646
12-10 17:57:01.135 1383 1937 D ActivityManager: Too many transaction errors, throttling freezer binder callback.
12-10 17:57:01.135 1383 1937 W ActivityManager: pid 1383 system sent binder code 1 with flags 1 to frozen apps and got error -2147483646
12-10 17:57:01.136 1383 1937 D ActivityManager: Too many transaction errors, throttling freezer binder callback.
12-10 17:57:04.197 1383 1937 W ActivityManager: pid 1383 system sent binder code 1 with flags 1 to frozen apps and got error -2147483646
12-10 17:57:04.197 1383 1937 D ActivityManager: Too many transaction errors, throttling freezer binder callback.
12-10 17:57:04.198 1383 1937 W ActivityManager: pid 1383 system sent binder code 1 with flags 1 to frozen apps and got error -2147483646
12-10 17:57:04.198 1383 1937 D ActivityManager: Too many transaction errors, throttling freezer binder callback.
12-10 17:57:04.199 1383 1937 W ActivityManager: pid 1383 system sent binder code 1 with flags 1 to frozen apps and got error -2147483646
12-10 17:57:04.199 1383 1937 D ActivityManager: Too many transaction errors, throttling freezer binder callback.
12-10 17:57:04.200 1383 1937 W ActivityManager: pid 1383 system sent binder code 1 with flags 1 to frozen apps and got error -2147483646
12-10 17:57:04.200 1383 1937 D ActivityManager: Too many transaction errors, throttling freezer binder callback.
12-10 17:57:04.962 1383 1640 D HintManagerService: Sent cleanup message for uid 10284
12-10 17:57:05.967 1383 1874 D HintManagerService: Starts cleaning for 10284
12-10 17:57:07.237 1383 1937 W ActivityManager: pid 1383 system sent binder code 1 with flags 1 to frozen apps and got error -2147483646
12-10 17:57:07.237 1383 1937 D ActivityManager: Too many transaction errors, throttling freezer binder callback.
12-10 17:57:07.238 1383 1937 W ActivityManager: pid 1383 system sent binder code 1 with flags 1 to frozen apps and got error -2147483646
12-10 17:57:07.238 1383 1937 D ActivityManager: Too many transaction errors, throttling freezer binder callback.
12-10 17:57:07.239 1383 1937 W ActivityManager: pid 1383 system sent binder code 1 with flags 1 to frozen apps and got error -2147483646
12-10 17:57:07.239 1383 1937 D ActivityManager: Too many transaction errors, throttling freezer binder callback.
12-10 17:57:07.240 1383 1937 W ActivityManager: pid 1383 system sent binder code 1 with flags 1 to frozen apps and got error -2147483646
12-10 17:57:07.240 1383 1937 D ActivityManager: Too many transaction errors, throttling freezer binder callback.
12-10 17:57:10.292 1383 1937 W ActivityManager: pid 1383 system sent binder code 1 with flags 1 to frozen apps and got error -2147483646
12-10 17:57:10.293 1383 1937 W ActivityManager: pid 1383 system sent binder code 1 with flags 1 to frozen apps and got error -2147483646
12-10 17:57:10.293 1383 1937 D ActivityManager: Too many transaction errors, throttling freezer binder callback.
12-10 17:57:10.294 1383 1937 W ActivityManager: pid 1383 system sent binder code 1 with flags 1 to frozen apps and got error -2147483646
12-10 17:57:10.294 1383 1937 D ActivityManager: Too many transaction errors, throttling freezer binder callback.
12-10 17:57:10.294 1383 1937 W ActivityManager: pid 1383 system sent binder code 1 with flags 1 to frozen apps and got error -2147483646
12-10 17:57:10.294 1383 1937 D ActivityManager: Too many transaction errors, throttling freezer binder callback.
12-10 17:57:16.526 1383 1937 W ActivityManager: pid 1383 system sent binder code 1 with flags 1 to frozen apps and got error -2147483646
12-10 17:57:16.526 1383 1937 D ActivityManager: Too many transaction errors, throttling freezer binder callback.
12-10 17:57:16.531 1383 1937 W ActivityManager: pid 1383 system sent binder code 1 with flags 1 to frozen apps and got error -2147483646
12-10 17:57:16.531 1383 1937 D ActivityManager: Too many transaction errors, throttling freezer binder callback.
