12-10 17:58:59.977 873 19909 I StreamBufferCacheManager: ~StreamBufferCacheManager: Destroying stream buffer cache manager.
12-10 17:58:59.978 873 9509 I StreamBufferCacheManager: WorkloadThreadLoop: Exiting stream buffer cache manager workload thread.
12-10 17:58:59.978 873 19909 I Lyric : camera_latency_analyzer.cc:99: [CLA] Cam0-Close
12-10 17:58:59.978 873 19909 I Lyric : camera_latency_analyzer.cc:101: [CLA] Flush latency: 12.3981
12-10 17:58:59.978 873 19909 I Lyric : camera_latency_analyzer.cc:101: [CLA] <-- IDLE --> latency: 3.22595
12-10 17:58:59.978 873 19909 I Lyric : camera_latency_analyzer.cc:101: [CLA] Flush latency: 0.053101
12-10 17:58:59.978 873 19909 I Lyric : camera_latency_analyzer.cc:101: [CLA] <-- IDLE --> latency: 5.81466
12-10 17:58:59.978 873 19909 I Lyric : camera_latency_analyzer.cc:101: [CLA] Close latency: 105.447
12-10 17:58:59.978 873 19909 I Lyric : camera_latency_analyzer.cc:101: [CLA] Overall latency: 126.952
12-10 17:58:59.978 873 19909 I Lyric : camera_latency_analyzer.cc:101: [CLA] HAL Total latency: 117.891
12-10 17:58:59.979 1063 2195 I Camera3-Device: disconnectImpl: X
12-10 17:58:59.981 1063 2195 I CameraService: onTorchStatusChangedLocked: Torch status changed for cameraId=0, newStatus=1
12-10 17:58:59.981 2025 2067 D FlashlightController: dispatchAvailabilityChanged(true)
12-10 17:58:59.982 1063 2195 I CameraService: disconnect: Disconnected client for camera 0 for PID 15685
12-10 17:58:59.982 1063 2195 D cameraserver: logFgsApiEnd: FGS Logger Transaction failed, -129
12-10 17:58:59.982 2139 2245 D CameraStateSource: onCameraAvailable: cameraId=0
12-10 17:58:59.983 2139 2245 D CameraStateSource: report CameraAvailability now. CameraAvailability(cameraId=0, availability=true, sequenceNumber=35)
12-10 17:58:59.983 2139 2228 D BusinessScope: Start running the #12086 block
12-10 17:58:59.983 14541 14582 I AiAiEcho: (REDACTED) Predicting[%d]: %s
12-10 17:58:59.984 14541 14582 I AiAiEcho: (REDACTED) EchoTargets: %s
12-10 17:58:59.984 14541 14582 I AiAiEcho: Filtered by AiAi flag check: %s
12-10 17:58:59.984 541 541 I RefreshRateSelector: Display 4619827677550801152 policy changed
12-10 17:58:59.984 541 541 I RefreshRateSelector: Previous: {defaultModeId=0, allowGroupSwitching=false, primaryRanges={physical=[60.00 Hz, 60.00 Hz], render=[60.00 Hz, 60.00 Hz]}, appRequestRanges={physical=[60.00 Hz, 60.00 Hz], render=[60.00 Hz, 60.00 Hz]} idleScreenConfig=nullptr}
12-10 17:58:59.984 541 541 I RefreshRateSelector: Current: DisplayManagerPolicy{defaultModeId=0, allowGroupSwitching=false, primaryRanges={physical=[0.00 Hz, 60.00 Hz], render=[0.00 Hz, 60.00 Hz]}, appRequestRanges={physical=[0.00 Hz, 60.00 Hz], render=[0.00 Hz, 60.00 Hz]} idleScreenConfig=nullptr}
12-10 17:58:59.984 541 541 I RefreshRateSelector: 0 mode changes were performed under the previous policy
12-10 17:58:59.985 541 541 D DisplayModeController: setDesiredMode 4619827677550801152 {mode={fps=60.00 Hz, modePtr={id=0, vsyncRate=60.00 Hz, peakRefreshRate=60.00 Hz}}, emitEvent=true, force=false}
12-10 17:58:59.986 1779 1779 I pixel-thermal: VIRTUAL-SKIN:29.0259 raw data: VIRTUAL-NEU-QUT-SKIN1-SKIN2-USB-USB2-GNSS-1:28269.9 VIRTUAL-NEU-QUT-SKIN1-SKIN2-USB-USB2-GNSS-4:27684.1 VIRTUAL-QUT-SKIN2-USB-GNSS-3:29025.9 VIRTUAL-QUT-SKIN2-USB-USB2-2:27976.6 VIRTUAL-SKIN:29025.9 gnss_tcxo_therm:30615 neutral_therm:30770 quiet_therm:28767 skin_therm1:29702 skin_therm2:33419 usb_pwr_therm:27877 usb_pwr_therm2:28122
12-10 17:58:59.987 1063 2195 I Camera2Client: Camera 0: Closed
12-10 17:58:59.987 1063 2195 D Camera2ClientBase: Camera 0: start to disconnect
12-10 17:58:59.987 1063 2195 D Camera2ClientBase: Camera 0: serializationLock acquired
12-10 17:58:59.987 1063 2195 D Camera2ClientBase: Camera 0: Shutting down
12-10 17:58:59.987 1063 2195 I Camera3-Device: disconnectImpl: E
12-10 17:58:59.987 1063 2195 I Camera2ClientBase: ~Camera2ClientBase: Client object's dtor for Camera Id 0 completed. Client was: org.telegram.messenger (PID 15685, UID 10284)
12-10 17:58:59.984 14541 14582 I AiAiEcho: #remoteViewsTwiddler: feature disabled.
12-10 17:58:59.987 14541 17031 I AiAiEcho: (REDACTED) Settings changed for uri: %s
12-10 17:58:59.987 961 1022 I WifiOptimization: startListenTwtVendorEvent: -3
12-10 17:58:59.987 1063 2195 I Camera3-Device: disconnectImpl: E
12-10 17:58:59.987 1063 2195 I Camera3DeviceInjectionMethods: injectionDisconnectImpl: Injection camera disconnect
12-10 17:58:59.987 2177 2177 D GRIL-S : [0589]> UPDATE_DEVICE_STATE DeviceState: Usb:0, Wifi: 1, Wifi AP: 0, Earpiece: 0, Bluetooth: 0, Wireless charging: 0, Screen: 1, Camera: 0, 0, -, -, Motion: 1, Bluetooth tethering: 0, Voice: 0, Wifi 2.4G: 0, Radio: 1, Bluetooth connected: 0, Bluetooth media: 0, Wifi Band: 2, Wifi AP Band: 0, Wifi call: 0, mmWave: 0, mCellBackhaul: 0, mHallSensor: 0, mDozeStatus: 1, mAppClassInfo: 0, mWifiCapSensorStatus: 0, mCellCapSensorStatus: 0, mBesideHeadHandStatus: 0, mSpeakerStatus: 0, mProtectiveCaseStatus: 0
12-10 17:58:59.987 2168 2913 I HbmSvManager: Request state 0 req 1
12-10 17:58:59.988 2172 2330 D LyricConfigProviderService: onCameraClosed: cameraID: 0
12-10 17:58:59.988 14541 14582 I AiAiEcho: (REDACTED) Predicting[%d]: %s
12-10 17:58:59.988 2139 2228 D ImpulseStateSource: Notify clients: 6041
12-10 17:58:59.988 2139 2228 D BusinessScope: Finish running the #12086 block
12-10 17:58:59.988 2139 2228 D BusinessScope: Start running the #12087 block
12-10 17:58:59.988 2172 2299 D PersistentCameraBackgroundServices: Broadcasting action 'com.google.pixel.camera.services.cameraidremapper.action.CAMERA_CLOSED' for camera '0'...
12-10 17:58:59.988 2139 2294 D BusinessScope: Finish running the #12087 block
12-10 17:58:59.989 14541 14582 I AiAiEcho: (REDACTED) EchoTargets: %s
12-10 17:58:59.989 14541 14582 I AiAiEcho: Filtered by AiAi flag check: %s
12-10 17:58:59.989 2172 2299 I PersistentCameraBackgroundServices: Broadcast action 'com.google.pixel.camera.services.cameraidremapper.action.CAMERA_CLOSED' for camera '0'.
12-10 17:58:59.989 2172 2299 W PersistentCameraBackgroundServices: PCS does not declare SAW permission!
12-10 17:58:59.989 2172 2299 W PersistentCameraBackgroundServices: PCS SAW app-op mode cannot be reverted back to 'default'!
12-10 17:58:59.989 2168 2913 D HbmSvManager: Ambient sensor : TMD3719 Ambient Light update Lux : 32.8225
12-10 17:58:59.989 14541 14582 I AiAiEcho: (REDACTED) #weatherTwiddler: Weather removes SubtitleSupplementalItem in surface: %s
12-10 17:58:59.989 14541 14582 I AiAiEcho: #remoteViewsTwiddler: feature disabled.
12-10 17:58:59.989 14541 14582 I AiAiEcho: (REDACTED) Predicting[%d]: %s
12-10 17:58:59.990 14541 14582 I AiAiEcho: (REDACTED) EchoTargets: %s
12-10 17:58:59.990 14541 14582 I AiAiEcho: Filtered by AiAi flag check: %s
12-10 17:58:59.990 14541 14582 I AiAiEcho: (REDACTED) #weatherTwiddler: Weather removes SubtitleSupplementalItem in surface: %s
12-10 17:58:59.991 14541 14582 I AiAiEcho: #remoteViewsTwiddler: feature disabled.
12-10 17:58:59.991 14541 14582 I AiAiEcho: (REDACTED) #postPredictionTargets: Sending updates to UISurface %s with targets# %s (types=[%s])
12-10 17:58:59.991 14541 14582 I AiAiEcho: (REDACTED) Predicting[%d]: %s
12-10 17:58:59.992 14541 14582 I AiAiEcho: (REDACTED) EchoTargets: %s
12-10 17:58:59.992 14541 14582 I AiAiEcho: Filtered by AiAi flag check: %s
12-10 17:58:59.992 14541 14582 I AiAiEcho: #remoteViewsTwiddler: feature disabled.
12-10 17:58:59.992 14541 14582 I AiAiEcho: (REDACTED) Predicting[%d]: %s
12-10 17:58:59.993 14541 14582 I AiAiEcho: (REDACTED) EchoTargets: %s
12-10 17:58:59.993 14541 14582 I AiAiEcho: Filtered by AiAi flag check: %s
12-10 17:58:59.994 14541 14582 I AiAiEcho: (REDACTED) #weatherTwiddler: Weather removes SubtitleSupplementalItem in surface: %s
12-10 17:58:59.994 14541 14582 I AiAiEcho: #remoteViewsTwiddler: feature disabled.
12-10 17:58:59.994 14541 14582 I AiAiEcho: (REDACTED) Predicting[%d]: %s
12-10 17:58:59.995 14541 14582 I AiAiEcho: (REDACTED) EchoTargets: %s
12-10 17:58:59.995 14541 14582 I AiAiEcho: Filtered by AiAi flag check: %s
12-10 17:58:59.995 14541 14582 I AiAiEcho: (REDACTED) #weatherTwiddler: Weather removes SubtitleSupplementalItem in surface: %s
12-10 17:58:59.995 14541 14582 I AiAiEcho: #remoteViewsTwiddler: feature disabled.
12-10 17:58:59.995 15685 15688 I egram.messenger: Method exceeds compiler instruction limit: 28561 in void org.telegram.ui.Cells.ChatMessageCell.setMessageContent(org.telegram.messenger.MessageObject, org.telegram.messenger.MessageObject$GroupedMessages, boolean, boolean)
12-10 17:58:59.996 15685 15688 I egram.messenger: Method exceeds compiler instruction limit: 28561 in void org.telegram.ui.Cells.ChatMessageCell.setMessageContent(org.telegram.messenger.MessageObject, org.telegram.messenger.MessageObject$GroupedMessages, boolean, boolean)
12-10 17:58:59.996 15685 15688 I egram.messenger: Method exceeds compiler instruction limit: 28561 in void org.telegram.ui.Cells.ChatMessageCell.setMessageContent(org.telegram.messenger.MessageObject, org.telegram.messenger.MessageObject$GroupedMessages, boolean, boolean)
12-10 17:58:59.997 15685 15688 I egram.messenger: Method exceeds compiler instruction limit: 28561 in void org.telegram.ui.Cells.ChatMessageCell.setMessageContent(org.telegram.messenger.MessageObject, org.telegram.messenger.MessageObject$GroupedMessages, boolean, boolean)
12-10 17:58:59.998 14541 14582 I AiAiEcho: (REDACTED) #postPredictionTargets: Sending updates to UISurface %s with targets# %s (types=[%s])
12-10 17:58:59.999 2025 2025 D SsMediaDataProvider: Forwarding Smartspace updates []
12-10 17:59:00.000 2025 2025 I WeatherSmartspaceView: setFormattedContentDescription: text=7°C, iconDescription=Хмарно, contentDescription=Хмарно, 7°C
12-10 17:59:00.000 2025 2025 I WeatherData: Weather data parsed CLOUDY ("Хмарно") 7°C from Bundle[{description=Хмарно, feedback_intent=null, explanation_intent=Supplier{VAL_PARCELABLE@140+1968}, is_gaia_linked_data=true, use_celsius=true, state=9, temperature=7}]
12-10 17:59:00.000 2025 2025 W PageIndicator: Total number of pages invalid: 0. Assuming 1 page.
12-10 17:59:00.000 14541 14582 I AiAiEcho: (REDACTED) #postPredictionTargets: Sending updates to UISurface %s with targets# %s (types=[%s])
12-10 17:59:00.001 14541 14582 I AiAiEcho: (REDACTED) #postPredictionTargets: Sending updates to UISurface %s with targets# %s (types=[%s])
12-10 17:59:00.002 14570 14570 D SsBaseTemplateCard: No text view can be set up
12-10 17:59:00.002 14570 14570 I SsBaseTemplateCard: setFormattedContentDescription: text=7°C, iconDescription=Хмарно, contentDescription=Хмарно, 7°C
12-10 17:59:00.002 14570 14570 D SsBaseTemplateCard: Passed-in item info is null
12-10 17:59:00.002 14570 14570 D SsBaseTemplateCard: Passed-in item info is null
12-10 17:59:00.002 14570 14570 I SsBaseTemplateCard: Secondary card pane is null
12-10 17:59:00.004 15685 15688 I egram.messenger: Method exceeds compiler instruction limit: 17656 in void org.telegram.ui.ChatActivity.didReceivedNotification(int, int, java.lang.Object[])
12-10 17:59:00.004 14541 14582 I AiAiEcho: (REDACTED) #postPredictionTargets: Sending updates to UISurface %s with targets# %s (types=[%s])
12-10 17:59:00.007 14541 14582 I AiAiEcho: (REDACTED) #postPredictionTargets: Sending updates to UISurface %s with targets# %s (types=[%s])
12-10 17:58:59.999 18720 18720 W Thread-15: type=1400 audit(0.0:83392): avc: denied { bind } for scontext=u:r:untrusted_app:s0:c101,c257,c512,c768 tcontext=u:r:untrusted_app:s0:c101,c257,c512,c768 tclass=netlink_route_socket permissive=0 bug=b/155595000 app=im.status.ethereum
12-10 17:59:00.010 14570 14570 D SsBaseTemplateCard: No text view can be set up
12-10 17:59:00.010 14570 14570 I SsBaseTemplateCard: setFormattedContentDescription: text=7°C, iconDescription=Хмарно, contentDescription=Хмарно, 7°C
12-10 17:59:00.010 14570 14570 D SsBaseTemplateCard: Passed-in item info is null
12-10 17:59:00.010 14570 14570 D SsBaseTemplateCard: Passed-in item info is null
12-10 17:59:00.010 14570 14570 I SsBaseTemplateCard: Secondary card pane is null
12-10 17:59:00.013 2025 2025 I WeatherSmartspaceView: setFormattedContentDescription: text=7°C, iconDescription=Хмарно, contentDescription=Хмарно, 7°C
12-10 17:59:00.013 2025 2025 I WeatherData: Weather data parsed CLOUDY ("Хмарно") 7°C from Bundle[{description=Хмарно, feedback_intent=null, explanation_intent=Supplier{VAL_PARCELABLE@140+1968}, is_gaia_linked_data=true, use_celsius=true, state=9, temperature=7}]
12-10 17:59:00.013 2025 2025 W PageIndicator: Total number of pages invalid: 0. Assuming 1 page.
12-10 17:59:00.013 2025 2025 D SsMediaDataProvider: Forwarding Smartspace updates []
12-10 17:59:00.014 14541 14582 I AiAiEcho: (REDACTED) Predicting[%d]: %s
12-10 17:59:00.016 14541 14582 I AiAiEcho: (REDACTED) EchoTargets: %s
12-10 17:59:00.016 14541 14582 I AiAiEcho: Filtered by AiAi flag check: %s
12-10 17:59:00.016 14541 14582 I AiAiEcho: (REDACTED) #weatherTwiddler: Weather removes SubtitleSupplementalItem in surface: %s
12-10 17:59:00.016 14541 14582 I AiAiEcho: #remoteViewsTwiddler: feature disabled.
12-10 17:59:00.016 14541 14582 I AiAiEcho: (REDACTED) Predicting[%d]: %s
12-10 17:59:00.017 14541 14582 I AiAiEcho: (REDACTED) EchoTargets: %s
12-10 17:59:00.017 14541 14582 I AiAiEcho: Filtered by AiAi flag check: %s
12-10 17:59:00.017 14541 14582 I AiAiEcho: (REDACTED) #weatherTwiddler: Weather removes SubtitleSupplementalItem in surface: %s
12-10 17:59:00.017 14541 14582 I AiAiEcho: #remoteViewsTwiddler: feature disabled.
12-10 17:59:00.020 14541 14582 I AiAiEcho: (REDACTED) #postPredictionTargets: Sending updates to UISurface %s with targets# %s (types=[%s])
12-10 17:59:00.022 14541 14582 I AiAiEcho: (REDACTED) #postPredictionTargets: Sending updates to UISurface %s with targets# %s (types=[%s])
12-10 17:59:00.026 14570 14570 D SsBaseTemplateCard: No text view can be set up
12-10 17:59:00.027 14570 14570 I SsBaseTemplateCard: setFormattedContentDescription: text=7°C, iconDescription=Хмарно, contentDescription=Хмарно, 7°C
12-10 17:59:00.027 14570 14570 D SsBaseTemplateCard: Passed-in item info is null
12-10 17:59:00.027 14570 14570 D SsBaseTemplateCard: Passed-in item info is null
12-10 17:59:00.027 14570 14570 I SsBaseTemplateCard: Secondary card pane is null
12-10 17:59:00.035 2025 2025 I WeatherSmartspaceView: setFormattedContentDescription: text=7°C, iconDescription=Хмарно, contentDescription=Хмарно, 7°C
12-10 17:59:00.035 2025 2025 I WeatherData: Weather data parsed CLOUDY ("Хмарно") 7°C from Bundle[{description=Хмарно, feedback_intent=null, explanation_intent=Supplier{VAL_PARCELABLE@140+1968}, is_gaia_linked_data=true, use_celsius=true, state=9, temperature=7}]
12-10 17:59:00.035 2025 2025 W PageIndicator: Total number of pages invalid: 0. Assuming 1 page.
12-10 17:59:00.041 2177 3016 D GRIL-S : [0589]< UPDATE_DEVICE_STATE
12-10 17:59:00.123 15685 15685 I ImeTracker: org.telegram.messenger:566ede82: onRequestHide at ORIGIN_CLIENT reason HIDE_SOFT_INPUT_ON_ANIMATION_STATE_CHANGED fromUser false
12-10 17:59:00.124 15685 15685 I ImeTracker: org.telegram.messenger:e98c666f: onHidden
12-10 17:59:00.124 1383 1894 I ImeTracker: org.telegram.messenger:566ede82: onCancelled at PHASE_SERVER_SHOULD_HIDE
12-10 17:59:00.190 15685 15685 I ImeTracker: org.telegram.messenger:f1a83076: onRequestShow at ORIGIN_CLIENT reason SHOW_SOFT_INPUT fromUser false
12-10 17:59:00.190 15685 15685 I ImeTracker: org.telegram.messenger:f1a83076: onFailed at PHASE_CLIENT_VIEW_SERVED
12-10 17:59:00.190 15685 15685 W InputMethodManager: Ignoring showSoftInput() as view=org.telegram.ui.Components.ChatActivityEnterView$42{a5bdb4c VFED..CL. .F...... 132,5-822,122 aid=1073741831} is not served.
12-10 17:59:00.193 15512 15512 W TooltipLifecycleManager: TooltipLifecycleManager.dismissTooltips():154 Tooltip with id undo_access_point_promotion_banner not found in tooltipManager.
12-10 17:59:00.278 1383 1937 D ConnectivityService: NetReassign [no changes] [c 0] [a 0] [i 3]
12-10 17:59:00.282 15685 15688 I egram.messenger: Method exceeds compiler instruction limit: 17656 in void org.telegram.ui.ChatActivity.didReceivedNotification(int, int, java.lang.Object[])
12-10 17:59:00.303 15685 15685 W WindowOnBackDispatcher: sendCancelIfRunning: isInProgress=false callback=android.view.ViewRootImpl$$ExternalSyntheticLambda11@5d9226
12-10 17:59:00.303 1779 1785 I pixel-thermal: VIRTUAL-SKIN-CHARGE-WLC:30.7006 raw data: VIRTUAL-SKIN-CHARGE-WLC:30700.6 disp_therm:27610 skin_therm2:33419 usb_pwr_therm2:28122
12-10 17:59:00.303 1383 3631 D CoreBackPreview: Window{2aff2e u0 org.telegram.messenger/org.telegram.messenger.DefaultIcon}: Setting back callback null
12-10 17:59:00.304 15512 19452 I SpellCheckerSession: SpellCheckerSession.onClose():681 com.google.android.keyboard.client.delight5.LanguageIdentifier@d5e5bb8 is closed
12-10 17:59:00.309 1383 7204 W InputManager-JNI: Input channel object '2aff2e org.telegram.messenger/org.telegram.messenger.DefaultIcon (client)' was disposed without first being removed with the input manager!
12-10 17:59:00.314 1779 1785 I pixel-thermal: VIRTUAL-SKIN-CPU:29.0259 raw data: VIRTUAL-SKIN:29025.9 VIRTUAL-SKIN-CPU:29025.9
12-10 17:59:00.314 1779 1785 I pixel-thermal: skin_therm1:29.702 raw data: skin_therm1:29702
12-10 17:59:00.314 1779 1785 I pixel-thermal: VIRTUAL-SKIN:29.0259 raw data: VIRTUAL-SKIN:29025.9
12-10 17:59:00.314 1779 1785 I pixel-thermal: VIRTUAL-SKIN-HINT:29.0259 raw data: VIRTUAL-SKIN:29025.9 VIRTUAL-SKIN-HINT:29025.9
12-10 17:59:00.314 1779 1785 I pixel-thermal: VIRTUAL-SKIN-CHARGE:29.0259 raw data: VIRTUAL-SKIN:29025.9 VIRTUAL-SKIN-CHARGE:29025.9
12-10 17:59:00.314 1779 1785 I pixel-thermal: cellular-emergency:29.0259 raw data: VIRTUAL-SKIN:29025.9 cellular-emergency:29025.9
12-10 17:59:00.314 1779 1785 I pixel-thermal: VIRTUAL-SKIN-CPU-GPU:29.0259 raw data: VIRTUAL-SKIN:29025.9 VIRTUAL-SKIN-CPU-GPU:29025.9
12-10 17:59:00.316 1383 1643 V WindowManager: Unknown focus tokens, dropping reportFocusChanged
12-10 17:59:00.320 2168 2913 D HbmSvManager: Ambient sensor : TMD3719 Ambient Light update Lux : 28.869984
12-10 17:59:00.372 1383 1894 I ImeTracker: org.telegram.messenger:ff76676b: onRequestShow at ORIGIN_SERVER reason ATTACH_NEW_INPUT fromUser false
12-10 17:59:00.373 15512 15512 I GoogleInputMethodService: GoogleInputMethodService.onFinishInput():3095
12-10 17:59:00.373 15512 15512 I GoogleInputMethodService: GoogleInputMethodService.updateDeviceLockedStatus():2167 repeatCheckTimes = 0, locked = false
12-10 17:59:00.374 15512 15512 I GoogleInputMethodService: GoogleInputMethodService.onStartInput():1911 onStartInput(EditorInfo{EditorInfo{packageName=org.telegram.messenger, inputType=24001, inputTypeString=Normal[MultiLine|CapSentences], enableLearning=true, autoCorrection=true, autoComplete=true, imeOptions=50000006, privateImeOptions=null, actionName=DONE, actionLabel=null, initialSelStart=0, initialSelEnd=0, initialCapsMode=2000, label=null, fieldId=-1, fieldName=null, extras=Bundle[mParcelledData.dataSize=168], hintText=null, hintLocales=[]}}, false)
12-10 17:59:00.374 15512 15512 I GoogleInputMethodService: GoogleInputMethodService.updateDeviceLockedStatus():2167 repeatCheckTimes = 1, locked = false
12-10 17:59:00.374 15512 15512 I AndroidIME: InputBundleManager.loadActiveInputBundleId():450 loadActiveInputBundleId: ru, ime_russian
12-10 17:59:00.375 1383 3442 W PackageConfigPersister: App-specific configuration not found for packageName: org.telegram.messenger and userId: 0
12-10 17:59:00.375 15512 15512 I StylusModule: StylusModule.onUpdateToolType():803 Update tool type = 1
12-10 17:59:00.376 1383 1894 I ImeTracker: org.telegram.messenger:15134226: onRequestShow at ORIGIN_SERVER reason SHOW_RESTORE_IME_VISIBILITY fromUser false
12-10 17:59:00.376 15512 15512 I GoogleInputMethodService: GoogleInputMethodService.onStartInputView():2021 onStartInputView(EditorInfo{EditorInfo{packageName=org.telegram.messenger, inputType=24001, inputTypeString=Normal[MultiLine|CapSentences], enableLearning=true, autoCorrection=true, autoComplete=true, imeOptions=50000006, privateImeOptions=null, actionName=DONE, actionLabel=null, initialSelStart=0, initialSelEnd=0, initialCapsMode=2000, label=null, fieldId=-1, fieldName=null, extras=Bundle[{androidx.core.view.inputmethod.EditorInfoCompat.STYLUS_HANDWRITING_ENABLED=true}], hintText=null, hintLocales=[]}}, false)
12-10 17:59:00.376 598 598 W powerhal-libperfmgr: Sess(814), cannot resume, already active
12-10 17:59:00.376 15512 15512 I GoogleInputMethodService: GoogleInputMethodService.updateDeviceLockedStatus():2167 repeatCheckTimes = 1, locked = false
12-10 17:59:00.377 15512 15512 I KeyboardHeightUtil: KeyboardHeightUtil.getOemKeyboardHeightRatio():175 systemKeyboardHeightRatio:1.000000.
12-10 17:59:00.377 15512 15512 I AndroidIME: AbstractIme.onActivate():90 LatinIme.onActivate() : EditorInfo = EditorInfo{packageName=org.telegram.messenger, inputType=24001, inputTypeString=Normal[MultiLine|CapSentences], enableLearning=true, autoCorrection=true, autoComplete=true, imeOptions=50000006, privateImeOptions=null, actionName=DONE, actionLabel=null, initialSelStart=0, initialSelEnd=0, initialCapsMode=2000, label=null, fieldId=-1, fieldName=null, extras=Bundle[{androidx.core.view.inputmethod.EditorInfoCompat.STYLUS_HANDWRITING_ENABLED=true}], hintText=null, hintLocales=[]}, IncognitoMode = false, DeviceLocked = false
12-10 17:59:00.377 15512 15512 I InputBundle: InputBundle.consumeEvent():911 Skip consuming an event as keyboard status is 0
12-10 17:59:00.377 15512 15512 I Delight5Facilitator: Delight5Facilitator.initializeForIme():726 initializeForIme() : Locale = [ru], layout = russian
12-10 17:59:00.378 15512 15512 I LatinIme: LatinIme.updateEnableInlineSuggestionsOnDecoderSideFlags():1196 inline flag updated to:false
12-10 17:59:00.378 15512 15512 I LatinIme: LatinIme.updateEnableInlineSuggestionsOnDecoderSideFlags():1196 inline flag updated to:false
12-10 17:59:00.380 15512 15512 I InputBundle: InputBundle.consumeEvent():911 Skip consuming an event as keyboard status is 0
12-10 17:59:00.380 15512 15512 I InputBundle: InputBundle.consumeEvent():911 Skip consuming an event as keyboard status is 0
12-10 17:59:00.381 15512 15512 I KeyboardWrapper: KeyboardWrapper.activateKeyboard():587 activateKeyboard(): type=prime, status=0, imeDef=koo{stringId=ime_russian, language=ru, languageTag=ru, processedConditions={enable_number_row=false, device=phone}, className=com.google.android.apps.inputmethod.libs.latin5.LatinIme, label=0, keyEventInterpreter=null, inlineComposing=true, autoCapital=true, announceAutoSelectedCandidate=true, statusIcon=0, primeKeyboardType=SOFT, indicatorIcon=0, indicatorLabel=РУ, displayAppCompletions=true, extraValues=kog{}, processors=kqg@be19793, unacceptableMetaKeys=4098, languageSpecificSettings=0, asciiCapable=false, alwaysShowSuggestions=false, useAsciiPasswordKeyboard=false, secondaryIme=null, keyboardGroupDef=kpo@23b6d26, phenotypeFlagId=0, localizationLanguageTag=null, supportsInlineSuggestion=true}
12-10 17:59:00.381 15512 15512 I KeyboardManager: KeyboardManager.requestKeyboard():234 Creating keyboard prime, imeId=ime_russian, cacheKey=theme_border_keyboard_mode_screen_size_5_5_keyboard_mode_screen_width_middle_stylesheet_noshadow_reordertheme_pgsans_silkpopup_dark_phone_bottom4dp
12-10 17:59:00.381 15512 15512 I KeyboardWrapper: KeyboardWrapper.onKeyboardReady():250 onKeyboardReady(): type=prime(prime), kb=com.google.android.apps.inputmethod.latin.keyboard.LatinPrimeKeyboard@34ce668
12-10 17:59:00.381 15512 15512 I KeyboardWrapper: KeyboardWrapper.doActivateKeyboard():618 doActivateKeyboard(): prime
12-10 17:59:00.382 15512 15512 I KeyboardHeightUtil: KeyboardHeightUtil.calculateMaxKeyboardBodyHeight():45 leave 281 height for app when ime window height:2156, header height:116 and isFullscreenMode:false, so the max keyboard body height is:1759
12-10 17:59:00.383 15512 15512 W Keyboard: Keyboard.getKeyboardViewHelper():598 null helper is returned: keyboardDef=kpj{processedConditions={enable_more_candidates_view_for_multilingual=false, enable_secondary_symbols=false, variant=russian, language=ru-RU, deprecate_long_press_space_for_ime_picker=false, expressions=normal, device=phone, keyboard_mode=normal, show_secondary_digits=true, enable_preemptive_decode=true, rtl_layout=false}, globalConditions={global_theme_key=theme_border_keyboard_mode_screen_size_5_5_keyboard_mode_screen_width_middle_stylesheet_noshadow_reordertheme_pgsans_silkpopup_dark_phone_bottom4dp, global_locale=ru_RU, global_density_dpi=420, global_orientation=1}, className=.latin.keyboard.LatinPrimeKeyboard, resourceIds=[#0x7f170989], initialStates=0, keyboardViewDefs=[kpw{direction=null, id=#0x7f0b015e, isScalable=false, layoutId=#0x7f0e01d0, type=FLOATING_CANDIDATES, touchable=false, defaultShow=false}, kpw{direction=LOCALE, id=#0x7f0b015e, isScalable=false, layoutId=#0x7f0e04da, type=HEADER, touchable=true, defaultShow=true}, kpw{direction=null, id=#0x7f0b015e, isScalable=true, layoutId=#0x7f0e03b6, type=BODY, touchable=true, defaultShow=true}], persistentStates=0, persistentStatesPrefKey=null, popupBubbleLayoutId=#0x7f0e05d6, recentKeyLayoutId=0, recentKeyPopupLayoutId=0, recentKeyType=null, rememberRecentKey=NONE, sessionStates=17592186044419}, type=WIDGET, helpersCreated=[kby@bca948c, kby@ecc17d5, kby@fe73bea, null], context.getResources().getConfiguration(): {1.0 ?mcc0mnc [ru_RU] ldltr sw411dp w411dp h914dp 420dpi nrml long hdr widecg port night finger -keyb/v/h -nav/h winConfig={ mBounds=Rect(0, 0 - 1080, 2400) mAppBounds=Rect(0, 0 - 1080, 2400) mMaxBounds=Rect(0, 0 - 1080, 2400) mDisplayRotation=ROTATION_0 mWindowingMode=fullscreen mActivityType=undefined mAlwaysOnTop=undefined mRotation=ROTATION_0} s.8 fontWeightAdjustment=0}
12-10 17:59:00.383 15512 15512 I KeyboardHeightUtil: KeyboardHeightUtil.calculateMaxKeyboardBodyHeight():45 leave 281 height for app when ime window height:2156, header height:116 and isFullscreenMode:false, so the max keyboard body height is:1759
12-10 17:59:00.383 15512 15512 E KeyboardViewController: KeyboardViewController.setSubViewControllerInternal():400 More than one sub view controller is declared to keyboardType: null, viewType: HEADER, viewId: 2131431996(#0x7f0b123c), controller: dat@f317390, original controller: dat@f317390
12-10 17:59:00.385 15512 15512 I GoogleInputMethodService: GoogleInputMethodService.startInputIfInputViewStarted():3618 startInputIfInputViewStarted(): default prime
12-10 17:59:00.390 15512 15512 I NgaExtension: NgaExtension.onActivate():527 NgaExtension#onActivate [SDG]
12-10 17:59:00.390 15512 15512 I NgaVoiceInputHandlerSwitcher: NgaVoiceInputHandlerSwitcher.restorePrimary():233 not switching to primary. fallback is null [SDG]
12-10 17:59:00.390 15512 15512 I NgaVoiceInputHandler: NgaVoiceInputHandler.maybeCreateInputManager():205 VoiceInputHandler:activating [SDG]
12-10 17:59:00.391 15512 15512 I NgaExtension: NgaExtension.onActivate():551 NgaExtension: interaction type=4 [SDG]
12-10 17:59:00.392 19186 19237 I bezf : (REDACTED) Handling KeyboardVisibilityEvent: %s [SD]
12-10 17:59:00.393 19186 19236 I befi : (REDACTED) Starting AiAi status check using Android T API. tag=%s [SD]
12-10 17:59:00.395 1383 3442 I SpeechRecognitionManagerServiceImpl: Client 10165 has opened 14 sessions
12-10 17:59:00.396 14541 14541 I AiAi : AiAiSpeechRecognitionService#onCheckRecognitionSupport#AndroidU
12-10 17:59:00.396 14541 14541 I AiAiSpeechRecognition: #onCheckRecognitionSupport
12-10 17:59:00.396 14541 14541 I RecognitionServiceInten: (REDACTED) Trigger application overridden to %s
12-10 17:59:00.397 14541 14541 I IntentParsingUtil: (REDACTED) enableLocaleValidation: %s
12-10 17:59:00.397 14541 14541 I IntentParsingUtil: (REDACTED) Using Locale.getDefault() for recognition: %s
12-10 17:59:00.397 14541 14541 I RecognitionServiceInten: #enableFirstPartyAppFeatures
12-10 17:59:00.397 14541 14541 I IntentParsingUtil: No additional languages specified in RecognizerIntent
12-10 17:59:00.397 14541 14541 I AiAiSpeechRecognition: (REDACTED) onStartCheckRecognitionSupport(): callingPackageName: %s
12-10 17:59:00.397 14541 14541 I ModelManagerImpl: #onCheckRecognitionSupport
12-10 17:59:00.397 14541 14541 I DefaultLPManager: #getAvailablePackages
12-10 17:59:00.397 14541 14541 I tkr : #getDownloadableLanguagePacks
12-10 17:59:00.397 14541 14541 I LanguagePackConfigImpl: (REDACTED) Loaded languagepack (LP) flag value from latest config %s: %s
12-10 17:59:00.397 14541 14541 W SystemLPSourceImpl: #getAvailablePackages: Note there is not reason to call this method, as getInstalledPackages() returns the same LanguagePacks for this impl.
12-10 17:59:00.397 14541 14541 I DefaultLPManager: #getRequestedPackages
12-10 17:59:00.397 14541 14541 I ZipLPPopulator: #addNewFileGroups
12-10 17:59:00.398 14541 14541 I tkr : #getDownloadableLanguagePacks
12-10 17:59:00.398 14541 14541 I LanguagePackConfigImpl: (REDACTED) Loaded languagepack (LP) flag value from latest config %s: %s
12-10 17:59:00.398 14541 14541 W SystemLPSourceImpl: #getRequestedPackages: There is not reason to call this method, as the result is always empty.
12-10 17:59:00.398 14541 14541 I DefaultLPManager: #getAvailablePackages
12-10 17:59:00.398 14541 14619 I SystemLPSourceImpl: (REDACTED) Parsed system partition LanguagePack metadata file: %s
12-10 17:59:00.398 14541 14541 I tkr : #getDownloadableLanguagePacks
12-10 17:59:00.398 14541 14541 I LanguagePackConfigImpl: (REDACTED) Loaded languagepack (LP) flag value from latest config %s: %s
12-10 17:59:00.398 14541 14586 E VoiceSearchConfigProtoU: (REDACTED) Unrecognized recognizer for [%s, %d]: %d. Ignoring it and its associated features.
12-10 17:59:00.398 14541 14541 W SystemLPSourceImpl: #getAvailablePackages: Note there is not reason to call this method, as getInstalledPackages() returns the same LanguagePacks for this impl.
12-10 17:59:00.398 14541 14541 I DefaultLPManager: #getInstalledPackages
12-10 17:59:00.398 14541 14541 I tkr : #getInstalledPackages from MDD
12-10 17:59:00.398 14541 14541 I tkr : #GetLanguagePackList
12-10 17:59:00.398 14541 14541 I tkr : MDD.getFileGroupsByFilter(langpack-domain_xx-XX_ver_zipfile)
12-10 17:59:00.398 14541 14619 I SystemLPSourceImpl: (REDACTED) Parsed system partition LanguagePack metadata file: %s
12-10 17:59:00.399 14541 14586 E VoiceSearchConfigProtoU: (REDACTED) Unrecognized recognizer for [%s, %d]: %d. Ignoring it and its associated features.
12-10 17:59:00.399 14541 14586 E VoiceSearchConfigProtoU: (REDACTED) Unrecognized recognizer for [%s, %d]: %d. Ignoring it and its associated features.
12-10 17:59:00.399 14541 14586 E VoiceSearchConfigProtoU: (REDACTED) Unrecognized recognizer for [%s, %d]: %d. Ignoring it and its associated features.
12-10 17:59:00.399 14541 14586 E VoiceSearchConfigProtoU: (REDACTED) Unrecognized recognizer for [%s, %d]: %d. Ignoring it and its associated features.
12-10 17:59:00.399 14541 14619 I SystemLPSourceImpl: (REDACTED) Parsed system partition LanguagePack metadata file: %s
12-10 17:59:00.400 14541 14586 E VoiceSearchConfigProtoU: (REDACTED) Unrecognized recognizer for [%s, %d]: %d. Ignoring it and its associated features.
12-10 17:59:00.401 14541 14586 E VoiceSearchConfigProtoU: (REDACTED) Unrecognized recognizer for [%s, %d]: %d. Ignoring it and its associated features.
12-10 17:59:00.401 14541 14586 E VoiceSearchConfigProtoU: (REDACTED) Unrecognized recognizer for [%s, %d]: %d. Ignoring it and its associated features.
12-10 17:59:00.401 14541 14586 E VoiceSearchConfigProtoU: (REDACTED) Unrecognized recognizer for [%s, %d]: %d. Ignoring it and its associated features.
12-10 17:59:00.402 14541 14586 E VoiceSearchConfigProtoU: (REDACTED) Unrecognized recognizer for [%s, %d]: %d. Ignoring it and its associated features.
12-10 17:59:00.404 14541 14586 E VoiceSearchConfigProtoU: (REDACTED) Unrecognized recognizer for [%s, %d]: %d. Ignoring it and its associated features.
12-10 17:59:00.404 15512 15512 I AccessoryInputModeManager: AccessoryInputModeManager.onModeStarted():320 Accessory input mode started: null
12-10 17:59:00.404 15512 15512 W SupplementaryKeyboardsWrapper: SupplementaryKeyboardsWrapper.deactivateKeyboard():159 keyboard accessory_candidates_consumer is not activated before!
12-10 17:59:00.404 14541 14586 E VoiceSearchConfigProtoU: (REDACTED) Unrecognized recognizer for [%s, %d]: %d. Ignoring it and its associated features.
12-10 17:59:00.405 14541 14586 E VoiceSearchConfigProtoU: (REDACTED) Unrecognized recognizer for [%s, %d]: %d. Ignoring it and its associated features.
12-10 17:59:00.405 14541 14586 E VoiceSearchConfigProtoU: (REDACTED) Unrecognized recognizer for [%s, %d]: %d. Ignoring it and its associated features.
12-10 17:59:00.405 14541 14586 E VoiceSearchConfigProtoU: (REDACTED) Unrecognized recognizer for [%s, %d]: %d. Ignoring it and its associated features.
12-10 17:59:00.405 15512 15512 I KeyboardModeManager: KeyboardModeManager.setSupportedKeyboardModes():1154 supportsSplitMode=true supportsOneHandedMode=true, needUpdateKeyboardMode=false
12-10 17:59:00.405 15512 15512 I KeyboardModeUtils: KeyboardModeUtils.getKeyboardBottomOffset():419 inch: 0.000000 ydpi: 409.127014 adjustKeyboardBottomByDisplaySize: false currentDensityDpi: 420 defaultDensityDpi: 420 keyboardBottomToScreenPx: 0 keyboardBottomToNavBarPx: -126 navBarHeight: 126
12-10 17:59:00.405 15512 15512 I ResizableKeyboardModeController: ResizableKeyboardModeController.getKeyboardBottomOffset():228 currentPrimeKeyboardType:SOFT keyboardBottomOffset:0 navBarHeight:126 isInLandscape:false
12-10 17:59:00.406 2168 2913 D HbmSvManager: Ambient sensor : TMD3719 Ambient Light update Lux : 27.401411
12-10 17:59:00.406 14541 14586 I LPRequestState: (REDACTED) [%s] #resolveDesiredLanguagePacks
12-10 17:59:00.406 15512 15512 I VoiceImeExtension: VoiceImeExtension.shouldStartVoiceInputAutomaticallyInCurrentInputBox():402 No private IME option set to start voice input.
12-10 17:59:00.407 14541 14586 I LPRequestState: (REDACTED) Assigning language pack %s for request %s
12-10 17:59:00.407 14541 14586 I LPDownloadSettingsState: (REDACTED) Defaulting LP download condition to %s as user has not edited settings.
12-10 17:59:00.407 14541 14586 I ZipLPPopulator: (REDACTED) MDD.addFileGroup: %s
12-10 17:59:00.408 15512 15512 I StylusModule: StylusModule.onUpdateToolType():803 Update tool type = 1
12-10 17:59:00.411 29146 29146 D BoundBrokerSvc: onBind: Intent { act=com.google.firebase.dynamiclinks.service.START pkg=com.google.android.gms }
12-10 17:59:00.412 29146 29146 D BoundBrokerSvc: Loading bound service for intent: Intent { act=com.google.firebase.dynamiclinks.service.START pkg=com.google.android.gms }
12-10 17:59:00.413 1383 3631 D ImeInsetsSourceProvider: showImePostLayout cancelled, isScheduledAndReadyToShowIme: false, mImeRequester: Window{d077b75 u0 org.telegram.messenger/org.telegram.messenger.DefaultIcon}, serverVisible: true, frozen: false, mWindowContainer is: non-null, windowState: Window{3ba32e5 u0 InputMethod}, isDrawn: false, mGivenInsetsPending: true, dcTarget: Window{d077b75 u0 org.telegram.messenger/org.telegram.messenger.DefaultIcon}, controlTarget: Window{d077b75 u0 org.telegram.messenger/org.telegram.messenger.DefaultIcon}
12-10 17:59:00.413 1383 3631 D ImeInsetsSourceProvider: controlTarget == DisplayContent.controlTarget: true, hasPendingControls: false, leash is: non-null, isImeLayeringTarget: true, isAboveImeLayeringTarget: false, isImeFallbackTarget: false, isImeInputTarget: true, sameAsImeControlTarget: true
12-10 17:59:00.413 1383 3631 I ImeTracker: org.telegram.messenger:ff76676b: onCancelled at PHASE_WM_SHOW_IME_RUNNER
12-10 17:59:00.414 14541 14586 I ZipLPPopulator: (REDACTED) Updated file group for group '%s' from location: %s
12-10 17:59:00.414 14541 14586 I ZipLPPopulator: #addNewFileGroups complete
12-10 17:59:00.414 14541 14586 I tkr : #getPendingPackages from MDD
12-10 17:59:00.414 14541 14586 I tkr : #GetLanguagePackList
12-10 17:59:00.414 14541 14586 I tkr : MDD.getFileGroupsByFilter(langpack-domain_xx-XX_ver_zipfile)
12-10 17:59:00.415 15512 15512 I WindowMetricsNotification: WindowMetricsNotification.notifyWithWindow():175
12-10 17:59:00.415 15512 15512 I WindowMetricsNotification: WindowMetricsNotification.notify():168 WindowMetricsNotification{bounds=Rect(0, 118 - 1080, 2400), insets=Rect(0, 0 - 0, 126), densityDpi=420, smallestScreenWidthDp=411, displayWidth=1080, displayHeight=2400, xdpi=391.885, ydpi=409.127, isTrustable=true, displayId=0}; DisplayMetrics{density=2.625, width=1080, height=2400, scaledDensity=2.625, xdpi=391.885, ydpi=409.127}
12-10 17:59:00.415 544 8274 W gralloc4: Unable to set buffer name VRI[InputMethod]#65(BLAST Consumer)65: File name too long
12-10 17:59:00.418 544 8274 W gralloc4: Unable to set buffer name VRI[InputMethod]#65(BLAST Consumer)65: File name too long
12-10 17:59:00.419 544 8274 W gralloc4: Unable to set buffer name VRI[InputMethod]#65(BLAST Consumer)65: File name too long
12-10 17:59:00.419 14541 14586 I ModelManagerImpl: (REDACTED) ModelManager has support for: [%s]
12-10 17:59:00.419 14541 14586 I ModelManagerImpl: (REDACTED) ModelManager pending download for: [%s]
12-10 17:59:00.419 544 8274 W gralloc4: Unable to set buffer name VRI[InputMethod]#65(BLAST Consumer)65: File name too long
12-10 17:59:00.423 15512 15512 I SharingNoticeModule: SharingNoticeModule.shouldPostNotice():194 Sharing notice not show, [max display: 0, actual display: 0].
12-10 17:59:00.423 15512 15512 I GoogleInputMethodService: GoogleInputMethodService$1.onKeyboardViewShown():468 onKeyboardViewShown: keyboardType=prime, keyboardViewType=HEADER keyboardView=com.google.android.libraries.inputmethod.widgets.SoftKeyboardView{7ecadc V.E...... ........ 0,0-1080,116 aid=8119}
12-10 17:59:00.424 15512 15512 I GoogleInputMethodService: GoogleInputMethodService$1.onKeyboardViewShown():468 onKeyboardViewShown: keyboardType=prime, keyboardViewType=BODY keyboardView=com.google.android.libraries.inputmethod.widgets.SoftKeyboardView{98fd346 V.E...... ........ 0,0-1080,641 aid=8221}
12-10 17:59:00.424 15512 15512 I NewLanguagePromptExtension: NewLanguagePromptExtension$1.onKeyboardViewShown():96 Not show new language banner: no change in enabled input method entries
12-10 17:59:00.424 15512 15512 I WindowMetricsNotification: WindowMetricsNotification.notifyWithWindow():175
12-10 17:59:00.424 15512 15512 I WindowMetricsNotification: WindowMetricsNotification.notify():168 WindowMetricsNotification{bounds=Rect(0, 118 - 1080, 2400), insets=Rect(0, 0 - 0, 126), densityDpi=420, smallestScreenWidthDp=411, displayWidth=1080, displayHeight=2400, xdpi=391.885, ydpi=409.127, isTrustable=true, displayId=0}; DisplayMetrics{density=2.625, width=1080, height=2400, scaledDensity=2.625, xdpi=391.885, ydpi=409.127}
12-10 17:59:00.424 15512 15512 I WindowMetricsNotification: WindowMetricsNotification.notifyWithWindow():175
12-10 17:59:00.424 15512 15512 I WindowMetricsNotification: WindowMetricsNotification.notify():168 WindowMetricsNotification{bounds=Rect(0, 118 - 1080, 2400), insets=Rect(0, 0 - 0, 126), densityDpi=420, smallestScreenWidthDp=411, displayWidth=1080, displayHeight=2400, xdpi=391.885, ydpi=409.127, isTrustable=true, displayId=0}; DisplayMetrics{density=2.625, width=1080, height=2400, scaledDensity=2.625, xdpi=391.885, ydpi=409.127}
12-10 17:59:00.424 15512 15592 I Delight5Decoder: Delight5DecoderWrapper.setKeyboardLayout():514 setKeyboardLayout()
12-10 17:59:00.426 14541 14586 I ModelManagerImpl: (REDACTED) ModelManager has installed: [%s]
12-10 17:59:00.426 14541 14586 I AiAiSpeechRecognition: (REDACTED) onEndCheckRecognitionSupport success: %s
12-10 17:59:00.427 19186 19236 I befi : (REDACTED) RecognitionSupportCallback.onSupportResult tag=%s [SD]
12-10 17:59:00.427 19186 19236 I befi : (REDACTED) AiAi installed languages: %s tag=%s [SD]
12-10 17:59:00.427 19186 19236 I befi : (REDACTED) AiAi pending languages: %s tag=%s [SD]
12-10 17:59:00.427 19186 19236 I befi : (REDACTED) AiAi supported languages: %s tag=%s [SD]
12-10 17:59:00.427 19186 19236 I bfdq : (REDACTED) Current package suspended=%s [SD]
12-10 17:59:00.428 19186 19236 I bekj : (REDACTED) GellerException: (%s) for accountId: %s. Skipping account. [SD]
12-10 17:59:00.430 19186 19236 I bekj : (REDACTED) SAA bit for setting %s, account %s: %s. [SD]
12-10 17:59:00.430 19186 19236 I bekj : (REDACTED) SAA bit for setting %s, account %s: %s. [SD]
12-10 17:59:00.430 19186 19236 I bekj : (REDACTED) SAA bit for setting %s, account %s: %s. [SD]
12-10 17:59:00.430 19186 19236 I bekj : (REDACTED) SAA bit for setting %s, account %s: %s. [SD]
12-10 17:59:00.430 19186 19236 I bfda : (REDACTED) Dictation is not enabled for unsupported keyboard locale: %s; supported locales: %s. workprofile=%s [SD]
12-10 17:59:00.431 19186 19237 I bfkk : Manual switching disabled because flag is disabled [SD]
12-10 17:59:00.431 19186 19237 I bfkk : Manual switching disabled because flag is disabled [SD]
12-10 17:59:00.431 19186 19237 I bfkk : Automatic switching disabled because flag is disabled [SD]
12-10 17:59:00.431 19186 19237 I bfkk : Manual switching disabled because flag is disabled [SD]
12-10 17:59:00.431 19186 19237 I bfkk : Automatic switching disabled because manual switching is disabled [SD]
12-10 17:59:00.431 19186 19237 I bfkk : Automatic switching disabled because AiAi is not compatible [SD]
12-10 17:59:00.431 19186 19237 I bfkk : Automatic switching disabled because lang-id is not available [SD]
12-10 17:59:00.431 19186 19237 I bfkk : Automatic switching disabled because Gboard setting is not shown [SD]
12-10 17:59:00.432 19186 19237 I bfkk : Automatic switching disabled because there aren't enough supported keyboard languages [SD]
12-10 17:59:00.433 19186 19218 I beyp : (REDACTED) Keyboard notified that eligibility=%s [SD]
12-10 17:59:00.433 19186 19236 I bffa : #onKeyboardShownAgain scheduled [SD]
12-10 17:59:00.433 19186 19218 I bffa : #onKeyboardShownAgain [SD]
12-10 17:59:00.434 15512 15512 I NgaStateManager: NgaStateManager.setAssistantDictationEligibility():182 AssistantDictationEligibility = 28 [SDG]
12-10 17:59:00.435 15512 15512 I NgaStateManager: NgaStateManager.setAssistantDictationEligibility():194 AssistantDictationEligibility(config, ru-RU) = 28 [SDG]
12-10 17:59:00.435 15512 15512 I NgaStateManager: NgaStateManager.setAssistantDictationEligibility():201 AssistantDictationEligibility(inputField) = 1 [SDG]
12-10 17:59:00.436 15685 15685 D InsetsController: show(ime(), fromIme=true)
12-10 17:59:00.439 1280 1707 I twoshay.TouchContextService: Got new packet! ContextPacket{orientation: PORTRAIT, audioMode: NORMAL, adaptiveTouchSensitivity: UNSPECIFIED, screenProtectorMode: UNSPECIFIED, imeState: (null)}
12-10 17:59:00.439 1280 1707 I twoshay.TouchContextService: Got new packet! ContextPacket{orientation: PORTRAIT, audioMode: NORMAL, adaptiveTouchSensitivity: UNSPECIFIED, screenProtectorMode: UNSPECIFIED, imeState: (null)}
12-10 17:59:00.442 2025 2045 D WindowManagerShell: onKeepClearAreasChanged: restricted={}, unrestricted={Rect(0, 1517 - 1080, 2400)}
12-10 17:59:00.491 2168 2913 D HbmSvManager: Ambient sensor : TMD3719 Ambient Light update Lux : 27.074318
12-10 17:59:00.581 15512 15512 W TooltipLifecycleManager: TooltipLifecycleManager.dismissTooltips():154 Tooltip with id spell_check_add_to_dictionary not found in tooltipManager.
12-10 17:59:00.669 15685 15685 I ImeTracker: org.telegram.messenger:15134226: onShown
12-10 17:59:00.831 873 1838 I native : I0000 00:00:1733846340.831420 1838 wakelock_manager.cc:67] GXP Interop Adapter released the TPU firmware wakelock.
12-10 17:59:00.840 15685 15685 V ActivityThread: Recovering failed rename /storage/emulated/0/Android/data/org.telegram.messenger/cache/-2147483648_-210159.jpg to /storage/emulated/0/Android/data/org.telegram.messenger/files/Telegram/Telegram Images/-5386347713622303849_121.jpg
12-10 17:59:00.850 15685 15688 I egram.messenger: Method exceeds compiler instruction limit: 28561 in void org.telegram.ui.Cells.ChatMessageCell.setMessageContent(org.telegram.messenger.MessageObject, org.telegram.messenger.MessageObject$GroupedMessages, boolean, boolean)
12-10 17:59:00.851 15685 15688 I egram.messenger: Method exceeds compiler instruction limit: 28561 in void org.telegram.ui.Cells.ChatMessageCell.setMessageContent(org.telegram.messenger.MessageObject, org.telegram.messenger.MessageObject$GroupedMessages, boolean, boolean)
12-10 17:59:00.851 15685 15688 I egram.messenger: Method exceeds compiler instruction limit: 28561 in void org.telegram.ui.Cells.ChatMessageCell.setMessageContent(org.telegram.messenger.MessageObject, org.telegram.messenger.MessageObject$GroupedMessages, boolean, boolean)
12-10 17:59:00.851 15685 15688 I egram.messenger: Method exceeds compiler instruction limit: 28561 in void org.telegram.ui.Cells.ChatMessageCell.setMessageContent(org.telegram.messenger.MessageObject, org.telegram.messenger.MessageObject$GroupedMessages, boolean, boolean)
12-10 17:59:00.852 15685 15688 I egram.messenger: Method exceeds compiler instruction limit: 28561 in void org.telegram.ui.Cells.ChatMessageCell.setMessageContent(org.telegram.messenger.MessageObject, org.telegram.messenger.MessageObject$GroupedMessages, boolean, boolean)
12-10 17:59:00.852 15685 15688 I egram.messenger: Method exceeds compiler instruction limit: 28561 in void org.telegram.ui.Cells.ChatMessageCell.setMessageContent(org.telegram.messenger.MessageObject, org.telegram.messenger.MessageObject$GroupedMessages, boolean, boolean)
12-10 17:59:00.856 15685 15688 I egram.messenger: Method exceeds compiler instruction limit: 17656 in void org.telegram.ui.ChatActivity.didReceivedNotification(int, int, java.lang.Object[])
12-10 17:59:00.857 15685 15688 I egram.messenger: Method exceeds compiler instruction limit: 17656 in void org.telegram.ui.ChatActivity.didReceivedNotification(int, int, java.lang.Object[])
12-10 17:59:00.859 1383 1874 D HintManagerService: Starts cleaning for 10198
12-10 17:59:00.906 2168 2913 D HbmSvManager: Ambient sensor : TMD3719 Ambient Light update Lux : 26.233744
12-10 17:59:01.169 15685 15688 I egram.messenger: Method exceeds compiler instruction limit: 17656 in void org.telegram.ui.ChatActivity.didReceivedNotification(int, int, java.lang.Object[])
12-10 17:59:01.187 15685 15688 I egram.messenger: Method exceeds compiler instruction limit: 17656 in void org.telegram.ui.ChatActivity.didReceivedNotification(int, int, java.lang.Object[])
12-10 17:59:01.742 2168 2913 D HbmSvManager: Ambient sensor : TMD3719 Ambient Light update Lux : 26.949419
12-10 17:59:02.296 1383 1937 D InetDiagMessage: Destroyed 0 sockets, proto=IPPROTO_TCP, family=AF_INET, states=14
12-10 17:59:02.300 1383 1937 D InetDiagMessage: Destroyed 0 sockets, proto=IPPROTO_TCP, family=AF_INET6, states=14
12-10 17:59:02.302 1383 1937 D InetDiagMessage: Destroyed live tcp sockets for uids={10167} in 11ms
12-10 17:59:02.307 1383 1937 D InetDiagMessage: Destroyed 0 sockets, proto=IPPROTO_TCP, family=AF_INET, states=14
12-10 17:59:02.311 1383 1937 D InetDiagMessage: Destroyed 0 sockets, proto=IPPROTO_TCP, family=AF_INET6, states=14
12-10 17:59:02.311 1383 1937 D InetDiagMessage: Destroyed live tcp sockets for uids={20167} in 9ms
12-10 17:59:03.435 1383 1937 D ConnectivityService: NetReassign [no changes] [c 0] [a 1] [i 6]
12-10 17:59:03.496 2025 2025 D DLObserver: onReceive(); android.intent.action.BATTERY_CHANGED
12-10 17:59:03.496 2025 2025 D DLObserver: plugged=0
12-10 17:59:03.497 2025 2025 D SystemEventDataSource: onReceive: intentAction
12-10 17:59:03.500 2025 2025 D PowerNotificationWarningsGoogleImpl: onReceive: android.intent.action.BATTERY_CHANGED
12-10 17:59:03.500 2025 2025 D IncompatibleChargerNotification: dispatchIntent: android.intent.action.BATTERY_CHANGED
12-10 17:59:03.501 2025 2082 D GoogleBatteryDataSource: fetchDwellDefendStatus: DISCONNECTED
12-10 17:59:03.504 1383 1671 D ActivityManager: sync unfroze 14920 com.google.android.settings.intelligence for 3
12-10 17:59:03.504 1383 1671 D ActivityManager: sync unfroze 7888 com.android.settings for 3
12-10 17:59:03.508 2025 2082 D GoogleBatteryDataSource: fetchTempDefendStatus: t_sum=0, time_sum=0 t_avg=0 lst_v=0 lst_t=0 lst_u=0, dt=49615, t=0 e=1
12-10 17:59:03.508 7888 7888 D BatteryUsageBroadcastReceiver: onReceive:android.intent.action.BATTERY_LEVEL_CHANGED
12-10 17:59:03.508 2025 2082 D SystemEventDataSource: updatedEventData: SystemEventData(intentAction=android.intent.action.BATTERY_CHANGED, plugged=EventData(value=0), batteryScale=EventData(value=100), batteryLevel=EventData(value=83), chargingStatus=EventData(value=1), maxChargingCurrent=EventData(value=0), maxChargingVoltage=EventData(value=0), batteryStatus=EventData(value=3), halEventData=HalEventData(dockDefendStatus=EventData(value=-3), tempDefendEventData=EventData(value=false), dwellDefendEventData=EventData(value=false)), settingsEventData=SettingsEventData(dockDefenderBypass=EventData(value=0), chargingLimitSettings=EventData(value=0)), frameworkApiEventData=FrameworkApiEventData(batterySaverState=EventData(value=false), extremeBatterySaverState=EventData(value=false)))
12-10 17:59:03.508 2025 2082 D SystemEventDataSource: notifyModules count: 13
12-10 17:59:03.508 2025 2082 D ChargingLimitEventModule: validate()=false, chargingStatus=1
12-10 17:59:03.508 2025 2082 D DwellDefendBatteryModule: validate: false -> false
12-10 17:59:03.508 2025 2082 D TempDefendBatteryModule: validate: false -> false
12-10 17:59:03.509 3440 3440 W JobInfo : Job 'com.google.android.apps.turbo/.deadline.library.BatteryFlagService#201' has a deadline with no functional constraints. The deadline won't improve job execution latency. Consider removing the deadline.
12-10 17:59:03.509 2025 2082 D BatteryEventService: collect BatteryEvents: BatteryEvents(eventTypes=[NOT_CHARGING], batteryLevel=83, pluggedType=0)
