12-10 17:59:03.509 2025 2082 D BatteryEventService: notifyForBatteryEventsUpdate: BatteryEvents(eventTypes=[NOT_CHARGING], batteryLevel=83, pluggedType=0)
12-10 17:59:03.509 2025 2082 D BatteryEventService: AIDL callback listeners count: 1
12-10 17:59:03.511 1383 3631 W JobInfo : Job 'com.google.android.apps.turbo/.deadline.library.BatteryFlagService#201' has a deadline with no functional constraints. The deadline won't improve job execution latency. Consider removing the deadline.
12-10 17:59:03.512 3440 3505 W Turbo.OnDeviceBatteryHistory: addEvents: loaded 0 battery events.
12-10 17:59:03.512 3440 3505 W Turbo.OnDeviceBatteryHistory: addEvents: loaded battery events completed.
12-10 17:59:03.513 2025 2082 D BatteryEventClient: [PowerNotificationWarningsGoogleImpl] onBatteryEventChanged: [], batteryLevel: 83
12-10 17:59:03.513 2025 2082 D PowerNotificationWarningsGoogleImpl: [onBatteryEventUpdate] []
12-10 17:59:03.513 2025 2082 D BatteryDefenderNotification: onNonDefenderEvent: charged: false
12-10 17:59:03.513 2025 2082 D BatteryEventService: notify AIDL callback to null, cost: 4 ms
12-10 17:59:03.513 2025 2082 I BatteryEventService: notify all AIDL callbacks, cost: 4 ms
12-10 17:59:03.514 2025 2082 D BatteryEventService: BatteryEventsListener (broadcast) count: 0
12-10 17:59:03.514 2025 2082 I BatteryEventService: notify all broadcast intent, cost: 0 ms
12-10 17:59:03.517 1383 3424 W JobInfo : Job 'com.google.android.apps.turbo/.deadline.library.DeadlineUpdateJobService#200' has a deadline with no functional constraints. The deadline won't improve job execution latency. Consider removing the deadline.
12-10 17:59:03.519 3440 3505 W Turbo.EstimatedTimeRemainingProvider: queryTimeToDischarge: 199951888
12-10 17:59:03.524 3440 3440 W JobInfo : Job 'com.google.android.apps.turbo/.nudges.broadcasts.BatteryHistoryLoggerJobService#2' has a deadline with no functional constraints. The deadline won't improve job execution latency. Consider removing the deadline.
12-10 17:59:03.524 1383 3631 W JobInfo : Job 'com.google.android.apps.turbo/.nudges.broadcasts.BatteryHistoryLoggerJobService#2' has a deadline with no functional constraints. The deadline won't improve job execution latency. Consider removing the deadline.
12-10 17:59:03.529 1383 7204 D ActivityManager: sync unfroze 8762 com.google.android.turboadapter for 6
12-10 17:59:03.530 1383 7204 W ProcessStats: Tracking association SourceState{d6745d8 com.google.android.apps.turbo/10152 BFgs #79747} whose proc state 4 is better than process ProcessState{d9a42af com.google.android.turboadapter/10243 pkg=com.google.android.turboadapter} proc state 14 (11 skipped)
12-10 17:59:03.581 2025 21197 D BatteryInfoBroadcast: mRemainingTimeObserver: false
12-10 17:59:03.581 3440 3781 W Turbo.EstimatedTimeRemainingProvider: queryTimeToDischarge: 199951842
12-10 17:59:03.582 3440 3505 W Turbo.EstimatedTimeRemainingProvider: queryTimeToDischarge: 199951841
12-10 17:59:03.585 3440 3781 W Turbo.OnDeviceBatteryHistory: addEvents: loaded 0 battery events.
12-10 17:59:03.585 3440 3781 W Turbo.OnDeviceBatteryHistory: addEvents: loaded battery events completed.
12-10 17:59:03.586 2025 21197 D BatteryInfoBroadcast: onReceive: PNW.batteryStatusChanged, saverMode: false, remainingTime: 199951841, timeToFull: -1
12-10 17:59:03.855 18720 18720 W Thread-10: type=1400 audit(0.0:83393): avc: denied { bind } for scontext=u:r:untrusted_app:s0:c101,c257,c512,c768 tcontext=u:r:untrusted_app:s0:c101,c257,c512,c768 tclass=netlink_route_socket permissive=0 bug=b/155595000 app=im.status.ethereum
12-10 17:59:03.855 18720 18720 W Thread-10: type=1400 audit(0.0:83394): avc: denied { bind } for scontext=u:r:untrusted_app:s0:c101,c257,c512,c768 tcontext=u:r:untrusted_app:s0:c101,c257,c512,c768 tclass=netlink_route_socket permissive=0 bug=b/155595000 app=im.status.ethereum
12-10 17:59:03.859 18720 18720 W Thread-10: type=1400 audit(0.0:83395): avc: denied { bind } for scontext=u:r:untrusted_app:s0:c101,c257,c512,c768 tcontext=u:r:untrusted_app:s0:c101,c257,c512,c768 tclass=netlink_route_socket permissive=0 bug=b/155595000 app=im.status.ethereum
12-10 17:59:03.887 18720 18720 W Thread-15: type=1400 audit(0.0:83396): avc: denied { bind } for scontext=u:r:untrusted_app:s0:c101,c257,c512,c768 tcontext=u:r:untrusted_app:s0:c101,c257,c512,c768 tclass=netlink_route_socket permissive=0 bug=b/155595000 app=im.status.ethereum
12-10 17:59:03.896 18720 18816 D ReactNativeJS: 2024-12-10T15:59:03.882Z DEBUG [status-im.common.signals.events:33] - Signal received {:type "wakuv2.peerstats"}
12-10 17:59:03.900 18720 18816 D ReactNativeJS: 2024-12-10T15:59:03.896Z DEBUG [status-im.common.signals.events:107] - Event wakuv2.peerstats not handled
12-10 17:59:04.391 18720 18720 W Thread-10: type=1400 audit(0.0:83397): avc: denied { bind } for scontext=u:r:untrusted_app:s0:c101,c257,c512,c768 tcontext=u:r:untrusted_app:s0:c101,c257,c512,c768 tclass=netlink_route_socket permissive=0 bug=b/155595000 app=im.status.ethereum
12-10 17:59:04.880 2121 2134 I deeptouch: I0000 00:00:1733846344.880470 2134 tf_lite_classifier.cc:413] Event stream classified as kNone
12-10 17:59:04.883 1285 9661 D Vibrator: waitForComplete: Vibrator is already off
12-10 17:59:04.999 18720 18720 W Thread-12: type=1400 audit(0.0:83398): avc: denied { bind } for scontext=u:r:untrusted_app:s0:c101,c257,c512,c768 tcontext=u:r:untrusted_app:s0:c101,c257,c512,c768 tclass=netlink_route_socket permissive=0 bug=b/155595000 app=im.status.ethereum
12-10 17:59:05.061 1285 9662 D Vibrator: waitForComplete: Vibrator is already off
12-10 17:59:05.072 2121 2134 I deeptouch: I0000 00:00:1733846345.072687 2134 tf_lite_classifier.cc:413] Event stream classified as kNone
12-10 17:59:05.192 1285 9663 D Vibrator: waitForComplete: Vibrator is already off
12-10 17:59:05.209 2121 2134 I deeptouch: I0000 00:00:1733846345.209088 2134 tf_lite_classifier.cc:413] Event stream classified as kNone
12-10 17:59:05.305 1285 9664 D Vibrator: waitForComplete: Vibrator is already off
12-10 17:59:05.340 2121 2134 I deeptouch: I0000 00:00:1733846345.340319 2134 tf_lite_classifier.cc:413] Event stream classified as kNone
12-10 17:59:05.437 1285 9665 D Vibrator: waitForComplete: Vibrator is already off
12-10 17:59:05.485 2121 2134 I deeptouch: I0000 00:00:1733846345.484654 2134 tf_lite_classifier.cc:413] Event stream classified as kNone
12-10 17:59:05.552 1285 9666 D Vibrator: waitForComplete: Vibrator is already off
12-10 17:59:05.730 1285 9667 D Vibrator: waitForComplete: Vibrator is already off
12-10 17:59:05.761 2121 2134 I deeptouch: I0000 00:00:1733846345.761467 2134 tf_lite_classifier.cc:413] Event stream classified as kNone
12-10 17:59:05.793 2139 2293 D ImpulseConnection: timeout didn't happen: com.google.android.apps.turbo
12-10 17:59:05.801 2139 2294 D TemperatureStateSource: sequence=6001 actualDelay=10000
12-10 17:59:05.802 2139 2294 D TemperatureStateSource: Reading temperature: sequence=6002
12-10 17:59:05.807 1779 1779 I pixel-thermal: VIRTUAL-SKIN:29.4845 raw data: VIRTUAL-NEU-QUT-SKIN1-SKIN2-USB-USB2-GNSS-1:28731.8 VIRTUAL-NEU-QUT-SKIN1-SKIN2-USB-USB2-GNSS-4:28246.2 VIRTUAL-QUT-SKIN2-USB-GNSS-3:29484.5 VIRTUAL-QUT-SKIN2-USB-USB2-2:28019.6 VIRTUAL-SKIN:29484.5 gnss_tcxo_therm:31238 neutral_therm:31394 quiet_therm:29123 skin_therm1:30214 skin_therm2:34065 usb_pwr_therm:27899 usb_pwr_therm2:27921
12-10 17:59:05.808 2139 2294 D TemperatureStateSource: getDeviceTemperatures: sequence=6002 deviceTemperatureType=3 temperatureSource=0 temperatures=[29.484497]
12-10 17:59:05.808 2139 2294 D TemperatureStateSource: sequence=6002 waitTime=10000
12-10 17:59:05.809 2139 2228 D BusinessScope: Start running the #12088 block
12-10 17:59:05.811 1779 1779 I pixel-thermal: VIRTUAL-SKIN:29.4845 raw data: VIRTUAL-SKIN:29484.5
12-10 17:59:05.811 2139 2228 I TemperatureStateSource: temperature was set
12-10 17:59:05.812 2139 2228 D ImpulseStateSource: Notify clients: 6042
12-10 17:59:05.812 2139 2228 D BusinessScope: Finish running the #12088 block
12-10 17:59:05.813 2139 2228 D BusinessScope: Start running the #12089 block
12-10 17:59:05.814 2139 2293 D BusinessScope: Finish running the #12089 block
12-10 17:59:05.857 1285 9668 D Vibrator: waitForComplete: Vibrator is already off
12-10 17:59:05.864 2121 2134 I deeptouch: I0000 00:00:1733846345.864173 2134 tf_lite_classifier.cc:413] Event stream classified as kNone
12-10 17:59:06.082 1285 9669 D Vibrator: waitForComplete: Vibrator is already off
12-10 17:59:06.132 2121 2134 I deeptouch: I0000 00:00:1733846346.132330 2134 tf_lite_classifier.cc:413] Event stream classified as kNone
12-10 17:59:06.171 15685 15688 I egram.messenger: Method exceeds compiler instruction limit: 17656 in void org.telegram.ui.ChatActivity.didReceivedNotification(int, int, java.lang.Object[])
12-10 17:59:06.247 2121 2134 I deeptouch: I0000 00:00:1733846346.247026 2134 tf_lite_classifier.cc:413] Event stream classified as kNone
12-10 17:59:06.249 1285 9670 D Vibrator: waitForComplete: Vibrator is already off
12-10 17:59:06.407 18720 18720 W Thread-15: type=1400 audit(0.0:83399): avc: denied { bind } for scontext=u:r:untrusted_app:s0:c101,c257,c512,c768 tcontext=u:r:untrusted_app:s0:c101,c257,c512,c768 tclass=netlink_route_socket permissive=0 bug=b/155595000 app=im.status.ethereum
12-10 17:59:06.510 2121 2134 I deeptouch: I0000 00:00:1733846346.510334 2134 tf_lite_classifier.cc:413] Event stream classified as kNone
12-10 17:59:06.525 1285 9673 D Vibrator: waitForComplete: Vibrator is already off
12-10 17:59:06.575 1383 1937 D ConnectivityService: NetReassign [no changes] [c 0] [a 0] [i 4]
12-10 17:59:06.750 1285 9674 D Vibrator: waitForComplete: Vibrator is already off
12-10 17:59:06.751 2121 2134 I deeptouch: I0000 00:00:1733846346.751645 2134 tf_lite_classifier.cc:413] Event stream classified as kNone
12-10 17:59:06.928 1285 9675 D Vibrator: waitForComplete: Vibrator is already off
12-10 17:59:06.990 2121 2134 I deeptouch: I0000 00:00:1733846346.990101 2134 tf_lite_classifier.cc:413] Event stream classified as kNone
12-10 17:59:07.012 1285 9676 D Vibrator: waitForComplete: Vibrator is already off
12-10 17:59:07.210 1285 9677 D Vibrator: waitForComplete: Vibrator is already off
12-10 17:59:07.224 29146 9678 I GmscoreIpa: Starting mediastore instant index [CONTEXT service_id=255 ]
12-10 17:59:07.251 2121 2134 I deeptouch: I0000 00:00:1733846347.251121 2134 tf_lite_classifier.cc:413] Event stream classified as kNone
12-10 17:59:07.299 1383 1872 D ActivityManager: freezing 16312 com.google.android.apps.privacy.wildlife
12-10 17:59:07.301 1285 9680 D Vibrator: waitForComplete: Vibrator is already off
12-10 17:59:07.302 1383 1937 D InetDiagMessage: Destroyed 0 sockets, proto=IPPROTO_TCP, family=AF_INET, states=14
12-10 17:59:07.303 1383 1937 D InetDiagMessage: Destroyed 0 sockets, proto=IPPROTO_TCP, family=AF_INET6, states=14
12-10 17:59:07.303 1383 1937 D InetDiagMessage: Destroyed live tcp sockets for uids={10167} in 2ms
12-10 17:59:07.320 1779 1785 I pixel-thermal: VIRTUAL-SKIN-CHARGE-WLC:31.017 raw data: VIRTUAL-SKIN-CHARGE-WLC:31017 disp_therm:27765 skin_therm2:34065 usb_pwr_therm2:27921
12-10 17:59:07.335 1779 1785 I pixel-thermal: VIRTUAL-SKIN-CPU:29.4845 raw data: VIRTUAL-SKIN:29484.5 VIRTUAL-SKIN-CPU:29484.5
12-10 17:59:07.336 1779 1785 I pixel-thermal: skin_therm1:30.214 raw data: skin_therm1:30214
12-10 17:59:07.336 1779 1785 I pixel-thermal: VIRTUAL-SKIN:29.4845 raw data: VIRTUAL-SKIN:29484.5
12-10 17:59:07.336 1779 1785 I pixel-thermal: VIRTUAL-SKIN-HINT:29.4845 raw data: VIRTUAL-SKIN:29484.5 VIRTUAL-SKIN-HINT:29484.5
12-10 17:59:07.336 1779 1785 I pixel-thermal: VIRTUAL-SKIN-CHARGE:29.4845 raw data: VIRTUAL-SKIN:29484.5 VIRTUAL-SKIN-CHARGE:29484.5
12-10 17:59:07.336 1779 1785 I pixel-thermal: cellular-emergency:29.4845 raw data: VIRTUAL-SKIN:29484.5 cellular-emergency:29484.5
12-10 17:59:07.336 1779 1785 I pixel-thermal: VIRTUAL-SKIN-CPU-GPU:29.4845 raw data: VIRTUAL-SKIN:29484.5 VIRTUAL-SKIN-CPU-GPU:29484.5
12-10 17:59:07.454 1285 9681 D Vibrator: waitForComplete: Vibrator is already off
12-10 17:59:07.494 2121 2134 I deeptouch: I0000 00:00:1733846347.494761 2134 tf_lite_classifier.cc:413] Event stream classified as kNone
12-10 17:59:07.589 1285 9682 D Vibrator: waitForComplete: Vibrator is already off
12-10 17:59:07.614 2121 2134 I deeptouch: I0000 00:00:1733846347.614743 2134 tf_lite_classifier.cc:413] Event stream classified as kNone
12-10 17:59:07.760 1285 9683 D Vibrator: waitForComplete: Vibrator is already off
12-10 17:59:07.773 2121 2134 I deeptouch: I0000 00:00:1733846347.773318 2134 tf_lite_classifier.cc:413] Event stream classified as kNone
12-10 17:59:07.876 1285 9687 D Vibrator: waitForComplete: Vibrator is already off
12-10 17:59:07.888 2121 2134 I deeptouch: I0000 00:00:1733846347.888217 2134 tf_lite_classifier.cc:413] Event stream classified as kNone
12-10 17:59:08.070 1285 9689 D Vibrator: waitForComplete: Vibrator is already off
12-10 17:59:08.079 2121 2134 I deeptouch: I0000 00:00:1733846348.079370 2134 tf_lite_classifier.cc:413] Event stream classified as kNone
12-10 17:59:08.314 1285 9690 D Vibrator: waitForComplete: Vibrator is already off
12-10 17:59:08.324 2121 2134 I deeptouch: I0000 00:00:1733846348.324872 2134 tf_lite_classifier.cc:413] Event stream classified as kNone
12-10 17:59:08.423 1779 1785 I pixel-thermal: usb_pwr_therm:27.921 raw data: usb_pwr_therm:27921
12-10 17:59:08.423 18720 18720 W Thread-15: type=1400 audit(0.0:83400): avc: denied { bind } for scontext=u:r:untrusted_app:s0:c101,c257,c512,c768 tcontext=u:r:untrusted_app:s0:c101,c257,c512,c768 tclass=netlink_route_socket permissive=0 bug=b/155595000 app=im.status.ethereum
12-10 17:59:08.441 1779 1785 I pixel-thermal: VIRTUAL-USB-UI:0 raw data: USB-MINUS-SKIN2:-5587 VIRTUAL-USB-UI:0 skin_therm2:33508 usb_pwr_therm:27921
12-10 17:59:08.442 1779 1785 I pixel-thermal: VIRTUAL-USB-THROTTLING:0 raw data: USB-MINUS-SKIN2:-5587 VIRTUAL-USB-THROTTLING:0 usb_pwr_therm:27921
12-10 17:59:08.442 1779 1785 I pixel-thermal: Power rails total power: 1835.24 mW for 60024 ms
12-10 17:59:08.442 1779 1785 I pixel-thermal: Power rails [S6M_LLDO1: 68.66 mW] [L7S_SENSORS: 3.94 mW] [S10M_VDD_TPU: 10.64 mW] [S6S_LLDO2: 35.75 mW] [S8M_LLDO2: 15.49 mW] [S5M_VDD_INT: 101.66 mW]
12-10 17:59:08.442 1779 1785 I pixel-thermal: Power rails [S3M_VDD_CPUCL1: 125.12 mW] [VSYS_PWR_CAM: 241.93 mW] [S2M_VDD_CPUCL2: 184.21 mW] [S1M_VDD_MIF: 124.87 mW] [S4M_VDD_CPUCL0: 234.91 mW] [VSYS_PWR_WLAN_BT: 80.07 mW]
12-10 17:59:08.442 1779 1785 I pixel-thermal: Power rails [VSYS_PWR_RFFE: 11.78 mW] [VSYS_PWR_MODEM: 33.16 mW] [VSYS_PWR_MMWAVE: 6.61 mW] [S7S_MLDO: 122.26 mW] [S8S_VDD_G3D_L2: 7.58 mW] [S5S_VDDQ_MEM: 16.36 mW]
12-10 17:59:08.442 1779 1785 I pixel-thermal: Power rails [S1S_VDD_CAM: 50.38 mW] [S2S_VDD_G3D: 57.54 mW] [S9S_VDD_AOC: 15.67 mW] [S4S_VDD2H_MEM: 119.27 mW] [L15M_VDD_SLC_M: 16.35 mW] [VSYS_PWR_DISPLAY: 151.05 mW]
12-10 17:59:08.505 1285 9693 D Vibrator: waitForComplete: Vibrator is already off
12-10 17:59:08.521 2121 2134 I deeptouch: I0000 00:00:1733846348.521561 2134 tf_lite_classifier.cc:413] Event stream classified as kNone
12-10 17:59:08.527 1383 1937 D InetDiagMessage: Destroyed 0 sockets, proto=IPPROTO_TCP, family=AF_INET, states=14
12-10 17:59:08.529 1383 1937 D InetDiagMessage: Destroyed 0 sockets, proto=IPPROTO_TCP, family=AF_INET6, states=14
12-10 17:59:08.529 1383 1937 D InetDiagMessage: Destroyed live tcp sockets for uids={10162} in 6ms
12-10 17:59:08.531 1383 1937 D InetDiagMessage: Destroyed 0 sockets, proto=IPPROTO_TCP, family=AF_INET, states=14
12-10 17:59:08.534 1383 1937 D InetDiagMessage: Destroyed 0 sockets, proto=IPPROTO_TCP, family=AF_INET6, states=14
12-10 17:59:08.534 1383 1937 D InetDiagMessage: Destroyed live tcp sockets for uids={20162} in 5ms
12-10 17:59:08.855 18720 18720 W Thread-10: type=1400 audit(0.0:83401): avc: denied { bind } for scontext=u:r:untrusted_app:s0:c101,c257,c512,c768 tcontext=u:r:untrusted_app:s0:c101,c257,c512,c768 tclass=netlink_route_socket permissive=0 bug=b/155595000 app=im.status.ethereum
12-10 17:59:08.855 18720 18720 W Thread-10: type=1400 audit(0.0:83402): avc: denied { bind } for scontext=u:r:untrusted_app:s0:c101,c257,c512,c768 tcontext=u:r:untrusted_app:s0:c101,c257,c512,c768 tclass=netlink_route_socket permissive=0 bug=b/155595000 app=im.status.ethereum
12-10 17:59:08.855 18720 18720 W Thread-10: type=1400 audit(0.0:83403): avc: denied { bind } for scontext=u:r:untrusted_app:s0:c101,c257,c512,c768 tcontext=u:r:untrusted_app:s0:c101,c257,c512,c768 tclass=netlink_route_socket permissive=0 bug=b/155595000 app=im.status.ethereum
12-10 17:59:08.895 18720 18816 D ReactNativeJS: 2024-12-10T15:59:08.879Z DEBUG [status-im.common.signals.events:33] - Signal received {:type "wakuv2.peerstats"}
12-10 17:59:08.901 18720 18816 D ReactNativeJS: 2024-12-10T15:59:08.896Z DEBUG [status-im.common.signals.events:107] - Event wakuv2.peerstats not handled
12-10 17:59:08.907 18720 18720 W Thread-5: type=1400 audit(0.0:83404): avc: denied { bind } for scontext=u:r:untrusted_app:s0:c101,c257,c512,c768 tcontext=u:r:untrusted_app:s0:c101,c257,c512,c768 tclass=netlink_route_socket permissive=0 bug=b/155595000 app=im.status.ethereum
12-10 17:59:09.228 1285 9696 D Vibrator: waitForComplete: Vibrator is already off
12-10 17:59:09.253 2121 2134 I deeptouch: I0000 00:00:1733846349.253357 2134 tf_lite_classifier.cc:413] Event stream classified as kNone
12-10 17:59:09.510 2121 2134 I deeptouch: I0000 00:00:1733846349.510144 2134 tf_lite_classifier.cc:413] Event stream classified as kNone
12-10 17:59:09.513 1285 9697 D Vibrator: waitForComplete: Vibrator is already off
12-10 17:59:09.526 2168 2913 D HbmSvManager: Ambient sensor : TMD3719 Ambient Light update Lux : 30.405613
12-10 17:59:09.598 2461 2609 D IwlanNetworkService: onCapabilitiesChanged: 101
12-10 17:59:09.598 2461 2568 D IwlanDataService: onCapabilitiesChanged: 101 [ Transports: WIFI Capabilities: NOT_METERED&INTERNET&NOT_RESTRICTED&TRUSTED&NOT_VPN&VALIDATED&NOT_ROAMING&FOREGROUND&NOT_CONGESTED&NOT_SUSPENDED&NOT_VCN_MANAGED&NOT_BANDWIDTH_CONSTRAINED LinkUpBandwidth>=31181Kbps LinkDnBandwidth>=41598Kbps TransportInfo: , Provider friendly name: , Requesting package name: "DarkSide"wpa2-pskMLO Information: , Is TID-To-Link negotiation supported by the AP: false, AP MLD Address: , AP MLO Link Id: , AP MLO Affiliated links: , Vendor Data: > SignalStrength: -60 OwnerUid: 1000 AdminUids: [1000] SSID: "DarkSide" UnderlyingNetworks: Null]
12-10 17:59:09.599 2461 2568 D IwlanDataService: Network 101 connected using transport WIFI
12-10 17:59:09.599 2526 2628 D IwlanNetworkStatusTracker: onCapabilitiesChanged: 101
12-10 17:59:09.599 2526 2628 D IwlanNetworkStatusTracker: OnCapability : Wifi Available already true and validation status unchanged
12-10 17:59:09.600 2945 3012 D DeviceStateHelper: Wifi freq: 5240
12-10 17:59:09.606 3279 3835 I BugleRcsEngine: Connected state: [1], networkType: [WIFI] [CONTEXT thread_id=58 ]
12-10 17:59:09.606 3279 3952 I BugleRcsEngine: handleMessage processing message:[NOTIFY_UPTIME_IGNORE_STATE_CHANGED] with [non-null]:RcsEngineImpl reference [CONTEXT log_prefix="RcsEngineImpl[DUAL_REG]:[6169b3b5-03f0]>Handler" thread_id=64 ]
12-10 17:59:09.607 19186 19277 D WM-NetworkStateTracker: Network capabilities changed: [ Transports: WIFI Capabilities: NOT_METERED&INTERNET&NOT_RESTRICTED&TRUSTED&NOT_VPN&VALIDATED&NOT_ROAMING&FOREGROUND&NOT_CONGESTED&NOT_SUSPENDED&NOT_VCN_MANAGED&NOT_BANDWIDTH_CONSTRAINED LinkUpBandwidth>=31181Kbps LinkDnBandwidth>=41598Kbps TransportInfo: , BSSID: 02:00:00:00:00:00, MAC: 02:00:00:00:00:00, IP: /192.168.0.86, Security type: 2, Supplicant state: COMPLETED, Wi-Fi standard: 11ax, RSSI: -60, Link speed: 626Mbps, Tx Link speed: 626Mbps, Max Supported Tx Link speed: 1200Mbps, Rx Link speed: 720Mbps, Max Supported Rx Link speed: 1200Mbps, Frequency: 5240MHz, Net ID: -1, Metered hint: false, score: 60, isUsable: true, CarrierMerged: false, SubscriptionId: -1, IsPrimary: -1, Trusted: true, Restricted: false, Ephemeral: false, OEM paid: false, OEM private: false, OSU AP: false, FQDN: , Provider friendly name: , Requesting package name: MLO Information: , Is TID-To-Link negotiation supported by the AP: false, AP MLD Address: , AP MLO Link Id: , AP MLO Affiliated links: , Vendor Data: > SignalStrength: -60 UnderlyingNetworks: Null]
12-10 17:59:09.607 2300 2586 E PhoneInterfaceManager: getCarrierPrivilegeStatusForUid: Invalid subId
12-10 17:59:09.608 1383 1937 D ConnectivityService: NetReassign [no changes] [c 0] [a 1] [i 2]
12-10 17:59:09.613 1383 1671 D ActivityManager: sync unfroze 16312 com.google.android.apps.privacy.wildlife for 3
12-10 17:59:09.616 29182 29190 I ChimeraSrvcProxy: NullBinder for android.net.action.RECOMMEND_NETWORKS triggering remote TransactionTooLargeException due to Service without Chimera impl
12-10 17:59:09.616 29182 29190 W .gms.persistent: Large reply transaction of 1056768 bytes, interface descriptor , code 1
12-10 17:59:09.617 3279 3952 I BugleRcsEngine: No RCS Configuration was found in Bugle for simID: redacted-pii:sim_id[chars:0,last3:] [CONTEXT log_prefix="ProvisioningEngineDataRetriever" thread_id=64 ]
12-10 17:59:09.624 16312 16312 I Wildlife_WildlifeVpnReceiver: ACTION_WIFI_STATE_CHANGED
12-10 17:59:09.634 16312 16312 I Wildlife_WildlifeVpnManagerImpl: toggleVpnByFeaturePreferences, -1, 1, -1, 1
12-10 17:59:09.634 16312 16312 I Wildlife_WildlifeVpnManagerImpl: handleFirstTimePromptNotification() Same network. Ignored.
12-10 17:59:09.634 16312 16312 I Wildlife_WildlifeVpnManagerImpl: restoreSettingsFromBackupIfNecessary() false, false, false
12-10 17:59:09.742 1285 9698 D Vibrator: waitForComplete: Vibrator is already off
12-10 17:59:09.748 2121 2134 I deeptouch: I0000 00:00:1733846349.747867 2134 tf_lite_classifier.cc:413] Event stream classified as kNone
12-10 17:59:09.784 15512 15512 W TextView: onProvideContentCaptureStructure(): calling assumeLayout()
12-10 17:59:09.906 2121 2134 I deeptouch: I0000 00:00:1733846349.906643 2134 tf_lite_classifier.cc:413] Event stream classified as kNone
12-10 17:59:09.918 1285 9699 D Vibrator: waitForComplete: Vibrator is already off
12-10 17:59:09.934 15512 15512 W TextView: onProvideContentCaptureStructure(): calling assumeLayout()
12-10 17:59:10.003 18720 18720 W Thread-10: type=1400 audit(0.0:83405): avc: denied { bind } for scontext=u:r:untrusted_app:s0:c101,c257,c512,c768 tcontext=u:r:untrusted_app:s0:c101,c257,c512,c768 tclass=netlink_route_socket permissive=0 bug=b/155595000 app=im.status.ethereum
12-10 17:59:10.125 2121 2134 I deeptouch: I0000 00:00:1733846350.125371 2134 tf_lite_classifier.cc:413] Event stream classified as kNone
12-10 17:59:10.130 1285 9700 D Vibrator: waitForComplete: Vibrator is already off
12-10 17:59:10.306 1285 9701 D Vibrator: waitForComplete: Vibrator is already off
12-10 17:59:10.322 2121 2134 I deeptouch: I0000 00:00:1733846350.322289 2134 tf_lite_classifier.cc:413] Event stream classified as kNone
12-10 17:59:10.538 1285 9702 D Vibrator: waitForComplete: Vibrator is already off
12-10 17:59:10.575 2121 2134 I deeptouch: I0000 00:00:1733846350.575827 2134 tf_lite_classifier.cc:413] Event stream classified as kNone
12-10 17:59:10.619 15512 15512 W TextView: onProvideContentCaptureStructure(): calling assumeLayout()
12-10 17:59:10.745 1285 9703 D Vibrator: waitForComplete: Vibrator is already off
12-10 17:59:10.754 2121 2134 I deeptouch: I0000 00:00:1733846350.754035 2134 tf_lite_classifier.cc:413] Event stream classified as kNone
12-10 17:59:10.784 15512 15512 W TextView: onProvideContentCaptureStructure(): calling assumeLayout()
12-10 17:59:11.023 1285 9705 D Vibrator: waitForComplete: Vibrator is already off
12-10 17:59:11.058 2121 2134 I deeptouch: I0000 00:00:1733846351.058212 2134 tf_lite_classifier.cc:413] Event stream classified as kNone
12-10 17:59:11.269 1285 9706 D Vibrator: waitForComplete: Vibrator is already off
12-10 17:59:11.321 2121 2134 I deeptouch: I0000 00:00:1733846351.321395 2134 tf_lite_classifier.cc:413] Event stream classified as kNone
12-10 17:59:11.417 1285 9707 D Vibrator: waitForComplete: Vibrator is already off
12-10 17:59:11.434 2121 2134 I deeptouch: I0000 00:00:1733846351.434769 2134 tf_lite_classifier.cc:413] Event stream classified as kNone
12-10 17:59:11.824 1285 9708 D Vibrator: waitForComplete: Vibrator is already off
12-10 17:59:11.837 2121 2134 I deeptouch: I0000 00:00:1733846351.837550 2134 tf_lite_classifier.cc:413] Event stream classified as kNone
12-10 17:59:11.838 2139 2245 D ImpulseConnection: timeout didn't happen: com.google.android.apps.turbo
12-10 17:59:12.024 1285 9709 D Vibrator: waitForComplete: Vibrator is already off
12-10 17:59:12.037 2121 2134 I deeptouch: I0000 00:00:1733846352.037375 2134 tf_lite_classifier.cc:413] Event stream classified as kNone
12-10 17:59:12.125 15685 15688 I egram.messenger: Method exceeds compiler instruction limit: 17656 in void org.telegram.ui.ChatActivity.didReceivedNotification(int, int, java.lang.Object[])
12-10 17:59:12.258 1285 9710 D Vibrator: waitForComplete: Vibrator is already off
12-10 17:59:12.263 2121 2134 I deeptouch: I0000 00:00:1733846352.262996 2134 tf_lite_classifier.cc:413] Event stream classified as kNone
12-10 17:59:12.302 15512 15512 W TextView: onProvideContentCaptureStructure(): calling assumeLayout()
12-10 17:59:12.361 15512 15512 I KeyboardWrapper: KeyboardWrapper.switchToKeyboard():669 switchToKeyboard(): type=symbol, status=1
12-10 17:59:12.362 15512 15512 I KeyboardManager: KeyboardManager.requestKeyboard():234 Creating keyboard symbol, imeId=ime_russian, cacheKey=theme_border_keyboard_mode_screen_size_5_5_keyboard_mode_screen_width_middle_stylesheet_noshadow_reordertheme_pgsans_silkpopup_dark_phone_bottom4dp
12-10 17:59:12.363 15512 15512 I KeyboardWrapper: KeyboardWrapper.onKeyboardReady():250 onKeyboardReady(): type=prime(symbol), kb=com.google.android.apps.inputmethod.latin.keyboard.LatinSymbolsKeyboard@ff2efae
12-10 17:59:12.364 15512 15512 I NgaStateManager: NgaStateManager.setKeyboardType():102 setKeyboardTypeChanged prime -> symbol [SDG]
12-10 17:59:12.365 15512 15512 I KeyboardWrapper: KeyboardWrapper.doActivateKeyboard():618 doActivateKeyboard(): symbol
12-10 17:59:12.426 15512 15512 I KeyboardViewHelper: KeyboardViewHelper.getView():178 Get view with height ratio:1.000000
12-10 17:59:12.440 2121 2134 I deeptouch: I0000 00:00:1733846352.440258 2134 tf_lite_classifier.cc:413] Event stream classified as kNone
12-10 17:59:12.450 15512 15512 I KeyboardHeightUtil: KeyboardHeightUtil.calculateMaxKeyboardBodyHeight():45 leave 281 height for app when ime window height:2156, header height:116 and isFullscreenMode:false, so the max keyboard body height is:1759
12-10 17:59:12.450 15512 15512 I SoftKeyboardView: SoftKeyboardView.setMaxHeight():1025 Set max keyboard height:1759.
12-10 17:59:12.450 15512 15512 W TooltipLifecycleManager: TooltipLifecycleManager.dismissTooltips():154 Tooltip with id undo_access_point_promotion_banner not found in tooltipManager.
12-10 17:59:12.451 15512 15512 W KeyboardDef: KeyboardDef.getKeyboardViewDef():757 KeyboardViewDef is not found: keyboardDef=kpj{processedConditions={language=ru-RU, deprecate_long_press_space_for_ime_picker=false, device=phone, keyboard_mode=normal, expressions=normal}, globalConditions={global_theme_key=theme_border_keyboard_mode_screen_size_5_5_keyboard_mode_screen_width_middle_stylesheet_noshadow_reordertheme_pgsans_silkpopup_dark_phone_bottom4dp, global_locale=ru_RU, global_density_dpi=420, global_orientation=1}, className=.latin.keyboard.LatinSymbolsKeyboard, resourceIds=[#0x7f170963], initialStates=0, keyboardViewDefs=[kpw{direction=LOCALE, id=#0x7f0b015e, isScalable=false, layoutId=#0x7f0e04c2, type=HEADER, touchable=true, defaultShow=true}, kpw{direction=null, id=#0x7f0b015e, isScalable=true, layoutId=#0x7f0e04a6, type=BODY, touchable=true, defaultShow=true}], persistentStates=0, persistentStatesPrefKey=null, popupBubbleLayoutId=#0x7f0e05d6, recentKeyLayoutId=#0x7f0e06b3, recentKeyPopupLayoutId=#0x7f0e05c9, recentKeyType=null, rememberRecentKey=NONE, sessionStates=0}, type=FLOATING_CANDIDATES, id=2131427678
12-10 17:59:12.452 15512 15512 W Keyboard: Keyboard.getKeyboardViewHelper():598 null helper is returned: keyboardDef=kpj{processedConditions={language=ru-RU, deprecate_long_press_space_for_ime_picker=false, device=phone, keyboard_mode=normal, expressions=normal}, globalConditions={global_theme_key=theme_border_keyboard_mode_screen_size_5_5_keyboard_mode_screen_width_middle_stylesheet_noshadow_reordertheme_pgsans_silkpopup_dark_phone_bottom4dp, global_locale=ru_RU, global_density_dpi=420, global_orientation=1}, className=.latin.keyboard.LatinSymbolsKeyboard, resourceIds=[#0x7f170963], initialStates=0, keyboardViewDefs=[kpw{direction=LOCALE, id=#0x7f0b015e, isScalable=false, layoutId=#0x7f0e04c2, type=HEADER, touchable=true, defaultShow=true}, kpw{direction=null, id=#0x7f0b015e, isScalable=true, layoutId=#0x7f0e04a6, type=BODY, touchable=true, defaultShow=true}], persistentStates=0, persistentStatesPrefKey=null, popupBubbleLayoutId=#0x7f0e05d6, recentKeyLayoutId=#0x7f0e06b3, recentKeyPopupLayoutId=#0x7f0e05c9, recentKeyType=null, rememberRecentKey=NONE, sessionStates=0}, type=FLOATING_CANDIDATES, helpersCreated=[kby@d9c48f5, kby@c43e68a, null, null], context.getResources().getConfiguration(): {1.0 ?mcc0mnc [ru_RU] ldltr sw411dp w411dp h914dp 420dpi nrml long hdr widecg port night finger -keyb/v/h -nav/h winConfig={ mBounds=Rect(0, 0 - 1080, 2400) mAppBounds=Rect(0, 0 - 1080, 2400) mMaxBounds=Rect(0, 0 - 1080, 2400) mDisplayRotation=ROTATION_0 mWindowingMode=fullscreen mActivityType=undefined mAlwaysOnTop=undefined mRotation=ROTATION_0} s.8 fontWeightAdjustment=0}
12-10 17:59:12.452 15512 15512 W KeyboardDef: KeyboardDef.getKeyboardViewDef():757 KeyboardViewDef is not found: keyboardDef=kpj{processedConditions={language=ru-RU, deprecate_long_press_space_for_ime_picker=false, device=phone, keyboard_mode=normal, expressions=normal}, globalConditions={global_theme_key=theme_border_keyboard_mode_screen_size_5_5_keyboard_mode_screen_width_middle_stylesheet_noshadow_reordertheme_pgsans_silkpopup_dark_phone_bottom4dp, global_locale=ru_RU, global_density_dpi=420, global_orientation=1}, className=.latin.keyboard.LatinSymbolsKeyboard, resourceIds=[#0x7f170963], initialStates=0, keyboardViewDefs=[kpw{direction=LOCALE, id=#0x7f0b015e, isScalable=false, layoutId=#0x7f0e04c2, type=HEADER, touchable=true, defaultShow=true}, kpw{direction=null, id=#0x7f0b015e, isScalable=true, layoutId=#0x7f0e04a6, type=BODY, touchable=true, defaultShow=true}], persistentStates=0, persistentStatesPrefKey=null, popupBubbleLayoutId=#0x7f0e05d6, recentKeyLayoutId=#0x7f0e06b3, recentKeyPopupLayoutId=#0x7f0e05c9, recentKeyType=null, rememberRecentKey=NONE, sessionStates=0}, type=WIDGET, id=2131427678
12-10 17:59:12.452 15512 15512 W Keyboard: Keyboard.getKeyboardViewHelper():598 null helper is returned: keyboardDef=kpj{processedConditions={language=ru-RU, deprecate_long_press_space_for_ime_picker=false, device=phone, keyboard_mode=normal, expressions=normal}, globalConditions={global_theme_key=theme_border_keyboard_mode_screen_size_5_5_keyboard_mode_screen_width_middle_stylesheet_noshadow_reordertheme_pgsans_silkpopup_dark_phone_bottom4dp, global_locale=ru_RU, global_density_dpi=420, global_orientation=1}, className=.latin.keyboard.LatinSymbolsKeyboard, resourceIds=[#0x7f170963], initialStates=0, keyboardViewDefs=[kpw{direction=LOCALE, id=#0x7f0b015e, isScalable=false, layoutId=#0x7f0e04c2, type=HEADER, touchable=true, defaultShow=true}, kpw{direction=null, id=#0x7f0b015e, isScalable=true, layoutId=#0x7f0e04a6, type=BODY, touchable=true, defaultShow=true}], persistentStates=0, persistentStatesPrefKey=null, popupBubbleLayoutId=#0x7f0e05d6, recentKeyLayoutId=#0x7f0e06b3, recentKeyPopupLayoutId=#0x7f0e05c9, recentKeyType=null, rememberRecentKey=NONE, sessionStates=0}, type=WIDGET, helpersCreated=[kby@d9c48f5, kby@c43e68a, null, null], context.getResources().getConfiguration(): {1.0 ?mcc0mnc [ru_RU] ldltr sw411dp w411dp h914dp 420dpi nrml long hdr widecg port night finger -keyb/v/h -nav/h winConfig={ mBounds=Rect(0, 0 - 1080, 2400) mAppBounds=Rect(0, 0 - 1080, 2400) mMaxBounds=Rect(0, 0 - 1080, 2400) mDisplayRotation=ROTATION_0 mWindowingMode=fullscreen mActivityType=undefined mAlwaysOnTop=undefined mRotation=ROTATION_0} s.8 fontWeightAdjustment=0}
12-10 17:59:12.453 15512 15512 I KeyboardHeightUtil: KeyboardHeightUtil.calculateMaxKeyboardBodyHeight():45 leave 281 height for app when ime window height:2156, header height:116 and isFullscreenMode:false, so the max keyboard body height is:1759
12-10 17:59:12.453 15512 15512 E KeyboardViewController: KeyboardViewController.setSubViewControllerInternal():400 More than one sub view controller is declared to keyboardType: null, viewType: HEADER, viewId: 2131431996(#0x7f0b123c), controller: dat@1b3ec4, original controller: dat@f317390
12-10 17:59:12.464 15512 15512 W View : requestLayout() improperly called by com.google.android.libraries.inputmethod.widgets.SoftKeyView{685e3bf VFE...C.. ......ID 5,0-115,116 #7f0b03d7 app:id/key_pos_header_access_points_menu} during layout: running second layout pass
12-10 17:59:12.464 15512 15512 W View : requestLayout() improperly called by com.google.android.libraries.inputmethod.widgets.CopyImageSourceView{7205a8c V.ED..... ......ID 5,0-1075,116 #7f0b0144 app:id/0_resource_name_obfuscated} during layout: running second layout pass
12-10 17:59:12.464 15512 15512 W View : requestLayout() improperly called by android.widget.LinearLayout{8a565d5 V.E...... ......ID 115,0-965,116 #7f0b02b5 app:id/0_resource_name_obfuscated} during layout: running second layout pass
12-10 17:59:12.464 15512 15512 W View : requestLayout() improperly called by com.google.android.libraries.inputmethod.widgets.SoftKeyView{b3171ea VFE...C.. ......ID 965,0-1075,116 #7f0b03df app:id/key_pos_header_power_key} during layout: running second layout pass
12-10 17:59:12.470 15512 15512 W TextView: onProvideContentCaptureStructure(): calling assumeLayout()
12-10 17:59:12.471 15512 15512 W TextView: onProvideContentCaptureStructure(): calling assumeLayout()
12-10 17:59:12.471 15512 15512 W TextView: onProvideContentCaptureStructure(): calling assumeLayout()
12-10 17:59:12.471 15512 15512 W TextView: onProvideContentCaptureStructure(): calling assumeLayout()
12-10 17:59:12.471 15512 15512 W TextView: onProvideContentCaptureStructure(): calling assumeLayout()
12-10 17:59:12.471 15512 15512 W TextView: onProvideContentCaptureStructure(): calling assumeLayout()
12-10 17:59:12.471 15512 15512 W TextView: onProvideContentCaptureStructure(): calling assumeLayout()
12-10 17:59:12.471 15512 15512 W TextView: onProvideContentCaptureStructure(): calling assumeLayout()
12-10 17:59:12.471 15512 15512 W TextView: onProvideContentCaptureStructure(): calling assumeLayout()
12-10 17:59:12.472 15512 15512 W TextView: onProvideContentCaptureStructure(): calling assumeLayout()
12-10 17:59:12.472 15512 15512 W TextView: onProvideContentCaptureStructure(): calling assumeLayout()
12-10 17:59:12.472 15512 15512 W TextView: onProvideContentCaptureStructure(): calling assumeLayout()
12-10 17:59:12.472 15512 15512 W TextView: onProvideContentCaptureStructure(): calling assumeLayout()
12-10 17:59:12.472 15512 15512 W TextView: onProvideContentCaptureStructure(): calling assumeLayout()
12-10 17:59:12.472 15512 15512 W TextView: onProvideContentCaptureStructure(): calling assumeLayout()
12-10 17:59:12.472 15512 15512 W TextView: onProvideContentCaptureStructure(): calling assumeLayout()
12-10 17:59:12.472 15512 15512 W TextView: onProvideContentCaptureStructure(): calling assumeLayout()
12-10 17:59:12.472 15512 15512 W TextView: onProvideContentCaptureStructure(): calling assumeLayout()
12-10 17:59:12.473 15512 15512 W TextView: onProvideContentCaptureStructure(): calling assumeLayout()
12-10 17:59:12.473 15512 15512 W TextView: onProvideContentCaptureStructure(): calling assumeLayout()
12-10 17:59:12.473 15512 15512 W TextView: onProvideContentCaptureStructure(): calling assumeLayout()
12-10 17:59:12.473 15512 15512 W TextView: onProvideContentCaptureStructure(): calling assumeLayout()
12-10 17:59:12.473 15512 15512 W TextView: onProvideContentCaptureStructure(): calling assumeLayout()
12-10 17:59:12.473 15512 15512 W TextView: onProvideContentCaptureStructure(): calling assumeLayout()
12-10 17:59:12.473 15512 15512 W TextView: onProvideContentCaptureStructure(): calling assumeLayout()
12-10 17:59:12.473 15512 15512 W TextView: onProvideContentCaptureStructure(): calling assumeLayout()
12-10 17:59:12.474 15512 15512 W TextView: onProvideContentCaptureStructure(): calling assumeLayout()
12-10 17:59:12.474 15512 15512 W TextView: onProvideContentCaptureStructure(): calling assumeLayout()
12-10 17:59:12.474 15512 15512 W TextView: onProvideContentCaptureStructure(): calling assumeLayout()
12-10 17:59:12.474 15512 15512 W TextView: onProvideContentCaptureStructure(): calling assumeLayout()
12-10 17:59:12.474 15512 15512 W TextView: onProvideContentCaptureStructure(): calling assumeLayout()
12-10 17:59:12.474 15512 15512 W TextView: onProvideContentCaptureStructure(): calling assumeLayout()
12-10 17:59:12.474 15512 15512 W TextView: onProvideContentCaptureStructure(): calling assumeLayout()
12-10 17:59:12.474 15512 15512 W TextView: onProvideContentCaptureStructure(): calling assumeLayout()
12-10 17:59:12.475 15512 15512 W TextView: onProvideContentCaptureStructure(): calling assumeLayout()
12-10 17:59:12.477 15512 15512 I GoogleInputMethodService: GoogleInputMethodService$1.onKeyboardViewShown():468 onKeyboardViewShown: keyboardType=symbol, keyboardViewType=HEADER keyboardView=com.google.android.libraries.inputmethod.widgets.SoftKeyboardView{d582d3c V.E...... ........ 0,0-1080,116 #7f0b02b3 app:id/0_resource_name_obfuscated aid=8342}
12-10 17:59:12.478 15512 15512 I KeyboardViewController: KeyboardViewController.showSelfAndAncestors():642 current view doesn't has the priority com.google.android.libraries.inputmethod.accesspoint.widget.AccessPointsBar{3be9378 I.E...... ......ID 0,0-850,116 #7f0b0020 app:id/0_resource_name_obfuscated aid=8306} to show itself, DEFAULT
12-10 17:59:12.478 15512 15512 I GoogleInputMethodService: GoogleInputMethodService$1.onKeyboardViewShown():468 onKeyboardViewShown: keyboardType=symbol, keyboardViewType=BODY keyboardView=com.google.android.libraries.inputmethod.widgets.SoftKeyboardView{f0a550f V.E...... ........ 0,0-1080,641 aid=8424}
12-10 17:59:12.478 15512 15512 I NewLanguagePromptExtension: NewLanguagePromptExtension$1.onKeyboardViewShown():86 Not show new language banner: not prime keyboard, or the extension not activated.
12-10 17:59:12.478 15512 15512 I WindowMetricsNotification: WindowMetricsNotification.notifyWithWindow():175
12-10 17:59:12.479 15512 15512 I WindowMetricsNotification: WindowMetricsNotification.notify():168 WindowMetricsNotification{bounds=Rect(0, 118 - 1080, 2400), insets=Rect(0, 0 - 0, 126), densityDpi=420, smallestScreenWidthDp=411, displayWidth=1080, displayHeight=2400, xdpi=391.885, ydpi=409.127, isTrustable=true, displayId=0}; DisplayMetrics{density=2.625, width=1080, height=2400, scaledDensity=2.625, xdpi=391.885, ydpi=409.127}
12-10 17:59:12.479 15512 15512 I WindowMetricsNotification: WindowMetricsNotification.notifyWithWindow():175
12-10 17:59:12.479 15512 15512 I WindowMetricsNotification: WindowMetricsNotification.notify():168 WindowMetricsNotification{bounds=Rect(0, 118 - 1080, 2400), insets=Rect(0, 0 - 0, 126), densityDpi=420, smallestScreenWidthDp=411, displayWidth=1080, displayHeight=2400, xdpi=391.885, ydpi=409.127, isTrustable=true, displayId=0}; DisplayMetrics{density=2.625, width=1080, height=2400, scaledDensity=2.625, xdpi=391.885, ydpi=409.127}
12-10 17:59:12.531 1285 9711 D Vibrator: waitForComplete: Vibrator is already off
12-10 17:59:12.661 1383 1937 D ConnectivityService: NetReassign [no changes] [c 2] [a 1] [i 8]
12-10 17:59:13.122 1285 9713 D Vibrator: waitForComplete: Vibrator is already off
12-10 17:59:13.130 2121 2134 I deeptouch: I0000 00:00:1733846353.130108 2134 tf_lite_classifier.cc:413] Event stream classified as kNone
12-10 17:59:13.151 15512 15512 W TextView: onProvideContentCaptureStructure(): calling assumeLayout()
12-10 17:59:13.282 2121 2134 I deeptouch: I0000 00:00:1733846353.282468 2134 tf_lite_classifier.cc:413] Event stream classified as kNone
12-10 17:59:13.286 1285 9714 D Vibrator: waitForComplete: Vibrator is already off
12-10 17:59:13.432 2121 2134 I deeptouch: I0000 00:00:1733846353.432133 2134 tf_lite_classifier.cc:413] Event stream classified as kNone
12-10 17:59:13.439 1285 9715 D Vibrator: waitForComplete: Vibrator is already off
12-10 17:59:13.531 1383 1872 D ActivityManager: freezing 7888 com.android.settings
12-10 17:59:13.534 1383 1872 D ActivityManager: freezing 14920 com.google.android.settings.intelligence
12-10 17:59:13.541 1383 1937 D InetDiagMessage: Destroyed 0 sockets, proto=IPPROTO_TCP, family=AF_INET, states=14
12-10 17:59:13.541 1383 1872 D ActivityManager: freezing 8762 com.google.android.turboadapter
12-10 17:59:13.543 1383 1937 D InetDiagMessage: Destroyed 0 sockets, proto=IPPROTO_TCP, family=AF_INET6, states=14
12-10 17:59:13.544 1383 1937 D InetDiagMessage: Destroyed live tcp sockets for uids={10162} in 5ms
12-10 17:59:13.546 1383 1937 D InetDiagMessage: Destroyed 0 sockets, proto=IPPROTO_TCP, family=AF_INET, states=14
12-10 17:59:13.548 1383 1937 D InetDiagMessage: Destroyed 0 sockets, proto=IPPROTO_TCP, family=AF_INET6, states=14
12-10 17:59:13.548 1383 1937 D InetDiagMessage: Destroyed live tcp sockets for uids={10243} in 4ms
12-10 17:59:13.609 15512 15512 I KeyboardWrapper: KeyboardWrapper.switchToKeyboard():669 switchToKeyboard(): type=prime, status=1
12-10 17:59:13.610 15512 15512 I KeyboardManager: KeyboardManager.requestKeyboard():234 Creating keyboard prime, imeId=ime_russian, cacheKey=theme_border_keyboard_mode_screen_size_5_5_keyboard_mode_screen_width_middle_stylesheet_noshadow_reordertheme_pgsans_silkpopup_dark_phone_bottom4dp
12-10 17:59:13.612 15512 15512 I KeyboardWrapper: KeyboardWrapper.onKeyboardReady():250 onKeyboardReady(): type=symbol(prime), kb=com.google.android.apps.inputmethod.latin.keyboard.LatinPrimeKeyboard@34ce668
12-10 17:59:13.615 15512 15512 I KeyboardViewController: KeyboardViewController.clearSubViewControllerInternal():454 Clears keyboard sub view controller for keyboardType: symbol, viewType: HEADER, viewId: 2131431999(#0x7f0b123f),which has not been set.
12-10 17:59:13.616 15512 15512 I NgaStateManager: NgaStateManager.setKeyboardType():102 setKeyboardTypeChanged symbol -> prime [SDG]
12-10 17:59:13.617 15512 15512 I KeyboardWrapper: KeyboardWrapper.doActivateKeyboard():618 doActivateKeyboard(): prime
12-10 17:59:13.628 15512 15512 I KeyboardHeightUtil: KeyboardHeightUtil.calculateMaxKeyboardBodyHeight():45 leave 281 height for app when ime window height:2156, header height:116 and isFullscreenMode:false, so the max keyboard body height is:1759
12-10 17:59:13.628 15512 15512 W TooltipLifecycleManager: TooltipLifecycleManager.dismissTooltips():154 Tooltip with id undo_access_point_promotion_banner not found in tooltipManager.
12-10 17:59:13.630 15512 15512 W Keyboard: Keyboard.getKeyboardViewHelper():598 null helper is returned: keyboardDef=kpj{processedConditions={enable_more_candidates_view_for_multilingual=false, enable_secondary_symbols=false, variant=russian, language=ru-RU, deprecate_long_press_space_for_ime_picker=false, expressions=normal, device=phone, keyboard_mode=normal, show_secondary_digits=true, enable_preemptive_decode=true, rtl_layout=false}, globalConditions={global_theme_key=theme_border_keyboard_mode_screen_size_5_5_keyboard_mode_screen_width_middle_stylesheet_noshadow_reordertheme_pgsans_silkpopup_dark_phone_bottom4dp, global_locale=ru_RU, global_density_dpi=420, global_orientation=1}, className=.latin.keyboard.LatinPrimeKeyboard, resourceIds=[#0x7f170989], initialStates=0, keyboardViewDefs=[kpw{direction=null, id=#0x7f0b015e, isScalable=false, layoutId=#0x7f0e01d0, type=FLOATING_CANDIDATES, touchable=false, defaultShow=false}, kpw{direction=LOCALE, id=#0x7f0b015e, isScalable=false, layoutId=#0x7f0e04da, type=HEADER, touchable=true, defaultShow=true}, kpw{direction=null, id=#0x7f0b015e, isScalable=true, layoutId=#0x7f0e03b6, type=BODY, touchable=true, defaultShow=true}], persistentStates=0, persistentStatesPrefKey=null, popupBubbleLayoutId=#0x7f0e05d6, recentKeyLayoutId=0, recentKeyPopupLayoutId=0, recentKeyType=null, rememberRecentKey=NONE, sessionStates=17592186044419}, type=WIDGET, helpersCreated=[kby@bca948c, kby@ecc17d5, kby@fe73bea, null], context.getResources().getConfiguration(): {1.0 ?mcc0mnc [ru_RU] ldltr sw411dp w411dp h914dp 420dpi nrml long hdr widecg port night finger -keyb/v/h -nav/h winConfig={ mBounds=Rect(0, 0 - 1080, 2400) mAppBounds=Rect(0, 0 - 1080, 2400) mMaxBounds=Rect(0, 0 - 1080, 2400) mDisplayRotation=ROTATION_0 mWindowingMode=fullscreen mActivityType=undefined mAlwaysOnTop=undefined mRotation=ROTATION_0} s.8 fontWeightAdjustment=0}
12-10 17:59:13.630 15512 15512 I KeyboardHeightUtil: KeyboardHeightUtil.calculateMaxKeyboardBodyHeight():45 leave 281 height for app when ime window height:2156, header height:116 and isFullscreenMode:false, so the max keyboard body height is:1759
12-10 17:59:13.630 15512 15512 E KeyboardViewController: KeyboardViewController.setSubViewControllerInternal():400 More than one sub view controller is declared to keyboardType: null, viewType: HEADER, viewId: 2131431996(#0x7f0b123c), controller: dat@f317390, original controller: dat@1b3ec4
12-10 17:59:13.642 15512 15512 W TextView: onProvideContentCaptureStructure(): calling assumeLayout()
12-10 17:59:13.643 15512 15512 I GoogleInputMethodService: GoogleInputMethodService$1.onKeyboardViewShown():468 onKeyboardViewShown: keyboardType=prime, keyboardViewType=HEADER keyboardView=com.google.android.libraries.inputmethod.widgets.SoftKeyboardView{7ecadc V.E...... ........ 0,0-1080,116 aid=8119}
12-10 17:59:13.644 15512 15512 I KeyboardViewController: KeyboardViewController.showSelfAndAncestors():642 current view doesn't has the priority com.google.android.libraries.inputmethod.accesspoint.widget.AccessPointsBar{127a1b4 I.E...... ......ID 0,0-850,116 #7f0b0020 app:id/0_resource_name_obfuscated aid=8099} to show itself, DEFAULT
12-10 17:59:13.645 15512 15512 I GoogleInputMethodService: GoogleInputMethodService$1.onKeyboardViewShown():468 onKeyboardViewShown: keyboardType=prime, keyboardViewType=BODY keyboardView=com.google.android.libraries.inputmethod.widgets.SoftKeyboardView{98fd346 V.E...... ........ 0,0-1080,641 aid=8221}
12-10 17:59:13.645 15512 15512 I NewLanguagePromptExtension: NewLanguagePromptExtension$1.onKeyboardViewShown():96 Not show new language banner: no change in enabled input method entries
12-10 17:59:13.645 15512 15512 I WindowMetricsNotification: WindowMetricsNotification.notifyWithWindow():175
12-10 17:59:13.645 15512 15512 I WindowMetricsNotification: WindowMetricsNotification.notify():168 WindowMetricsNotification{bounds=Rect(0, 118 - 1080, 2400), insets=Rect(0, 0 - 0, 126), densityDpi=420, smallestScreenWidthDp=411, displayWidth=1080, displayHeight=2400, xdpi=391.885, ydpi=409.127, isTrustable=true, displayId=0}; DisplayMetrics{density=2.625, width=1080, height=2400, scaledDensity=2.625, xdpi=391.885, ydpi=409.127}
12-10 17:59:13.645 15512 15512 I WindowMetricsNotification: WindowMetricsNotification.notifyWithWindow():175
12-10 17:59:13.645 15512 15512 I WindowMetricsNotification: WindowMetricsNotification.notify():168 WindowMetricsNotification{bounds=Rect(0, 118 - 1080, 2400), insets=Rect(0, 0 - 0, 126), densityDpi=420, smallestScreenWidthDp=411, displayWidth=1080, displayHeight=2400, xdpi=391.885, ydpi=409.127, isTrustable=true, displayId=0}; DisplayMetrics{density=2.625, width=1080, height=2400, scaledDensity=2.625, xdpi=391.885, ydpi=409.127}
12-10 17:59:13.646 15512 15592 I Delight5Decoder: Delight5DecoderWrapper.setKeyboardLayout():514 setKeyboardLayout()
12-10 17:59:13.676 2121 2134 I deeptouch: I0000 00:00:1733846353.675981 2134 tf_lite_classifier.cc:413] Event stream classified as kNone
12-10 17:59:13.713 1285 9716 D Vibrator: waitForComplete: Vibrator is already off
12-10 17:59:13.855 18720 18720 W Thread-15: type=1400 audit(0.0:83406): avc: denied { bind } for scontext=u:r:untrusted_app:s0:c101,c257,c512,c768 tcontext=u:r:untrusted_app:s0:c101,c257,c512,c768 tclass=netlink_route_socket permissive=0 bug=b/155595000 app=im.status.ethereum
12-10 17:59:13.859 18720 18720 W Thread-15: type=1400 audit(0.0:83407): avc: denied { bind } for scontext=u:r:untrusted_app:s0:c101,c257,c512,c768 tcontext=u:r:untrusted_app:s0:c101,c257,c512,c768 tclass=netlink_route_socket permissive=0 bug=b/155595000 app=im.status.ethereum
12-10 17:59:13.859 18720 18720 W Thread-15: type=1400 audit(0.0:83408): avc: denied { bind } for scontext=u:r:untrusted_app:s0:c101,c257,c512,c768 tcontext=u:r:untrusted_app:s0:c101,c257,c512,c768 tclass=netlink_route_socket permissive=0 bug=b/155595000 app=im.status.ethereum
12-10 17:59:13.898 18720 18816 D ReactNativeJS: 2024-12-10T15:59:13.880Z DEBUG [status-im.common.signals.events:33] - Signal received {:type "wakuv2.peerstats"}
12-10 17:59:13.904 18720 18816 D ReactNativeJS: 2024-12-10T15:59:13.898Z DEBUG [status-im.common.signals.events:107] - Event wakuv2.peerstats not handled
12-10 17:59:13.927 18720 18720 W Thread-15: type=1400 audit(0.0:83409): avc: denied { bind } for scontext=u:r:untrusted_app:s0:c101,c257,c512,c768 tcontext=u:r:untrusted_app:s0:c101,c257,c512,c768 tclass=netlink_route_socket permissive=0 bug=b/155595000 app=im.status.ethereum
12-10 17:59:14.119 1285 9720 D Vibrator: waitForComplete: Vibrator is already off
