12-10 17:59:51.496 19186 19237 I A : (REDACTED) #TNG createSmartspaceCard enable_reminder: %b, enable_forecast: %b, showTimelyReminderForPrecipitationType presents: %b
12-10 17:59:51.496 19186 19237 I A : (REDACTED) #TNG high temperature: %s, low temperature: %s, show weather daily forecast: %b
12-10 17:59:51.497 19186 19237 I cfej : Create card explanation intent
12-10 17:59:51.497 19186 19237 I cfml : #createWrappedClickIntent: Account is missing
12-10 17:59:51.497 19186 19237 I A : (REDACTED) #TNG createSmartspaceCard enable_reminder: %b, enable_forecast: %b, showTimelyReminderForPrecipitationType presents: %b
12-10 17:59:51.497 19186 19237 I A : (REDACTED) #TNG high temperature: %s, low temperature: %s, show weather daily forecast: %b
12-10 17:59:51.497 19186 19237 I cfej : Create card explanation intent
12-10 17:59:51.497 19186 19237 I cfml : #createWrappedClickIntent: Account is missing
12-10 17:59:51.497 19186 19237 I A : (REDACTED) #TNG createSmartspaceCard enable_reminder: %b, enable_forecast: %b, showTimelyReminderForPrecipitationType presents: %b
12-10 17:59:51.497 19186 19237 I A : (REDACTED) #TNG high temperature: %s, low temperature: %s, show weather daily forecast: %b
12-10 17:59:51.498 19186 19237 I cfej : Create card explanation intent
12-10 17:59:51.498 19186 19237 I cfml : #createWrappedClickIntent: Account is missing
12-10 17:59:51.498 19186 19237 I A : (REDACTED) #TNG createSmartspaceCard enable_reminder: %b, enable_forecast: %b, showTimelyReminderForPrecipitationType presents: %b
12-10 17:59:51.498 19186 19237 I A : (REDACTED) #TNG high temperature: %s, low temperature: %s, show weather daily forecast: %b
12-10 17:59:51.498 19186 19237 I cfej : Create card explanation intent
12-10 17:59:51.498 19186 19237 I cfml : #createWrappedClickIntent: Account is missing
12-10 17:59:51.498 19186 19237 I A : (REDACTED) #TNG createSmartspaceCard enable_reminder: %b, enable_forecast: %b, showTimelyReminderForPrecipitationType presents: %b
12-10 17:59:51.498 19186 19237 I A : (REDACTED) #TNG high temperature: %s, low temperature: %s, show weather daily forecast: %b
12-10 17:59:51.499 19186 19237 I cfei : (REDACTED) #getIconFromCard: %s
12-10 17:59:51.499 19186 19237 W cfei : (REDACTED) cardType: %s has no icon.
12-10 17:59:51.499 19186 19237 I cfei : (REDACTED) #getIconFromCard: %s
12-10 17:59:51.499 19186 19235 I dkmb : (REDACTED) #remove: subTriggerId=%s
12-10 17:59:51.499 19186 19217 I cfei : load card icon from url
12-10 17:59:51.499 19186 19237 W cfei : (REDACTED) cardType: %s has no icon.
12-10 17:59:51.499 19186 19237 I cfei : (REDACTED) #getIconFromCard: %s
12-10 17:59:51.499 19186 19208 I cfei : load card icon from url
12-10 17:59:51.499 19186 19237 W cfei : (REDACTED) cardType: %s has no icon.
12-10 17:59:51.500 19186 19237 I cfei : (REDACTED) #getIconFromCard: %s
12-10 17:59:51.500 19186 19237 W cfei : (REDACTED) cardType: %s has no icon.
12-10 17:59:51.500 19186 19237 I cfei : (REDACTED) #getIconFromCard: %s
12-10 17:59:51.500 19186 19237 W cfei : (REDACTED) cardType: %s has no icon.
12-10 17:59:51.500 19186 19237 I cfei : (REDACTED) #getIconFromCard: %s
12-10 17:59:51.500 19186 19237 W cfei : (REDACTED) cardType: %s has no icon.
12-10 17:59:51.500 19186 19237 I cfei : (REDACTED) #getIconFromCard: %s
12-10 17:59:51.500 19186 19211 I cfei : load card icon from url
12-10 17:59:51.500 19186 19237 W cfei : (REDACTED) cardType: %s has no icon.
12-10 17:59:51.500 19186 19237 I A : Generate weather tomorrow forecast data.
12-10 17:59:51.500 19186 19214 I cfei : load card icon from url
12-10 17:59:51.501 19186 19214 I cfei : load card icon from url
12-10 17:59:51.501 19186 19208 I cfei : load card icon from url
12-10 17:59:51.501 19186 19208 I cfei : load card icon from url
12-10 17:59:51.501 19186 19218 E A : UI template failed to generate weather tomorrow forecast card
12-10 17:59:51.503 850 859 W statsd : StatsPullerManager: Unknown tagId 10098
12-10 17:59:51.503 850 859 E statsd : Stats puller failed for tag: 10098 at 112438899004532
12-10 17:59:51.508 19186 19272 V ClearcutMetricXmitter: Transmission is done.
12-10 17:59:51.510 19186 19237 I WeatherTempParser: (REDACTED) #getParsedCard: UI template weather card has been populated from the upstream, cardId: %s
12-10 17:59:51.510 19186 19235 I WeatherTempParser: (REDACTED) #getParsedCard: UI template weather card has been populated from the upstream, cardId: %s
12-10 17:59:51.510 19186 19230 I WeatherTempParser: (REDACTED) #getParsedCard: UI template weather card has been populated from the upstream, cardId: %s
12-10 17:59:51.510 19186 19237 I WeatherTempParser: (REDACTED) #getParsedCard: UI template weather card has been populated from the upstream, cardId: %s
12-10 17:59:51.510 19186 19235 I WeatherTempParser: (REDACTED) #getParsedCard: UI template weather card has been populated from the upstream, cardId: %s
12-10 17:59:51.510 19186 19236 I WeatherTempParser: (REDACTED) #getParsedCard: UI template weather card has been populated from the upstream, cardId: %s
12-10 17:59:51.510 3530 3574 W .apps.turbo:aab: Reducing the number of considered missed Gc histogram windows from 682 to 100
12-10 17:59:51.510 19186 19236 I WeatherTempParser: (REDACTED) #getParsedCard: UI template weather card has been populated from the upstream, cardId: %s
12-10 17:59:51.512 19186 19238 I dkmb : (REDACTED) #maybeCreateTimeTrigger: time trigger= %s with start time=%d, stop time=%d in seconds.
12-10 17:59:51.513 19186 19230 W BcSsSuggestionAgg: Failed to get the future result!
12-10 17:59:51.513 19186 19230 W BcSsSuggestionAgg: java.util.concurrent.ExecutionException: cyku: Permission not granted
12-10 17:59:51.513 19186 19230 W BcSsSuggestionAgg: at frtk.r(PG:21)
12-10 17:59:51.513 19186 19230 W BcSsSuggestionAgg: at frtk.get(PG:3)
12-10 17:59:51.513 19186 19230 W BcSsSuggestionAgg: at gjfb.get(PG:1)
12-10 17:59:51.513 19186 19230 W BcSsSuggestionAgg: at gfyj.D(PG:2)
12-10 17:59:51.513 19186 19230 W BcSsSuggestionAgg: at frxb.t(PG:10)
12-10 17:59:51.513 19186 19230 W BcSsSuggestionAgg: at cefk.b(PG:1)
12-10 17:59:51.513 19186 19230 W BcSsSuggestionAgg: at cefd.call(PG:34)
12-10 17:59:51.513 19186 19230 W BcSsSuggestionAgg: at fhjw.call(PG:13)
12-10 17:59:51.513 19186 19230 W BcSsSuggestionAgg: at frvb.a(PG:3)
12-10 17:59:51.513 19186 19230 W BcSsSuggestionAgg: at frwp.run(PG:19)
12-10 17:59:51.513 19186 19230 W BcSsSuggestionAgg: at dnso.run(PG:3)
12-10 17:59:51.513 19186 19230 W BcSsSuggestionAgg: at fqke.run(PG:50)
12-10 17:59:51.513 19186 19230 W BcSsSuggestionAgg: at dnsg.run(PG:14)
12-10 17:59:51.513 19186 19230 W BcSsSugges